CRAN Package Check Results for Package RGtk2Extras

Last updated on 2014-04-24 23:48:11.

Flavor Version Tinstall Tcheck Ttotal Status Flags
r-devel-linux-x86_64-debian-clang 0.6.1 1.98 37.46 39.44 NOTE
r-devel-linux-x86_64-debian-gcc 0.6.1 1.80 36.31 38.11 NOTE
r-devel-linux-x86_64-fedora-clang 0.6.1 78.00 NOTE
r-devel-linux-x86_64-fedora-gcc 0.6.1 73.18 NOTE
r-devel-osx-x86_64-clang 0.6.1 68.08 NOTE
r-devel-osx-x86_64-gcc 0.6.1 NOTE
r-devel-windows-ix86+x86_64 0.6.1 7.00 55.00 62.00 NOTE
r-patched-linux-x86_64 0.6.1 1.84 36.30 38.13 NOTE
r-patched-solaris-sparc 0.6.1 425.30 NOTE
r-patched-solaris-x86 0.6.1 99.00 NOTE
r-release-linux-ix86 0.6.1 4.00 59.00 63.00 NOTE
r-release-linux-x86_64 0.6.1 1.79 36.34 38.13 NOTE
r-release-osx-x86_64-mavericks 0.6.1 ERROR
r-release-osx-x86_64-snowleopard 0.6.1 OK
r-release-windows-ix86+x86_64 0.6.1 13.00 80.00 93.00 NOTE
r-oldrel-windows-ix86+x86_64 0.6.1 7.00 60.00 67.00 NOTE

Check Details

Version: 0.6.1
Check: dependencies in R code
Result: NOTE
    Packages in Depends field not imported from:
     ‘RGtk2’ ‘methods’
     These packages need to be imported from (in the NAMESPACE file)
     for when this namespace is loaded but not attached.
    See the information on DESCRIPTION files in the chapter ‘Creating R
    packages’ of the ‘Writing R Extensions’ manual.
Flavors: r-devel-linux-x86_64-debian-clang, r-devel-linux-x86_64-debian-gcc, r-devel-linux-x86_64-fedora-clang, r-devel-linux-x86_64-fedora-gcc, r-devel-osx-x86_64-clang, r-devel-osx-x86_64-gcc, r-devel-windows-ix86+x86_64, r-patched-linux-x86_64, r-patched-solaris-sparc, r-patched-solaris-x86, r-release-linux-ix86, r-release-linux-x86_64, r-release-windows-ix86+x86_64, r-oldrel-windows-ix86+x86_64

Version: 0.6.1
Check: R code for possible problems
Result: NOTE
    Found the following assignments to the global environment:
    File ‘RGtk2Extras/R/SimpleDialogMaker.r’:
     assign(output.name[1], retval, envir = .GlobalEnv)
Flavors: r-devel-linux-x86_64-debian-clang, r-devel-linux-x86_64-debian-gcc, r-devel-linux-x86_64-fedora-clang, r-devel-osx-x86_64-clang, r-patched-linux-x86_64, r-release-linux-ix86, r-release-linux-x86_64

Version: 0.6.1
Check: package dependencies
Result: ERROR
    Package required but not available: ‘RGtk2’
    
    Package suggested but not available for checking: ‘gWidgetsRGtk2’
    
    See the information on DESCRIPTION files in the chapter ‘Creating R
    packages’ of the ‘Writing R Extensions’ manual.
Flavor: r-release-osx-x86_64-mavericks