CRAN Package Check Results for Package RGtk2Extras

Last updated on 2014-07-24 17:49:07.

Flavor Version Tinstall Tcheck Ttotal Status Flags
r-devel-linux-x86_64-debian-clang 0.6.1 1.76 33.94 35.69 NOTE
r-devel-linux-x86_64-debian-gcc 0.6.1 1.65 34.26 35.91 NOTE
r-devel-linux-x86_64-fedora-clang 0.6.1 79.46 NOTE
r-devel-linux-x86_64-fedora-gcc 0.6.1 73.96 NOTE
r-devel-osx-x86_64-clang 0.6.1 64.94 NOTE
r-devel-windows-ix86+x86_64 0.6.1 8.00 53.00 61.00 NOTE
r-patched-linux-x86_64 0.6.1 1.72 32.78 34.50 NOTE
r-patched-solaris-sparc 0.6.1 425.30 NOTE
r-patched-solaris-x86 0.6.1 93.10 NOTE
r-release-linux-ix86 0.6.1 2.56 44.30 46.86 NOTE
r-release-linux-x86_64 0.6.1 1.97 34.03 36.00 NOTE
r-release-osx-x86_64-mavericks 0.6.1 ERROR
r-release-osx-x86_64-snowleopard 0.6.1 OK
r-release-windows-ix86+x86_64 0.6.1 7.00 56.00 63.00 NOTE
r-oldrel-windows-ix86+x86_64 0.6.1 8.00 56.00 64.00 NOTE

Check Details

Version: 0.6.1
Check: dependencies in R code
Result: NOTE
    Packages in Depends field not imported from:
     ‘RGtk2’ ‘methods’
     These packages need to be imported from (in the NAMESPACE file)
     for when this namespace is loaded but not attached.
    See the information on DESCRIPTION files in the chapter ‘Creating R
    packages’ of the ‘Writing R Extensions’ manual.
Flavors: r-devel-linux-x86_64-debian-clang, r-devel-linux-x86_64-debian-gcc, r-devel-linux-x86_64-fedora-clang, r-devel-linux-x86_64-fedora-gcc, r-devel-osx-x86_64-clang, r-devel-windows-ix86+x86_64, r-patched-linux-x86_64, r-patched-solaris-sparc, r-patched-solaris-x86, r-release-linux-ix86, r-release-linux-x86_64, r-release-windows-ix86+x86_64, r-oldrel-windows-ix86+x86_64

Version: 0.6.1
Check: R code for possible problems
Result: NOTE
    Found the following assignments to the global environment:
    File ‘RGtk2Extras/R/SimpleDialogMaker.r’:
     assign(output.name[1], retval, envir = .GlobalEnv)
Flavors: r-devel-linux-x86_64-debian-clang, r-devel-linux-x86_64-debian-gcc, r-devel-linux-x86_64-fedora-clang, r-devel-osx-x86_64-clang, r-patched-linux-x86_64, r-release-linux-ix86, r-release-linux-x86_64

Version: 0.6.1
Check: package dependencies
Result: ERROR
    Package required but not available: ‘RGtk2’
    
    Package suggested but not available for checking: ‘gWidgetsRGtk2’
    
    See the information on DESCRIPTION files in the chapter ‘Creating R
    packages’ of the ‘Writing R Extensions’ manual.
Flavor: r-release-osx-x86_64-mavericks