CRAN Package Check Results for Package RGtk2Extras

Last updated on 2014-09-02 05:46:43.

Flavor Version Tinstall Tcheck Ttotal Status Flags
r-devel-linux-x86_64-debian-clang 0.6.1 1.59 30.50 32.09 NOTE
r-devel-linux-x86_64-debian-gcc 0.6.1 1.61 30.98 32.58 NOTE
r-devel-linux-x86_64-fedora-clang 0.6.1 71.43 NOTE
r-devel-linux-x86_64-fedora-gcc 0.6.1 64.99 NOTE
r-devel-osx-x86_64-clang 0.6.1 58.28 NOTE
r-devel-windows-ix86+x86_64 0.6.1 7.00 52.00 59.00 NOTE
r-patched-linux-x86_64 0.6.1 1.85 33.24 35.09 NOTE
r-patched-solaris-sparc 0.6.1 415.80 NOTE
r-patched-solaris-x86 0.6.1 94.80 NOTE
r-release-linux-ix86 0.6.1 3.14 44.41 47.55 NOTE
r-release-linux-x86_64 0.6.1 1.72 34.35 36.07 NOTE
r-release-osx-x86_64-mavericks 0.6.1 ERROR
r-release-osx-x86_64-snowleopard 0.6.1 OK
r-release-windows-ix86+x86_64 0.6.1 7.00 59.00 66.00 NOTE
r-oldrel-windows-ix86+x86_64 0.6.1 8.00 55.00 63.00 NOTE

Check Details

Version: 0.6.1
Check: dependencies in R code
Result: NOTE
    Packages in Depends field not imported from:
     ‘RGtk2’ ‘methods’
     These packages need to be imported from (in the NAMESPACE file)
     for when this namespace is loaded but not attached.
    See the information on DESCRIPTION files in the chapter ‘Creating R
    packages’ of the ‘Writing R Extensions’ manual.
Flavors: r-devel-linux-x86_64-debian-clang, r-devel-linux-x86_64-debian-gcc, r-devel-linux-x86_64-fedora-clang, r-devel-linux-x86_64-fedora-gcc, r-devel-osx-x86_64-clang, r-devel-windows-ix86+x86_64, r-patched-linux-x86_64, r-patched-solaris-sparc, r-patched-solaris-x86, r-release-linux-ix86, r-release-linux-x86_64, r-release-windows-ix86+x86_64, r-oldrel-windows-ix86+x86_64

Version: 0.6.1
Check: R code for possible problems
Result: NOTE
    AddHScrollTimeout: no visible global function definition for ‘as.flag’
    AddHScrollTimeout: no visible binding for global variable
     ‘GdkEventMask’
    AddHScrollTimeout: no visible global function definition for
     ‘gTimeoutAdd’
    Cell3rdButtonMenu: no visible global function definition for ‘gtkMenu’
    Cell3rdButtonMenu: no visible global function definition for
     ‘gtkMenuItem’
    Cell3rdButtonMenu: no visible global function definition for
     ‘gSignalConnect’
    Cell3rdButtonMenu: no visible global function definition for
     ‘gtkSeparatorMenuItem’
    Cell3rdButtonMenu: no visible binding for global variable
     ‘gtkWidgetSetSensitive’
    Column3rdButtonMenu: no visible global function definition for
     ‘gtkMenu’
    Column3rdButtonMenu: no visible global function definition for
     ‘gtkMenuItem’
    Column3rdButtonMenu: no visible global function definition for
     ‘gtkSeparatorMenuItem’
    Column3rdButtonMenu: no visible global function definition for
     ‘gSignalConnect’
    Column3rdButtonMenu: no visible binding for global variable
     ‘gtkWidgetSetSensitive’
    Column3rdButtonMenu: no visible global function definition for
     ‘gtkCheckMenuItem’
    ColumnHeaderButtonPress: no visible global function definition for
     ‘gSignalHandlerDisconnect’
    ColumnHeaderButtonPress: no visible global function definition for
     ‘gtkWidgetUnrealize’
    ColumnHeaderButtonPress: no visible global function definition for
     ‘gtkWidgetGrabFocus’
    ColumnHeaderButtonPress: no visible global function definition for
     ‘gtkWidgetGetRealized’
    ColumnHeaderButtonPress: no visible global function definition for
     ‘gSignalHandlerBlock’
    ColumnHeaderButtonPress: no visible global function definition for
     ‘gtkTreeSelectionUnselectAll’
    ColumnHeaderButtonPress: no visible global function definition for
     ‘gSignalHandlerUnblock’
    ColumnHeaderButtonPress: no visible global function definition for
     ‘gdkWindowInvalidateRect’
    ColumnHeaderButtonPress: no visible global function definition for
     ‘as.flag’
    ColumnHeaderButtonPress: no visible binding for global variable
     ‘GdkModifierType’
    ColumnHeaderButtonPress: no visible global function definition for
     ‘gdkEventGetTime’
    ColumnSetState: no visible global function definition for
     ‘gtkWidgetSetState’
    Corner3rdButtonMenu: no visible global function definition for
     ‘gtkMenu’
    Corner3rdButtonMenu: no visible global function definition for
     ‘gtkMenuItem’
    Corner3rdButtonMenu: no visible global function definition for
     ‘gtkSeparatorMenuItem’
    Corner3rdButtonMenu: no visible global function definition for
     ‘gSignalConnect’
    Corner3rdButtonMenu: no visible binding for global variable
     ‘gtkWidgetSetSensitive’
    Corner3rdButtonMenu : <anonymous> : <anonymous>: no visible global
     function definition for ‘gtkWidgetSetState’
    Corner3rdButtonMenu : <anonymous>: no visible global function
     definition for ‘gtkAboutDialogNew’
    Corner3rdButtonMenu : <anonymous>: no visible global function
     definition for ‘gtkDialogRun’
    Corner3rdButtonMenu : <anonymous>: no visible global function
     definition for ‘gtkWidgetDestroy’
    CornerBoxButtonPress: no visible global function definition for
     ‘gtkWidgetSetState’
    CornerBoxButtonPress : <anonymous>: no visible global function
     definition for ‘gtkWidgetSetState’
    CornerBoxButtonPress: no visible global function definition for
     ‘gdkEventGetTime’
    CtrlLetter: no visible global function definition for ‘as.flag’
    CtrlLetter: no visible binding for global variable ‘GdkModifierType’
    CtrlShiftLetter: no visible global function definition for ‘as.flag’
    CtrlShiftLetter: no visible binding for global variable
     ‘GdkModifierType’
    DoFactorEditor : UpdateView: no visible binding for global variable
     ‘gtkToggleButtonGetActive’
    DoFactorEditor : cell.edited: no visible global function definition for
     ‘checkPtrType’
    DoFactorEditor : cell.edited: no visible global function definition for
     ‘gtkTreePathNewFromString’
    DoFactorEditor : remove.item: no visible global function definition for
     ‘checkPtrType’
    DoFactorEditor : move.item.up: no visible global function definition
     for ‘checkPtrType’
    DoFactorEditor : move.item.down: no visible global function definition
     for ‘checkPtrType’
    DoFactorEditor : move.item.down: no visible global function definition
     for ‘gtkTreePathNext’
    DoFactorEditor : edit.item: no visible global function definition for
     ‘checkPtrType’
    DoFactorEditor : UpdateLabel: no visible binding for global variable
     ‘gtkToggleButtonGetActive’
    DoFactorEditor: no visible global function definition for ‘gtkVBoxNew’
    DoFactorEditor: no visible global function definition for
     ‘gtkRadioButtonNewWithLabel’
    DoFactorEditor: no visible global function definition for
     ‘gSignalConnect’
    DoFactorEditor: no visible global function definition for ‘gtkDialog’
    DoFactorEditor: no visible binding for global variable
     ‘GtkWindowPosition’
    DoFactorEditor: no visible global function definition for ‘gtkFrameNew’
    DoFactorEditor: no visible global function definition for
     ‘gtkComboBoxNewText’
    DoFactorEditor: no visible global function definition for ‘gtkHBoxNew’
    DoFactorEditor: no visible global function definition for ‘gtkLabelNew’
    DoFactorEditor : MakeModel: no visible global function definition for
     ‘gtkListStoreNew’
    DoFactorEditor: no visible global function definition for
     ‘gtkScrolledWindowNew’
    DoFactorEditor: no visible global function definition for
     ‘gtkTreeViewNew’
    DoFactorEditor: no visible global function definition for
     ‘gtkCellRendererTextNew’
    DoFactorEditor: no visible global function definition for
     ‘gtkButtonNewWithLabel’
    DoFactorEditor: no visible global function definition for
     ‘gtkCheckButtonNewWithLabel’
    DoFactorEditor: no visible global function definition for
     ‘gtkExpanderNew’
    DoScrollUpdate: no visible global function definition for
     ‘gtkEventsPending’
    DoScrollUpdate: no visible global function definition for
     ‘gtkMainIteration’
    DoScrollUpdate: no visible binding for global variable
     ‘GdkScrollDirection’
    DoSortDialog: no visible global function definition for ‘gtkWindowNew’
    DoSortDialog: no visible binding for global variable
     ‘GtkWindowPosition’
    DoSortDialog: no visible global function definition for ‘gtkVBoxNew’
    DoSortDialog: no visible global function definition for ‘gtkFrameNew’
    DoSortDialog: no visible global function definition for ‘gtkHBoxNew’
    DoSortDialog: no visible global function definition for
     ‘gtkButtonNewWithLabel’
    DoSortDialog: no visible global function definition for
     ‘gSignalConnect’
    DoSortDialog : <anonymous> : <anonymous>: no visible binding for global
     variable ‘gtkToggleButtonGetActive’
    EditHeaderBox: no visible global function definition for ‘gtkEntryNew’
    EditHeaderBox: no visible global function definition for ‘as.GdkColor’
    EditHeaderBox : makeBlack: no visible global function definition for
     ‘as.GdkColor’
    EditHeaderBox: no visible global function definition for
     ‘gSignalConnect’
    EditHeaderBox : <anonymous>: no visible binding for global variable
     ‘GDK_Return’
    EditHeaderBox : <anonymous>: no visible binding for global variable
     ‘GDK_Escape’
    EnterTextIntoCell: no visible global function definition for
     ‘gObjectGetData’
    EnterTextIntoCell: no visible global function definition for
     ‘gtkEntryGetText’
    GetCursorRowColIdx: no visible global function definition for
     ‘gtkTreeViewGetCursor’
    GetCursorRowColIdx: no visible global function definition for
     ‘gtkTreePathGetIndices’
    GetSelectedRows: no visible global function definition for
     ‘gtkTreeViewGetSelection’
    GetSelectedRows: no visible global function definition for
     ‘gtkTreeSelectionGetSelectedRows’
    GetSelectedRows: no visible binding for global variable
     ‘gtkTreePathGetIndices’
    InitAllColumns: no visible global function definition for
     ‘gtkTreeViewColumnSetResizable’
    InitColumn: no visible global function definition for ‘gSignalConnect’
    IsCtrl: no visible global function definition for ‘as.flag’
    IsCtrl: no visible binding for global variable ‘GdkModifierType’
    IsCtrlShift: no visible global function definition for ‘as.flag’
    IsCtrlShift: no visible binding for global variable ‘GdkModifierType’
    IsShift: no visible global function definition for ‘as.flag’
    IsShift: no visible binding for global variable ‘GdkModifierType’
    MakeAVerticalScrollbar: no visible global function definition for
     ‘gtkVScrollbarNew’
    MakeAVerticalScrollbar: no visible binding for global variable
     ‘GdkEventMask’
    MakeAVerticalScrollbar: no visible global function definition for
     ‘gSignalConnect’
    MakeAVerticalScrollbar : <anonymous>: no visible global function
     definition for ‘gtkWidgetIsFocus’
    MakeButtonAndEventBox: no visible global function definition for
     ‘gtkLabelNew’
    MakeButtonAndEventBox: no visible global function definition for
     ‘gtkVBoxNew’
    MakeButtonAndEventBox: no visible global function definition for
     ‘gtkEventBoxNew’
    MakeButtonAndEventBox: no visible global function definition for
     ‘gtkContainerAdd’
    MakeButtonAndEventBox: no visible global function definition for
     ‘gtkTreeViewColumnSetWidget’
    MakeButtonAndEventBox: no visible global function definition for
     ‘gtkWidgetGetParent’
    MakeButtonAndEventBox: no visible global function definition for
     ‘gtkAlignmentSet’
    MakeButtonAndEventBox: no visible global function definition for
     ‘gtkWidgetModifyBg’
    MakeButtonAndEventBox: no visible global function definition for
     ‘gSignalConnect’
    MakeButtonAndEventBox: no visible global function definition for
     ‘gtkWidgetSetTooltipText’
    MakeComboEntry: no visible global function definition for ‘gtkHBoxNew’
    MakeComboEntry: no visible global function definition for
     ‘gtkComboBoxNewText’
    MakeComboEntry: no visible global function definition for ‘gtkVBoxNew’
    MakeDFEditWindow: no visible global function definition for
     ‘gtkTreePathNewFromString’
    MakeDFEditWindow: no visible global function definition for
     ‘gtkScrolledWindowNew’
    MakeDFEditWindow: no visible binding for global variable
     ‘GtkPolicyType’
    MakeDFEditWindow: no visible global function definition for
     ‘rGtkDataFrame’
    MakeDFEditWindow: no visible global function definition for
     ‘gtkTreeViewNewWithModel’
    MakeDFEditWindow: no visible global function definition for
     ‘gtkTableNew’
    MakeDFEditWindow: no visible global function definition for
     ‘gtkTreeViewSetFixedHeightMode’
    MakeDFEditWindow: no visible global function definition for
     ‘gtkTreeViewAppendColumn’
    MakeDFEditWindow: no visible global function definition for
     ‘gtkTreeViewColumnSetSizing’
    MakeDFEditWindow: no visible binding for global variable
     ‘GtkTreeViewColumnSizing’
    MakeDFEditWindow: no visible global function definition for
     ‘gtkTreeViewColumnSetResizable’
    MakeDFEditWindow: no visible global function definition for
     ‘gSignalConnect’
    MakeDFEditWindow: no visible global function definition for
     ‘gtkWidgetModifyBase’
    MakeDFEditWindow: no visible global function definition for
     ‘gtkWidgetModifyText’
    MakeDFEditWindow: no visible binding for global variable ‘GtkStateType’
    MakeDFEditWindow: no visible global function definition for
     ‘as.GdkColor’
    MakeDFEditWindow : <anonymous> : <anonymous>: no visible global
     function definition for ‘gtkWidgetModifyFg’
    MakeDFEditWindow : <anonymous> : <anonymous>: no visible global
     function definition for ‘as.GdkColor’
    MakeDFEditWindow: no visible global function definition for
     ‘gtkHPanedNew’
    MakeDFEditWindow: no visible global function definition for
     ‘gtkHScrollbarNew’
    MakeDFEditWindow : <anonymous>: no visible global function definition
     for ‘gSignalConnect’
    MakeDFEditWindow : <anonymous> : <anonymous>: no visible global
     function definition for ‘gtkTreeSelectionUnselectAll’
    MakeDFEditWindow : <anonymous> : <anonymous>: no visible global
     function definition for ‘gSignalConnect’
    MakeDFEditWindow : <anonymous>: no visible global function definition
     for ‘gdkGCNew’
    MakeDFEditWindow : <anonymous>: no visible binding for global variable
     ‘GtkWidgetFlags’
    MakeDFEditWindow : <anonymous>: no visible global function definition
     for ‘gtkSettingsGetForScreen’
    MakeDFEditWindow : <anonymous>: no visible global function definition
     for ‘checkPtrType’
    MakeDFEditWindow : <anonymous> : sw.va.value.ch: no visible global
     function definition for ‘gtkEventsPending’
    MakeDFEditWindow : <anonymous> : sw.va.value.ch: no visible global
     function definition for ‘gtkMainIteration’
    MakeDFEditWindow : <anonymous> : sw.va.value.ch: no visible global
     function definition for ‘gtkAdjustmentSetValue’
    MakeDFEditWindow : <anonymous> : sw.va.value.ch: no visible global
     function definition for ‘gtkAdjustmentGetValue’
    MakeDFEditWindow : <anonymous>: no visible global function definition
     for ‘gtkWidgetGetParent’
    MakeDFEditWindow : <anonymous>: no visible global function definition
     for ‘gtkAlignmentSet’
    MakeLastPath: no visible global function definition for
     ‘gtkTreePathNewFromString’
    MakeRadioDialog: no visible global function definition for
     ‘gtkWindowNew’
    MakeRadioDialog: no visible binding for global variable
     ‘GtkWindowPosition’
    MakeRadioDialog: no visible global function definition for ‘gtkVBoxNew’
    MakeRadioDialog: no visible global function definition for
     ‘gtkFrameNew’
    MakeRadioDialog: no visible global function definition for ‘gtkHBoxNew’
    MakeRadioDialog: no visible global function definition for
     ‘gtkButtonNewWithLabel’
    MakeRadioDialog: no visible global function definition for
     ‘gSignalConnect’
    MakeRadioDialog : <anonymous> : <anonymous>: no visible binding for
     global variable ‘gtkToggleButtonGetActive’
    MakeRadiobuttonGroup: no visible global function definition for
     ‘gtkVBoxNew’
    MakeRadiobuttonGroup: no visible global function definition for
     ‘gtkRadioButtonNewWithLabel’
    MakeSpinDialog: no visible global function definition for
     ‘gtkWindowNew’
    MakeSpinDialog: no visible binding for global variable
     ‘GtkWindowPosition’
    MakeSpinDialog: no visible global function definition for ‘gtkVBoxNew’
    MakeSpinDialog: no visible global function definition for ‘gtkHBoxNew’
    MakeSpinDialog: no visible global function definition for ‘gtkLabelNew’
    MakeSpinDialog: no visible global function definition for
     ‘gtkAdjustment’
    MakeSpinDialog: no visible global function definition for
     ‘gtkSpinButton’
    MakeSpinDialog: no visible global function definition for
     ‘gtkButtonNewWithLabel’
    MakeSpinDialog: no visible global function definition for
     ‘gSignalConnect’
    MakeSpinDialog : <anonymous>: no visible binding for global variable
     ‘GDK_Return’
    MakeSpinDialog : <anonymous>: no visible binding for global variable
     ‘GDK_Escape’
    MoveCursor: no visible global function definition for
     ‘gtkTreeViewGetCursor’
    MoveCursor: no visible global function definition for
     ‘gtkTreePathGetIndices’
    MoveCursor: no visible global function definition for
     ‘gtkTreeViewGetVisibleRange’
    MoveCursor: no visible binding for global variable
     ‘gtkTreePathGetIndices’
    MoveCursor: no visible global function definition for
     ‘gtkTreePathNewFromString’
    MoveCursor: no visible global function definition for
     ‘gtkTreeViewScrollToCell’
    MoveCursor: no visible global function definition for
     ‘gtkTreeViewSetCursorOnCell’
    MoveCursor: no visible global function definition for ‘gtkTreePathNext’
    MoveCursor: no visible global function definition for ‘gtkTreePathPrev’
    MoveCursor: no visible global function definition for ‘as.flag’
    MoveCursor: no visible binding for global variable ‘GdkModifierType’
    MoveCursor: no visible global function definition for
     ‘gdkWindowInvalidateRect’
    MoveCursor: no visible global function definition for
     ‘gtkTreeViewGetBackgroundArea’
    MoveCursor: no visible global function definition for
     ‘gtkTreeViewGetVisibleRect’
    MoveCursor: no visible global function definition for
     ‘gtkTreeViewScrollToPoint’
    NewColumn: no visible global function definition for
     ‘gtkCellRendererTextNew’
    NewColumn: no visible global function definition for ‘gObjectSetData’
    NewColumn: no visible global function definition for
     ‘gtkTreeViewColumnNewWithAttributes’
    NewColumn: no visible global function definition for
     ‘gtkTreeViewColumnSetFixedWidth’
    NewColumn: no visible global function definition for
     ‘gtkTreeViewColumnSetMinWidth’
    NewColumn: no visible global function definition for
     ‘gtkTreeViewColumnSetMaxWidth’
    NewColumn: no visible global function definition for
     ‘gtkTreeViewColumnSetSizing’
    NewColumn: no visible binding for global variable
     ‘GtkTreeViewColumnSizing’
    NewColumnToggle: no visible global function definition for
     ‘gtkCellRendererToggleNew’
    NewColumnToggle: no visible global function definition for
     ‘gtkTreeViewColumnNew’
    NewColumnToggle: no visible global function definition for
     ‘gtkTreeViewColumnPackStart’
    NewColumnToggle: no visible global function definition for
     ‘gtkTreeViewColumnSetTitle’
    NewColumnToggle: no visible global function definition for
     ‘gtkTreeViewColumnSetFixedWidth’
    NewColumnToggle: no visible global function definition for
     ‘gtkTreeViewColumnSetSizing’
    NewColumnToggle: no visible binding for global variable
     ‘GtkTreeViewColumnSizing’
    NewColumnToggle: no visible global function definition for
     ‘gtkTreeViewColumnSetResizable’
    PaintSelectionOnTimeout: no visible global function definition for
     ‘gSourceRemove’
    PaintSelectionOnTimeout: no visible global function definition for
     ‘gTimeoutAdd’
    ReadFromClipboard: no visible global function definition for
     ‘gtkDialog’
    ReadFromClipboard: no visible binding for global variable
     ‘GtkWindowPosition’
    ReadFromClipboard: no visible global function definition for
     ‘gtkVBoxNew’
    ReadFromClipboard: no visible global function definition for
     ‘gtkFrameNew’
    ReadFromClipboard: no visible global function definition for
     ‘gtkHBoxNew’
    ReadFromClipboard: no visible global function definition for
     ‘gtkEntryNew’
    ReadFromClipboard: no visible global function definition for
     ‘gtkButtonNewWithLabel’
    ReadFromClipboard: no visible global function definition for
     ‘gtkAdjustment’
    ReadFromClipboard: no visible global function definition for
     ‘gtkSpinButton’
    ReadFromClipboard: no visible global function definition for
     ‘gtkLabelNew’
    ReadFromClipboard: no visible global function definition for
     ‘gSignalConnect’
    ReadFromClipboard: no visible global function definition for
     ‘gtkScrolledWindowNew’
    ReadFromClipboard: no visible binding for global variable
     ‘GtkPolicyType’
    ReadFromClipboard: no visible global function definition for
     ‘gtkTextViewNew’
    ReadFromClipboard: no visible global function definition for
     ‘gtkComboBoxNewText’
    ReadFromClipboard: no visible global function definition for
     ‘gtkTableNew’
    ReadFromClipboard: no visible global function definition for
     ‘gtkCheckButtonNewWithLabel’
    ReadFromClipboard : update_view: no visible global function definition
     for ‘gtkContainerGetChildren’
    ReadFromClipboard : update_view: no visible global function definition
     for ‘gtkWidgetDestroy’
    ReadFromClipboard : update_view: no visible global function definition
     for ‘gtkBoxPackEnd’
    ReadFromClipboard : update_view : <anonymous>: no visible global
     function definition for ‘gtkTextViewNew’
    ReadFromClipboard : update_view : <anonymous>: no visible binding for
     global variable ‘GtkWrapMode’
    ReadFromClipboard : update_view : <anonymous>: no visible global
     function definition for ‘gtkContainerGetChildren’
    ReadFromClipboard : update_view : <anonymous>: no visible global
     function definition for ‘gtkWidgetDestroy’
    ReadFromClipboard : <anonymous>: no visible global function definition
     for ‘gSignalConnect’
    RemoveHScrollTimeout: no visible global function definition for
     ‘gSourceRemove’
    RendererEditingStarted: no visible global function definition for
     ‘checkPtrType’
    RendererEditingStarted: no visible global function definition for
     ‘as.GdkColor’
    RendererEditingStarted: no visible global function definition for
     ‘gtkEntrySetHasFrame’
    RendererEditingStarted: no visible global function definition for
     ‘gtkWidgetModifyBase’
    RendererEditingStarted: no visible global function definition for
     ‘gtkWidgetModifyText’
    RendererEditingStarted: no visible global function definition for
     ‘gtkWidgetSetEvents’
    RendererEditingStarted: no visible binding for global variable
     ‘GdkEventMask’
    RendererEditingStarted: no visible global function definition for
     ‘gObjectSetData’
    RendererEditingStarted: no visible global function definition for
     ‘gtkTreePathNewFromString’
    RendererEditingStarted: no visible global function definition for
     ‘gtkEntryGetText’
    RendererEditingStarted: no visible binding for global variable
     ‘GDK_space’
    RendererEditingStarted: no visible global function definition for
     ‘gSignalConnect’
    RendererEditingStarted : <anonymous>: no visible global function
     definition for ‘gtkEditableSelectRegion’
    RendererEditingStarted : create.completion.model: no visible global
     function definition for ‘gtkListStoreNew’
    RendererEditingStarted: no visible global function definition for
     ‘gtkEntryCompletionNew’
    RendererEntryKeyPress: no visible global function definition for
     ‘as.flag’
    RendererEntryKeyPress: no visible global function definition for
     ‘gObjectSetData’
    RendererEntryKeyPress: no visible binding for global variable
     ‘GDK_Return’
    RendererEntryKeyPress: no visible binding for global variable
     ‘GDK_Escape’
    RendererEntryKeyPress: no visible binding for global variable ‘GDK_Up’
    RendererEntryKeyPress: no visible binding for global variable
     ‘GDK_Down’
    RendererEntryKeyPress: no visible global function definition for
     ‘gtkEntrySetText’
    RendererEntryKeyPress: no visible global function definition for
     ‘gObjectGetData’
    RendererEntryKeyPress: no visible binding for global variable
     ‘GDK_Left’
    RendererEntryKeyPress: no visible binding for global variable
     ‘GDK_ISO_Left_Tab’
    RendererEntryKeyPress: no visible binding for global variable
     ‘GDK_Right’
    RendererEntryKeyPress: no visible binding for global variable ‘GDK_Tab’
    ReplaceEditWindow: no visible global function definition for
     ‘gTimeoutAdd’
    Row3rdButtonMenu: no visible global function definition for ‘gtkMenu’
    Row3rdButtonMenu: no visible global function definition for
     ‘gtkMenuItem’
    Row3rdButtonMenu: no visible global function definition for
     ‘gtkSeparatorMenuItem’
    Row3rdButtonMenu: no visible global function definition for
     ‘gSignalConnect’
    Row3rdButtonMenu : <anonymous>: no visible global function definition
     for ‘gtkTreeViewGetCursor’
    Row3rdButtonMenu : <anonymous>: no visible global function definition
     for ‘gtkTreeViewSetCursorOnCell’
    Row3rdButtonMenu: no visible binding for global variable
     ‘gtkWidgetSetSensitive’
    RowNamesButtonPress: no visible global function definition for
     ‘as.flag’
    RowNamesButtonPress: no visible binding for global variable
     ‘GdkModifierType’
    RowNamesButtonPress: no visible global function definition for
     ‘gtkTreeSelectionUnselectAll’
    RowNamesButtonPress: no visible global function definition for
     ‘gdkWindowInvalidateRect’
    RowNamesButtonPress: no visible global function definition for
     ‘gtkTreeViewGetCursor’
    RowNamesButtonPress: no visible global function definition for
     ‘gtkTreePathGetIndices’
    RowNamesButtonPress: no visible global function definition for
     ‘gtkPropagateEvent’
    RowNamesButtonPress: no visible global function definition for
     ‘gtkAdjustmentSetValue’
    RowNamesButtonPress: no visible global function definition for
     ‘gtkAdjustmentGetValue’
    RowNamesButtonPress: no visible global function definition for
     ‘gdkEventGetTime’
    RowNamesExpose: no visible global function definition for
     ‘gtkAdjustmentGetValue’
    RowNamesExpose: no visible global function definition for
     ‘gdkCairoCreate’
    RowNamesExpose: no visible global function definition for
     ‘cairoSetSourceRgba’
    RowNamesExpose: no visible global function definition for
     ‘cairoRectangle’
    RowNamesExpose: no visible global function definition for ‘cairoClip’
    RowNamesExpose: no visible global function definition for ‘cairoPaint’
    RowNamesKeyPress: no visible global function definition for ‘as.flag’
    RowNamesKeyPress: no visible binding for global variable ‘GDK_z’
    RowNamesKeyPress: no visible binding for global variable ‘GDK_Delete’
    RowNamesKeyPress: no visible binding for global variable ‘GDK_c’
    RowNamesKeyPress: no visible binding for global variable ‘GDK_v’
    RowNamesKeyPress: no visible global function definition for
     ‘gtkTreeViewGetCursor’
    RowNamesKeyPress: no visible global function definition for
     ‘gtkTreePathGetIndices’
    RowNamesKeyPress: no visible global function definition for
     ‘gtkEventsPending’
    RowNamesKeyPress: no visible global function definition for
     ‘gtkMainIteration’
    RowNamesKeyPress: no visible global function definition for
     ‘gtkPropagateEvent’
    RowNamesKeyPress: no visible global function definition for
     ‘gtkAdjustmentSetValue’
    RowNamesKeyPress: no visible global function definition for
     ‘gtkAdjustmentGetValue’
    ShiftLetter: no visible global function definition for ‘as.flag’
    ShiftLetter: no visible binding for global variable ‘GdkModifierType’
    TransientWindow: no visible global function definition for
     ‘gtkWindowNew’
    TransientWindow: no visible global function definition for
     ‘gtkWidgetSetCanFocus’
    TransientWindow: no visible global function definition for
     ‘gtkWindowSetSkipTaskbarHint’
    TransientWindow: no visible global function definition for
     ‘gtkWidgetSetSizeRequest’
    TransientWindow: no visible global function definition for
     ‘gtkWindowSetDecorated’
    TransientWindow: no visible global function definition for
     ‘gtkLabelNew’
    TransientWindow: no visible global function definition for ‘gtkAdd’
    TransientWindow: no visible global function definition for
     ‘gtkWindowSetPosition’
    TransientWindow: no visible binding for global variable
     ‘GtkWindowPosition’
    TransientWindow: no visible global function definition for
     ‘gtkWindowSetTransientFor’
    TransientWindow: no visible global function definition for
     ‘gtkWindowSetModal’
    TransientWindow: no visible global function definition for
     ‘gtkWidgetShowAll’
    UpdateDfEditor: no visible global function definition for ‘.RGtkCall’
    UpdateSelectionRectangle: no visible global function definition for
     ‘gtkAdjustmentGetValue’
    UpdateSelectionRectangle: no visible global function definition for
     ‘gtkTreePathNewFromString’
    UpdateSelectionRectangle: no visible global function definition for
     ‘gtkTreeViewGetCellArea’
    UpdateSelectionRectangle: no visible global function definition for
     ‘gdkRectangleUnion’
    UpdateSelectionRectangle: no visible global function definition for
     ‘gdkWindowInvalidateRect’
    ViewButtonPress: no visible global function definition for
     ‘gdkEventGetTime’
    ViewButtonPress: no visible global function definition for
     ‘gtkTreeViewGetCursor’
    ViewButtonPress: no visible global function definition for
     ‘gtkTreePathGetIndices’
    ViewButtonPress: no visible global function definition for ‘as.flag’
    ViewButtonPress: no visible binding for global variable
     ‘GdkModifierType’
    ViewButtonPress: no visible global function definition for
     ‘gtkTreeSelectionGetSelectedRows’
    ViewButtonRelease: no visible binding for global variable
     ‘GdkEventType’
    ViewButtonRelease: no visible global function definition for ‘as.flag’
    ViewButtonRelease: no visible binding for global variable
     ‘GdkModifierType’
    ViewButtonRelease: no visible global function definition for
     ‘gSourceRemove’
    ViewExpose: no visible global function definition for
     ‘gtkAdjustmentGetValue’
    ViewExpose: no visible global function definition for
     ‘gdkDrawRectangle’
    ViewExpose: no visible global function definition for ‘gdkCairoCreate’
    ViewExpose: no visible global function definition for
     ‘cairoSetSourceRgba’
    ViewExpose: no visible global function definition for ‘cairoRectangle’
    ViewExpose: no visible global function definition for ‘cairoClip’
    ViewExpose: no visible global function definition for ‘cairoPaint’
    ViewExpose: no visible global function definition for
     ‘gtkTreeViewGetCursor’
    ViewExpose: no visible global function definition for
     ‘gtkTreeViewGetCellArea’
    ViewKeyPress: no visible binding for global variable ‘GDK_c’
    ViewKeyPress: no visible binding for global variable ‘GDK_C’
    ViewKeyPress: no visible binding for global variable ‘GDK_v’
    ViewKeyPress: no visible binding for global variable ‘GDK_z’
    ViewKeyPress: no visible binding for global variable ‘GDK_a’
    ViewKeyPress: no visible binding for global variable ‘GDK_Delete’
    ViewKeyPress: no visible binding for global variable ‘GdkModifierType’
    ViewKeyPress: no visible binding for global variable ‘GDK_Up’
    ViewKeyPress: no visible binding for global variable ‘GDK_Return’
    ViewKeyPress: no visible binding for global variable ‘GDK_Down’
    ViewKeyPress: no visible binding for global variable ‘GDK_Right’
    ViewKeyPress: no visible binding for global variable ‘GDK_Tab’
    ViewKeyPress: no visible binding for global variable ‘GDK_Left’
    ViewKeyPress: no visible binding for global variable ‘GDK_ISO_Left_Tab’
    ViewKeyPress: no visible binding for global variable ‘GDK_Page_Down’
    ViewKeyPress: no visible binding for global variable ‘GDK_Page_Up’
    ViewKeyPress: no visible binding for global variable ‘GDK_Home’
    ViewKeyPress: no visible binding for global variable ‘GDK_End’
    ViewKeyPress: no visible binding for global variable ‘GDK_Insert’
    ViewKeyPress: no visible global function definition for
     ‘gtkTreeViewGetCursor’
    ViewKeyPress: no visible global function definition for
     ‘gtkTreePathGetIndices’
    ViewKeyPress: no visible binding for global variable ‘GDK_equal’
    ViewKeyPress: no visible global function definition for
     ‘gtkTreeViewSetCursorOnCell’
    ViewKeyPress: no visible binding for global variable ‘GDK_space’
    ViewKeyPress: no visible global function definition for
     ‘gtkPropagateEvent’
    ViewMotionNotify: no visible global function definition for
     ‘gdkWindowGetPointer’
    ViewMotionNotify: no visible global function definition for
     ‘gtkTreeViewGetPathAtPos’
    ViewMotionNotify: no visible global function definition for
     ‘gtkWidgetGetDisplay’
    ViewMotionNotify: no visible global function definition for
     ‘gtkWidgetGetWindow’
    ViewMotionNotify: no visible global function definition for
     ‘gdkWindowSetCursor’
    ViewMotionNotify: no visible global function definition for
     ‘gdkCursorNewFromName’
    ViewOnScrollChanged: no visible global function definition for
     ‘gtkEventsPending’
    ViewOnScrollChanged: no visible global function definition for
     ‘gtkMainIteration’
    ViewOnScrollChanged: no visible global function definition for
     ‘gtkAdjustmentSetValue’
    ViewOnScrollChanged: no visible global function definition for
     ‘gtkAdjustmentGetValue’
    add.columns: no visible global function definition for
     ‘gtkCellRendererTextNew’
    add.columns: no visible binding for global variable
     ‘PangoEllipsizeMode’
    add.columns: no visible global function definition for
     ‘gtkTreeViewColumnSetFixedWidth’
    add.columns: no visible global function definition for
     ‘gtkTreeViewColumnSetSizing’
    add.columns: no visible binding for global variable
     ‘GtkTreeViewColumnSizing’
    add.columns: no visible global function definition for
     ‘gtkCellRendererToggleNew’
    add.columns: no visible global function definition for ‘gSignalConnect’
    buttonItem: no visible global function definition for ‘gtkHBoxNew’
    buttonItem: no visible global function definition for
     ‘gtkButtonNewWithLabel’
    buttonItem: no visible global function definition for ‘gSignalConnect’
    choice.grid : GetItems: no visible global function definition for
     ‘gtkTreeSelectionGetSelectedRows’
    choice.grid : GetItems: no visible global function definition for
     ‘gtkTreeViewGetSelection’
    choice.grid : GetItems: no visible binding for global variable
     ‘gtkTreePathGetIndices’
    choice.grid : make.treeview: no visible global function definition for
     ‘gtkScrolledWindowNew’
    choice.grid : make.treeview: no visible global function definition for
     ‘gtkTreeViewNewWithModel’
    choice.grid : make.treeview: no visible binding for global variable
     ‘GtkSelectionMode’
    choice.grid : make.treeview: no visible global function definition for
     ‘gSignalConnect’
    choice.grid : replace.treeview: no visible global function definition
     for ‘rGtkDataFrame’
    choice.grid: no visible global function definition for ‘gtkVBoxNew’
    choiceItem: no visible global function definition for
     ‘gtkComboBoxNewText’
    choiceItem: no visible global function definition for ‘gSignalConnect’
    choiceItem : <anonymous>: no visible global function definition for
     ‘gSignalHandlerBlock’
    choiceItem : <anonymous>: no visible global function definition for
     ‘gSignalHandlerUnblock’
    column.clicked: no visible global function definition for
     ‘rGtkDataFrame’
    create.model: no visible global function definition for ‘rGtkDataFrame’
    create.panel: no visible global function definition for ‘gtkVBoxNew’
    create.panel: no visible global function definition for ‘gtkLabelNew’
    create.panel: no visible global function definition for ‘gtkHBoxNew’
    dfedit: no visible global function definition for ‘gtkDialog’
    dfedit: no visible global function definition for ‘gtkHBoxNew’
    dfedit: no visible global function definition for ‘gtkLabelNew’
    dfedit: no visible global function definition for ‘gSignalConnect’
    dfedit: no visible binding for global variable ‘gtkWidgetDestroy’
    do.long.running.task : check_for_file: no visible global function
     definition for ‘gSignalConnect’
    do.long.running.task : check_for_file : <anonymous>: no visible global
     function definition for ‘gSourceRemove’
    do.long.running.task: no visible global function definition for
     ‘gtkDialog’
    do.long.running.task: no visible global function definition for
     ‘gtkProgressBar’
    do.long.running.task: no visible binding for global variable
     ‘GtkWindowPosition’
    do.long.running.task: no visible global function definition for
     ‘gTimeoutAdd’
    fileItem: no visible global function definition for ‘gtkHBoxNew’
    fileItem: no visible global function definition for ‘gtkEntryNew’
    fileItem: no visible global function definition for
     ‘gtkButtonNewWithLabel’
    fileItem: no visible global function definition for ‘gSignalConnect’
    gtkDfEdit: no visible global function definition for ‘gtkVBoxNew’
    gtkDfEdit: no visible global function definition for ‘gSignalConnect’
    gtkMenuPopupHack: no visible global function definition for
     ‘checkPtrType’
    gtkMenuPopupHack: no visible global function definition for ‘.RGtkCall’
    insert.dialog: no visible global function definition for ‘gtkDialog’
    insert.dialog : do.insert: no visible binding for global variable
     ‘gtkToggleButtonGetActive’
    insert.dialog: no visible global function definition for ‘gtkVBoxNew’
    insert.dialog : grb.keypress: no visible binding for global variable
     ‘GDK_Return’
    insert.dialog : grb.keypress: no visible binding for global variable
     ‘GDK_Right’
    insert.dialog : grb.keypress: no visible binding for global variable
     ‘GtkSpinType’
    insert.dialog : grb.keypress: no visible binding for global variable
     ‘GDK_Left’
    insert.dialog: no visible global function definition for ‘gtkFrameNew’
    insert.dialog: no visible global function definition for
     ‘gtkRadioButtonNewWithLabel’
    insert.dialog: no visible global function definition for
     ‘gSignalConnect’
    insert.dialog: no visible global function definition for ‘gtkHBoxNew’
    insert.dialog: no visible global function definition for ‘gtkLabelNew’
    insert.dialog: no visible global function definition for
     ‘gtkAdjustment’
    insert.dialog: no visible global function definition for
     ‘gtkSpinButton’
    insert.dialog : <anonymous>: no visible binding for global variable
     ‘GDK_Return’
    insert.dialog : <anonymous>: no visible binding for global variable
     ‘GDK_Escape’
    insert.dialog: no visible global function definition for ‘checkPtrType’
    insert.dialog: no visible binding for global variable
     ‘GtkWindowPosition’
    integerItem: no visible global function definition for ‘gtkAdjustment’
    integerItem: no visible global function definition for ‘gtkSpinButton’
    item.toggled: no visible global function definition for ‘checkPtrType’
    item.toggled: no visible global function definition for
     ‘gtkTreeViewGetModel’
    item.toggled: no visible global function definition for
     ‘gtkTreePathNewFromString’
    list.selected.items: no visible global function definition for
     ‘checkPtrType’
    listItem: no visible global function definition for ‘gtkHBoxNew’
    listItem: no visible global function definition for ‘gtkVBoxNew’
    listItem: no visible global function definition for
     ‘gtkButtonNewWithLabel’
    listItem: no visible global function definition for ‘gSignalConnect’
    listItem : <anonymous>: no visible global function definition for
     ‘checkPtrType’
    my.getToolkitWidget: no visible global function definition for
     ‘getToolkitWidget’
    my.gfile: no visible binding for global variable ‘GtkFileChooserAction’
    my.gfile: no visible binding for global variable ‘GtkResponseType’
    my.gfile: no visible global function definition for
     ‘gtkFileChooserDialogNew’
    my.gfile: no visible global function definition for ‘gtkFileFilterNew’
    my.gvarbrowser: no visible global function definition for ‘gvarbrowser’
    my.svalue: no visible global function definition for ‘svalue’
    myFrame: no visible global function definition for ‘gtkHBoxNew’
    myFrame: no visible global function definition for ‘gtkFrameNew’
    myFrame: no visible global function definition for ‘gtkVBoxNew’
    numericItem: no visible global function definition for ‘gtkEntryNew’
    objectItem: no visible global function definition for ‘gtkHBoxNew’
    objectItem: no visible global function definition for ‘gtkEntryNew’
    objectItem: no visible global function definition for
     ‘gtkButtonNewWithLabel’
    objectItem: no visible global function definition for ‘gSignalConnect’
    objectItem : <anonymous>: no visible global function definition for
     ‘gtkDialog’
    objectItem : <anonymous>: no visible binding for global variable
     ‘GtkWindowPosition’
    quick_entry: no visible global function definition for ‘gtkDialog’
    quick_entry: no visible global function definition for ‘gtkEntryNew’
    quick_entry: no visible global function definition for ‘gSignalConnect’
    quick_entry : <anonymous>: no visible binding for global variable
     ‘GDK_Return’
    quick_entry : <anonymous>: no visible binding for global variable
     ‘GDK_Escape’
    quick_entry: no visible global function definition for ‘checkPtrType’
    quick_entry: no visible binding for global variable ‘GtkWindowPosition’
    quick_message: no visible global function definition for ‘gtkDialog’
    quick_message: no visible global function definition for ‘gtkLabel’
    quick_message: no visible global function definition for ‘checkPtrType’
    quick_message: no visible binding for global variable
     ‘GtkWindowPosition’
    quick_message: no visible global function definition for
     ‘gSignalConnect’
    quick_message: no visible binding for global variable
     ‘gtkWidgetDestroy’
    quick_query: no visible global function definition for ‘gtkDialog’
    quick_query: no visible global function definition for ‘gtkLabel’
    quick_query: no visible global function definition for ‘checkPtrType’
    quick_query: no visible binding for global variable ‘GtkWindowPosition’
    quick_query: no visible global function definition for ‘gSignalConnect’
    radiobuttonItem: no visible global function definition for ‘gtkVBoxNew’
    radiobuttonItem: no visible global function definition for
     ‘gtkRadioButtonNewWithLabel’
    radiobuttonItem : <anonymous>: no visible global function definition
     for ‘gSignalConnect’
    radiobuttonItem : <anonymous>: no visible binding for global variable
     ‘gtkToggleButtonGetActive’
    rangeItem: no visible global function definition for
     ‘gtkHScaleNewWithRange’
    rangeItem: no visible global function definition for ‘gSignalConnect’
    run.dialog: no visible global function definition for ‘gtkDialog’
    run.dialog: no visible binding for global variable ‘GtkWindowPosition’
    run.dialog : runMe: no visible global function definition for
     ‘gtkDialog’
    run.dialog : runMe: no visible global function definition for
     ‘gtkProgressBar’
    run.dialog : runMe: no visible binding for global variable
     ‘GtkWindowPosition’
    run.dialog : runMe: no visible global function definition for
     ‘gSignalConnect’
    run.dialog : runMe: no visible global function definition for
     ‘gtkLabelNew’
    run.dialog : runMe: no visible global function definition for
     ‘gtkEventsPending’
    run.dialog : runMe: no visible global function definition for
     ‘gtkMainIteration’
    stringItem: no visible global function definition for ‘gtkEntryNew’
    stringItem: no visible binding for global variable ‘gtkEntryGetText’
    stringItem: no visible global function definition for ‘gSignalConnect’
    stringItem: no visible global function definition for ‘gtkVBoxNew’
    stringItem: no visible global function definition for
     ‘gtkScrolledWindowNew’
    stringItem: no visible global function definition for ‘gtkTextViewNew’
    stringItem : <anonymous>: no visible binding for global variable
     ‘GDK_Return’
    stringItem : <anonymous>: no visible global function definition for
     ‘as.flag’
    stringItem : <anonymous>: no visible binding for global variable
     ‘GdkModifierType’
    toggle.sensitive: no visible binding for global variable
     ‘gtkWidgetSetSensitive’
    trueFalseItem: no visible global function definition for
     ‘gtkCheckButtonNewWithLabel’
    trueFalseItem: no visible global function definition for
     ‘gSignalConnect’
    trueFalseItem: no visible binding for global variable
     ‘gtkToggleButtonGetActive’
    variableSelectorItem: no visible global function definition for
     ‘gSignalConnect’
    variableStringItem: no visible global function definition for
     ‘gtkHBoxNew’
    variableStringItem: no visible global function definition for
     ‘gtkButtonNewWithLabel’
    variableStringItem: no visible global function definition for
     ‘gSignalConnect’
    variableStringItem: no visible global function definition for
     ‘gtkEntryNew’
    
    Found the following assignments to the global environment:
    File ‘RGtk2Extras/R/SimpleDialogMaker.r’:
     assign(output.name[1], retval, envir = .GlobalEnv)
Flavors: r-devel-linux-x86_64-debian-clang, r-devel-linux-x86_64-debian-gcc, r-devel-linux-x86_64-fedora-clang, r-devel-osx-x86_64-clang

Version: 0.6.1
Check: R code for possible problems
Result: NOTE
    AddHScrollTimeout: no visible global function definition for ‘as.flag’
    AddHScrollTimeout: no visible binding for global variable
     ‘GdkEventMask’
    AddHScrollTimeout: no visible global function definition for
     ‘gTimeoutAdd’
    Cell3rdButtonMenu: no visible global function definition for ‘gtkMenu’
    Cell3rdButtonMenu: no visible global function definition for
     ‘gtkMenuItem’
    Cell3rdButtonMenu: no visible global function definition for
     ‘gSignalConnect’
    Cell3rdButtonMenu: no visible global function definition for
     ‘gtkSeparatorMenuItem’
    Cell3rdButtonMenu: no visible binding for global variable
     ‘gtkWidgetSetSensitive’
    Column3rdButtonMenu: no visible global function definition for
     ‘gtkMenu’
    Column3rdButtonMenu: no visible global function definition for
     ‘gtkMenuItem’
    Column3rdButtonMenu: no visible global function definition for
     ‘gtkSeparatorMenuItem’
    Column3rdButtonMenu: no visible global function definition for
     ‘gSignalConnect’
    Column3rdButtonMenu: no visible binding for global variable
     ‘gtkWidgetSetSensitive’
    Column3rdButtonMenu: no visible global function definition for
     ‘gtkCheckMenuItem’
    ColumnHeaderButtonPress: no visible global function definition for
     ‘gSignalHandlerDisconnect’
    ColumnHeaderButtonPress: no visible global function definition for
     ‘gtkWidgetUnrealize’
    ColumnHeaderButtonPress: no visible global function definition for
     ‘gtkWidgetGrabFocus’
    ColumnHeaderButtonPress: no visible global function definition for
     ‘gtkWidgetGetRealized’
    ColumnHeaderButtonPress: no visible global function definition for
     ‘gSignalHandlerBlock’
    ColumnHeaderButtonPress: no visible global function definition for
     ‘gtkTreeSelectionUnselectAll’
    ColumnHeaderButtonPress: no visible global function definition for
     ‘gSignalHandlerUnblock’
    ColumnHeaderButtonPress: no visible global function definition for
     ‘gdkWindowInvalidateRect’
    ColumnHeaderButtonPress: no visible global function definition for
     ‘as.flag’
    ColumnHeaderButtonPress: no visible binding for global variable
     ‘GdkModifierType’
    ColumnHeaderButtonPress: no visible global function definition for
     ‘gdkEventGetTime’
    ColumnSetState: no visible global function definition for
     ‘gtkWidgetSetState’
    Corner3rdButtonMenu: no visible global function definition for
     ‘gtkMenu’
    Corner3rdButtonMenu: no visible global function definition for
     ‘gtkMenuItem’
    Corner3rdButtonMenu: no visible global function definition for
     ‘gtkSeparatorMenuItem’
    Corner3rdButtonMenu: no visible global function definition for
     ‘gSignalConnect’
    Corner3rdButtonMenu: no visible binding for global variable
     ‘gtkWidgetSetSensitive’
    Corner3rdButtonMenu : <anonymous> : <anonymous>: no visible global
     function definition for ‘gtkWidgetSetState’
    Corner3rdButtonMenu : <anonymous>: no visible global function
     definition for ‘gtkAboutDialogNew’
    Corner3rdButtonMenu : <anonymous>: no visible global function
     definition for ‘gtkDialogRun’
    Corner3rdButtonMenu : <anonymous>: no visible global function
     definition for ‘gtkWidgetDestroy’
    CornerBoxButtonPress: no visible global function definition for
     ‘gtkWidgetSetState’
    CornerBoxButtonPress : <anonymous>: no visible global function
     definition for ‘gtkWidgetSetState’
    CornerBoxButtonPress: no visible global function definition for
     ‘gdkEventGetTime’
    CtrlLetter: no visible global function definition for ‘as.flag’
    CtrlLetter: no visible binding for global variable ‘GdkModifierType’
    CtrlShiftLetter: no visible global function definition for ‘as.flag’
    CtrlShiftLetter: no visible binding for global variable
     ‘GdkModifierType’
    DoFactorEditor : UpdateView: no visible binding for global variable
     ‘gtkToggleButtonGetActive’
    DoFactorEditor : cell.edited: no visible global function definition for
     ‘checkPtrType’
    DoFactorEditor : cell.edited: no visible global function definition for
     ‘gtkTreePathNewFromString’
    DoFactorEditor : remove.item: no visible global function definition for
     ‘checkPtrType’
    DoFactorEditor : move.item.up: no visible global function definition
     for ‘checkPtrType’
    DoFactorEditor : move.item.down: no visible global function definition
     for ‘checkPtrType’
    DoFactorEditor : move.item.down: no visible global function definition
     for ‘gtkTreePathNext’
    DoFactorEditor : edit.item: no visible global function definition for
     ‘checkPtrType’
    DoFactorEditor : UpdateLabel: no visible binding for global variable
     ‘gtkToggleButtonGetActive’
    DoFactorEditor: no visible global function definition for ‘gtkVBoxNew’
    DoFactorEditor: no visible global function definition for
     ‘gtkRadioButtonNewWithLabel’
    DoFactorEditor: no visible global function definition for
     ‘gSignalConnect’
    DoFactorEditor: no visible global function definition for ‘gtkDialog’
    DoFactorEditor: no visible binding for global variable
     ‘GtkWindowPosition’
    DoFactorEditor: no visible global function definition for ‘gtkFrameNew’
    DoFactorEditor: no visible global function definition for
     ‘gtkComboBoxNewText’
    DoFactorEditor: no visible global function definition for ‘gtkHBoxNew’
    DoFactorEditor: no visible global function definition for ‘gtkLabelNew’
    DoFactorEditor : MakeModel: no visible global function definition for
     ‘gtkListStoreNew’
    DoFactorEditor: no visible global function definition for
     ‘gtkScrolledWindowNew’
    DoFactorEditor: no visible global function definition for
     ‘gtkTreeViewNew’
    DoFactorEditor: no visible global function definition for
     ‘gtkCellRendererTextNew’
    DoFactorEditor: no visible global function definition for
     ‘gtkButtonNewWithLabel’
    DoFactorEditor: no visible global function definition for
     ‘gtkCheckButtonNewWithLabel’
    DoFactorEditor: no visible global function definition for
     ‘gtkExpanderNew’
    DoScrollUpdate: no visible global function definition for
     ‘gtkEventsPending’
    DoScrollUpdate: no visible global function definition for
     ‘gtkMainIteration’
    DoScrollUpdate: no visible binding for global variable
     ‘GdkScrollDirection’
    DoSortDialog: no visible global function definition for ‘gtkWindowNew’
    DoSortDialog: no visible binding for global variable
     ‘GtkWindowPosition’
    DoSortDialog: no visible global function definition for ‘gtkVBoxNew’
    DoSortDialog: no visible global function definition for ‘gtkFrameNew’
    DoSortDialog: no visible global function definition for ‘gtkHBoxNew’
    DoSortDialog: no visible global function definition for
     ‘gtkButtonNewWithLabel’
    DoSortDialog: no visible global function definition for
     ‘gSignalConnect’
    DoSortDialog : <anonymous> : <anonymous>: no visible binding for global
     variable ‘gtkToggleButtonGetActive’
    EditHeaderBox: no visible global function definition for ‘gtkEntryNew’
    EditHeaderBox: no visible global function definition for ‘as.GdkColor’
    EditHeaderBox : makeBlack: no visible global function definition for
     ‘as.GdkColor’
    EditHeaderBox: no visible global function definition for
     ‘gSignalConnect’
    EditHeaderBox : <anonymous>: no visible binding for global variable
     ‘GDK_Return’
    EditHeaderBox : <anonymous>: no visible binding for global variable
     ‘GDK_Escape’
    EnterTextIntoCell: no visible global function definition for
     ‘gObjectGetData’
    EnterTextIntoCell: no visible global function definition for
     ‘gtkEntryGetText’
    GetCursorRowColIdx: no visible global function definition for
     ‘gtkTreeViewGetCursor’
    GetCursorRowColIdx: no visible global function definition for
     ‘gtkTreePathGetIndices’
    GetSelectedRows: no visible global function definition for
     ‘gtkTreeViewGetSelection’
    GetSelectedRows: no visible global function definition for
     ‘gtkTreeSelectionGetSelectedRows’
    GetSelectedRows: no visible binding for global variable
     ‘gtkTreePathGetIndices’
    InitAllColumns: no visible global function definition for
     ‘gtkTreeViewColumnSetResizable’
    InitColumn: no visible global function definition for ‘gSignalConnect’
    IsCtrl: no visible global function definition for ‘as.flag’
    IsCtrl: no visible binding for global variable ‘GdkModifierType’
    IsCtrlShift: no visible global function definition for ‘as.flag’
    IsCtrlShift: no visible binding for global variable ‘GdkModifierType’
    IsShift: no visible global function definition for ‘as.flag’
    IsShift: no visible binding for global variable ‘GdkModifierType’
    MakeAVerticalScrollbar: no visible global function definition for
     ‘gtkVScrollbarNew’
    MakeAVerticalScrollbar: no visible binding for global variable
     ‘GdkEventMask’
    MakeAVerticalScrollbar: no visible global function definition for
     ‘gSignalConnect’
    MakeAVerticalScrollbar : <anonymous>: no visible global function
     definition for ‘gtkWidgetIsFocus’
    MakeButtonAndEventBox: no visible global function definition for
     ‘gtkLabelNew’
    MakeButtonAndEventBox: no visible global function definition for
     ‘gtkVBoxNew’
    MakeButtonAndEventBox: no visible global function definition for
     ‘gtkEventBoxNew’
    MakeButtonAndEventBox: no visible global function definition for
     ‘gtkContainerAdd’
    MakeButtonAndEventBox: no visible global function definition for
     ‘gtkTreeViewColumnSetWidget’
    MakeButtonAndEventBox: no visible global function definition for
     ‘gtkWidgetGetParent’
    MakeButtonAndEventBox: no visible global function definition for
     ‘gtkAlignmentSet’
    MakeButtonAndEventBox: no visible global function definition for
     ‘gtkWidgetModifyBg’
    MakeButtonAndEventBox: no visible global function definition for
     ‘gSignalConnect’
    MakeButtonAndEventBox: no visible global function definition for
     ‘gtkWidgetSetTooltipText’
    MakeComboEntry: no visible global function definition for ‘gtkHBoxNew’
    MakeComboEntry: no visible global function definition for
     ‘gtkComboBoxNewText’
    MakeComboEntry: no visible global function definition for ‘gtkVBoxNew’
    MakeDFEditWindow: no visible global function definition for
     ‘gtkTreePathNewFromString’
    MakeDFEditWindow: no visible global function definition for
     ‘gtkScrolledWindowNew’
    MakeDFEditWindow: no visible binding for global variable
     ‘GtkPolicyType’
    MakeDFEditWindow: no visible global function definition for
     ‘rGtkDataFrame’
    MakeDFEditWindow: no visible global function definition for
     ‘gtkTreeViewNewWithModel’
    MakeDFEditWindow: no visible global function definition for
     ‘gtkTableNew’
    MakeDFEditWindow: no visible global function definition for
     ‘gtkTreeViewSetFixedHeightMode’
    MakeDFEditWindow: no visible global function definition for
     ‘gtkTreeViewAppendColumn’
    MakeDFEditWindow: no visible global function definition for
     ‘gtkTreeViewColumnSetSizing’
    MakeDFEditWindow: no visible binding for global variable
     ‘GtkTreeViewColumnSizing’
    MakeDFEditWindow: no visible global function definition for
     ‘gtkTreeViewColumnSetResizable’
    MakeDFEditWindow: no visible global function definition for
     ‘gSignalConnect’
    MakeDFEditWindow: no visible global function definition for
     ‘gtkWidgetModifyBase’
    MakeDFEditWindow: no visible global function definition for
     ‘gtkWidgetModifyText’
    MakeDFEditWindow: no visible binding for global variable ‘GtkStateType’
    MakeDFEditWindow: no visible global function definition for
     ‘as.GdkColor’
    MakeDFEditWindow : <anonymous> : <anonymous>: no visible global
     function definition for ‘gtkWidgetModifyFg’
    MakeDFEditWindow : <anonymous> : <anonymous>: no visible global
     function definition for ‘as.GdkColor’
    MakeDFEditWindow: no visible global function definition for
     ‘gtkHPanedNew’
    MakeDFEditWindow: no visible global function definition for
     ‘gtkHScrollbarNew’
    MakeDFEditWindow : <anonymous>: no visible global function definition
     for ‘gSignalConnect’
    MakeDFEditWindow : <anonymous> : <anonymous>: no visible global
     function definition for ‘gtkTreeSelectionUnselectAll’
    MakeDFEditWindow : <anonymous> : <anonymous>: no visible global
     function definition for ‘gSignalConnect’
    MakeDFEditWindow : <anonymous>: no visible global function definition
     for ‘gdkGCNew’
    MakeDFEditWindow : <anonymous>: no visible binding for global variable
     ‘GtkWidgetFlags’
    MakeDFEditWindow : <anonymous>: no visible global function definition
     for ‘gtkSettingsGetForScreen’
    MakeDFEditWindow : <anonymous>: no visible global function definition
     for ‘checkPtrType’
    MakeDFEditWindow : <anonymous> : sw.va.value.ch: no visible global
     function definition for ‘gtkEventsPending’
    MakeDFEditWindow : <anonymous> : sw.va.value.ch: no visible global
     function definition for ‘gtkMainIteration’
    MakeDFEditWindow : <anonymous> : sw.va.value.ch: no visible global
     function definition for ‘gtkAdjustmentSetValue’
    MakeDFEditWindow : <anonymous> : sw.va.value.ch: no visible global
     function definition for ‘gtkAdjustmentGetValue’
    MakeDFEditWindow : <anonymous>: no visible global function definition
     for ‘gtkWidgetGetParent’
    MakeDFEditWindow : <anonymous>: no visible global function definition
     for ‘gtkAlignmentSet’
    MakeLastPath: no visible global function definition for
     ‘gtkTreePathNewFromString’
    MakeRadioDialog: no visible global function definition for
     ‘gtkWindowNew’
    MakeRadioDialog: no visible binding for global variable
     ‘GtkWindowPosition’
    MakeRadioDialog: no visible global function definition for ‘gtkVBoxNew’
    MakeRadioDialog: no visible global function definition for
     ‘gtkFrameNew’
    MakeRadioDialog: no visible global function definition for ‘gtkHBoxNew’
    MakeRadioDialog: no visible global function definition for
     ‘gtkButtonNewWithLabel’
    MakeRadioDialog: no visible global function definition for
     ‘gSignalConnect’
    MakeRadioDialog : <anonymous> : <anonymous>: no visible binding for
     global variable ‘gtkToggleButtonGetActive’
    MakeRadiobuttonGroup: no visible global function definition for
     ‘gtkVBoxNew’
    MakeRadiobuttonGroup: no visible global function definition for
     ‘gtkRadioButtonNewWithLabel’
    MakeSpinDialog: no visible global function definition for
     ‘gtkWindowNew’
    MakeSpinDialog: no visible binding for global variable
     ‘GtkWindowPosition’
    MakeSpinDialog: no visible global function definition for ‘gtkVBoxNew’
    MakeSpinDialog: no visible global function definition for ‘gtkHBoxNew’
    MakeSpinDialog: no visible global function definition for ‘gtkLabelNew’
    MakeSpinDialog: no visible global function definition for
     ‘gtkAdjustment’
    MakeSpinDialog: no visible global function definition for
     ‘gtkSpinButton’
    MakeSpinDialog: no visible global function definition for
     ‘gtkButtonNewWithLabel’
    MakeSpinDialog: no visible global function definition for
     ‘gSignalConnect’
    MakeSpinDialog : <anonymous>: no visible binding for global variable
     ‘GDK_Return’
    MakeSpinDialog : <anonymous>: no visible binding for global variable
     ‘GDK_Escape’
    MoveCursor: no visible global function definition for
     ‘gtkTreeViewGetCursor’
    MoveCursor: no visible global function definition for
     ‘gtkTreePathGetIndices’
    MoveCursor: no visible global function definition for
     ‘gtkTreeViewGetVisibleRange’
    MoveCursor: no visible binding for global variable
     ‘gtkTreePathGetIndices’
    MoveCursor: no visible global function definition for
     ‘gtkTreePathNewFromString’
    MoveCursor: no visible global function definition for
     ‘gtkTreeViewScrollToCell’
    MoveCursor: no visible global function definition for
     ‘gtkTreeViewSetCursorOnCell’
    MoveCursor: no visible global function definition for ‘gtkTreePathNext’
    MoveCursor: no visible global function definition for ‘gtkTreePathPrev’
    MoveCursor: no visible global function definition for ‘as.flag’
    MoveCursor: no visible binding for global variable ‘GdkModifierType’
    MoveCursor: no visible global function definition for
     ‘gdkWindowInvalidateRect’
    MoveCursor: no visible global function definition for
     ‘gtkTreeViewGetBackgroundArea’
    MoveCursor: no visible global function definition for
     ‘gtkTreeViewGetVisibleRect’
    MoveCursor: no visible global function definition for
     ‘gtkTreeViewScrollToPoint’
    NewColumn: no visible global function definition for
     ‘gtkCellRendererTextNew’
    NewColumn: no visible global function definition for ‘gObjectSetData’
    NewColumn: no visible global function definition for
     ‘gtkTreeViewColumnNewWithAttributes’
    NewColumn: no visible global function definition for
     ‘gtkTreeViewColumnSetFixedWidth’
    NewColumn: no visible global function definition for
     ‘gtkTreeViewColumnSetMinWidth’
    NewColumn: no visible global function definition for
     ‘gtkTreeViewColumnSetMaxWidth’
    NewColumn: no visible global function definition for
     ‘gtkTreeViewColumnSetSizing’
    NewColumn: no visible binding for global variable
     ‘GtkTreeViewColumnSizing’
    NewColumnToggle: no visible global function definition for
     ‘gtkCellRendererToggleNew’
    NewColumnToggle: no visible global function definition for
     ‘gtkTreeViewColumnNew’
    NewColumnToggle: no visible global function definition for
     ‘gtkTreeViewColumnPackStart’
    NewColumnToggle: no visible global function definition for
     ‘gtkTreeViewColumnSetTitle’
    NewColumnToggle: no visible global function definition for
     ‘gtkTreeViewColumnSetFixedWidth’
    NewColumnToggle: no visible global function definition for
     ‘gtkTreeViewColumnSetSizing’
    NewColumnToggle: no visible binding for global variable
     ‘GtkTreeViewColumnSizing’
    NewColumnToggle: no visible global function definition for
     ‘gtkTreeViewColumnSetResizable’
    PaintSelectionOnTimeout: no visible global function definition for
     ‘gSourceRemove’
    PaintSelectionOnTimeout: no visible global function definition for
     ‘gTimeoutAdd’
    ReadFromClipboard: no visible global function definition for
     ‘gtkDialog’
    ReadFromClipboard: no visible binding for global variable
     ‘GtkWindowPosition’
    ReadFromClipboard: no visible global function definition for
     ‘gtkVBoxNew’
    ReadFromClipboard: no visible global function definition for
     ‘gtkFrameNew’
    ReadFromClipboard: no visible global function definition for
     ‘gtkHBoxNew’
    ReadFromClipboard: no visible global function definition for
     ‘gtkEntryNew’
    ReadFromClipboard: no visible global function definition for
     ‘gtkButtonNewWithLabel’
    ReadFromClipboard: no visible global function definition for
     ‘gtkAdjustment’
    ReadFromClipboard: no visible global function definition for
     ‘gtkSpinButton’
    ReadFromClipboard: no visible global function definition for
     ‘gtkLabelNew’
    ReadFromClipboard: no visible global function definition for
     ‘gSignalConnect’
    ReadFromClipboard: no visible global function definition for
     ‘gtkScrolledWindowNew’
    ReadFromClipboard: no visible binding for global variable
     ‘GtkPolicyType’
    ReadFromClipboard: no visible global function definition for
     ‘gtkTextViewNew’
    ReadFromClipboard: no visible global function definition for
     ‘gtkComboBoxNewText’
    ReadFromClipboard: no visible global function definition for
     ‘gtkTableNew’
    ReadFromClipboard: no visible global function definition for
     ‘gtkCheckButtonNewWithLabel’
    ReadFromClipboard : update_view: no visible global function definition
     for ‘gtkContainerGetChildren’
    ReadFromClipboard : update_view: no visible global function definition
     for ‘gtkWidgetDestroy’
    ReadFromClipboard : update_view: no visible global function definition
     for ‘gtkBoxPackEnd’
    ReadFromClipboard : update_view : <anonymous>: no visible global
     function definition for ‘gtkTextViewNew’
    ReadFromClipboard : update_view : <anonymous>: no visible binding for
     global variable ‘GtkWrapMode’
    ReadFromClipboard : update_view : <anonymous>: no visible global
     function definition for ‘gtkContainerGetChildren’
    ReadFromClipboard : update_view : <anonymous>: no visible global
     function definition for ‘gtkWidgetDestroy’
    ReadFromClipboard : <anonymous>: no visible global function definition
     for ‘gSignalConnect’
    RemoveHScrollTimeout: no visible global function definition for
     ‘gSourceRemove’
    RendererEditingStarted: no visible global function definition for
     ‘checkPtrType’
    RendererEditingStarted: no visible global function definition for
     ‘as.GdkColor’
    RendererEditingStarted: no visible global function definition for
     ‘gtkEntrySetHasFrame’
    RendererEditingStarted: no visible global function definition for
     ‘gtkWidgetModifyBase’
    RendererEditingStarted: no visible global function definition for
     ‘gtkWidgetModifyText’
    RendererEditingStarted: no visible global function definition for
     ‘gtkWidgetSetEvents’
    RendererEditingStarted: no visible binding for global variable
     ‘GdkEventMask’
    RendererEditingStarted: no visible global function definition for
     ‘gObjectSetData’
    RendererEditingStarted: no visible global function definition for
     ‘gtkTreePathNewFromString’
    RendererEditingStarted: no visible global function definition for
     ‘gtkEntryGetText’
    RendererEditingStarted: no visible binding for global variable
     ‘GDK_space’
    RendererEditingStarted: no visible global function definition for
     ‘gSignalConnect’
    RendererEditingStarted : <anonymous>: no visible global function
     definition for ‘gtkEditableSelectRegion’
    RendererEditingStarted : create.completion.model: no visible global
     function definition for ‘gtkListStoreNew’
    RendererEditingStarted: no visible global function definition for
     ‘gtkEntryCompletionNew’
    RendererEntryKeyPress: no visible global function definition for
     ‘as.flag’
    RendererEntryKeyPress: no visible global function definition for
     ‘gObjectSetData’
    RendererEntryKeyPress: no visible binding for global variable
     ‘GDK_Return’
    RendererEntryKeyPress: no visible binding for global variable
     ‘GDK_Escape’
    RendererEntryKeyPress: no visible binding for global variable ‘GDK_Up’
    RendererEntryKeyPress: no visible binding for global variable
     ‘GDK_Down’
    RendererEntryKeyPress: no visible global function definition for
     ‘gtkEntrySetText’
    RendererEntryKeyPress: no visible global function definition for
     ‘gObjectGetData’
    RendererEntryKeyPress: no visible binding for global variable
     ‘GDK_Left’
    RendererEntryKeyPress: no visible binding for global variable
     ‘GDK_ISO_Left_Tab’
    RendererEntryKeyPress: no visible binding for global variable
     ‘GDK_Right’
    RendererEntryKeyPress: no visible binding for global variable ‘GDK_Tab’
    ReplaceEditWindow: no visible global function definition for
     ‘gTimeoutAdd’
    Row3rdButtonMenu: no visible global function definition for ‘gtkMenu’
    Row3rdButtonMenu: no visible global function definition for
     ‘gtkMenuItem’
    Row3rdButtonMenu: no visible global function definition for
     ‘gtkSeparatorMenuItem’
    Row3rdButtonMenu: no visible global function definition for
     ‘gSignalConnect’
    Row3rdButtonMenu : <anonymous>: no visible global function definition
     for ‘gtkTreeViewGetCursor’
    Row3rdButtonMenu : <anonymous>: no visible global function definition
     for ‘gtkTreeViewSetCursorOnCell’
    Row3rdButtonMenu: no visible binding for global variable
     ‘gtkWidgetSetSensitive’
    RowNamesButtonPress: no visible global function definition for
     ‘as.flag’
    RowNamesButtonPress: no visible binding for global variable
     ‘GdkModifierType’
    RowNamesButtonPress: no visible global function definition for
     ‘gtkTreeSelectionUnselectAll’
    RowNamesButtonPress: no visible global function definition for
     ‘gdkWindowInvalidateRect’
    RowNamesButtonPress: no visible global function definition for
     ‘gtkTreeViewGetCursor’
    RowNamesButtonPress: no visible global function definition for
     ‘gtkTreePathGetIndices’
    RowNamesButtonPress: no visible global function definition for
     ‘gtkPropagateEvent’
    RowNamesButtonPress: no visible global function definition for
     ‘gtkAdjustmentSetValue’
    RowNamesButtonPress: no visible global function definition for
     ‘gtkAdjustmentGetValue’
    RowNamesButtonPress: no visible global function definition for
     ‘gdkEventGetTime’
    RowNamesExpose: no visible global function definition for
     ‘gtkAdjustmentGetValue’
    RowNamesExpose: no visible global function definition for
     ‘gdkCairoCreate’
    RowNamesExpose: no visible global function definition for
     ‘cairoSetSourceRgba’
    RowNamesExpose: no visible global function definition for
     ‘cairoRectangle’
    RowNamesExpose: no visible global function definition for ‘cairoClip’
    RowNamesExpose: no visible global function definition for ‘cairoPaint’
    RowNamesKeyPress: no visible global function definition for ‘as.flag’
    RowNamesKeyPress: no visible binding for global variable ‘GDK_z’
    RowNamesKeyPress: no visible binding for global variable ‘GDK_Delete’
    RowNamesKeyPress: no visible binding for global variable ‘GDK_c’
    RowNamesKeyPress: no visible binding for global variable ‘GDK_v’
    RowNamesKeyPress: no visible global function definition for
     ‘gtkTreeViewGetCursor’
    RowNamesKeyPress: no visible global function definition for
     ‘gtkTreePathGetIndices’
    RowNamesKeyPress: no visible global function definition for
     ‘gtkEventsPending’
    RowNamesKeyPress: no visible global function definition for
     ‘gtkMainIteration’
    RowNamesKeyPress: no visible global function definition for
     ‘gtkPropagateEvent’
    RowNamesKeyPress: no visible global function definition for
     ‘gtkAdjustmentSetValue’
    RowNamesKeyPress: no visible global function definition for
     ‘gtkAdjustmentGetValue’
    ShiftLetter: no visible global function definition for ‘as.flag’
    ShiftLetter: no visible binding for global variable ‘GdkModifierType’
    TransientWindow: no visible global function definition for
     ‘gtkWindowNew’
    TransientWindow: no visible global function definition for
     ‘gtkWidgetSetCanFocus’
    TransientWindow: no visible global function definition for
     ‘gtkWindowSetSkipTaskbarHint’
    TransientWindow: no visible global function definition for
     ‘gtkWidgetSetSizeRequest’
    TransientWindow: no visible global function definition for
     ‘gtkWindowSetDecorated’
    TransientWindow: no visible global function definition for
     ‘gtkLabelNew’
    TransientWindow: no visible global function definition for ‘gtkAdd’
    TransientWindow: no visible global function definition for
     ‘gtkWindowSetPosition’
    TransientWindow: no visible binding for global variable
     ‘GtkWindowPosition’
    TransientWindow: no visible global function definition for
     ‘gtkWindowSetTransientFor’
    TransientWindow: no visible global function definition for
     ‘gtkWindowSetModal’
    TransientWindow: no visible global function definition for
     ‘gtkWidgetShowAll’
    UpdateDfEditor: no visible global function definition for ‘.RGtkCall’
    UpdateSelectionRectangle: no visible global function definition for
     ‘gtkAdjustmentGetValue’
    UpdateSelectionRectangle: no visible global function definition for
     ‘gtkTreePathNewFromString’
    UpdateSelectionRectangle: no visible global function definition for
     ‘gtkTreeViewGetCellArea’
    UpdateSelectionRectangle: no visible global function definition for
     ‘gdkRectangleUnion’
    UpdateSelectionRectangle: no visible global function definition for
     ‘gdkWindowInvalidateRect’
    ViewButtonPress: no visible global function definition for
     ‘gdkEventGetTime’
    ViewButtonPress: no visible global function definition for
     ‘gtkTreeViewGetCursor’
    ViewButtonPress: no visible global function definition for
     ‘gtkTreePathGetIndices’
    ViewButtonPress: no visible global function definition for ‘as.flag’
    ViewButtonPress: no visible binding for global variable
     ‘GdkModifierType’
    ViewButtonPress: no visible global function definition for
     ‘gtkTreeSelectionGetSelectedRows’
    ViewButtonRelease: no visible binding for global variable
     ‘GdkEventType’
    ViewButtonRelease: no visible global function definition for ‘as.flag’
    ViewButtonRelease: no visible binding for global variable
     ‘GdkModifierType’
    ViewButtonRelease: no visible global function definition for
     ‘gSourceRemove’
    ViewExpose: no visible global function definition for
     ‘gtkAdjustmentGetValue’
    ViewExpose: no visible global function definition for
     ‘gdkDrawRectangle’
    ViewExpose: no visible global function definition for ‘gdkCairoCreate’
    ViewExpose: no visible global function definition for
     ‘cairoSetSourceRgba’
    ViewExpose: no visible global function definition for ‘cairoRectangle’
    ViewExpose: no visible global function definition for ‘cairoClip’
    ViewExpose: no visible global function definition for ‘cairoPaint’
    ViewExpose: no visible global function definition for
     ‘gtkTreeViewGetCursor’
    ViewExpose: no visible global function definition for
     ‘gtkTreeViewGetCellArea’
    ViewKeyPress: no visible binding for global variable ‘GDK_c’
    ViewKeyPress: no visible binding for global variable ‘GDK_C’
    ViewKeyPress: no visible binding for global variable ‘GDK_v’
    ViewKeyPress: no visible binding for global variable ‘GDK_z’
    ViewKeyPress: no visible binding for global variable ‘GDK_a’
    ViewKeyPress: no visible binding for global variable ‘GDK_Delete’
    ViewKeyPress: no visible binding for global variable ‘GdkModifierType’
    ViewKeyPress: no visible binding for global variable ‘GDK_Up’
    ViewKeyPress: no visible binding for global variable ‘GDK_Return’
    ViewKeyPress: no visible binding for global variable ‘GDK_Down’
    ViewKeyPress: no visible binding for global variable ‘GDK_Right’
    ViewKeyPress: no visible binding for global variable ‘GDK_Tab’
    ViewKeyPress: no visible binding for global variable ‘GDK_Left’
    ViewKeyPress: no visible binding for global variable ‘GDK_ISO_Left_Tab’
    ViewKeyPress: no visible binding for global variable ‘GDK_Page_Down’
    ViewKeyPress: no visible binding for global variable ‘GDK_Page_Up’
    ViewKeyPress: no visible binding for global variable ‘GDK_Home’
    ViewKeyPress: no visible binding for global variable ‘GDK_End’
    ViewKeyPress: no visible binding for global variable ‘GDK_Insert’
    ViewKeyPress: no visible global function definition for
     ‘gtkTreeViewGetCursor’
    ViewKeyPress: no visible global function definition for
     ‘gtkTreePathGetIndices’
    ViewKeyPress: no visible binding for global variable ‘GDK_equal’
    ViewKeyPress: no visible global function definition for
     ‘gtkTreeViewSetCursorOnCell’
    ViewKeyPress: no visible binding for global variable ‘GDK_space’
    ViewKeyPress: no visible global function definition for
     ‘gtkPropagateEvent’
    ViewMotionNotify: no visible global function definition for
     ‘gdkWindowGetPointer’
    ViewMotionNotify: no visible global function definition for
     ‘gtkTreeViewGetPathAtPos’
    ViewMotionNotify: no visible global function definition for
     ‘gtkWidgetGetDisplay’
    ViewMotionNotify: no visible global function definition for
     ‘gtkWidgetGetWindow’
    ViewMotionNotify: no visible global function definition for
     ‘gdkWindowSetCursor’
    ViewMotionNotify: no visible global function definition for
     ‘gdkCursorNewFromName’
    ViewOnScrollChanged: no visible global function definition for
     ‘gtkEventsPending’
    ViewOnScrollChanged: no visible global function definition for
     ‘gtkMainIteration’
    ViewOnScrollChanged: no visible global function definition for
     ‘gtkAdjustmentSetValue’
    ViewOnScrollChanged: no visible global function definition for
     ‘gtkAdjustmentGetValue’
    add.columns: no visible global function definition for
     ‘gtkCellRendererTextNew’
    add.columns: no visible binding for global variable
     ‘PangoEllipsizeMode’
    add.columns: no visible global function definition for
     ‘gtkTreeViewColumnSetFixedWidth’
    add.columns: no visible global function definition for
     ‘gtkTreeViewColumnSetSizing’
    add.columns: no visible binding for global variable
     ‘GtkTreeViewColumnSizing’
    add.columns: no visible global function definition for
     ‘gtkCellRendererToggleNew’
    add.columns: no visible global function definition for ‘gSignalConnect’
    buttonItem: no visible global function definition for ‘gtkHBoxNew’
    buttonItem: no visible global function definition for
     ‘gtkButtonNewWithLabel’
    buttonItem: no visible global function definition for ‘gSignalConnect’
    choice.grid : GetItems: no visible global function definition for
     ‘gtkTreeSelectionGetSelectedRows’
    choice.grid : GetItems: no visible global function definition for
     ‘gtkTreeViewGetSelection’
    choice.grid : GetItems: no visible binding for global variable
     ‘gtkTreePathGetIndices’
    choice.grid : make.treeview: no visible global function definition for
     ‘gtkScrolledWindowNew’
    choice.grid : make.treeview: no visible global function definition for
     ‘gtkTreeViewNewWithModel’
    choice.grid : make.treeview: no visible binding for global variable
     ‘GtkSelectionMode’
    choice.grid : make.treeview: no visible global function definition for
     ‘gSignalConnect’
    choice.grid : replace.treeview: no visible global function definition
     for ‘rGtkDataFrame’
    choice.grid: no visible global function definition for ‘gtkVBoxNew’
    choiceItem: no visible global function definition for
     ‘gtkComboBoxNewText’
    choiceItem: no visible global function definition for ‘gSignalConnect’
    choiceItem : <anonymous>: no visible global function definition for
     ‘gSignalHandlerBlock’
    choiceItem : <anonymous>: no visible global function definition for
     ‘gSignalHandlerUnblock’
    column.clicked: no visible global function definition for
     ‘rGtkDataFrame’
    create.model: no visible global function definition for ‘rGtkDataFrame’
    create.panel: no visible global function definition for ‘gtkVBoxNew’
    create.panel: no visible global function definition for ‘gtkLabelNew’
    create.panel: no visible global function definition for ‘gtkHBoxNew’
    dfedit: no visible global function definition for ‘gtkDialog’
    dfedit: no visible global function definition for ‘gtkHBoxNew’
    dfedit: no visible global function definition for ‘gtkLabelNew’
    dfedit: no visible global function definition for ‘gSignalConnect’
    dfedit: no visible binding for global variable ‘gtkWidgetDestroy’
    do.long.running.task : check_for_file: no visible global function
     definition for ‘gSignalConnect’
    do.long.running.task : check_for_file : <anonymous>: no visible global
     function definition for ‘gSourceRemove’
    do.long.running.task: no visible global function definition for
     ‘gtkDialog’
    do.long.running.task: no visible global function definition for
     ‘gtkProgressBar’
    do.long.running.task: no visible binding for global variable
     ‘GtkWindowPosition’
    do.long.running.task: no visible global function definition for
     ‘gTimeoutAdd’
    fileItem: no visible global function definition for ‘gtkHBoxNew’
    fileItem: no visible global function definition for ‘gtkEntryNew’
    fileItem: no visible global function definition for
     ‘gtkButtonNewWithLabel’
    fileItem: no visible global function definition for ‘gSignalConnect’
    gtkDfEdit: no visible global function definition for ‘gtkVBoxNew’
    gtkDfEdit: no visible global function definition for ‘gSignalConnect’
    gtkMenuPopupHack: no visible global function definition for
     ‘checkPtrType’
    gtkMenuPopupHack: no visible global function definition for ‘.RGtkCall’
    insert.dialog: no visible global function definition for ‘gtkDialog’
    insert.dialog : do.insert: no visible binding for global variable
     ‘gtkToggleButtonGetActive’
    insert.dialog: no visible global function definition for ‘gtkVBoxNew’
    insert.dialog : grb.keypress: no visible binding for global variable
     ‘GDK_Return’
    insert.dialog : grb.keypress: no visible binding for global variable
     ‘GDK_Right’
    insert.dialog : grb.keypress: no visible binding for global variable
     ‘GtkSpinType’
    insert.dialog : grb.keypress: no visible binding for global variable
     ‘GDK_Left’
    insert.dialog: no visible global function definition for ‘gtkFrameNew’
    insert.dialog: no visible global function definition for
     ‘gtkRadioButtonNewWithLabel’
    insert.dialog: no visible global function definition for
     ‘gSignalConnect’
    insert.dialog: no visible global function definition for ‘gtkHBoxNew’
    insert.dialog: no visible global function definition for ‘gtkLabelNew’
    insert.dialog: no visible global function definition for
     ‘gtkAdjustment’
    insert.dialog: no visible global function definition for
     ‘gtkSpinButton’
    insert.dialog : <anonymous>: no visible binding for global variable
     ‘GDK_Return’
    insert.dialog : <anonymous>: no visible binding for global variable
     ‘GDK_Escape’
    insert.dialog: no visible global function definition for ‘checkPtrType’
    insert.dialog: no visible binding for global variable
     ‘GtkWindowPosition’
    integerItem: no visible global function definition for ‘gtkAdjustment’
    integerItem: no visible global function definition for ‘gtkSpinButton’
    item.toggled: no visible global function definition for ‘checkPtrType’
    item.toggled: no visible global function definition for
     ‘gtkTreeViewGetModel’
    item.toggled: no visible global function definition for
     ‘gtkTreePathNewFromString’
    list.selected.items: no visible global function definition for
     ‘checkPtrType’
    listItem: no visible global function definition for ‘gtkHBoxNew’
    listItem: no visible global function definition for ‘gtkVBoxNew’
    listItem: no visible global function definition for
     ‘gtkButtonNewWithLabel’
    listItem: no visible global function definition for ‘gSignalConnect’
    listItem : <anonymous>: no visible global function definition for
     ‘checkPtrType’
    my.getToolkitWidget: no visible global function definition for
     ‘getToolkitWidget’
    my.gfile: no visible binding for global variable ‘GtkFileChooserAction’
    my.gfile: no visible binding for global variable ‘GtkResponseType’
    my.gfile: no visible global function definition for
     ‘gtkFileChooserDialogNew’
    my.gfile: no visible global function definition for ‘gtkFileFilterNew’
    my.gvarbrowser: no visible global function definition for ‘gvarbrowser’
    my.svalue: no visible global function definition for ‘svalue’
    myFrame: no visible global function definition for ‘gtkHBoxNew’
    myFrame: no visible global function definition for ‘gtkFrameNew’
    myFrame: no visible global function definition for ‘gtkVBoxNew’
    numericItem: no visible global function definition for ‘gtkEntryNew’
    objectItem: no visible global function definition for ‘gtkHBoxNew’
    objectItem: no visible global function definition for ‘gtkEntryNew’
    objectItem: no visible global function definition for
     ‘gtkButtonNewWithLabel’
    objectItem: no visible global function definition for ‘gSignalConnect’
    objectItem : <anonymous>: no visible global function definition for
     ‘gtkDialog’
    objectItem : <anonymous>: no visible binding for global variable
     ‘GtkWindowPosition’
    quick_entry: no visible global function definition for ‘gtkDialog’
    quick_entry: no visible global function definition for ‘gtkEntryNew’
    quick_entry: no visible global function definition for ‘gSignalConnect’
    quick_entry : <anonymous>: no visible binding for global variable
     ‘GDK_Return’
    quick_entry : <anonymous>: no visible binding for global variable
     ‘GDK_Escape’
    quick_entry: no visible global function definition for ‘checkPtrType’
    quick_entry: no visible binding for global variable ‘GtkWindowPosition’
    quick_message: no visible global function definition for ‘gtkDialog’
    quick_message: no visible global function definition for ‘gtkLabel’
    quick_message: no visible global function definition for ‘checkPtrType’
    quick_message: no visible binding for global variable
     ‘GtkWindowPosition’
    quick_message: no visible global function definition for
     ‘gSignalConnect’
    quick_message: no visible binding for global variable
     ‘gtkWidgetDestroy’
    quick_query: no visible global function definition for ‘gtkDialog’
    quick_query: no visible global function definition for ‘gtkLabel’
    quick_query: no visible global function definition for ‘checkPtrType’
    quick_query: no visible binding for global variable ‘GtkWindowPosition’
    quick_query: no visible global function definition for ‘gSignalConnect’
    radiobuttonItem: no visible global function definition for ‘gtkVBoxNew’
    radiobuttonItem: no visible global function definition for
     ‘gtkRadioButtonNewWithLabel’
    radiobuttonItem : <anonymous>: no visible global function definition
     for ‘gSignalConnect’
    radiobuttonItem : <anonymous>: no visible binding for global variable
     ‘gtkToggleButtonGetActive’
    rangeItem: no visible global function definition for
     ‘gtkHScaleNewWithRange’
    rangeItem: no visible global function definition for ‘gSignalConnect’
    run.dialog: no visible global function definition for ‘gtkDialog’
    run.dialog: no visible binding for global variable ‘GtkWindowPosition’
    run.dialog : runMe: no visible global function definition for
     ‘gtkDialog’
    run.dialog : runMe: no visible global function definition for
     ‘gtkProgressBar’
    run.dialog : runMe: no visible binding for global variable
     ‘GtkWindowPosition’
    run.dialog : runMe: no visible global function definition for
     ‘gSignalConnect’
    run.dialog : runMe: no visible global function definition for
     ‘gtkLabelNew’
    run.dialog : runMe: no visible global function definition for
     ‘gtkEventsPending’
    run.dialog : runMe: no visible global function definition for
     ‘gtkMainIteration’
    stringItem: no visible global function definition for ‘gtkEntryNew’
    stringItem: no visible binding for global variable ‘gtkEntryGetText’
    stringItem: no visible global function definition for ‘gSignalConnect’
    stringItem: no visible global function definition for ‘gtkVBoxNew’
    stringItem: no visible global function definition for
     ‘gtkScrolledWindowNew’
    stringItem: no visible global function definition for ‘gtkTextViewNew’
    stringItem : <anonymous>: no visible binding for global variable
     ‘GDK_Return’
    stringItem : <anonymous>: no visible global function definition for
     ‘as.flag’
    stringItem : <anonymous>: no visible binding for global variable
     ‘GdkModifierType’
    toggle.sensitive: no visible binding for global variable
     ‘gtkWidgetSetSensitive’
    trueFalseItem: no visible global function definition for
     ‘gtkCheckButtonNewWithLabel’
    trueFalseItem: no visible global function definition for
     ‘gSignalConnect’
    trueFalseItem: no visible binding for global variable
     ‘gtkToggleButtonGetActive’
    variableSelectorItem: no visible global function definition for
     ‘gSignalConnect’
    variableStringItem: no visible global function definition for
     ‘gtkHBoxNew’
    variableStringItem: no visible global function definition for
     ‘gtkButtonNewWithLabel’
    variableStringItem: no visible global function definition for
     ‘gSignalConnect’
    variableStringItem: no visible global function definition for
     ‘gtkEntryNew’
Flavors: r-devel-linux-x86_64-fedora-gcc, r-devel-windows-ix86+x86_64

Version: 0.6.1
Check: R code for possible problems
Result: NOTE
    Found the following assignments to the global environment:
    File ‘RGtk2Extras/R/SimpleDialogMaker.r’:
     assign(output.name[1], retval, envir = .GlobalEnv)
Flavors: r-patched-linux-x86_64, r-release-linux-ix86, r-release-linux-x86_64

Version: 0.6.1
Check: package dependencies
Result: ERROR
    Package required but not available: ‘RGtk2’
    
    Package suggested but not available for checking: ‘gWidgetsRGtk2’
    
    See the information on DESCRIPTION files in the chapter ‘Creating R
    packages’ of the ‘Writing R Extensions’ manual.
Flavor: r-release-osx-x86_64-mavericks