CRAN Package Check Results for Package RH2

Last updated on 2016-05-31 15:47:05.

Flavor Version Tinstall Tcheck Ttotal Status Flags
r-devel-linux-x86_64-debian-gcc 0.2.3 1.40 18.07 19.47 NOTE
r-devel-linux-x86_64-fedora-clang 0.2.3 35.38 NOTE
r-devel-linux-x86_64-fedora-gcc 0.2.3 33.98 NOTE
r-devel-osx-x86_64-clang 0.2.3 42.10 NOTE
r-devel-windows-ix86+x86_64 0.2.3 7.00 38.00 45.00 NOTE
r-patched-linux-x86_64 0.2.3 1.53 18.30 19.83 NOTE
r-patched-solaris-sparc 0.2.3 223.50 NOTE
r-patched-solaris-x86 0.2.3 46.00 NOTE
r-release-linux-x86_64 0.2.3 1.55 17.27 18.82 NOTE
r-release-osx-x86_64-mavericks 0.2.3 NOTE
r-release-windows-ix86+x86_64 0.2.3 8.00 38.00 46.00 NOTE
r-oldrel-windows-ix86+x86_64 0.2.3 6.00 38.00 44.00 NOTE

Check Details

Version: 0.2.3
Check: R code for possible problems
Result: NOTE
    dbConnect,H2Driver: no visible global function definition for ‘.jgetEx’
    dbSendQuery,H2Connection-character: no visible global function
     definition for ‘.jfield’
    Undefined global functions or variables:
     .jfield .jgetEx
Flavors: r-devel-linux-x86_64-debian-gcc, r-devel-linux-x86_64-fedora-clang, r-devel-linux-x86_64-fedora-gcc, r-devel-osx-x86_64-clang, r-devel-windows-ix86+x86_64, r-patched-linux-x86_64, r-patched-solaris-sparc, r-patched-solaris-x86, r-release-linux-x86_64, r-release-osx-x86_64-mavericks, r-release-windows-ix86+x86_64

Version: 0.2.3
Check: R code for possible problems
Result: NOTE
    dbConnect,H2Driver : .local: no visible global function definition for
     '.jgetEx'
    dbSendQuery,H2Connection-character : .local: no visible global function
     definition for '.jfield'
Flavor: r-oldrel-windows-ix86+x86_64