CRAN Package Check Results for Package RH2

Last updated on 2014-09-02 11:48:47.

Flavor Version Tinstall Tcheck Ttotal Status Flags
r-devel-linux-x86_64-debian-clang 0.1-2.12 1.88 22.12 24.01 NOTE
r-devel-linux-x86_64-debian-gcc 0.1-2.12 1.83 21.62 23.45 NOTE
r-devel-linux-x86_64-fedora-clang 0.1-2.12 54.60 NOTE
r-devel-linux-x86_64-fedora-gcc 0.1-2.12 49.46 NOTE
r-devel-osx-x86_64-clang 0.1-2.12 45.17 NOTE
r-devel-windows-ix86+x86_64 0.1-2.12 7.00 35.00 42.00 NOTE
r-patched-linux-x86_64 0.1-2.12 2.07 22.76 24.84 OK
r-patched-solaris-sparc 0.1-2.12 317.80 OK
r-patched-solaris-x86 0.1-2.12 70.20 OK
r-release-linux-ix86 0.1-2.12 2.35 29.44 31.80 OK
r-release-linux-x86_64 0.1-2.12 1.94 23.10 25.03 OK
r-release-osx-x86_64-mavericks 0.1-2.12 OK
r-release-osx-x86_64-snowleopard 0.1-2.12 OK
r-release-windows-ix86+x86_64 0.1-2.12 6.00 39.00 45.00 OK
r-oldrel-windows-ix86+x86_64 0.1-2.12 8.00 34.00 42.00 OK

Check Details

Version: 0.1-2.12
Check: R code for possible problems
Result: NOTE
    H2: no visible global function definition for ‘.jpackage’
    H2: no visible global function definition for ‘is.jnull’
    H2: no visible global function definition for ‘.jfindClass’
    H2: no visible global function definition for ‘.jnew’
    H2: no visible global function definition for ‘.jcheck’
    H2: no visible global function definition for ‘.jnull’
    fetch,H2Result-numeric: no visible global function definition for
     ‘.jcall’
Flavors: r-devel-linux-x86_64-debian-clang, r-devel-linux-x86_64-debian-gcc, r-devel-linux-x86_64-fedora-clang, r-devel-linux-x86_64-fedora-gcc, r-devel-osx-x86_64-clang, r-devel-windows-ix86+x86_64