CRAN Package Check Results for Package RH2

Last updated on 2017-12-17 23:53:22 CET.

Flavor Version Tinstall Tcheck Ttotal Status Flags
r-devel-linux-x86_64-debian-clang 0.2.3 1.88 25.97 27.85 NOTE
r-devel-linux-x86_64-debian-gcc NOTE
r-devel-linux-x86_64-fedora-clang 0.2.3 40.98 NOTE
r-devel-linux-x86_64-fedora-gcc 0.2.3 40.75 NOTE
r-devel-windows-ix86+x86_64 0.2.3 4.00 43.00 47.00 NOTE
r-patched-linux-x86_64 0.2.3 2.06 30.25 32.31 NOTE
r-patched-solaris-x86 0.2.3 52.20 NOTE
r-release-linux-x86_64 0.2.3 1.91 30.12 32.03 NOTE
r-release-windows-ix86+x86_64 0.2.3 5.00 43.00 48.00 NOTE
r-release-osx-x86_64 0.2.3 NOTE
r-oldrel-windows-ix86+x86_64 0.2.3 6.00 50.00 56.00 NOTE
r-oldrel-osx-x86_64 0.2.3 NOTE

Check Details

Version: 0.2.3
Check: R code for possible problems
Result: NOTE
    dbConnect,H2Driver: no visible global function definition for ‘.jgetEx’
    dbSendQuery,H2Connection-character: no visible global function
     definition for ‘.jfield’
    Undefined global functions or variables:
     .jfield .jgetEx
Flavors: r-devel-linux-x86_64-debian-clang, r-devel-linux-x86_64-debian-gcc, r-devel-linux-x86_64-fedora-clang, r-devel-linux-x86_64-fedora-gcc, r-devel-windows-ix86+x86_64, r-patched-linux-x86_64, r-patched-solaris-x86, r-release-linux-x86_64, r-release-windows-ix86+x86_64, r-release-osx-x86_64, r-oldrel-windows-ix86+x86_64, r-oldrel-osx-x86_64