CRAN Package Check Results for Package RH2

Last updated on 2016-12-08 06:48:35.

Flavor Version Tinstall Tcheck Ttotal Status Flags
r-devel-linux-x86_64-debian-clang 0.2.3 1.44 19.26 20.71 NOTE
r-devel-linux-x86_64-debian-gcc 0.2.3 1.55 19.47 21.02 NOTE
r-devel-linux-x86_64-fedora-clang 0.2.3 41.69 NOTE --no-stop-on-test-error
r-devel-linux-x86_64-fedora-gcc 0.2.3 39.28 NOTE --no-stop-on-test-error
r-devel-macos-x86_64-clang 0.2.3 33.97 NOTE
r-devel-windows-ix86+x86_64 0.2.3 5.00 43.00 48.00 NOTE
r-patched-linux-x86_64 0.2.3 1.70 17.55 19.25 NOTE
r-patched-solaris-sparc 0.2.3 216.30 NOTE
r-patched-solaris-x86 0.2.3 45.50 NOTE
r-release-linux-x86_64 0.2.3 1.40 17.76 19.16 NOTE
r-release-osx-x86_64-mavericks 0.2.3 NOTE
r-release-windows-ix86+x86_64 0.2.3 5.00 40.00 45.00 NOTE
r-oldrel-windows-ix86+x86_64 0.2.3 8.00 39.00 47.00 NOTE

Check Details

Version: 0.2.3
Check: R code for possible problems
Result: NOTE
    dbConnect,H2Driver: no visible global function definition for ‘.jgetEx’
    dbSendQuery,H2Connection-character: no visible global function
     definition for ‘.jfield’
    Undefined global functions or variables:
     .jfield .jgetEx
Flavors: r-devel-linux-x86_64-debian-clang, r-devel-linux-x86_64-debian-gcc, r-devel-macos-x86_64-clang, r-devel-windows-ix86+x86_64, r-patched-linux-x86_64, r-patched-solaris-sparc, r-patched-solaris-x86, r-release-linux-x86_64, r-release-osx-x86_64-mavericks, r-release-windows-ix86+x86_64

Version: 0.2.3
Flags: --no-stop-on-test-error
Check: R code for possible problems
Result: NOTE
    dbConnect,H2Driver: no visible global function definition for ‘.jgetEx’
    dbSendQuery,H2Connection-character: no visible global function
     definition for ‘.jfield’
    Undefined global functions or variables:
     .jfield .jgetEx
Flavors: r-devel-linux-x86_64-fedora-clang, r-devel-linux-x86_64-fedora-gcc

Version: 0.2.3
Check: R code for possible problems
Result: NOTE
    dbConnect,H2Driver : .local: no visible global function definition for
     '.jgetEx'
    dbSendQuery,H2Connection-character : .local: no visible global function
     definition for '.jfield'
Flavor: r-oldrel-windows-ix86+x86_64