CRAN Package Check Results for Package RH2

Last updated on 2014-08-20 15:50:25.

Flavor Version Tinstall Tcheck Ttotal Status Flags
r-devel-linux-x86_64-debian-clang 0.1-2.12 2.12 22.90 25.01 OK
r-devel-linux-x86_64-debian-gcc 0.1-2.12 1.86 21.93 23.80 OK
r-devel-linux-x86_64-fedora-clang 0.1-2.12 56.54 NOTE
r-devel-linux-x86_64-fedora-gcc 0.1-2.12 48.64 NOTE
r-devel-osx-x86_64-clang 0.1-2.12 45.77 NOTE
r-devel-windows-ix86+x86_64 0.1-2.12 6.00 35.00 41.00 OK
r-patched-linux-x86_64 0.1-2.12 1.90 22.68 24.59 OK
r-patched-solaris-sparc 0.1-2.12 317.80 OK
r-patched-solaris-x86 0.1-2.12 68.20 OK
r-release-linux-ix86 0.1-2.12 2.41 29.71 32.12 OK
r-release-linux-x86_64 0.1-2.12 1.98 23.37 25.35 OK
r-release-osx-x86_64-mavericks 0.1-2.12 OK
r-release-osx-x86_64-snowleopard 0.1-2.12 OK
r-release-windows-ix86+x86_64 0.1-2.12 6.00 41.00 47.00 OK
r-oldrel-windows-ix86+x86_64 0.1-2.12 8.00 35.00 43.00 OK

Check Details

Version: 0.1-2.12
Check: R code for possible problems
Result: NOTE
    H2: no visible global function definition for ‘.jpackage’
    H2: no visible global function definition for ‘is.jnull’
    H2: no visible global function definition for ‘.jfindClass’
    H2: no visible global function definition for ‘.jnew’
    H2: no visible global function definition for ‘.jcheck’
    H2: no visible global function definition for ‘.jnull’
    fetch,H2Result-numeric: no visible global function definition for
     ‘.jcall’
Flavors: r-devel-linux-x86_64-fedora-clang, r-devel-linux-x86_64-fedora-gcc, r-devel-osx-x86_64-clang