CRAN Package Check Results for Package RH2

Last updated on 2016-09-27 16:47:56.

Flavor Version Tinstall Tcheck Ttotal Status Flags
r-devel-linux-x86_64-debian-clang 0.2.3 1.29 16.62 17.91 NOTE
r-devel-linux-x86_64-debian-gcc 0.2.3 1.43 16.83 18.26 NOTE
r-devel-linux-x86_64-fedora-clang 0.2.3 34.32 NOTE
r-devel-linux-x86_64-fedora-gcc 0.2.3 32.08 NOTE
r-devel-macos-x86_64-clang 0.2.3 29.13 NOTE
r-devel-windows-ix86+x86_64 0.2.3 8.00 53.00 61.00 NOTE
r-patched-linux-x86_64 0.2.3 1.40 17.43 18.84 NOTE
r-patched-solaris-sparc 0.2.3 216.30 NOTE
r-patched-solaris-x86 0.2.3 45.40 NOTE
r-release-linux-x86_64 0.2.3 1.48 17.94 19.42 NOTE
r-release-osx-x86_64-mavericks 0.2.3 NOTE
r-release-windows-ix86+x86_64 0.2.3 9.00 55.00 64.00 NOTE
r-oldrel-windows-ix86+x86_64 0.2.3 7.00 58.00 65.00 NOTE

Check Details

Version: 0.2.3
Check: R code for possible problems
Result: NOTE
    dbConnect,H2Driver: no visible global function definition for ‘.jgetEx’
    dbSendQuery,H2Connection-character: no visible global function
     definition for ‘.jfield’
    Undefined global functions or variables:
     .jfield .jgetEx
Flavors: r-devel-linux-x86_64-debian-clang, r-devel-linux-x86_64-debian-gcc, r-devel-linux-x86_64-fedora-clang, r-devel-linux-x86_64-fedora-gcc, r-devel-macos-x86_64-clang, r-devel-windows-ix86+x86_64, r-patched-linux-x86_64, r-patched-solaris-sparc, r-patched-solaris-x86, r-release-linux-x86_64, r-release-osx-x86_64-mavericks, r-release-windows-ix86+x86_64

Version: 0.2.3
Check: R code for possible problems
Result: NOTE
    dbConnect,H2Driver : .local: no visible global function definition for
     '.jgetEx'
    dbSendQuery,H2Connection-character : .local: no visible global function
     definition for '.jfield'
Flavor: r-oldrel-windows-ix86+x86_64