CRAN Package Check Results for Package RH2

Last updated on 2016-08-25 06:47:46.

Flavor Version Tinstall Tcheck Ttotal Status Flags
r-devel-linux-x86_64-debian-clang 0.2.3 1.39 17.76 19.15 NOTE
r-devel-linux-x86_64-debian-gcc 0.2.3 1.64 17.68 19.31 NOTE
r-devel-linux-x86_64-fedora-clang 0.2.3 36.44 NOTE
r-devel-linux-x86_64-fedora-gcc 0.2.3 33.38 NOTE
r-devel-osx-x86_64-clang 0.2.3 31.93 NOTE
r-devel-windows-ix86+x86_64 0.2.3 7.00 40.00 47.00 NOTE
r-patched-linux-x86_64 0.2.3 1.36 17.55 18.91 NOTE
r-patched-solaris-sparc 0.2.3 216.30 NOTE
r-patched-solaris-x86 0.2.3 45.60 NOTE
r-release-linux-x86_64 0.2.3 1.45 17.52 18.97 NOTE
r-release-osx-x86_64-mavericks 0.2.3 NOTE
r-release-windows-ix86+x86_64 0.2.3 6.00 36.00 42.00 NOTE
r-oldrel-windows-ix86+x86_64 0.2.3 4.00 35.00 39.00 NOTE

Check Details

Version: 0.2.3
Check: R code for possible problems
Result: NOTE
    dbConnect,H2Driver: no visible global function definition for ‘.jgetEx’
    dbSendQuery,H2Connection-character: no visible global function
     definition for ‘.jfield’
    Undefined global functions or variables:
     .jfield .jgetEx
Flavors: r-devel-linux-x86_64-debian-clang, r-devel-linux-x86_64-debian-gcc, r-devel-linux-x86_64-fedora-clang, r-devel-linux-x86_64-fedora-gcc, r-devel-osx-x86_64-clang, r-devel-windows-ix86+x86_64, r-patched-linux-x86_64, r-patched-solaris-sparc, r-patched-solaris-x86, r-release-linux-x86_64, r-release-osx-x86_64-mavericks, r-release-windows-ix86+x86_64

Version: 0.2.3
Check: R code for possible problems
Result: NOTE
    dbConnect,H2Driver : .local: no visible global function definition for
     '.jgetEx'
    dbSendQuery,H2Connection-character : .local: no visible global function
     definition for '.jfield'
Flavor: r-oldrel-windows-ix86+x86_64