CRAN Package Check Results for Package RH2

Last updated on 2015-09-03 12:49:55.

Flavor Version Tinstall Tcheck Ttotal Status Flags
r-devel-linux-x86_64-debian-clang 0.2.3 1.39 17.55 18.94 NOTE
r-devel-linux-x86_64-debian-gcc 0.2.3 1.50 17.13 18.64 NOTE
r-devel-linux-x86_64-fedora-clang 0.2.3 37.16 NOTE
r-devel-linux-x86_64-fedora-gcc 0.2.3 35.10 NOTE
r-devel-osx-x86_64-clang 0.2.3 35.10 NOTE
r-devel-windows-ix86+x86_64 0.2.3 7.00 34.00 41.00 NOTE
r-patched-linux-x86_64 0.2.3 1.54 19.48 21.01 NOTE
r-patched-solaris-sparc 0.2.3 262.80 NOTE
r-patched-solaris-x86 0.2.3 56.90 NOTE
r-release-linux-x86_64 0.2.3 1.52 18.61 20.12 NOTE
r-release-osx-x86_64-mavericks 0.2.3 OK
r-release-windows-ix86+x86_64 0.2.3 7.00 32.00 39.00 NOTE
r-oldrel-windows-ix86+x86_64 0.2.3 11.00 44.00 55.00 NOTE

Check Details

Version: 0.2.3
Check: R code for possible problems
Result: NOTE
    dbConnect,H2Driver: no visible global function definition for ‘.jgetEx’
    dbSendQuery,H2Connection-character: no visible global function
     definition for ‘.jfield’
    Undefined global functions or variables:
     .jfield .jgetEx
Flavors: r-devel-linux-x86_64-debian-clang, r-devel-linux-x86_64-debian-gcc, r-devel-linux-x86_64-fedora-clang, r-devel-linux-x86_64-fedora-gcc, r-devel-osx-x86_64-clang, r-devel-windows-ix86+x86_64

Version: 0.2.3
Check: R code for possible problems
Result: NOTE
    dbConnect,H2Driver : .local: no visible global function definition for
     ‘.jgetEx’
    dbSendQuery,H2Connection-character : .local: no visible global function
     definition for ‘.jfield’
Flavors: r-patched-linux-x86_64, r-patched-solaris-sparc, r-patched-solaris-x86, r-release-linux-x86_64, r-release-windows-ix86+x86_64, r-oldrel-windows-ix86+x86_64