CRAN Package Check Results for Package RH2

Last updated on 2017-10-17 19:48:09.

Flavor Version Tinstall Tcheck Ttotal Status Flags
r-devel-linux-x86_64-debian-clang 0.2.3 1.61 20.16 21.77 NOTE
r-devel-linux-x86_64-debian-gcc 0.2.3 1.40 21.18 22.58 NOTE
r-devel-linux-x86_64-fedora-clang 0.2.3 39.90 NOTE
r-devel-linux-x86_64-fedora-gcc 0.2.3 38.19 NOTE
r-devel-windows-ix86+x86_64 0.2.3 6.00 39.00 45.00 NOTE
r-patched-linux-x86_64 0.2.3 1.59 20.24 21.83 NOTE
r-patched-solaris-x86 0.2.3 58.00 NOTE
r-release-linux-x86_64 0.2.3 1.52 19.65 21.17 NOTE
r-release-windows-ix86+x86_64 0.2.3 8.00 43.00 51.00 NOTE
r-release-osx-x86_64 0.2.3 NOTE
r-oldrel-windows-ix86+x86_64 0.2.3 7.00 52.00 59.00 NOTE
r-oldrel-osx-x86_64 0.2.3 NOTE

Check Details

Version: 0.2.3
Check: R code for possible problems
Result: NOTE
    dbConnect,H2Driver: no visible global function definition for ‘.jgetEx’
    dbSendQuery,H2Connection-character: no visible global function
     definition for ‘.jfield’
    Undefined global functions or variables:
     .jfield .jgetEx
Flavors: r-devel-linux-x86_64-debian-clang, r-devel-linux-x86_64-debian-gcc, r-devel-linux-x86_64-fedora-clang, r-devel-linux-x86_64-fedora-gcc, r-devel-windows-ix86+x86_64, r-patched-linux-x86_64, r-patched-solaris-x86, r-release-linux-x86_64, r-release-windows-ix86+x86_64, r-release-osx-x86_64, r-oldrel-windows-ix86+x86_64, r-oldrel-osx-x86_64