CRAN Package Check Results for Package RH2

Last updated on 2017-05-22 18:52:07.

Flavor Version Tinstall Tcheck Ttotal Status Flags
r-devel-linux-x86_64-debian-clang 0.2.3 1.68 20.07 21.75 NOTE
r-devel-linux-x86_64-debian-gcc 0.2.3 1.44 19.95 21.38 NOTE
r-devel-linux-x86_64-fedora-clang 0.2.3 39.28 NOTE --no-stop-on-test-error
r-devel-linux-x86_64-fedora-gcc 0.2.3 36.85 NOTE --no-stop-on-test-error
r-devel-windows-ix86+x86_64 0.2.3 8.00 56.00 64.00 NOTE
r-patched-linux-x86_64 0.2.3 1.46 20.05 21.51 NOTE
r-patched-solaris-sparc 0.2.3 234.40 NOTE
r-patched-solaris-x86 0.2.3 51.50 NOTE
r-release-linux-x86_64 0.2.3 1.46 20.23 21.69 NOTE
r-release-windows-ix86+x86_64 0.2.3 5.00 55.00 60.00 NOTE
r-release-osx-x86_64 0.2.3 NOTE
r-oldrel-windows-ix86+x86_64 0.2.3 7.00 54.00 61.00 NOTE
r-oldrel-osx-x86_64 0.2.3 NOTE

Check Details

Version: 0.2.3
Check: R code for possible problems
Result: NOTE
    dbConnect,H2Driver: no visible global function definition for ‘.jgetEx’
    dbSendQuery,H2Connection-character: no visible global function
     definition for ‘.jfield’
    Undefined global functions or variables:
     .jfield .jgetEx
Flavors: r-devel-linux-x86_64-debian-clang, r-devel-linux-x86_64-debian-gcc, r-devel-windows-ix86+x86_64, r-patched-linux-x86_64, r-patched-solaris-sparc, r-patched-solaris-x86, r-release-linux-x86_64, r-release-windows-ix86+x86_64, r-release-osx-x86_64, r-oldrel-windows-ix86+x86_64, r-oldrel-osx-x86_64

Version: 0.2.3
Flags: --no-stop-on-test-error
Check: R code for possible problems
Result: NOTE
    dbConnect,H2Driver: no visible global function definition for ‘.jgetEx’
    dbSendQuery,H2Connection-character: no visible global function
     definition for ‘.jfield’
    Undefined global functions or variables:
     .jfield .jgetEx
Flavors: r-devel-linux-x86_64-fedora-clang, r-devel-linux-x86_64-fedora-gcc