CRAN Package Check Results for Package RH2

Last updated on 2015-07-30 15:48:26.

Flavor Version Tinstall Tcheck Ttotal Status Flags
r-devel-linux-x86_64-debian-clang 0.2.3 1.46 19.17 20.63 NOTE
r-devel-linux-x86_64-debian-gcc 0.2.3 1.45 18.42 19.87 NOTE
r-devel-linux-x86_64-fedora-clang 0.2.3 41.19 NOTE
r-devel-linux-x86_64-fedora-gcc 0.2.3 40.13 NOTE
r-devel-osx-x86_64-clang 0.2.3 38.63 NOTE
r-devel-windows-ix86+x86_64 0.2.3 7.00 34.00 41.00 NOTE
r-patched-linux-x86_64 0.2.3 1.52 18.37 19.89 NOTE
r-patched-solaris-sparc 0.2.3 262.80 NOTE
r-patched-solaris-x86 0.2.3 59.00 NOTE
r-release-linux-x86_64 0.2.3 1.61 18.44 20.06 NOTE
r-release-osx-x86_64-mavericks 0.2.3 OK
r-release-windows-ix86+x86_64 0.2.3 7.00 29.00 36.00 NOTE
r-oldrel-windows-ix86+x86_64 0.2.3 9.00 43.00 52.00 NOTE

Check Details

Version: 0.2.3
Check: R code for possible problems
Result: NOTE
    dbConnect,H2Driver: no visible global function definition for ‘.jgetEx’
    dbSendQuery,H2Connection-character: no visible global function
     definition for ‘.jfield’
    Undefined global functions or variables:
     .jfield .jgetEx
Flavors: r-devel-linux-x86_64-debian-clang, r-devel-linux-x86_64-debian-gcc, r-devel-linux-x86_64-fedora-clang, r-devel-linux-x86_64-fedora-gcc, r-devel-osx-x86_64-clang, r-devel-windows-ix86+x86_64

Version: 0.2.3
Check: R code for possible problems
Result: NOTE
    dbConnect,H2Driver : .local: no visible global function definition for
     ‘.jgetEx’
    dbSendQuery,H2Connection-character : .local: no visible global function
     definition for ‘.jfield’
Flavors: r-patched-linux-x86_64, r-patched-solaris-sparc, r-patched-solaris-x86, r-release-linux-x86_64, r-release-windows-ix86+x86_64, r-oldrel-windows-ix86+x86_64