CRAN Package Check Results for Package RH2

Last updated on 2016-07-29 05:49:16.

Flavor Version Tinstall Tcheck Ttotal Status Flags
r-devel-linux-x86_64-debian-clang 0.2.3 1.39 18.40 19.79 NOTE
r-devel-linux-x86_64-debian-gcc 0.2.3 2.02 20.19 22.20 NOTE
r-devel-linux-x86_64-fedora-clang 0.2.3 36.23 NOTE
r-devel-linux-x86_64-fedora-gcc 0.2.3 33.13 NOTE
r-devel-osx-x86_64-clang 0.2.3 31.79 NOTE
r-devel-windows-ix86+x86_64 0.2.3 7.00 39.00 46.00 NOTE
r-patched-linux-x86_64 0.2.3 1.75 19.27 21.02 NOTE
r-patched-solaris-sparc 0.2.3 216.30 NOTE
r-patched-solaris-x86 0.2.3 45.10 NOTE
r-release-linux-x86_64 0.2.3 1.88 18.87 20.75 NOTE
r-release-osx-x86_64-mavericks 0.2.3 NOTE
r-release-windows-ix86+x86_64 0.2.3 6.00 59.00 65.00 NOTE
r-oldrel-windows-ix86+x86_64 0.2.3 8.00 60.00 68.00 NOTE

Check Details

Version: 0.2.3
Check: R code for possible problems
Result: NOTE
    dbConnect,H2Driver: no visible global function definition for ‘.jgetEx’
    dbSendQuery,H2Connection-character: no visible global function
     definition for ‘.jfield’
    Undefined global functions or variables:
     .jfield .jgetEx
Flavors: r-devel-linux-x86_64-debian-clang, r-devel-linux-x86_64-debian-gcc, r-devel-linux-x86_64-fedora-clang, r-devel-linux-x86_64-fedora-gcc, r-devel-osx-x86_64-clang, r-devel-windows-ix86+x86_64, r-patched-linux-x86_64, r-patched-solaris-sparc, r-patched-solaris-x86, r-release-linux-x86_64, r-release-osx-x86_64-mavericks, r-release-windows-ix86+x86_64

Version: 0.2.3
Check: R code for possible problems
Result: NOTE
    dbConnect,H2Driver : .local: no visible global function definition for
     '.jgetEx'
    dbSendQuery,H2Connection-character : .local: no visible global function
     definition for '.jfield'
Flavor: r-oldrel-windows-ix86+x86_64