CRAN Package Check Results for Package RH2

Last updated on 2017-08-17 00:56:44.

Flavor Version Tinstall Tcheck Ttotal Status Flags
r-devel-linux-x86_64-debian-clang 0.2.3 1.50 19.71 21.21 NOTE
r-devel-linux-x86_64-debian-gcc 0.2.3 1.54 19.46 21.00 NOTE
r-devel-linux-x86_64-fedora-clang 0.2.3 38.12 NOTE
r-devel-linux-x86_64-fedora-gcc 0.2.3 38.99 NOTE
r-devel-windows-ix86+x86_64 0.2.3 6.00 42.00 48.00 NOTE
r-patched-linux-x86_64 0.2.3 1.43 20.53 21.96 NOTE
r-patched-solaris-x86 0.2.3 54.60 NOTE
r-release-linux-x86_64 0.2.3 1.43 19.67 21.10 NOTE
r-release-windows-ix86+x86_64 0.2.3 5.00 42.00 47.00 NOTE
r-release-osx-x86_64 0.2.3 NOTE
r-oldrel-windows-ix86+x86_64 0.2.3 7.00 38.00 45.00 NOTE
r-oldrel-osx-x86_64 0.2.3 NOTE

Check Details

Version: 0.2.3
Check: R code for possible problems
Result: NOTE
    dbConnect,H2Driver: no visible global function definition for ‘.jgetEx’
    dbSendQuery,H2Connection-character: no visible global function
     definition for ‘.jfield’
    Undefined global functions or variables:
     .jfield .jgetEx
Flavors: r-devel-linux-x86_64-debian-clang, r-devel-linux-x86_64-debian-gcc, r-devel-linux-x86_64-fedora-clang, r-devel-linux-x86_64-fedora-gcc, r-devel-windows-ix86+x86_64, r-patched-linux-x86_64, r-patched-solaris-x86, r-release-linux-x86_64, r-release-windows-ix86+x86_64, r-release-osx-x86_64, r-oldrel-windows-ix86+x86_64, r-oldrel-osx-x86_64