CRAN Package Check Results for Package RH2

Last updated on 2017-06-28 23:55:37.

Flavor Version Tinstall Tcheck Ttotal Status Flags
r-devel-linux-x86_64-debian-clang 0.2.3 1.43 19.41 20.85 NOTE
r-devel-linux-x86_64-debian-gcc 0.2.3 1.57 20.18 21.75 NOTE
r-devel-linux-x86_64-fedora-clang 0.2.3 38.18 NOTE
r-devel-linux-x86_64-fedora-gcc 0.2.3 37.00 NOTE
r-devel-windows-ix86+x86_64 0.2.3 6.00 43.00 49.00 NOTE
r-patched-linux-x86_64 0.2.3 1.50 20.05 21.56 NOTE
r-patched-solaris-sparc 0.2.3 234.40 NOTE
r-patched-solaris-x86 0.2.3 52.30 NOTE
r-release-linux-x86_64 0.2.3 1.42 19.51 20.93 NOTE
r-release-windows-ix86+x86_64 0.2.3 7.00 59.00 66.00 NOTE
r-release-osx-x86_64 0.2.3 NOTE
r-oldrel-windows-ix86+x86_64 0.2.3 6.00 50.00 56.00 NOTE
r-oldrel-osx-x86_64 0.2.3 NOTE

Check Details

Version: 0.2.3
Check: R code for possible problems
Result: NOTE
    dbConnect,H2Driver: no visible global function definition for ‘.jgetEx’
    dbSendQuery,H2Connection-character: no visible global function
     definition for ‘.jfield’
    Undefined global functions or variables:
     .jfield .jgetEx
Flavors: r-devel-linux-x86_64-debian-clang, r-devel-linux-x86_64-debian-gcc, r-devel-linux-x86_64-fedora-clang, r-devel-linux-x86_64-fedora-gcc, r-devel-windows-ix86+x86_64, r-patched-linux-x86_64, r-patched-solaris-sparc, r-patched-solaris-x86, r-release-linux-x86_64, r-release-windows-ix86+x86_64, r-release-osx-x86_64, r-oldrel-windows-ix86+x86_64, r-oldrel-osx-x86_64