CRAN Package Check Results for Package RH2

Last updated on 2014-04-23 20:47:20.

Flavor Version Tinstall Tcheck Ttotal Status Flags
r-devel-linux-x86_64-debian-clang 0.1-2.12 2.12 23.80 25.92 OK
r-devel-linux-x86_64-debian-gcc 0.1-2.12 2.17 23.38 25.55 OK
r-devel-linux-x86_64-fedora-clang 0.1-2.12 54.39 OK
r-devel-linux-x86_64-fedora-gcc 0.1-2.12 51.01 OK
r-devel-osx-x86_64-clang 0.1-2.12 49.49 OK
r-devel-osx-x86_64-gcc 0.1-2.12 OK
r-devel-windows-ix86+x86_64 0.1-2.12 7.00 46.00 53.00 OK
r-patched-linux-x86_64 0.1-2.12 2.02 23.89 25.91 OK
r-patched-solaris-sparc 0.1-2.12 280.50 OK
r-patched-solaris-x86 0.1-2.12 71.40 OK
r-release-linux-ix86 0.1-2.12 3.00 42.00 45.00 OK
r-release-linux-x86_64 0.1-2.12 2.04 24.33 26.36 OK
r-release-osx-x86_64-mavericks 0.1-2.12 WARN
r-release-osx-x86_64-snowleopard 0.1-2.12 OK
r-release-windows-ix86+x86_64 0.1-2.12 6.00 36.00 42.00 OK
r-oldrel-windows-ix86+x86_64 0.1-2.12 6.00 37.00 43.00 OK

Check Details

Version: 0.1-2.12
Check: PDF version of manual
Result: WARNING
    LaTeX errors when creating PDF version.
    This typically indicates Rd problems.
    LaTeX errors found:
    ! LaTeX Error: File `upquote.sty' not found.
    
    Type X to quit or <RETURN> to proceed,
    or enter new name. (Default extension: sty)
    
    51dadf00/Rd2.tex:8: ==> Fatal error occurred, no output PDF file produced!
Flavor: r-release-osx-x86_64-mavericks