CRAN Package Check Results for Package RH2

Last updated on 2017-03-28 23:50:46.

Flavor Version Tinstall Tcheck Ttotal Status Flags
r-devel-linux-x86_64-debian-clang 0.2.3 1.46 19.75 21.21 NOTE
r-devel-linux-x86_64-debian-gcc 0.2.3 1.48 19.43 20.91 NOTE
r-devel-linux-x86_64-fedora-clang 0.2.3 38.31 NOTE --no-stop-on-test-error
r-devel-linux-x86_64-fedora-gcc 0.2.3 36.97 NOTE --no-stop-on-test-error
r-devel-macos-x86_64-clang 0.2.3 32.81 NOTE --no-stop-on-test-error
r-devel-windows-ix86+x86_64 0.2.3 6.00 41.00 47.00 NOTE
r-patched-linux-x86_64 0.2.3 1.42 18.91 20.34 NOTE
r-patched-solaris-sparc 0.2.3 234.40 NOTE
r-patched-solaris-x86 0.2.3 53.10 NOTE
r-release-linux-x86_64 0.2.3 1.46 18.08 19.53 NOTE
r-release-osx-x86_64-mavericks 0.2.3 NOTE
r-release-windows-ix86+x86_64 0.2.3 7.00 38.00 45.00 NOTE
r-oldrel-windows-ix86+x86_64 0.2.3 5.00 54.00 59.00 NOTE

Check Details

Version: 0.2.3
Check: R code for possible problems
Result: NOTE
    dbConnect,H2Driver: no visible global function definition for ‘.jgetEx’
    dbSendQuery,H2Connection-character: no visible global function
     definition for ‘.jfield’
    Undefined global functions or variables:
     .jfield .jgetEx
Flavors: r-devel-linux-x86_64-debian-clang, r-devel-linux-x86_64-debian-gcc, r-devel-windows-ix86+x86_64, r-patched-linux-x86_64, r-patched-solaris-sparc, r-patched-solaris-x86, r-release-linux-x86_64, r-release-osx-x86_64-mavericks, r-release-windows-ix86+x86_64

Version: 0.2.3
Flags: --no-stop-on-test-error
Check: R code for possible problems
Result: NOTE
    dbConnect,H2Driver: no visible global function definition for ‘.jgetEx’
    dbSendQuery,H2Connection-character: no visible global function
     definition for ‘.jfield’
    Undefined global functions or variables:
     .jfield .jgetEx
Flavors: r-devel-linux-x86_64-fedora-clang, r-devel-linux-x86_64-fedora-gcc, r-devel-macos-x86_64-clang

Version: 0.2.3
Check: R code for possible problems
Result: NOTE
    dbConnect,H2Driver : .local: no visible global function definition for
     '.jgetEx'
    dbSendQuery,H2Connection-character : .local: no visible global function
     definition for '.jfield'
Flavor: r-oldrel-windows-ix86+x86_64