CRAN Package Check Results for Package RH2

Last updated on 2016-02-10 11:55:26.

Flavor Version Tinstall Tcheck Ttotal Status Flags
r-devel-linux-x86_64-debian-gcc 0.2.3 1.50 16.69 18.19 NOTE
r-devel-linux-x86_64-fedora-clang 0.2.3 35.86 NOTE
r-devel-linux-x86_64-fedora-gcc 0.2.3 32.67 NOTE
r-devel-osx-x86_64-clang 0.2.3 41.08 NOTE
r-devel-windows-ix86+x86_64 0.2.3 7.00 32.00 39.00 NOTE
r-patched-linux-x86_64 0.2.3 1.68 18.06 19.73 NOTE
r-patched-solaris-sparc 0.2.3 242.20 NOTE
r-patched-solaris-x86 0.2.3 50.10 NOTE
r-release-linux-x86_64 0.2.3 1.53 18.77 20.30 NOTE
r-release-osx-x86_64-mavericks 0.2.3 OK
r-release-windows-ix86+x86_64 0.2.3 8.00 49.00 57.00 NOTE
r-oldrel-windows-ix86+x86_64 0.2.3 10.00 62.00 72.00 NOTE

Check Details

Version: 0.2.3
Check: R code for possible problems
Result: NOTE
    dbConnect,H2Driver: no visible global function definition for ‘.jgetEx’
    dbSendQuery,H2Connection-character: no visible global function
     definition for ‘.jfield’
    Undefined global functions or variables:
     .jfield .jgetEx
Flavors: r-devel-linux-x86_64-debian-gcc, r-devel-linux-x86_64-fedora-clang, r-devel-linux-x86_64-fedora-gcc, r-devel-osx-x86_64-clang, r-devel-windows-ix86+x86_64

Version: 0.2.3
Check: R code for possible problems
Result: NOTE
    dbConnect,H2Driver : .local: no visible global function definition for
     ‘.jgetEx’
    dbSendQuery,H2Connection-character : .local: no visible global function
     definition for ‘.jfield’
Flavors: r-patched-linux-x86_64, r-patched-solaris-sparc, r-patched-solaris-x86, r-release-linux-x86_64, r-release-windows-ix86+x86_64, r-oldrel-windows-ix86+x86_64