CRAN Package Check Results for Package RHRV

Last updated on 2017-02-27 09:48:01.

Flavor Version Tinstall Tcheck Ttotal Status Flags
r-devel-linux-x86_64-debian-clang 4.2.3 4.99 64.15 69.14 NOTE
r-devel-linux-x86_64-debian-gcc 4.2.3 4.67 68.32 72.99 NOTE
r-devel-linux-x86_64-fedora-clang 4.2.3 132.40 NOTE --no-stop-on-test-error
r-devel-linux-x86_64-fedora-gcc 4.2.3 130.38 NOTE --no-stop-on-test-error
r-devel-macos-x86_64-clang 4.2.3 109.75 NOTE --no-stop-on-test-error
r-devel-windows-ix86+x86_64 4.2.3 36.00 169.00 205.00 OK
r-patched-linux-x86_64 4.2.3 5.03 61.43 66.46 OK
r-patched-solaris-sparc 4.2.3 718.90 OK
r-patched-solaris-x86 4.2.3 160.60 OK
r-release-linux-x86_64 4.2.3 4.84 60.03 64.86 OK
r-release-osx-x86_64-mavericks 4.2.3 OK
r-release-windows-ix86+x86_64 4.2.3 39.00 118.00 157.00 OK
r-oldrel-windows-ix86+x86_64 4.2.3 28.00 241.00 269.00 OK

Check Details

Version: 4.2.3
Check: compiled code
Result: NOTE
    File ‘RHRV/libs/RHRV.so’:
     Found no calls to: ‘R_registerRoutines’, ‘R_useDynamicSymbols’
    
    It is good practice to register native routines and to disable symbol
    search.
    
    See ‘Writing portable packages’ in the ‘Writing R Extensions’ manual.
Flavors: r-devel-linux-x86_64-debian-clang, r-devel-linux-x86_64-debian-gcc

Version: 4.2.3
Flags: --no-stop-on-test-error
Check: compiled code
Result: NOTE
    File ‘RHRV/libs/RHRV.so’:
     Found no calls to: ‘R_registerRoutines’, ‘R_useDynamicSymbols’
    
    It is good practice to register native routines and to disable symbol
    search.
    
    See ‘Writing portable packages’ in the ‘Writing R Extensions’ manual.
Flavors: r-devel-linux-x86_64-fedora-clang, r-devel-linux-x86_64-fedora-gcc, r-devel-macos-x86_64-clang