CRAN Package Check Results for Package RHRV

Last updated on 2016-07-30 08:48:28.

Flavor Version Tinstall Tcheck Ttotal Status Flags
r-devel-linux-x86_64-debian-clang 4.0 4.94 88.54 93.48 NOTE
r-devel-linux-x86_64-debian-gcc 4.0 4.64 85.42 90.06 NOTE
r-devel-linux-x86_64-fedora-clang 4.0 161.21 NOTE
r-devel-linux-x86_64-fedora-gcc 4.0 153.73 NOTE
r-devel-osx-x86_64-clang 4.0 132.50 NOTE
r-devel-windows-ix86+x86_64 4.0 13.00 154.00 167.00 NOTE
r-patched-linux-x86_64 4.0 5.95 98.46 104.41 NOTE
r-patched-solaris-sparc 4.0 998.00 NOTE
r-patched-solaris-x86 4.0 213.40 NOTE
r-release-linux-x86_64 4.0 5.59 100.45 106.04 NOTE
r-release-osx-x86_64-mavericks 4.0 WARN
r-release-windows-ix86+x86_64 4.0 18.00 223.00 241.00 NOTE
r-oldrel-windows-ix86+x86_64 4.0 22.00 230.00 252.00 NOTE

Check Details

Version: 4.0
Check: R code for possible problems
Result: NOTE
    CalculateApEn: no visible global function definition for ‘sd’
    CalculatePowerBand: no visible global function definition for ‘fft’
    CalculateRfromCorrelation: no visible global function definition for
     ‘dist’
    CalculateRfromCorrelation: no visible global function definition for
     ‘quantile’
    CalculateSpectrogram: no visible global function definition for ‘fft’
    CreateTimeAnalysis: no visible global function definition for ‘sd’
    CreateTimeAnalysis: no visible global function definition for ‘head’
    CreateTimeAnalysis: no visible global function definition for ‘tail’
    CreateTimeAnalysis: no visible global function definition for
     ‘quantile’
    CreateTimeAnalysis: no visible global function definition for ‘median’
    CreateTimeAnalysis: no visible global function definition for ‘hist’
    EditNIHR : editFunction : plotFunction: no visible global function
     definition for ‘plot’
    EditNIHR : editFunction : plotFunction: no visible global function
     definition for ‘title’
    EditNIHR : editFunction : plotFunction: no visible global function
     definition for ‘points’
    EditNIHR : editFunction : plotFunction: no visible global function
     definition for ‘rect’
    EditNIHR : editFunction : plotFunction: no visible global function
     definition for ‘text’
    EditNIHR : editFunction : plotFunction: no visible global function
     definition for ‘par’
    FilterNIHR: no visible global function definition for ‘sd’
    IntegralCorrelation: no visible global function definition for ‘dist’
    InterpolateNIHR: no visible global function definition for ‘head’
    InterpolateNIHR: no visible global function definition for ‘tail’
    InterpolateNIHR: no visible global function definition for ‘approxfun’
    InterpolateNIHR: no visible global function definition for ‘splinefun’
    LoadApneaWFDB: no visible global function definition for ‘tail’
    LoadApneaWFDB: no visible global function definition for ‘head’
    LoadBeatAscii: no visible global function definition for ‘read.table’
    LoadBeatRR: no visible global function definition for ‘read.table’
    LoadEpisodesAscii: no visible global function definition for
     ‘read.table’
    NonLinearNoiseReduction: no visible global function definition for
     ‘runif’
    NonLinearNoiseReduction: no visible global function definition for
     ‘diffinv’
    NonLinearNoiseReduction: no visible global function definition for
     ‘tail’
    PlotCorrDim: no visible global function definition for ‘plot’
    PlotDFA: no visible global function definition for ‘plot’
    PlotHR: no visible global function definition for ‘head’
    PlotHR: no visible global function definition for ‘tail’
    PlotHR: no visible global function definition for ‘plot’
    PlotHR: no visible global function definition for ‘grid’
    PlotHR: no visible global function definition for ‘rainbow’
    PlotHR: no visible global function definition for ‘rect’
    PlotHR: no visible global function definition for ‘lines’
    PlotHR: no visible global function definition for ‘legend’
    PlotHR: no visible global function definition for ‘title’
    PlotInfDim: no visible global function definition for ‘plot’
    PlotMaxLyapunov: no visible global function definition for ‘plot’
    PlotNIHR: no visible global function definition for ‘plot’
    PlotNIHR: no visible global function definition for ‘grid’
    PlotNIHR: no visible global function definition for ‘rainbow’
    PlotNIHR: no visible global function definition for ‘rect’
    PlotNIHR: no visible global function definition for ‘lines’
    PlotNIHR: no visible global function definition for ‘legend’
    PlotNIHR: no visible global function definition for ‘title’
    PlotPowerBand: no visible global function definition for ‘tail’
    PlotPowerBand: no visible global function definition for ‘head’
    PlotPowerBand: no visible global function definition for ‘rainbow’
    PlotPowerBand: no visible global function definition for ‘par’
    PlotPowerBand: no visible global function definition for ‘plot’
    PlotPowerBand: no visible global function definition for ‘rect’
    PlotPowerBand: no visible global function definition for ‘lines’
    PlotPowerBand: no visible global function definition for ‘legend’
    PlotPowerBand: no visible global function definition for ‘title’
    PlotSampleEntropy: no visible global function definition for ‘plot’
    PlotSampleEntropy: no visible global function definition for ‘par’
    PlotSpectrogram: no visible global function definition for ‘head’
    PlotSpectrogram: no visible global function definition for ‘tail’
    PlotSpectrogram: no visible global function definition for
     ‘filled.contour’
    PlotSpectrogram: no visible binding for global variable ‘topo.colors’
    PoincarePlot: no visible global function definition for ‘plot’
    PoincarePlot: no visible global function definition for ‘legend’
    SplitHRbyEpisodes: no visible global function definition for ‘head’
    SplitHRbyEpisodes: no visible global function definition for ‘tail’
    SplitPowerBandByEpisodes: no visible global function definition for
     ‘tail’
    SplitPowerBandByEpisodes: no visible global function definition for
     ‘head’
    computeSD: no visible global function definition for ‘sd’
    computeSD: no visible global function definition for ‘var’
    confidenceEllipse: no visible global function definition for ‘cov’
    confidenceEllipse: no visible global function definition for ‘qchisq’
    drawArrows: no visible global function definition for ‘arrows’
    drawEllipse: no visible global function definition for ‘lines’
    Undefined global functions or variables:
     approxfun arrows cov diffinv dist fft filled.contour grid head hist
     legend lines median par plot points qchisq quantile rainbow
     read.table rect runif sd splinefun tail text title topo.colors var
    Consider adding
     importFrom("grDevices", "rainbow", "topo.colors")
     importFrom("graphics", "arrows", "filled.contour", "grid", "hist",
     "legend", "lines", "par", "plot", "points", "rect", "text",
     "title")
     importFrom("stats", "approxfun", "cov", "diffinv", "dist", "fft",
     "median", "qchisq", "quantile", "runif", "sd", "splinefun",
     "var")
     importFrom("utils", "head", "read.table", "tail")
    to your NAMESPACE file.
Flavors: r-devel-linux-x86_64-debian-clang, r-devel-linux-x86_64-debian-gcc, r-devel-linux-x86_64-fedora-clang, r-devel-linux-x86_64-fedora-gcc, r-devel-osx-x86_64-clang, r-devel-windows-ix86+x86_64, r-patched-linux-x86_64, r-patched-solaris-sparc, r-patched-solaris-x86, r-release-linux-x86_64, r-release-windows-ix86+x86_64

Version: 4.0
Check: files in ‘vignettes’
Result: NOTE
    The following files look like leftovers/mistakes:
     ‘Rplots.pdf’
    Please remove them from your package.
Flavors: r-devel-linux-x86_64-debian-clang, r-devel-linux-x86_64-debian-gcc, r-devel-linux-x86_64-fedora-clang, r-devel-linux-x86_64-fedora-gcc, r-devel-osx-x86_64-clang, r-devel-windows-ix86+x86_64, r-patched-linux-x86_64, r-patched-solaris-sparc, r-patched-solaris-x86, r-release-linux-x86_64, r-release-osx-x86_64-mavericks, r-release-windows-ix86+x86_64, r-oldrel-windows-ix86+x86_64

Version: 4.0
Check: whether package can be installed
Result: WARN
    Found the following significant warnings:
     Warning: 'rgl_init' failed, running with rgl.useNULL = TRUE
Flavor: r-release-osx-x86_64-mavericks

Version: 4.0
Check: dependencies in R code
Result: NOTE
    Invalid MIT-MAGIC-COOKIE-1 keyInvalid MIT-MAGIC-COOKIE-1 keyInvalid MIT-MAGIC-COOKIE-1 key
Flavor: r-release-osx-x86_64-mavericks

Version: 4.0
Check: S3 generic/method consistency
Result: WARN
    Invalid MIT-MAGIC-COOKIE-1 keyInvalid MIT-MAGIC-COOKIE-1 keyInvalid MIT-MAGIC-COOKIE-1 key
    See section ‘Generic functions and methods’ in the ‘Writing R
    Extensions’ manual.
Flavor: r-release-osx-x86_64-mavericks

Version: 4.0
Check: replacement functions
Result: WARN
    Invalid MIT-MAGIC-COOKIE-1 keyInvalid MIT-MAGIC-COOKIE-1 keyInvalid MIT-MAGIC-COOKIE-1 key
    The argument of a replacement function which corresponds to the right
    hand side must be named ‘value’.
Flavor: r-release-osx-x86_64-mavericks

Version: 4.0
Check: foreign function calls
Result: NOTE
    Invalid MIT-MAGIC-COOKIE-1 keyInvalid MIT-MAGIC-COOKIE-1 keyInvalid MIT-MAGIC-COOKIE-1 key
    See chapter ‘System and foreign language interfaces’ in the ‘Writing R
    Extensions’ manual.
Flavor: r-release-osx-x86_64-mavericks

Version: 4.0
Check: R code for possible problems
Result: NOTE
    Invalid MIT-MAGIC-COOKIE-1 keyInvalid MIT-MAGIC-COOKIE-1 keyInvalid MIT-MAGIC-COOKIE-1 keyCalculateApEn: no visible global function definition for ‘sd’
    CalculatePowerBand: no visible global function definition for ‘fft’
    CalculateRfromCorrelation: no visible global function definition for
     ‘dist’
    CalculateRfromCorrelation: no visible global function definition for
     ‘quantile’
    CalculateSpectrogram: no visible global function definition for ‘fft’
    CreateTimeAnalysis: no visible global function definition for ‘sd’
    CreateTimeAnalysis: no visible global function definition for ‘head’
    CreateTimeAnalysis: no visible global function definition for ‘tail’
    CreateTimeAnalysis: no visible global function definition for
     ‘quantile’
    CreateTimeAnalysis: no visible global function definition for ‘median’
    CreateTimeAnalysis: no visible global function definition for ‘hist’
    EditNIHR : editFunction : plotFunction: no visible global function
     definition for ‘plot’
    EditNIHR : editFunction : plotFunction: no visible global function
     definition for ‘title’
    EditNIHR : editFunction : plotFunction: no visible global function
     definition for ‘points’
    EditNIHR : editFunction : plotFunction: no visible global function
     definition for ‘rect’
    EditNIHR : editFunction : plotFunction: no visible global function
     definition for ‘text’
    EditNIHR : editFunction : plotFunction: no visible global function
     definition for ‘par’
    FilterNIHR: no visible global function definition for ‘sd’
    IntegralCorrelation: no visible global function definition for ‘dist’
    InterpolateNIHR: no visible global function definition for ‘head’
    InterpolateNIHR: no visible global function definition for ‘tail’
    InterpolateNIHR: no visible global function definition for ‘approxfun’
    InterpolateNIHR: no visible global function definition for ‘splinefun’
    LoadApneaWFDB: no visible global function definition for ‘tail’
    LoadApneaWFDB: no visible global function definition for ‘head’
    LoadBeatAscii: no visible global function definition for ‘read.table’
    LoadBeatRR: no visible global function definition for ‘read.table’
    LoadEpisodesAscii: no visible global function definition for
     ‘read.table’
    NonLinearNoiseReduction: no visible global function definition for
     ‘runif’
    NonLinearNoiseReduction: no visible global function definition for
     ‘diffinv’
    NonLinearNoiseReduction: no visible global function definition for
     ‘tail’
    PlotCorrDim: no visible global function definition for ‘plot’
    PlotDFA: no visible global function definition for ‘plot’
    PlotHR: no visible global function definition for ‘head’
    PlotHR: no visible global function definition for ‘tail’
    PlotHR: no visible global function definition for ‘plot’
    PlotHR: no visible global function definition for ‘grid’
    PlotHR: no visible global function definition for ‘rainbow’
    PlotHR: no visible global function definition for ‘rect’
    PlotHR: no visible global function definition for ‘lines’
    PlotHR: no visible global function definition for ‘legend’
    PlotHR: no visible global function definition for ‘title’
    PlotInfDim: no visible global function definition for ‘plot’
    PlotMaxLyapunov: no visible global function definition for ‘plot’
    PlotNIHR: no visible global function definition for ‘plot’
    PlotNIHR: no visible global function definition for ‘grid’
    PlotNIHR: no visible global function definition for ‘rainbow’
    PlotNIHR: no visible global function definition for ‘rect’
    PlotNIHR: no visible global function definition for ‘lines’
    PlotNIHR: no visible global function definition for ‘legend’
    PlotNIHR: no visible global function definition for ‘title’
    PlotPowerBand: no visible global function definition for ‘tail’
    PlotPowerBand: no visible global function definition for ‘head’
    PlotPowerBand: no visible global function definition for ‘rainbow’
    PlotPowerBand: no visible global function definition for ‘par’
    PlotPowerBand: no visible global function definition for ‘plot’
    PlotPowerBand: no visible global function definition for ‘rect’
    PlotPowerBand: no visible global function definition for ‘lines’
    PlotPowerBand: no visible global function definition for ‘legend’
    PlotPowerBand: no visible global function definition for ‘title’
    PlotSampleEntropy: no visible global function definition for ‘plot’
    PlotSampleEntropy: no visible global function definition for ‘par’
    PlotSpectrogram: no visible global function definition for ‘head’
    PlotSpectrogram: no visible global function definition for ‘tail’
    PlotSpectrogram: no visible global function definition for
     ‘filled.contour’
    PlotSpectrogram: no visible binding for global variable ‘topo.colors’
    PoincarePlot: no visible global function definition for ‘plot’
    PoincarePlot: no visible global function definition for ‘legend’
    SplitHRbyEpisodes: no visible global function definition for ‘head’
    SplitHRbyEpisodes: no visible global function definition for ‘tail’
    SplitPowerBandByEpisodes: no visible global function definition for
     ‘tail’
    SplitPowerBandByEpisodes: no visible global function definition for
     ‘head’
    computeSD: no visible global function definition for ‘sd’
    computeSD: no visible global function definition for ‘var’
    confidenceEllipse: no visible global function definition for ‘cov’
    confidenceEllipse: no visible global function definition for ‘qchisq’
    drawArrows: no visible global function definition for ‘arrows’
    drawEllipse: no visible global function definition for ‘lines’
    Undefined global functions or variables:
     approxfun arrows cov diffinv dist fft filled.contour grid head hist
     legend lines median par plot points qchisq quantile rainbow
     read.table rect runif sd splinefun tail text title topo.colors var
    Consider adding
     importFrom("grDevices", "rainbow", "topo.colors")
     importFrom("graphics", "arrows", "filled.contour", "grid", "hist",
     "legend", "lines", "par", "plot", "points", "rect", "text",
     "title")
     importFrom("stats", "approxfun", "cov", "diffinv", "dist", "fft",
     "median", "qchisq", "quantile", "runif", "sd", "splinefun",
     "var")
     importFrom("utils", "head", "read.table", "tail")
    to your NAMESPACE file.
Flavor: r-release-osx-x86_64-mavericks

Version: 4.0
Check: for missing documentation entries
Result: WARN
    Invalid MIT-MAGIC-COOKIE-1 keyInvalid MIT-MAGIC-COOKIE-1 keyInvalid MIT-MAGIC-COOKIE-1 key
    All user-level objects in a package should have documentation entries.
    See chapter ‘Writing R documentation files’ in the ‘Writing R
    Extensions’ manual.
Flavor: r-release-osx-x86_64-mavericks

Version: 4.0
Check: for code/documentation mismatches
Result: WARN
    Invalid MIT-MAGIC-COOKIE-1 keyInvalid MIT-MAGIC-COOKIE-1 keyInvalid MIT-MAGIC-COOKIE-1 key
    Invalid MIT-MAGIC-COOKIE-1 keyInvalid MIT-MAGIC-COOKIE-1 keyInvalid MIT-MAGIC-COOKIE-1 key
    Invalid MIT-MAGIC-COOKIE-1 keyInvalid MIT-MAGIC-COOKIE-1 keyInvalid MIT-MAGIC-COOKIE-1 key
Flavor: r-release-osx-x86_64-mavericks

Version: 4.0
Check: Rd \usage sections
Result: NOTE
    Invalid MIT-MAGIC-COOKIE-1 keyInvalid MIT-MAGIC-COOKIE-1 keyInvalid MIT-MAGIC-COOKIE-1 key
    The \usage entries for S3 methods should use the \method markup and not
    their full name.
    See chapter ‘Writing R documentation files’ in the ‘Writing R
    Extensions’ manual.
Flavor: r-release-osx-x86_64-mavericks