CRAN Package Check Results for Package RHRV

Last updated on 2018-04-26 12:47:22 CEST.

Flavor Version Tinstall Tcheck Ttotal Status Flags
r-devel-linux-x86_64-debian-clang 4.2.3 10.32 86.98 97.30 WARN
r-devel-linux-x86_64-debian-gcc 4.2.3 8.61 74.43 83.04 NOTE
r-devel-linux-x86_64-fedora-clang 4.2.3 130.22 WARN
r-devel-linux-x86_64-fedora-gcc 4.2.3 128.41 NOTE
r-devel-windows-ix86+x86_64 4.2.3 34.00 129.00 163.00 OK
r-patched-linux-x86_64 4.2.3 11.56 91.83 103.39 NOTE
r-patched-solaris-x86 4.2.3 207.30 OK
r-release-linux-x86_64 4.2.3 10.05 91.68 101.73 NOTE
r-release-windows-ix86+x86_64 4.2.3 34.00 129.00 163.00 OK
r-release-osx-x86_64 4.2.3 WARN
r-oldrel-windows-ix86+x86_64 4.2.3 21.00 119.00 140.00 OK
r-oldrel-osx-x86_64 4.2.3 OK

Check Details

Version: 4.2.3
Check: whether package can be installed
Result: WARN
    Found the following significant warnings:
     filterhr.c:21:11: warning: using integer absolute value function 'abs' when argument is of floating point type [-Wabsolute-value]
     filterhr.c:21:53: warning: using integer absolute value function 'abs' when argument is of floating point type [-Wabsolute-value]
     filterhr.c:21:95: warning: using integer absolute value function 'abs' when argument is of floating point type [-Wabsolute-value]
Flavors: r-devel-linux-x86_64-debian-clang, r-devel-linux-x86_64-fedora-clang, r-release-osx-x86_64

Version: 4.2.3
Check: compiled code
Result: NOTE
    File ‘RHRV/libs/RHRV.so’:
     Found no calls to: ‘R_registerRoutines’, ‘R_useDynamicSymbols’
    
    It is good practice to register native routines and to disable symbol
    search.
    
    See ‘Writing portable packages’ in the ‘Writing R Extensions’ manual.
Flavors: r-devel-linux-x86_64-debian-clang, r-devel-linux-x86_64-debian-gcc, r-devel-linux-x86_64-fedora-clang, r-devel-linux-x86_64-fedora-gcc, r-patched-linux-x86_64, r-release-linux-x86_64