CRAN Package Check Results for Package RHRV

Last updated on 2014-10-01 11:47:57.

Flavor Version Tinstall Tcheck Ttotal Status Flags
r-devel-linux-x86_64-debian-clang 4.0 5.15 101.91 107.06 NOTE
r-devel-linux-x86_64-debian-gcc 4.0 5.09 102.51 107.60 NOTE
r-devel-linux-x86_64-fedora-clang 4.0 239.26 NOTE
r-devel-linux-x86_64-fedora-gcc 4.0 239.23 NOTE
r-devel-osx-x86_64-clang 4.0 194.55 NOTE
r-devel-windows-ix86+x86_64 4.0 16.00 159.00 175.00 NOTE
r-patched-linux-x86_64 4.0 5.55 106.73 112.28 NOTE
r-patched-solaris-sparc 4.0 1285.90 NOTE
r-patched-solaris-x86 4.0 323.70 NOTE
r-release-linux-ix86 4.0 7.16 131.53 138.69 OK
r-release-linux-x86_64 4.0 5.44 108.32 113.76 OK
r-release-osx-x86_64-mavericks 4.0 NOTE
r-release-osx-x86_64-snowleopard 4.0 OK
r-release-windows-ix86+x86_64 4.0 18.00 181.00 199.00 OK
r-oldrel-windows-ix86+x86_64 4.0 17.00 174.00 191.00 OK

Check Details

Version: 4.0
Check: files in ‘vignettes’
Result: NOTE
    The following files look like leftovers/mistakes:
     ‘Rplots.pdf’
    Please remove them from your package.
Flavors: r-devel-linux-x86_64-debian-clang, r-devel-linux-x86_64-debian-gcc, r-devel-linux-x86_64-fedora-clang, r-devel-linux-x86_64-fedora-gcc, r-devel-osx-x86_64-clang, r-devel-windows-ix86+x86_64, r-patched-linux-x86_64, r-patched-solaris-sparc, r-patched-solaris-x86

Version: 4.0
Check: re-building of vignette outputs
Result: NOTE
    Error in re-building vignettes:
     ...
    ** Plotting power per band **
     Plotted LF/HF
     Plotted ULF
     Plotted VLF
     Plotted LF
     Plotted HF
     Power per band plotted
    
    You can now run (pdf)latex on ‘RHRV-quickstart.tex’
    /Library/Frameworks/R.framework/Resources/bin/Rscript -e "tools::texi2dvi( 'RHRV-quickstart.tex', pdf = TRUE, clean = TRUE )"
    Error in tools::texi2dvi("RHRV-quickstart.tex", pdf = TRUE, clean = TRUE) :
     Running 'texi2dvi' on 'RHRV-quickstart.tex' failed.
    LaTeX errors:
    ! LaTeX Error: File `vmargin.sty' not found.
    
    Type X to quit or <RETURN> to proceed,
    or enter new name. (Default extension: sty)
    
    st/RHRV/vignettes/RHRV-quickstart.tex:397: ==> Fatal error occurred, no output
     PDF file produced!
    Execution halted
    make: *** [RHRV-quickstart.pdf] Error 1
    Error in buildVignettes(dir = "/Builds/CRAN-QA-Simon/packages/mavericks-x86_64/results/3.1/RHRV.Rcheck/vign_test/RHRV") :
     running 'make' failed
    Execution halted
Flavor: r-release-osx-x86_64-mavericks