CRAN Package Check Results for Package RHRV

Last updated on 2017-01-22 12:48:08.

Flavor Version Tinstall Tcheck Ttotal Status Flags
r-devel-linux-x86_64-debian-clang 4.2.2 5.02 72.20 77.22 WARN
r-devel-linux-x86_64-debian-gcc 4.2.2 4.96 73.74 78.70 WARN
r-devel-linux-x86_64-fedora-clang 4.2.2 154.18 WARN --no-stop-on-test-error
r-devel-linux-x86_64-fedora-gcc 4.2.2 132.14 WARN --no-stop-on-test-error
r-devel-macos-x86_64-clang 4.2.2 117.23 WARN --no-stop-on-test-error
r-devel-windows-ix86+x86_64 4.2.2 24.00 232.00 256.00 WARN
r-patched-linux-x86_64 4.2.2 5.11 68.43 73.54 OK
r-patched-solaris-sparc 4.2.2 835.40 OK
r-patched-solaris-x86 4.2.2 189.80 OK
r-release-linux-x86_64 4.2.2 5.46 66.56 72.02 OK
r-release-osx-x86_64-mavericks 4.2.2 OK
r-release-windows-ix86+x86_64 4.2.2 48.00 172.00 220.00 OK
r-oldrel-windows-ix86+x86_64 4.2.2 28.00 225.00 253.00 OK

Check Details

Version: 4.2.2
Check: re-building of vignette outputs
Result: WARN
    Error in re-building vignettes:
     ...
     Plotted VLF
     Plotted LF
     Plotted HF
     Power per band plotted
     Plotting power per band
     Plotted LF/HF
     Plotted ULF
     Plotted VLF
     Plotted LF
     Plotted HF
     Power per band plotted
     Plotting power per band
     Plotted LF/HF
     Plotted ULF
     Plotted VLF
     Plotted LF
     Plotted HF
     Power per band plotted
    Output file: RHRV-quickstart.pdf
    Makefile:11: recipe for target 'RHRV-quickstart.pdf' failed
    make[1]: *** [RHRV-quickstart.pdf] Error 1
    make[1]: Leaving directory '/home/hornik/tmp/R.check/r-devel-clang/Work/PKGS/RHRV.Rcheck/vign_test/RHRV/vignettes'
    Error in buildVignettes(dir = "/home/hornik/tmp/R.check/r-devel-clang/Work/PKGS/RHRV.Rcheck/vign_test/RHRV") :
     running ‘make’ failed
    Execution halted
Flavor: r-devel-linux-x86_64-debian-clang

Version: 4.2.2
Check: re-building of vignette outputs
Result: WARN
    Error in re-building vignettes:
     ...
     Plotted VLF
     Plotted LF
     Plotted HF
     Power per band plotted
     Plotting power per band
     Plotted LF/HF
     Plotted ULF
     Plotted VLF
     Plotted LF
     Plotted HF
     Power per band plotted
     Plotting power per band
     Plotted LF/HF
     Plotted ULF
     Plotted VLF
     Plotted LF
     Plotted HF
     Power per band plotted
    Output file: RHRV-quickstart.pdf
    Makefile:11: recipe for target 'RHRV-quickstart.pdf' failed
    make[1]: *** [RHRV-quickstart.pdf] Error 1
    make[1]: Leaving directory '/home/hornik/tmp/R.check/r-devel-gcc/Work/PKGS/RHRV.Rcheck/vign_test/RHRV/vignettes'
    Error in buildVignettes(dir = "/home/hornik/tmp/R.check/r-devel-gcc/Work/PKGS/RHRV.Rcheck/vign_test/RHRV") :
     running ‘make’ failed
    Execution halted
Flavor: r-devel-linux-x86_64-debian-gcc

Version: 4.2.2
Flags: --no-stop-on-test-error
Check: re-building of vignette outputs
Result: WARN
    Error in re-building vignettes:
     ...
    Loading required package: tcltk
    Loading required package: tkrplot
    Loading required package: waveslim
    
    waveslim: Wavelet Method for 1/2/3D Signals (version = 1.7.5)
    
    Loading required package: nonlinearTseries
    Loading required package: Matrix
    Loading required package: rgl
    Loading required package: tseries
    Loading required package: TSA
    Loading required package: leaps
    Loading required package: locfit
    locfit 1.5-9.1 2013-03-22
    Loading required package: mgcv
    Loading required package: nlme
    This is mgcv 1.8-16. For overview type 'help("mgcv-package")'.
    
    Attaching package: ‘TSA’
    
    The following objects are masked from ‘package:stats’:
    
     acf, arima
    
    The following object is masked from ‘package:utils’:
    
     tar
    
    Loading required package: Rcpp
    
    Attaching package: ‘nonlinearTseries’
    
    The following object is masked from ‘package:grDevices’:
    
     contourLines
    
    Loading required package: lomb
     Loading beats positions for record: example.beats
     Path: beatsFolder
     Scale: 1
     Date: 01 / 01 / 1900
     Time: 00 : 00 : 00
     Number of beats: 17360
     Calculating non-interpolated heart rate
     Number of beats: 17360
     Filtering non-interpolated Heart Rate
     Number of original beats: 17360
     Number of accepted beats: 17249
     Interpolating instantaneous heart rate
     Frequency: 4 Hz
     Number of beats: 17249
     Number of points: 29592
     Plotting non-interpolated instantaneous heart rate
     Number of points: 17249
     Plotting non-interpolated instantaneous heart rate
     Number of points: 17249
     Plotting interpolated instantaneous heart rate
     Number of points: 29592
     Plotting interpolated instantaneous heart rate
     Number of points: 29592
     Creating time analysis
     Size of window: 300 seconds
     Width of bins in histogram: 7.8125 milliseconds
     Number of windows: 24
     Data has now 1 time analyses
     SDNN: 39.7538 msec.
     SDANN: 31.1092 msec.
     SDNNIDX: 24.9669 msec.
     pNN50: 9.317 %
     SDSD: 30.8877 msec.
     r-MSSD: 30.8868 msec.
     IRRR: 56 msec.
     MADRR: 16 msec.
     TINN: 172.1045 msec.
     HRV index: 11.0147
     Creating time analysis
     Size of window: 300 seconds
     Width of bins in histogram: 7.8125 milliseconds
     Number of windows: 24
     Data has now 1 time analyses
     SDNN: 39.7538 msec.
     SDANN: 31.1092 msec.
     SDNNIDX: 24.9669 msec.
     pNN50: 9.317 %
     SDSD: 30.8877 msec.
     r-MSSD: 30.8868 msec.
     IRRR: 56 msec.
     MADRR: 16 msec.
     TINN: 172.1045 msec.
     HRV index: 11.0147
     Creating frequency analysis
     Data has now 1 frequency analysis
     Calculating power per band
     Using Fourier analysis
     Windowing signal... 237 windows
     Power per band calculated
     Calculating power per band
     Using Wavelet analysis
     Power per band calculated
     Calculating power per band
     Using Fourier analysis
     Windowing signal... 237 windows
     Power per band calculated
     Creating frequency analysis
     Data has now 2 frequency analysis
     Calculating power per band
     Using Wavelet analysis
     Power per band calculated
     Plotting power per band
     Plotted LF/HF
     Plotted ULF
     Plotted VLF
     Plotted LF
     Plotted HF
     Power per band plotted
     Plotting power per band
     Plotted LF/HF
     Plotted ULF
     Plotted VLF
     Plotted LF
     Plotted HF
     Power per band plotted
     Plotting power per band
     Plotted LF/HF
     Plotted ULF
     Plotted VLF
     Plotted LF
     Plotted HF
     Power per band plotted
     Plotting power per band
     Plotted LF/HF
     Plotted ULF
     Plotted VLF
     Plotted LF
     Plotted HF
     Power per band plotted
    make[1]: Entering directory '/data/gannet/ripley/R/packages/tests-clang/RHRV.Rcheck/vign_test/RHRV/vignettes'
    rm -f index.html
    rm -f *.tex *.bbl *.blg *.aux *.out *.log *.spl
    # Generate the concordance.tex
    /data/gannet/ripley/R/R-clang/bin/R CMD Sweave --clean --pdf RHRV-quickstart.Rnw
    Loading required package: tcltk
    Loading required package: tkrplot
    Loading required package: waveslim
    
    waveslim: Wavelet Method for 1/2/3D Signals (version = 1.7.5)
    
    Loading required package: nonlinearTseries
    Loading required package: Matrix
    Loading required package: rgl
    Loading required package: tseries
    Loading required package: TSA
    Loading required package: leaps
    Loading required package: locfit
    locfit 1.5-9.1 2013-03-22
    Loading required package: mgcv
    Loading required package: nlme
    This is mgcv 1.8-16. For overview type 'help("mgcv-package")'.
    
    Attaching package: ‘TSA’
    
    The following objects are masked from ‘package:stats’:
    
     acf, arima
    
    The following object is masked from ‘package:utils’:
    
     tar
    
    Loading required package: Rcpp
    
    Attaching package: ‘nonlinearTseries’
    
    The following object is masked from ‘package:grDevices’:
    
     contourLines
    
    Loading required package: lomb
     Loading beats positions for record: example.beats
     Path: beatsFolder
     Scale: 1
     Date: 01 / 01 / 1900
     Time: 00 : 00 : 00
     Number of beats: 17360
     Calculating non-interpolated heart rate
     Number of beats: 17360
     Filtering non-interpolated Heart Rate
     Number of original beats: 17360
     Number of accepted beats: 17249
     Interpolating instantaneous heart rate
     Frequency: 4 Hz
     Number of beats: 17249
     Number of points: 29592
     Plotting non-interpolated instantaneous heart rate
     Number of points: 17249
     Plotting non-interpolated instantaneous heart rate
     Number of points: 17249
     Plotting interpolated instantaneous heart rate
     Number of points: 29592
     Plotting interpolated instantaneous heart rate
     Number of points: 29592
     Creating time analysis
     Size of window: 300 seconds
     Width of bins in histogram: 7.8125 milliseconds
     Number of windows: 24
     Data has now 1 time analyses
     SDNN: 39.7538 msec.
     SDANN: 31.1092 msec.
     SDNNIDX: 24.9669 msec.
     pNN50: 9.317 %
     SDSD: 30.8877 msec.
     r-MSSD: 30.8868 msec.
     IRRR: 56 msec.
     MADRR: 16 msec.
     TINN: 172.1045 msec.
     HRV index: 11.0147
     Creating time analysis
     Size of window: 300 seconds
     Width of bins in histogram: 7.8125 milliseconds
     Number of windows: 24
     Data has now 1 time analyses
     SDNN: 39.7538 msec.
     SDANN: 31.1092 msec.
     SDNNIDX: 24.9669 msec.
     pNN50: 9.317 %
     SDSD: 30.8877 msec.
     r-MSSD: 30.8868 msec.
     IRRR: 56 msec.
     MADRR: 16 msec.
     TINN: 172.1045 msec.
     HRV index: 11.0147
     Creating frequency analysis
     Data has now 1 frequency analysis
     Calculating power per band
     Using Fourier analysis
     Windowing signal... 237 windows
     Power per band calculated
     Calculating power per band
     Using Wavelet analysis
     Power per band calculated
     Calculating power per band
     Using Fourier analysis
     Windowing signal... 237 windows
     Power per band calculated
     Creating frequency analysis
     Data has now 2 frequency analysis
     Calculating power per band
     Using Wavelet analysis
     Power per band calculated
     Plotting power per band
     Plotted LF/HF
     Plotted ULF
     Plotted VLF
     Plotted LF
     Plotted HF
     Power per band plotted
     Plotting power per band
     Plotted LF/HF
     Plotted ULF
     Plotted VLF
     Plotted LF
     Plotted HF
     Power per band plotted
     Plotting power per band
     Plotted LF/HF
     Plotted ULF
     Plotted VLF
     Plotted LF
     Plotted HF
     Power per band plotted
     Plotting power per band
     Plotted LF/HF
     Plotted ULF
     Plotted VLF
     Plotted LF
     Plotted HF
     Power per band plotted
    Output file: RHRV-quickstart.pdf
    Makefile:11: recipe for target 'RHRV-quickstart.pdf' failed
    make[1]: *** [RHRV-quickstart.pdf] Error 1
    make[1]: Leaving directory '/data/gannet/ripley/R/packages/tests-clang/RHRV.Rcheck/vign_test/RHRV/vignettes'
    Error in buildVignettes(dir = "/data/gannet/ripley/R/packages/tests-clang/RHRV.Rcheck/vign_test/RHRV") :
     running 'make' failed
    Execution halted
Flavor: r-devel-linux-x86_64-fedora-clang

Version: 4.2.2
Flags: --no-stop-on-test-error
Check: re-building of vignette outputs
Result: WARN
    Error in re-building vignettes:
     ...
    Loading required package: tcltk
    Loading required package: tkrplot
    Loading required package: waveslim
    
    waveslim: Wavelet Method for 1/2/3D Signals (version = 1.7.5)
    
    Loading required package: nonlinearTseries
    Loading required package: Matrix
    Loading required package: rgl
    Loading required package: tseries
    Loading required package: TSA
    Loading required package: leaps
    Loading required package: locfit
    locfit 1.5-9.1 2013-03-22
    Loading required package: mgcv
    Loading required package: nlme
    This is mgcv 1.8-16. For overview type 'help("mgcv-package")'.
    
    Attaching package: ‘TSA’
    
    The following objects are masked from ‘package:stats’:
    
     acf, arima
    
    The following object is masked from ‘package:utils’:
    
     tar
    
    Loading required package: Rcpp
    
    Attaching package: ‘nonlinearTseries’
    
    The following object is masked from ‘package:grDevices’:
    
     contourLines
    
    Loading required package: lomb
     Loading beats positions for record: example.beats
     Path: beatsFolder
     Scale: 1
     Date: 01 / 01 / 1900
     Time: 00 : 00 : 00
     Number of beats: 17360
     Calculating non-interpolated heart rate
     Number of beats: 17360
     Filtering non-interpolated Heart Rate
     Number of original beats: 17360
     Number of accepted beats: 17249
     Interpolating instantaneous heart rate
     Frequency: 4 Hz
     Number of beats: 17249
     Number of points: 29592
     Plotting non-interpolated instantaneous heart rate
     Number of points: 17249
     Plotting non-interpolated instantaneous heart rate
     Number of points: 17249
     Plotting interpolated instantaneous heart rate
     Number of points: 29592
     Plotting interpolated instantaneous heart rate
     Number of points: 29592
     Creating time analysis
     Size of window: 300 seconds
     Width of bins in histogram: 7.8125 milliseconds
     Number of windows: 24
     Data has now 1 time analyses
     SDNN: 39.7538 msec.
     SDANN: 31.1092 msec.
     SDNNIDX: 24.9669 msec.
     pNN50: 9.317 %
     SDSD: 30.8877 msec.
     r-MSSD: 30.8868 msec.
     IRRR: 56 msec.
     MADRR: 16 msec.
     TINN: 172.1045 msec.
     HRV index: 11.0147
     Creating time analysis
     Size of window: 300 seconds
     Width of bins in histogram: 7.8125 milliseconds
     Number of windows: 24
     Data has now 1 time analyses
     SDNN: 39.7538 msec.
     SDANN: 31.1092 msec.
     SDNNIDX: 24.9669 msec.
     pNN50: 9.317 %
     SDSD: 30.8877 msec.
     r-MSSD: 30.8868 msec.
     IRRR: 56 msec.
     MADRR: 16 msec.
     TINN: 172.1045 msec.
     HRV index: 11.0147
     Creating frequency analysis
     Data has now 1 frequency analysis
     Calculating power per band
     Using Fourier analysis
     Windowing signal... 237 windows
     Power per band calculated
     Calculating power per band
     Using Wavelet analysis
     Power per band calculated
     Calculating power per band
     Using Fourier analysis
     Windowing signal... 237 windows
     Power per band calculated
     Creating frequency analysis
     Data has now 2 frequency analysis
     Calculating power per band
     Using Wavelet analysis
     Power per band calculated
     Plotting power per band
     Plotted LF/HF
     Plotted ULF
     Plotted VLF
     Plotted LF
     Plotted HF
     Power per band plotted
     Plotting power per band
     Plotted LF/HF
     Plotted ULF
     Plotted VLF
     Plotted LF
     Plotted HF
     Power per band plotted
     Plotting power per band
     Plotted LF/HF
     Plotted ULF
     Plotted VLF
     Plotted LF
     Plotted HF
     Power per band plotted
     Plotting power per band
     Plotted LF/HF
     Plotted ULF
     Plotted VLF
     Plotted LF
     Plotted HF
     Power per band plotted
    make[1]: Entering directory '/data/gannet/ripley/R/packages/tests-devel/RHRV.Rcheck/vign_test/RHRV/vignettes'
    rm -f index.html
    rm -f *.tex *.bbl *.blg *.aux *.out *.log *.spl
    # Generate the concordance.tex
    /data/gannet/ripley/R/R-devel/bin/R CMD Sweave --clean --pdf RHRV-quickstart.Rnw
    Loading required package: tcltk
    Loading required package: tkrplot
    Loading required package: waveslim
    
    waveslim: Wavelet Method for 1/2/3D Signals (version = 1.7.5)
    
    Loading required package: nonlinearTseries
    Loading required package: Matrix
    Loading required package: rgl
    Loading required package: tseries
    Loading required package: TSA
    Loading required package: leaps
    Loading required package: locfit
    locfit 1.5-9.1 2013-03-22
    Loading required package: mgcv
    Loading required package: nlme
    This is mgcv 1.8-16. For overview type 'help("mgcv-package")'.
    
    Attaching package: ‘TSA’
    
    The following objects are masked from ‘package:stats’:
    
     acf, arima
    
    The following object is masked from ‘package:utils’:
    
     tar
    
    Loading required package: Rcpp
    
    Attaching package: ‘nonlinearTseries’
    
    The following object is masked from ‘package:grDevices’:
    
     contourLines
    
    Loading required package: lomb
     Loading beats positions for record: example.beats
     Path: beatsFolder
     Scale: 1
     Date: 01 / 01 / 1900
     Time: 00 : 00 : 00
     Number of beats: 17360
     Calculating non-interpolated heart rate
     Number of beats: 17360
     Filtering non-interpolated Heart Rate
     Number of original beats: 17360
     Number of accepted beats: 17249
     Interpolating instantaneous heart rate
     Frequency: 4 Hz
     Number of beats: 17249
     Number of points: 29592
     Plotting non-interpolated instantaneous heart rate
     Number of points: 17249
     Plotting non-interpolated instantaneous heart rate
     Number of points: 17249
     Plotting interpolated instantaneous heart rate
     Number of points: 29592
     Plotting interpolated instantaneous heart rate
     Number of points: 29592
     Creating time analysis
     Size of window: 300 seconds
     Width of bins in histogram: 7.8125 milliseconds
     Number of windows: 24
     Data has now 1 time analyses
     SDNN: 39.7538 msec.
     SDANN: 31.1092 msec.
     SDNNIDX: 24.9669 msec.
     pNN50: 9.317 %
     SDSD: 30.8877 msec.
     r-MSSD: 30.8868 msec.
     IRRR: 56 msec.
     MADRR: 16 msec.
     TINN: 172.1045 msec.
     HRV index: 11.0147
     Creating time analysis
     Size of window: 300 seconds
     Width of bins in histogram: 7.8125 milliseconds
     Number of windows: 24
     Data has now 1 time analyses
     SDNN: 39.7538 msec.
     SDANN: 31.1092 msec.
     SDNNIDX: 24.9669 msec.
     pNN50: 9.317 %
     SDSD: 30.8877 msec.
     r-MSSD: 30.8868 msec.
     IRRR: 56 msec.
     MADRR: 16 msec.
     TINN: 172.1045 msec.
     HRV index: 11.0147
     Creating frequency analysis
     Data has now 1 frequency analysis
     Calculating power per band
     Using Fourier analysis
     Windowing signal... 237 windows
     Power per band calculated
     Calculating power per band
     Using Wavelet analysis
     Power per band calculated
     Calculating power per band
     Using Fourier analysis
     Windowing signal... 237 windows
     Power per band calculated
     Creating frequency analysis
     Data has now 2 frequency analysis
     Calculating power per band
     Using Wavelet analysis
     Power per band calculated
     Plotting power per band
     Plotted LF/HF
     Plotted ULF
     Plotted VLF
     Plotted LF
     Plotted HF
     Power per band plotted
     Plotting power per band
     Plotted LF/HF
     Plotted ULF
     Plotted VLF
     Plotted LF
     Plotted HF
     Power per band plotted
     Plotting power per band
     Plotted LF/HF
     Plotted ULF
     Plotted VLF
     Plotted LF
     Plotted HF
     Power per band plotted
     Plotting power per band
     Plotted LF/HF
     Plotted ULF
     Plotted VLF
     Plotted LF
     Plotted HF
     Power per band plotted
    Output file: RHRV-quickstart.pdf
    Makefile:11: recipe for target 'RHRV-quickstart.pdf' failed
    make[1]: *** [RHRV-quickstart.pdf] Error 1
    make[1]: Leaving directory '/data/gannet/ripley/R/packages/tests-devel/RHRV.Rcheck/vign_test/RHRV/vignettes'
    Error in buildVignettes(dir = "/data/gannet/ripley/R/packages/tests-devel/RHRV.Rcheck/vign_test/RHRV") :
     running 'make' failed
    Execution halted
Flavor: r-devel-linux-x86_64-fedora-gcc

Version: 4.2.2
Flags: --no-stop-on-test-error
Check: re-building of vignette outputs
Result: WARN
    Error in re-building vignettes:
     ...
     Plotted LF/HF
     Plotted ULF
     Plotted VLF
     Plotted LF
     Plotted HF
     Power per band plotted
     Plotting power per band
     Plotted LF/HF
     Plotted ULF
     Plotted VLF
     Plotted LF
     Plotted HF
     Power per band plotted
     Plotting power per band
     Plotted LF/HF
     Plotted ULF
     Plotted VLF
     Plotted LF
     Plotted HF
     Power per band plotted
    Output file: RHRV-quickstart.pdf
    make[1]: *** [RHRV-quickstart.pdf] Error 1
    Error in buildVignettes(dir = "/Users/ripley/R/packages/tests-devel/RHRV.Rcheck/vign_test/RHRV") :
     running 'make' failed
    Execution halted
Flavor: r-devel-macos-x86_64-clang

Version: 4.2.2
Check: re-building of vignette outputs
Result: WARN
    Error in re-building vignettes:
     ...
     Plotted VLF
     Plotted LF
     Plotted HF
     Power per band plotted
     Plotting power per band
     Plotted LF/HF
     Plotted ULF
     Plotted VLF
     Plotted LF
     Plotted HF
     Power per band plotted
     Plotting power per band
     Plotted LF/HF
     Plotted ULF
     Plotted VLF
     Plotted LF
     Plotted HF
     Power per band plotted
    Output file: RHRV-quickstart.pdf
    make[1]: *** [RHRV-quickstart.pdf] Error 1
    make[1]: Leaving directory `/cygdrive/d/RCompile/CRANpkg/local/3.4/RHRV.Rcheck/vign_test/RHRV/vignettes'
    Warning: running command 'make' had status 2
    Error in buildVignettes(dir = "d:/Rcompile/CRANpkg/local/3.4/RHRV.Rcheck/vign_test/RHRV") :
     running 'make' failed
    Execution halted
Flavor: r-devel-windows-ix86+x86_64