CRAN Package Check Results for Package RHRV

Last updated on 2014-07-25 17:48:07.

Flavor Version Tinstall Tcheck Ttotal Status Flags
r-devel-linux-x86_64-debian-clang 4.0 5.33 104.85 110.18 OK
r-devel-linux-x86_64-debian-gcc 4.0 5.30 103.62 108.92 OK
r-devel-linux-x86_64-fedora-clang 4.0 241.70 OK
r-devel-linux-x86_64-fedora-gcc 4.0 232.38 OK
r-devel-osx-x86_64-clang 4.0 201.47 OK
r-devel-windows-ix86+x86_64 4.0 17.00 163.00 180.00 OK
r-patched-linux-x86_64 4.0 5.55 103.61 109.16 OK
r-patched-solaris-sparc 4.0 1347.60 OK
r-patched-solaris-x86 4.0 325.50 OK
r-release-linux-ix86 4.0 7.10 130.18 137.28 OK
r-release-linux-x86_64 4.0 5.48 106.33 111.81 OK
r-release-osx-x86_64-mavericks 4.0 NOTE
r-release-osx-x86_64-snowleopard 4.0 OK
r-release-windows-ix86+x86_64 4.0 16.00 170.00 186.00 OK
r-oldrel-windows-ix86+x86_64 4.0 17.00 164.00 181.00 OK

Check Details

Version: 4.0
Check: re-building of vignette outputs
Result: NOTE
    Error in re-building vignettes:
     ...
    ** Plotting power per band **
     Plotted LF/HF
     Plotted ULF
     Plotted VLF
     Plotted LF
     Plotted HF
     Power per band plotted
    
    You can now run (pdf)latex on ‘RHRV-quickstart.tex’
    /Library/Frameworks/R.framework/Resources/bin/Rscript -e "tools::texi2dvi( 'RHRV-quickstart.tex', pdf = TRUE, clean = TRUE )"
    Error in tools::texi2dvi("RHRV-quickstart.tex", pdf = TRUE, clean = TRUE) :
     Running 'texi2dvi' on 'RHRV-quickstart.tex' failed.
    LaTeX errors:
    ! LaTeX Error: File `vmargin.sty' not found.
    
    Type X to quit or <RETURN> to proceed,
    or enter new name. (Default extension: sty)
    
    st/RHRV/vignettes/RHRV-quickstart.tex:397: ==> Fatal error occurred, no output
     PDF file produced!
    Execution halted
    make: *** [RHRV-quickstart.pdf] Error 1
    Error in buildVignettes(dir = "/Builds/CRAN-QA-Simon/packages/mavericks-x86_64/results/3.1/RHRV.Rcheck/vign_test/RHRV") :
     running 'make' failed
    Execution halted
Flavor: r-release-osx-x86_64-mavericks