CRAN Package Check Results for Package RHRV

Last updated on 2017-05-24 01:49:23.

Flavor Version Tinstall Tcheck Ttotal Status Flags
r-devel-linux-x86_64-debian-clang 4.2.3 5.42 64.37 69.79 NOTE
r-devel-linux-x86_64-debian-gcc 4.2.3 5.34 64.23 69.57 NOTE
r-devel-linux-x86_64-fedora-clang 4.2.3 134.91 NOTE --no-stop-on-test-error
r-devel-linux-x86_64-fedora-gcc 4.2.3 131.07 NOTE --no-stop-on-test-error
r-devel-windows-ix86+x86_64 4.2.3 29.00 121.00 150.00 OK
r-patched-linux-x86_64 4.2.3 5.20 65.86 71.06 NOTE
r-patched-solaris-sparc 4.2.3 824.90 OK
r-patched-solaris-x86 4.2.3 192.40 OK
r-release-linux-x86_64 4.2.3 5.03 68.15 73.18 NOTE
r-release-windows-ix86+x86_64 4.2.3 17.00 165.00 182.00 OK
r-release-osx-x86_64 4.2.3 OK
r-oldrel-windows-ix86+x86_64 4.2.3 27.00 167.00 194.00 OK
r-oldrel-osx-x86_64 4.2.3 OK

Check Details

Version: 4.2.3
Check: compiled code
Result: NOTE
    File ‘RHRV/libs/RHRV.so’:
     Found no calls to: ‘R_registerRoutines’, ‘R_useDynamicSymbols’
    
    It is good practice to register native routines and to disable symbol
    search.
    
    See ‘Writing portable packages’ in the ‘Writing R Extensions’ manual.
Flavors: r-devel-linux-x86_64-debian-clang, r-devel-linux-x86_64-debian-gcc, r-patched-linux-x86_64, r-release-linux-x86_64

Version: 4.2.3
Flags: --no-stop-on-test-error
Check: compiled code
Result: NOTE
    File ‘RHRV/libs/RHRV.so’:
     Found no calls to: ‘R_registerRoutines’, ‘R_useDynamicSymbols’
    
    It is good practice to register native routines and to disable symbol
    search.
    
    See ‘Writing portable packages’ in the ‘Writing R Extensions’ manual.
Flavors: r-devel-linux-x86_64-fedora-clang, r-devel-linux-x86_64-fedora-gcc