CRAN Package Check Results for Package RHRV

Last updated on 2017-06-28 23:55:37.

Flavor Version Tinstall Tcheck Ttotal Status Flags
r-devel-linux-x86_64-debian-clang 4.2.3 5.20 64.62 69.83 NOTE
r-devel-linux-x86_64-debian-gcc 4.2.3 4.90 66.23 71.13 NOTE
r-devel-linux-x86_64-fedora-clang 4.2.3 134.09 NOTE
r-devel-linux-x86_64-fedora-gcc 4.2.3 136.29 NOTE
r-devel-windows-ix86+x86_64 4.2.3 18.00 132.00 150.00 OK
r-patched-linux-x86_64 4.2.3 5.01 67.50 72.51 NOTE
r-patched-solaris-sparc 4.2.3 824.90 OK
r-patched-solaris-x86 4.2.3 204.80 OK
r-release-linux-x86_64 4.2.3 5.48 64.96 70.44 NOTE
r-release-windows-ix86+x86_64 4.2.3 18.00 185.00 203.00 OK
r-release-osx-x86_64 4.2.3 OK
r-oldrel-windows-ix86+x86_64 4.2.3 20.00 151.00 171.00 OK
r-oldrel-osx-x86_64 4.2.3 OK

Check Details

Version: 4.2.3
Check: compiled code
Result: NOTE
    File ‘RHRV/libs/RHRV.so’:
     Found no calls to: ‘R_registerRoutines’, ‘R_useDynamicSymbols’
    
    It is good practice to register native routines and to disable symbol
    search.
    
    See ‘Writing portable packages’ in the ‘Writing R Extensions’ manual.
Flavors: r-devel-linux-x86_64-debian-clang, r-devel-linux-x86_64-debian-gcc, r-devel-linux-x86_64-fedora-clang, r-devel-linux-x86_64-fedora-gcc, r-patched-linux-x86_64, r-release-linux-x86_64