CRAN Package Check Results for Package RHRV

Last updated on 2019-06-17 17:46:53 CEST.

Flavor Version Tinstall Tcheck Ttotal Status Flags
r-devel-linux-x86_64-debian-clang 4.2.4 17.55 101.97 119.52 OK
r-devel-linux-x86_64-debian-gcc 4.2.4 13.98 82.22 96.20 OK
r-devel-linux-x86_64-fedora-clang 4.2.4 147.52 OK
r-devel-linux-x86_64-fedora-gcc 4.2.4 142.63 OK
r-devel-windows-ix86+x86_64 4.2.4 55.00 190.00 245.00 OK
r-patched-linux-x86_64 4.2.4 17.38 104.29 121.67 OK
r-patched-solaris-x86 4.2.4 242.60 OK
r-release-linux-x86_64 4.2.4 16.32 103.91 120.23 OK
r-release-windows-ix86+x86_64 4.2.4 33.00 144.00 177.00 OK
r-release-osx-x86_64 4.2.4 WARN
r-oldrel-windows-ix86+x86_64 4.2.4 21.00 183.00 204.00 OK
r-oldrel-osx-x86_64 4.2.4 OK

Check Details

Version: 4.2.4
Check: whether package can be installed
Result: WARN
    Found the following significant warnings:
     Warning: loading Rplot failed
     Warning: 'rgl_init' failed, running with rgl.useNULL = TRUE
Flavor: r-release-osx-x86_64