CRAN Package Check Results for Package RHRV

Last updated on 2017-10-19 21:51:50.

Flavor Version Tinstall Tcheck Ttotal Status Flags
r-devel-linux-x86_64-debian-clang 4.2.3 5.37 67.29 72.66 NOTE
r-devel-linux-x86_64-debian-gcc 4.2.3 6.35 67.16 73.51 NOTE
r-devel-linux-x86_64-fedora-clang 4.2.3 139.83 NOTE
r-devel-linux-x86_64-fedora-gcc 4.2.3 138.40 NOTE
r-devel-windows-ix86+x86_64 4.2.3 14.00 124.00 138.00 OK
r-patched-linux-x86_64 4.2.3 5.30 68.18 73.47 NOTE
r-patched-solaris-x86 4.2.3 210.90 OK
r-release-linux-x86_64 4.2.3 5.68 68.34 74.02 NOTE
r-release-windows-ix86+x86_64 4.2.3 23.00 126.00 149.00 OK
r-release-osx-x86_64 4.2.3 OK
r-oldrel-windows-ix86+x86_64 4.2.3 31.00 163.00 194.00 OK
r-oldrel-osx-x86_64 4.2.3 OK

Check Details

Version: 4.2.3
Check: compiled code
Result: NOTE
    File ‘RHRV/libs/RHRV.so’:
     Found no calls to: ‘R_registerRoutines’, ‘R_useDynamicSymbols’
    
    It is good practice to register native routines and to disable symbol
    search.
    
    See ‘Writing portable packages’ in the ‘Writing R Extensions’ manual.
Flavors: r-devel-linux-x86_64-debian-clang, r-devel-linux-x86_64-debian-gcc, r-devel-linux-x86_64-fedora-clang, r-devel-linux-x86_64-fedora-gcc, r-patched-linux-x86_64, r-release-linux-x86_64