CRAN Package Check Results for Package RHRV

Last updated on 2018-12-16 02:48:02 CET.

Flavor Version Tinstall Tcheck Ttotal Status Flags
r-devel-linux-x86_64-debian-clang 4.2.3 14.28 101.77 116.05 WARN
r-devel-linux-x86_64-debian-gcc 4.2.3 10.26 80.81 91.07 OK
r-devel-linux-x86_64-fedora-clang 4.2.3 138.02 WARN
r-devel-linux-x86_64-fedora-gcc 4.2.3 127.07 NOTE
r-devel-windows-ix86+x86_64 4.2.3 26.00 164.00 190.00 OK
r-patched-linux-x86_64 4.2.3 11.27 94.94 106.21 OK
r-patched-solaris-x86 4.2.3 201.40 OK
r-release-linux-x86_64 4.2.3 10.99 93.37 104.36 OK
r-release-windows-ix86+x86_64 4.2.3 36.00 169.00 205.00 OK
r-release-osx-x86_64 4.2.3 WARN
r-oldrel-windows-ix86+x86_64 4.2.3 25.00 171.00 196.00 OK
r-oldrel-osx-x86_64 4.2.3 OK

Check Details

Version: 4.2.3
Check: whether package can be installed
Result: WARN
    Found the following significant warnings:
     filterhr.c:21:11: warning: using integer absolute value function 'abs' when argument is of floating point type [-Wabsolute-value]
     filterhr.c:21:53: warning: using integer absolute value function 'abs' when argument is of floating point type [-Wabsolute-value]
     filterhr.c:21:95: warning: using integer absolute value function 'abs' when argument is of floating point type [-Wabsolute-value]
Flavors: r-devel-linux-x86_64-debian-clang, r-devel-linux-x86_64-fedora-clang, r-release-osx-x86_64

Version: 4.2.3
Check: compiled code
Result: NOTE
    File ‘RHRV/libs/RHRV.so’:
     Found no calls to: ‘R_registerRoutines’, ‘R_useDynamicSymbols’
    
    It is good practice to register native routines and to disable symbol
    search.
    
    See ‘Writing portable packages’ in the ‘Writing R Extensions’ manual.
Flavors: r-devel-linux-x86_64-fedora-clang, r-devel-linux-x86_64-fedora-gcc