CRAN Package Check Results for Package RHRV

Last updated on 2018-10-21 06:46:50 CEST.

Flavor Version Tinstall Tcheck Ttotal Status Flags
r-devel-linux-x86_64-debian-clang 4.2.3 13.40 109.10 122.50 WARN
r-devel-linux-x86_64-debian-gcc 4.2.3 11.01 87.18 98.19 OK
r-devel-linux-x86_64-fedora-clang 4.2.3 144.02 WARN
r-devel-linux-x86_64-fedora-gcc 4.2.3 140.46 NOTE
r-devel-windows-ix86+x86_64 4.2.3 28.00 194.00 222.00 OK
r-patched-linux-x86_64 4.2.3 12.27 93.87 106.14 OK
r-patched-solaris-x86 4.2.3 196.30 OK
r-release-linux-x86_64 4.2.3 0.51 1.97 2.48 ERROR
r-release-windows-ix86+x86_64 4.2.3 28.00 169.00 197.00 OK
r-release-osx-x86_64 4.2.3 WARN
r-oldrel-windows-ix86+x86_64 4.2.3 20.00 176.00 196.00 OK
r-oldrel-osx-x86_64 4.2.3 OK

Check Details

Version: 4.2.3
Check: whether package can be installed
Result: WARN
    Found the following significant warnings:
     filterhr.c:21:11: warning: using integer absolute value function 'abs' when argument is of floating point type [-Wabsolute-value]
     filterhr.c:21:53: warning: using integer absolute value function 'abs' when argument is of floating point type [-Wabsolute-value]
     filterhr.c:21:95: warning: using integer absolute value function 'abs' when argument is of floating point type [-Wabsolute-value]
Flavors: r-devel-linux-x86_64-debian-clang, r-devel-linux-x86_64-fedora-clang, r-release-osx-x86_64

Version: 4.2.3
Check: compiled code
Result: NOTE
    File ‘RHRV/libs/RHRV.so’:
     Found no calls to: ‘R_registerRoutines’, ‘R_useDynamicSymbols’
    
    It is good practice to register native routines and to disable symbol
    search.
    
    See ‘Writing portable packages’ in the ‘Writing R Extensions’ manual.
Flavors: r-devel-linux-x86_64-fedora-clang, r-devel-linux-x86_64-fedora-gcc

Version: 4.2.3
Check: package dependencies
Result: ERROR
    Package required but not available: ‘nonlinearTseries’
    
    See section ‘The DESCRIPTION file’ in the ‘Writing R Extensions’
    manual.
Flavor: r-release-linux-x86_64