CRAN Package Check Results for Package RHRV

Last updated on 2017-03-29 22:47:25.

Flavor Version Tinstall Tcheck Ttotal Status Flags
r-devel-linux-x86_64-debian-clang 4.2.3 5.12 65.03 70.14 NOTE
r-devel-linux-x86_64-debian-gcc 4.2.3 5.01 63.97 68.98 NOTE
r-devel-linux-x86_64-fedora-clang 4.2.3 132.16 NOTE --no-stop-on-test-error
r-devel-linux-x86_64-fedora-gcc 4.2.3 130.68 NOTE --no-stop-on-test-error
r-devel-macos-x86_64-clang 4.2.3 108.24 NOTE --no-stop-on-test-error
r-devel-windows-ix86+x86_64 4.2.3 18.00 139.00 157.00 OK
r-patched-linux-x86_64 4.2.3 5.15 64.33 69.48 NOTE
r-patched-solaris-sparc 4.2.3 824.90 OK
r-patched-solaris-x86 4.2.3 193.20 OK
r-release-linux-x86_64 4.2.3 5.25 60.02 65.27 OK
r-release-osx-x86_64-mavericks 4.2.3 OK
r-release-windows-ix86+x86_64 4.2.3 22.00 197.00 219.00 OK
r-oldrel-windows-ix86+x86_64 4.2.3 31.00 143.00 174.00 OK

Check Details

Version: 4.2.3
Check: compiled code
Result: NOTE
    File ‘RHRV/libs/RHRV.so’:
     Found no calls to: ‘R_registerRoutines’, ‘R_useDynamicSymbols’
    
    It is good practice to register native routines and to disable symbol
    search.
    
    See ‘Writing portable packages’ in the ‘Writing R Extensions’ manual.
Flavors: r-devel-linux-x86_64-debian-clang, r-devel-linux-x86_64-debian-gcc, r-patched-linux-x86_64

Version: 4.2.3
Flags: --no-stop-on-test-error
Check: compiled code
Result: NOTE
    File ‘RHRV/libs/RHRV.so’:
     Found no calls to: ‘R_registerRoutines’, ‘R_useDynamicSymbols’
    
    It is good practice to register native routines and to disable symbol
    search.
    
    See ‘Writing portable packages’ in the ‘Writing R Extensions’ manual.
Flavors: r-devel-linux-x86_64-fedora-clang, r-devel-linux-x86_64-fedora-gcc, r-devel-macos-x86_64-clang