CRAN Package Check Results for Package RHRV

Last updated on 2021-02-28 22:47:14 CET.

Flavor Version Tinstall Tcheck Ttotal Status Flags
r-devel-linux-x86_64-debian-clang 4.2.6 OK
r-devel-linux-x86_64-debian-gcc 4.2.6 12.16 85.54 97.70 OK
r-devel-linux-x86_64-fedora-clang 4.2.6 162.90 NOTE
r-devel-linux-x86_64-fedora-gcc 4.2.6 151.33 OK
r-devel-windows-ix86+x86_64 4.2.6 25.00 131.00 156.00 OK
r-patched-linux-x86_64 4.2.6 12.69 105.12 117.81 OK
r-patched-solaris-x86 4.2.6 213.70 OK
r-release-linux-x86_64 4.2.6 15.70 106.17 121.87 OK
r-release-macos-x86_64 4.2.6 OK
r-release-windows-ix86+x86_64 4.2.6 36.00 175.00 211.00 OK
r-oldrel-macos-x86_64 4.2.6 WARN
r-oldrel-windows-ix86+x86_64 4.2.6 21.00 122.00 143.00 OK

Check Details

Version: 4.2.6
Check: Rd cross-references
Result: NOTE
    Undeclared packages ‘tseries’, ‘TSA’ in Rd xrefs
Flavor: r-devel-linux-x86_64-fedora-clang

Version: 4.2.6
Check: whether package can be installed
Result: WARN
    Found the following significant warnings:
     Warning: 'rgl.init' failed, running with 'rgl.useNULL = TRUE'.
Flavor: r-oldrel-macos-x86_64

Version: 4.2.6
Check: dependencies in R code
Result: NOTE
    No protocol specified
    No protocol specified
    No protocol specified
    No protocol specified
Flavor: r-oldrel-macos-x86_64