CRAN Package Check Results for Package RHRV

Last updated on 2015-01-25 16:49:21.

Flavor Version Tinstall Tcheck Ttotal Status Flags
r-devel-linux-x86_64-debian-clang 4.0 5.16 104.42 109.58 NOTE
r-devel-linux-x86_64-debian-gcc 4.0 5.01 101.84 106.84 NOTE
r-devel-linux-x86_64-fedora-clang 4.0 233.42 NOTE
r-devel-linux-x86_64-fedora-gcc 4.0 226.25 NOTE
r-devel-osx-x86_64-clang 4.0 209.91 NOTE
r-devel-windows-ix86+x86_64 4.0 19.00 182.00 201.00 NOTE
r-patched-linux-x86_64 4.0 5.35 106.22 111.56 NOTE
r-patched-solaris-sparc 4.0 1363.40 NOTE
r-patched-solaris-x86 4.0 324.60 NOTE
r-release-linux-ix86 4.0 6.89 125.11 132.00 NOTE
r-release-linux-x86_64 4.0 5.32 107.48 112.80 NOTE
r-release-osx-x86_64-mavericks 4.0 NOTE
r-release-osx-x86_64-snowleopard 4.0 OK
r-release-windows-ix86+x86_64 4.0 17.00 182.00 199.00 NOTE
r-oldrel-windows-ix86+x86_64 4.0 21.00 192.00 213.00 OK

Check Details

Version: 4.0
Check: files in ‘vignettes’
Result: NOTE
    The following files look like leftovers/mistakes:
     ‘Rplots.pdf’
    Please remove them from your package.
Flavors: r-devel-linux-x86_64-debian-clang, r-devel-linux-x86_64-debian-gcc, r-devel-linux-x86_64-fedora-clang, r-devel-linux-x86_64-fedora-gcc, r-devel-osx-x86_64-clang, r-devel-windows-ix86+x86_64, r-patched-linux-x86_64, r-patched-solaris-sparc, r-patched-solaris-x86, r-release-linux-ix86, r-release-linux-x86_64, r-release-osx-x86_64-mavericks, r-release-windows-ix86+x86_64