CRAN Package Check Results for Package RHRV

Last updated on 2019-08-25 17:49:54 CEST.

Flavor Version Tinstall Tcheck Ttotal Status Flags
r-devel-linux-x86_64-debian-clang 4.2.4 18.14 101.08 119.22 OK
r-devel-linux-x86_64-debian-gcc 4.2.4 14.82 82.40 97.22 OK
r-devel-linux-x86_64-fedora-clang 4.2.4 148.55 OK
r-devel-linux-x86_64-fedora-gcc 4.2.4 149.42 OK
r-devel-windows-ix86+x86_64 4.2.4 53.00 138.00 191.00 OK
r-patched-linux-x86_64 4.2.4 16.12 103.86 119.98 OK
r-patched-solaris-x86 4.2.4 230.60 OK
r-release-linux-x86_64 4.2.4 17.06 102.87 119.93 OK
r-release-windows-ix86+x86_64 4.2.4 48.00 185.00 233.00 OK
r-release-osx-x86_64 4.2.4 WARN
r-oldrel-windows-ix86+x86_64 4.2.4 32.00 174.00 206.00 OK
r-oldrel-osx-x86_64 4.2.4 OK

Check Details

Version: 4.2.4
Check: whether package can be installed
Result: WARN
    Found the following significant warnings:
     Warning: loading Rplot failed
     Warning: 'rgl_init' failed, running with rgl.useNULL = TRUE
Flavor: r-release-osx-x86_64