CRAN Package Check Results for Package RHRV

Last updated on 2014-04-23 20:47:20.

Flavor Version Tinstall Tcheck Ttotal Status Flags
r-devel-linux-x86_64-debian-clang 4.0 5.64 109.93 115.58 OK
r-devel-linux-x86_64-debian-gcc 4.0 5.66 107.93 113.59 OK
r-devel-linux-x86_64-fedora-clang 4.0 243.15 OK
r-devel-linux-x86_64-fedora-gcc 4.0 233.75 OK
r-devel-osx-x86_64-clang 4.0 210.43 OK
r-devel-osx-x86_64-gcc 4.0 ERROR
r-devel-windows-ix86+x86_64 4.0 18.00 174.00 192.00 OK
r-patched-linux-x86_64 4.0 5.59 108.55 114.14 OK
r-patched-solaris-sparc 4.0 1347.60 OK
r-patched-solaris-x86 4.0 330.20 OK
r-release-linux-ix86 4.0 9.00 175.00 184.00 OK
r-release-linux-x86_64 4.0 5.65 109.84 115.49 OK
r-release-osx-x86_64-mavericks 4.0 WARN
r-release-osx-x86_64-snowleopard 4.0 OK
r-release-windows-ix86+x86_64 4.0 17.00 185.00 202.00 OK
r-oldrel-windows-ix86+x86_64 4.0 18.00 169.00 187.00 OK

Check Details

Version: 4.0
Check: package dependencies
Result: ERROR
    Package required but not available: ‘nonlinearTseries’
    
    See the information on DESCRIPTION files in the chapter ‘Creating R
    packages’ of the ‘Writing R Extensions’ manual.
Flavor: r-devel-osx-x86_64-gcc

Version: 4.0
Check: whether package can be installed
Result: WARNING
    Found the following significant warnings:
     Warning: loading Rplot failed
     Warning: loading Rplot failed
    See ‘/Builds/CRAN-QA-Simon/packages/mavericks-x86_64/results/3.1/RHRV.Rcheck/00install.out’ for details.
Flavor: r-release-osx-x86_64-mavericks

Version: 4.0
Check: re-building of vignette outputs
Result: NOTE
    Error in re-building vignettes:
     ...
     Plotted ULF
     Plotted VLF
     Plotted LF
     Plotted HF
     Power per band plotted
    
    You can now run (pdf)latex on ‘RHRV-quickstart.tex’
    Warning message:
    loading Rplot failed
    /Library/Frameworks/R.framework/Resources/bin/Rscript -e "tools::texi2dvi( 'RHRV-quickstart.tex', pdf = TRUE, clean = TRUE )"
    Error in tools::texi2dvi("RHRV-quickstart.tex", pdf = TRUE, clean = TRUE) :
     Running 'texi2dvi' on 'RHRV-quickstart.tex' failed.
    LaTeX errors:
    ! LaTeX Error: File `vmargin.sty' not found.
    
    Type X to quit or <RETURN> to proceed,
    or enter new name. (Default extension: sty)
    
    st/RHRV/vignettes/RHRV-quickstart.tex:397: ==> Fatal error occurred, no output
     PDF file produced!
    Execution halted
    make: *** [RHRV-quickstart.pdf] Error 1
    Error in buildVignettes(dir = "/Builds/CRAN-QA-Simon/packages/mavericks-x86_64/results/3.1/RHRV.Rcheck/vign_test/RHRV") :
     running 'make' failed
    Execution halted
Flavor: r-release-osx-x86_64-mavericks

Version: 4.0
Check: PDF version of manual
Result: WARNING
    LaTeX errors when creating PDF version.
    This typically indicates Rd problems.
    LaTeX errors found:
    ! LaTeX Error: File `upquote.sty' not found.
    
    Type X to quit or <RETURN> to proceed,
    or enter new name. (Default extension: sty)
    
    373fffc1/Rd2.tex:8: ==> Fatal error occurred, no output PDF file produced!
Flavor: r-release-osx-x86_64-mavericks