CRAN Package Check Results for Package RHRV

Last updated on 2015-05-26 08:48:04.

Flavor Version Tinstall Tcheck Ttotal Status Flags
r-devel-linux-x86_64-debian-clang 4.0 4.66 88.84 93.50 NOTE
r-devel-linux-x86_64-debian-gcc 4.0 4.61 85.44 90.05 NOTE
r-devel-linux-x86_64-fedora-clang 4.0 184.46 NOTE
r-devel-linux-x86_64-fedora-gcc 4.0 180.38 NOTE
r-devel-osx-x86_64-clang 4.0 164.80 NOTE
r-devel-windows-ix86+x86_64 4.0 16.00 138.00 154.00 NOTE
r-patched-linux-x86_64 4.0 4.20 87.74 91.94 NOTE
r-patched-solaris-sparc 4.0 1147.00 NOTE
r-patched-solaris-x86 4.0 209.70 NOTE
r-release-linux-x86_64 4.0 4.18 86.08 90.26 NOTE
r-release-osx-x86_64-mavericks 4.0 NOTE
r-release-osx-x86_64-snowleopard 4.0 ERROR
r-release-windows-ix86+x86_64 4.0 17.00 148.00 165.00 NOTE
r-oldrel-windows-ix86+x86_64 4.0 20.00 166.00 186.00 NOTE

Check Details

Version: 4.0
Check: files in ‘vignettes’
Result: NOTE
    The following files look like leftovers/mistakes:
     ‘Rplots.pdf’
    Please remove them from your package.
Flavors: r-devel-linux-x86_64-debian-clang, r-devel-linux-x86_64-debian-gcc, r-devel-linux-x86_64-fedora-clang, r-devel-linux-x86_64-fedora-gcc, r-devel-osx-x86_64-clang, r-devel-windows-ix86+x86_64, r-patched-linux-x86_64, r-patched-solaris-sparc, r-patched-solaris-x86, r-release-linux-x86_64, r-release-osx-x86_64-mavericks, r-release-windows-ix86+x86_64, r-oldrel-windows-ix86+x86_64

Version: 4.0
Check: re-building of vignette outputs
Result: NOTE
    Error in re-building vignettes:
     ...
    Error: processing vignette 'RHRV-quickstart.Rnw' failed with diagnostics:
    "top_level" not available for .Call() for package "highlight"
    Execution halted
Flavor: r-release-osx-x86_64-mavericks

Version: 4.0
Check: package dependencies
Result: ERROR
    Package required but not available: ‘nonlinearTseries’
    
    See section ‘The DESCRIPTION file’ in the ‘Writing R Extensions’
    manual.
Flavor: r-release-osx-x86_64-snowleopard