CRAN Package Check Results for Package RHRV

Last updated on 2015-03-04 15:47:03.

Flavor Version Tinstall Tcheck Ttotal Status Flags
r-devel-linux-x86_64-debian-clang 4.0 4.34 86.74 91.08 NOTE
r-devel-linux-x86_64-debian-gcc 4.0 4.16 85.32 89.48 NOTE
r-devel-linux-x86_64-fedora-clang 4.0 171.77 NOTE
r-devel-linux-x86_64-fedora-gcc 4.0 170.25 NOTE
r-devel-osx-x86_64-clang 4.0 172.01 NOTE
r-devel-windows-ix86+x86_64 4.0 18.00 154.00 172.00 NOTE
r-patched-linux-x86_64 4.0 6.01 110.12 116.13 NOTE
r-patched-solaris-sparc 4.0 1385.60 NOTE
r-patched-solaris-x86 4.0 329.30 NOTE
r-release-linux-ix86 4.0 7.35 130.42 137.77 NOTE
r-release-linux-x86_64 4.0 5.99 98.00 103.99 NOTE
r-release-osx-x86_64-mavericks 4.0 NOTE
r-release-osx-x86_64-snowleopard 4.0 OK
r-release-windows-ix86+x86_64 4.0 20.00 182.00 202.00 NOTE
r-oldrel-windows-ix86+x86_64 4.0 19.00 177.00 196.00 OK

Check Details

Version: 4.0
Check: files in ‘vignettes’
Result: NOTE
    The following files look like leftovers/mistakes:
     ‘Rplots.pdf’
    Please remove them from your package.
Flavors: r-devel-linux-x86_64-debian-clang, r-devel-linux-x86_64-debian-gcc, r-devel-linux-x86_64-fedora-clang, r-devel-linux-x86_64-fedora-gcc, r-devel-osx-x86_64-clang, r-devel-windows-ix86+x86_64, r-patched-linux-x86_64, r-patched-solaris-sparc, r-patched-solaris-x86, r-release-linux-ix86, r-release-linux-x86_64, r-release-osx-x86_64-mavericks, r-release-windows-ix86+x86_64