CRAN Package Check Results for Package RHRV

Last updated on 2018-08-20 13:48:15 CEST.

Flavor Version Tinstall Tcheck Ttotal Status Flags
r-devel-linux-x86_64-debian-clang 4.2.3 11.74 104.80 116.54 WARN
r-devel-linux-x86_64-debian-gcc 4.2.3 11.11 86.00 97.11 NOTE
r-devel-linux-x86_64-fedora-clang 4.2.3 140.51 WARN
r-devel-linux-x86_64-fedora-gcc 4.2.3 139.12 NOTE
r-devel-windows-ix86+x86_64 4.2.3 29.00 251.00 280.00 OK
r-patched-linux-x86_64 4.2.3 12.86 94.02 106.88 NOTE
r-patched-solaris-x86 4.2.3 4.00 ERROR
r-release-linux-x86_64 4.2.3 12.82 94.32 107.14 NOTE
r-release-windows-ix86+x86_64 4.2.3 28.00 171.00 199.00 OK
r-release-osx-x86_64 4.2.3 WARN
r-oldrel-windows-ix86+x86_64 4.2.3 16.00 144.00 160.00 OK
r-oldrel-osx-x86_64 4.2.3 OK

Check Details

Version: 4.2.3
Check: whether package can be installed
Result: WARN
    Found the following significant warnings:
     filterhr.c:21:11: warning: using integer absolute value function 'abs' when argument is of floating point type [-Wabsolute-value]
     filterhr.c:21:53: warning: using integer absolute value function 'abs' when argument is of floating point type [-Wabsolute-value]
     filterhr.c:21:95: warning: using integer absolute value function 'abs' when argument is of floating point type [-Wabsolute-value]
Flavors: r-devel-linux-x86_64-debian-clang, r-devel-linux-x86_64-fedora-clang, r-release-osx-x86_64

Version: 4.2.3
Check: compiled code
Result: NOTE
    File ‘RHRV/libs/RHRV.so’:
     Found no calls to: ‘R_registerRoutines’, ‘R_useDynamicSymbols’
    
    It is good practice to register native routines and to disable symbol
    search.
    
    See ‘Writing portable packages’ in the ‘Writing R Extensions’ manual.
Flavors: r-devel-linux-x86_64-debian-clang, r-devel-linux-x86_64-debian-gcc, r-devel-linux-x86_64-fedora-clang, r-devel-linux-x86_64-fedora-gcc, r-patched-linux-x86_64, r-release-linux-x86_64

Version: 4.2.3
Check: package dependencies
Result: ERROR
    Package required but not available: ‘nonlinearTseries’
    
    See section ‘The DESCRIPTION file’ in the ‘Writing R Extensions’
    manual.
Flavor: r-patched-solaris-x86