CRAN Package Check Results for Package RHRV

Last updated on 2018-06-21 04:49:30 CEST.

Flavor Version Tinstall Tcheck Ttotal Status Flags
r-devel-linux-x86_64-debian-clang 4.2.3 14.22 102.91 117.13 WARN
r-devel-linux-x86_64-debian-gcc 4.2.3 9.80 85.79 95.59 NOTE
r-devel-linux-x86_64-fedora-clang 4.2.3 143.15 WARN
r-devel-linux-x86_64-fedora-gcc 4.2.3 137.64 NOTE
r-devel-windows-ix86+x86_64 4.2.3 35.00 191.00 226.00 OK
r-patched-linux-x86_64 4.2.3 13.61 95.89 109.50 NOTE
r-patched-solaris-x86 4.2.3 201.00 OK
r-release-linux-x86_64 4.2.3 11.81 95.33 107.14 NOTE
r-release-windows-ix86+x86_64 4.2.3 23.00 128.00 151.00 OK
r-release-osx-x86_64 4.2.3 WARN
r-oldrel-windows-ix86+x86_64 4.2.3 16.00 119.00 135.00 OK
r-oldrel-osx-x86_64 4.2.3 OK

Check Details

Version: 4.2.3
Check: whether package can be installed
Result: WARN
    Found the following significant warnings:
     filterhr.c:21:11: warning: using integer absolute value function 'abs' when argument is of floating point type [-Wabsolute-value]
     filterhr.c:21:53: warning: using integer absolute value function 'abs' when argument is of floating point type [-Wabsolute-value]
     filterhr.c:21:95: warning: using integer absolute value function 'abs' when argument is of floating point type [-Wabsolute-value]
Flavors: r-devel-linux-x86_64-debian-clang, r-devel-linux-x86_64-fedora-clang, r-release-osx-x86_64

Version: 4.2.3
Check: compiled code
Result: NOTE
    File ‘RHRV/libs/RHRV.so’:
     Found no calls to: ‘R_registerRoutines’, ‘R_useDynamicSymbols’
    
    It is good practice to register native routines and to disable symbol
    search.
    
    See ‘Writing portable packages’ in the ‘Writing R Extensions’ manual.
Flavors: r-devel-linux-x86_64-debian-clang, r-devel-linux-x86_64-debian-gcc, r-devel-linux-x86_64-fedora-clang, r-devel-linux-x86_64-fedora-gcc, r-patched-linux-x86_64, r-release-linux-x86_64