CRAN Package Check Results for Package RHRV

Last updated on 2017-08-18 08:47:38.

Flavor Version Tinstall Tcheck Ttotal Status Flags
r-devel-linux-x86_64-debian-clang 4.2.3 5.42 66.56 71.98 NOTE
r-devel-linux-x86_64-debian-gcc 4.2.3 4.89 64.73 69.61 NOTE
r-devel-linux-x86_64-fedora-clang 4.2.3 134.76 NOTE
r-devel-linux-x86_64-fedora-gcc 4.2.3 139.35 NOTE
r-devel-windows-ix86+x86_64 4.2.3 18.00 127.00 145.00 OK
r-patched-linux-x86_64 4.2.3 5.54 68.91 74.44 NOTE
r-patched-solaris-x86 4.2.3 201.20 OK
r-release-linux-x86_64 4.2.3 5.16 66.84 72.00 NOTE
r-release-windows-ix86+x86_64 4.2.3 26.00 123.00 149.00 OK
r-release-osx-x86_64 4.2.3 OK
r-oldrel-windows-ix86+x86_64 4.2.3 14.00 106.00 120.00 OK
r-oldrel-osx-x86_64 4.2.3 OK

Check Details

Version: 4.2.3
Check: compiled code
Result: NOTE
    File ‘RHRV/libs/RHRV.so’:
     Found no calls to: ‘R_registerRoutines’, ‘R_useDynamicSymbols’
    
    It is good practice to register native routines and to disable symbol
    search.
    
    See ‘Writing portable packages’ in the ‘Writing R Extensions’ manual.
Flavors: r-devel-linux-x86_64-debian-clang, r-devel-linux-x86_64-debian-gcc, r-devel-linux-x86_64-fedora-clang, r-devel-linux-x86_64-fedora-gcc, r-patched-linux-x86_64, r-release-linux-x86_64