CRAN Package Check Results for Package RHRV

Last updated on 2015-07-06 23:48:01.

Flavor Version Tinstall Tcheck Ttotal Status Flags
r-devel-linux-x86_64-debian-clang 4.0 4.61 88.55 93.16 NOTE
r-devel-linux-x86_64-debian-gcc 4.0 4.65 89.09 93.74 NOTE
r-devel-linux-x86_64-fedora-clang 4.0 187.03 NOTE
r-devel-linux-x86_64-fedora-gcc 4.0 179.30 NOTE
r-devel-osx-x86_64-clang 4.0 172.90 NOTE
r-devel-windows-ix86+x86_64 4.0 24.00 149.00 173.00 NOTE
r-patched-linux-x86_64 4.0 4.44 90.43 94.87 NOTE
r-patched-solaris-sparc 4.0 1235.10 NOTE
r-patched-solaris-x86 4.0 5.50 ERROR
r-release-linux-x86_64 4.0 4.50 90.22 94.72 NOTE
r-release-osx-x86_64-mavericks 4.0 NOTE
r-release-windows-ix86+x86_64 4.0 23.00 151.00 174.00 NOTE
r-oldrel-windows-ix86+x86_64 4.0 20.00 291.00 311.00 NOTE

Check Details

Version: 4.0
Check: R code for possible problems
Result: NOTE
    CalculateApEn: no visible global function definition for ‘sd’
    CalculatePowerBand: no visible global function definition for ‘fft’
    CalculateRfromCorrelation: no visible global function definition for
     ‘dist’
    CalculateRfromCorrelation: no visible global function definition for
     ‘quantile’
    CalculateSpectrogram: no visible global function definition for ‘fft’
    CreateTimeAnalysis: no visible global function definition for ‘sd’
    CreateTimeAnalysis: no visible global function definition for ‘head’
    CreateTimeAnalysis: no visible global function definition for ‘tail’
    CreateTimeAnalysis: no visible global function definition for
     ‘quantile’
    CreateTimeAnalysis: no visible global function definition for ‘median’
    CreateTimeAnalysis: no visible global function definition for ‘hist’
    EditNIHR : editFunction : plotFunction: no visible global function
     definition for ‘plot’
    EditNIHR : editFunction : plotFunction: no visible global function
     definition for ‘title’
    EditNIHR : editFunction : plotFunction: no visible global function
     definition for ‘points’
    EditNIHR : editFunction : plotFunction: no visible global function
     definition for ‘rect’
    EditNIHR : editFunction : plotFunction: no visible global function
     definition for ‘text’
    EditNIHR : editFunction : plotFunction: no visible global function
     definition for ‘par’
    FilterNIHR: no visible global function definition for ‘sd’
    IntegralCorrelation: no visible global function definition for ‘dist’
    InterpolateNIHR: no visible global function definition for ‘head’
    InterpolateNIHR: no visible global function definition for ‘tail’
    InterpolateNIHR: no visible global function definition for ‘approxfun’
    InterpolateNIHR: no visible global function definition for ‘splinefun’
    LoadApneaWFDB: no visible global function definition for ‘tail’
    LoadApneaWFDB: no visible global function definition for ‘head’
    LoadBeatAscii: no visible global function definition for ‘read.table’
    LoadBeatRR: no visible global function definition for ‘read.table’
    LoadEpisodesAscii: no visible global function definition for
     ‘read.table’
    NonLinearNoiseReduction: no visible global function definition for
     ‘runif’
    NonLinearNoiseReduction: no visible global function definition for
     ‘diffinv’
    NonLinearNoiseReduction: no visible global function definition for
     ‘tail’
    PlotCorrDim: no visible global function definition for ‘plot’
    PlotDFA: no visible global function definition for ‘plot’
    PlotHR: no visible global function definition for ‘head’
    PlotHR: no visible global function definition for ‘tail’
    PlotHR: no visible global function definition for ‘plot’
    PlotHR: no visible global function definition for ‘grid’
    PlotHR: no visible global function definition for ‘rainbow’
    PlotHR: no visible global function definition for ‘rect’
    PlotHR: no visible global function definition for ‘lines’
    PlotHR: no visible global function definition for ‘legend’
    PlotHR: no visible global function definition for ‘title’
    PlotInfDim: no visible global function definition for ‘plot’
    PlotMaxLyapunov: no visible global function definition for ‘plot’
    PlotNIHR: no visible global function definition for ‘plot’
    PlotNIHR: no visible global function definition for ‘grid’
    PlotNIHR: no visible global function definition for ‘rainbow’
    PlotNIHR: no visible global function definition for ‘rect’
    PlotNIHR: no visible global function definition for ‘lines’
    PlotNIHR: no visible global function definition for ‘legend’
    PlotNIHR: no visible global function definition for ‘title’
    PlotPowerBand: no visible global function definition for ‘tail’
    PlotPowerBand: no visible global function definition for ‘head’
    PlotPowerBand: no visible global function definition for ‘rainbow’
    PlotPowerBand: no visible global function definition for ‘par’
    PlotPowerBand: no visible global function definition for ‘plot’
    PlotPowerBand: no visible global function definition for ‘rect’
    PlotPowerBand: no visible global function definition for ‘lines’
    PlotPowerBand: no visible global function definition for ‘legend’
    PlotPowerBand: no visible global function definition for ‘title’
    PlotSampleEntropy: no visible global function definition for ‘plot’
    PlotSampleEntropy: no visible global function definition for ‘par’
    PlotSpectrogram: no visible global function definition for ‘head’
    PlotSpectrogram: no visible global function definition for ‘tail’
    PlotSpectrogram: no visible global function definition for
     ‘filled.contour’
    PlotSpectrogram: no visible binding for global variable ‘topo.colors’
    PoincarePlot: no visible global function definition for ‘plot’
    PoincarePlot: no visible global function definition for ‘legend’
    SplitHRbyEpisodes: no visible global function definition for ‘head’
    SplitHRbyEpisodes: no visible global function definition for ‘tail’
    SplitPowerBandByEpisodes: no visible global function definition for
     ‘tail’
    SplitPowerBandByEpisodes: no visible global function definition for
     ‘head’
    computeSD: no visible global function definition for ‘sd’
    computeSD: no visible global function definition for ‘var’
    confidenceEllipse: no visible global function definition for ‘cov’
    confidenceEllipse: no visible global function definition for ‘qchisq’
    drawArrows: no visible global function definition for ‘arrows’
    drawEllipse: no visible global function definition for ‘lines’
    Undefined global functions or variables:
     approxfun arrows cov diffinv dist fft filled.contour grid head hist
     legend lines median par plot points qchisq quantile rainbow
     read.table rect runif sd splinefun tail text title topo.colors var
Flavors: r-devel-linux-x86_64-debian-clang, r-devel-linux-x86_64-debian-gcc, r-devel-linux-x86_64-fedora-clang, r-devel-linux-x86_64-fedora-gcc, r-devel-windows-ix86+x86_64

Version: 4.0
Check: files in ‘vignettes’
Result: NOTE
    The following files look like leftovers/mistakes:
     ‘Rplots.pdf’
    Please remove them from your package.
Flavors: r-devel-linux-x86_64-debian-clang, r-devel-linux-x86_64-debian-gcc, r-devel-linux-x86_64-fedora-clang, r-devel-linux-x86_64-fedora-gcc, r-devel-osx-x86_64-clang, r-devel-windows-ix86+x86_64, r-patched-linux-x86_64, r-patched-solaris-sparc, r-release-linux-x86_64, r-release-osx-x86_64-mavericks, r-release-windows-ix86+x86_64, r-oldrel-windows-ix86+x86_64

Version: 4.0
Check: package dependencies
Result: ERROR
    Package required but not available: ‘nonlinearTseries’
    
    See section ‘The DESCRIPTION file’ in the ‘Writing R Extensions’
    manual.
Flavor: r-patched-solaris-x86

Version: 4.0
Check: re-building of vignette outputs
Result: NOTE
    Error in re-building vignettes:
     ...
    Error: processing vignette 'RHRV-quickstart.Rnw' failed with diagnostics:
    "top_level" not available for .Call() for package "highlight"
    Execution halted
Flavor: r-release-osx-x86_64-mavericks