CRAN Package Check Results for Package RHRV

Last updated on 2017-12-17 10:47:34 CET.

Flavor Version Tinstall Tcheck Ttotal Status Flags
r-devel-linux-x86_64-debian-clang 4.2.3 6.21 91.72 97.93 NOTE
r-devel-linux-x86_64-debian-gcc 4.2.3 5.15 77.09 82.24 NOTE
r-devel-linux-x86_64-fedora-clang 4.2.3 132.16 NOTE
r-devel-linux-x86_64-fedora-gcc 4.2.3 120.65 NOTE
r-devel-windows-ix86+x86_64 4.2.3 17.00 122.00 139.00 OK
r-patched-linux-x86_64 4.2.3 6.30 100.43 106.73 NOTE
r-patched-solaris-x86 4.2.3 196.60 OK
r-release-linux-x86_64 4.2.3 6.63 100.06 106.69 NOTE
r-release-windows-ix86+x86_64 4.2.3 16.00 127.00 143.00 OK
r-release-osx-x86_64 4.2.3 OK
r-oldrel-windows-ix86+x86_64 4.2.3 17.00 187.00 204.00 OK
r-oldrel-osx-x86_64 4.2.3 OK

Check Details

Version: 4.2.3
Check: compiled code
Result: NOTE
    File ‘RHRV/libs/RHRV.so’:
     Found no calls to: ‘R_registerRoutines’, ‘R_useDynamicSymbols’
    
    It is good practice to register native routines and to disable symbol
    search.
    
    See ‘Writing portable packages’ in the ‘Writing R Extensions’ manual.
Flavors: r-devel-linux-x86_64-debian-clang, r-devel-linux-x86_64-debian-gcc, r-devel-linux-x86_64-fedora-clang, r-devel-linux-x86_64-fedora-gcc, r-patched-linux-x86_64, r-release-linux-x86_64