CRAN Package Check Results for Package RHRV

Last updated on 2018-02-25 06:47:43 CET.

Flavor Version Tinstall Tcheck Ttotal Status Flags
r-devel-linux-x86_64-debian-clang 4.2.3 11.45 94.25 105.70 WARN
r-devel-linux-x86_64-debian-gcc 4.2.3 9.86 72.42 82.28 NOTE
r-devel-linux-x86_64-fedora-clang 4.2.3 127.69 WARN
r-devel-linux-x86_64-fedora-gcc 4.2.3 125.22 NOTE
r-devel-windows-ix86+x86_64 4.2.3 32.00 168.00 200.00 OK
r-patched-linux-x86_64 4.2.3 7.04 100.95 107.99 NOTE
r-patched-solaris-x86 4.2.3 196.40 OK
r-release-linux-x86_64 4.2.3 7.18 99.92 107.10 NOTE
r-release-windows-ix86+x86_64 4.2.3 24.00 166.00 190.00 OK
r-release-osx-x86_64 4.2.3 OK
r-oldrel-windows-ix86+x86_64 4.2.3 17.00 119.00 136.00 OK
r-oldrel-osx-x86_64 4.2.3 OK

Check Details

Version: 4.2.3
Check: whether package can be installed
Result: WARN
    Found the following significant warnings:
     filterhr.c:21:11: warning: using integer absolute value function 'abs' when argument is of floating point type [-Wabsolute-value]
     filterhr.c:21:53: warning: using integer absolute value function 'abs' when argument is of floating point type [-Wabsolute-value]
     filterhr.c:21:95: warning: using integer absolute value function 'abs' when argument is of floating point type [-Wabsolute-value]
Flavors: r-devel-linux-x86_64-debian-clang, r-devel-linux-x86_64-fedora-clang

Version: 4.2.3
Check: compiled code
Result: NOTE
    File ‘RHRV/libs/RHRV.so’:
     Found no calls to: ‘R_registerRoutines’, ‘R_useDynamicSymbols’
    
    It is good practice to register native routines and to disable symbol
    search.
    
    See ‘Writing portable packages’ in the ‘Writing R Extensions’ manual.
Flavors: r-devel-linux-x86_64-debian-clang, r-devel-linux-x86_64-debian-gcc, r-devel-linux-x86_64-fedora-clang, r-devel-linux-x86_64-fedora-gcc, r-patched-linux-x86_64, r-release-linux-x86_64