CRAN Package Check Results for Package RHRV

Last updated on 2015-04-28 03:47:30.

Flavor Version Tinstall Tcheck Ttotal Status Flags
r-devel-linux-x86_64-debian-clang 4.0 4.29 86.46 90.75 NOTE
r-devel-linux-x86_64-debian-gcc 4.0 4.31 86.35 90.66 NOTE
r-devel-linux-x86_64-fedora-clang 4.0 185.77 NOTE
r-devel-linux-x86_64-fedora-gcc 4.0 178.96 NOTE
r-devel-osx-x86_64-clang 4.0 163.81 NOTE
r-devel-windows-ix86+x86_64 4.0 15.00 150.00 165.00 NOTE
r-patched-linux-x86_64 4.0 4.27 87.75 92.02 NOTE
r-patched-solaris-sparc 4.0 1022.50 NOTE
r-patched-solaris-x86 4.0 261.50 NOTE
r-release-linux-x86_64 4.0 4.34 87.38 91.72 NOTE
r-release-osx-x86_64-mavericks 4.0 NOTE
r-release-osx-x86_64-snowleopard 4.0 ERROR
r-release-windows-ix86+x86_64 4.0 23.00 211.00 234.00 NOTE
r-oldrel-windows-ix86+x86_64 4.0 15.00 171.00 186.00 NOTE

Check Details

Version: 4.0
Check: files in ‘vignettes’
Result: NOTE
    The following files look like leftovers/mistakes:
     ‘Rplots.pdf’
    Please remove them from your package.
Flavors: r-devel-linux-x86_64-debian-clang, r-devel-linux-x86_64-debian-gcc, r-devel-linux-x86_64-fedora-clang, r-devel-linux-x86_64-fedora-gcc, r-devel-osx-x86_64-clang, r-devel-windows-ix86+x86_64, r-patched-solaris-sparc, r-patched-solaris-x86, r-release-linux-x86_64, r-release-osx-x86_64-mavericks, r-release-windows-ix86+x86_64, r-oldrel-windows-ix86+x86_64

Version: 4.0
Check: re-building of vignette outputs
Result: NOTE
    Error in re-building vignettes:
     ...
    Error: processing vignette 'RHRV-quickstart.Rnw' failed with diagnostics:
    "top_level" not available for .Call() for package "highlight"
    Execution halted
Flavor: r-release-osx-x86_64-mavericks

Version: 4.0
Check: package dependencies
Result: ERROR
    Package required but not available: ‘nonlinearTseries’
    
    See section ‘The DESCRIPTION file’ in the ‘Writing R Extensions’
    manual.
Flavor: r-release-osx-x86_64-snowleopard