CRAN Package Check Results for Package RHmm

Last updated on 2014-08-30 15:48:46.

Flavor Version Tinstall Tcheck Ttotal Status Flags
r-devel-linux-x86_64-debian-clang 2.0.3 8.90 23.82 32.72 NOTE
r-devel-linux-x86_64-debian-gcc 2.0.3 11.43 24.33 35.76 NOTE
r-devel-windows-ix86+x86_64 2.0.3 72.00 54.00 126.00 NOTE
r-patched-linux-x86_64 2.0.3 11.12 24.75 35.87 NOTE
r-release-linux-ix86 2.0.3 15.72 33.10 48.83 NOTE
r-release-linux-x86_64 2.0.3 11.34 25.56 36.90 NOTE
r-release-osx-x86_64-mavericks 2.0.3 NOTE
r-release-osx-x86_64-snowleopard 2.0.3 OK
r-release-windows-ix86+x86_64 2.0.3 52.00 60.00 112.00 NOTE
r-oldrel-windows-ix86+x86_64 2.0.3 54.00 58.00 112.00 NOTE

Memtest notes: ASAN valgrind

Check Details

Version: 2.0.3
Check: dependencies in R code
Result: NOTE
    Packages in Depends field not imported from:
     ‘MASS’ ‘nlme’
     These packages need to be imported from (in the NAMESPACE file)
     for when this namespace is loaded but not attached.
    See the information on DESCRIPTION files in the chapter ‘Creating R
    packages’ of the ‘Writing R Extensions’ manual.
Flavors: r-devel-linux-x86_64-debian-clang, r-devel-linux-x86_64-debian-gcc, r-devel-windows-ix86+x86_64, r-patched-linux-x86_64, r-release-linux-ix86, r-release-linux-x86_64, r-release-osx-x86_64-mavericks, r-release-windows-ix86+x86_64, r-oldrel-windows-ix86+x86_64

Version: 2.0.3
Check: R code for possible problems
Result: NOTE
    Found an obsolete/platform-specific call in the following functions:
     ‘HMMPlotSerie’ ‘graphicDiag.discreteClass’
     ‘graphicDiag.mixtureUnivariateNormalClass’
     ‘graphicDiag.univariateNormalClass’
    Found the platform-specific device:
     ‘windows’
    dev.new() is the preferred way to open a new device, in the unlikely
    event one is needed.
    rmultimixt: no visible global function definition for ‘mvrnorm’
    sim.multivariateNormalClass: no visible global function definition for
     ‘mvrnorm’
Flavors: r-devel-linux-x86_64-debian-clang, r-devel-linux-x86_64-debian-gcc

Version: 2.0.3
Check: R code for possible problems
Result: NOTE
    rmultimixt: no visible global function definition for 'mvrnorm'
    sim.multivariateNormalClass: no visible global function definition for
     'mvrnorm'
Flavor: r-devel-windows-ix86+x86_64

Version: 2.0.3
Check: R code for possible problems
Result: NOTE
    Found an obsolete/platform-specific call in the following functions:
     ‘HMMPlotSerie’ ‘graphicDiag.discreteClass’
     ‘graphicDiag.mixtureUnivariateNormalClass’
     ‘graphicDiag.univariateNormalClass’
    Found the platform-specific device:
     ‘windows’
    dev.new() is the preferred way to open a new device, in the unlikely
    event one is needed.
Flavors: r-patched-linux-x86_64, r-release-linux-ix86, r-release-linux-x86_64