CRAN Package Check Results for Package RHmm

Last updated on 2014-04-25 09:52:22.

Flavor Version Tinstall Tcheck Ttotal Status Flags
r-devel-linux-x86_64-debian-clang 2.0.3 8.98 25.64 34.62 NOTE
r-devel-linux-x86_64-debian-gcc 2.0.3 11.22 25.92 37.14 NOTE
r-devel-linux-x86_64-fedora-clang 2.0.3 75.75 NOTE
r-devel-linux-x86_64-fedora-gcc 2.0.3 65.94 NOTE
r-devel-osx-x86_64-clang 2.0.3 66.32 NOTE
r-devel-osx-x86_64-gcc 2.0.3 NOTE
r-devel-windows-ix86+x86_64 2.0.3 50.00 55.00 105.00 NOTE
r-patched-linux-x86_64 2.0.3 11.07 26.47 37.54 NOTE
r-patched-solaris-sparc 2.0.3 373.50 NOTE
r-patched-solaris-x86 2.0.3 91.80 NOTE
r-release-linux-ix86 2.0.3 19.00 46.00 65.00 NOTE
r-release-linux-x86_64 2.0.3 11.35 27.20 38.54 NOTE
r-release-osx-x86_64-mavericks 2.0.3 WARN
r-release-osx-x86_64-snowleopard 2.0.3 OK
r-release-windows-ix86+x86_64 2.0.3 48.00 52.00 100.00 NOTE
r-oldrel-windows-ix86+x86_64 2.0.3 51.00 57.00 108.00 NOTE

Memtest notes: valgrind

Check Details

Version: 2.0.3
Check: dependencies in R code
Result: NOTE
    Packages in Depends field not imported from:
     ‘MASS’ ‘nlme’
     These packages need to be imported from (in the NAMESPACE file)
     for when this namespace is loaded but not attached.
    See the information on DESCRIPTION files in the chapter ‘Creating R
    packages’ of the ‘Writing R Extensions’ manual.
Flavors: r-devel-linux-x86_64-debian-clang, r-devel-linux-x86_64-debian-gcc, r-devel-linux-x86_64-fedora-clang, r-devel-linux-x86_64-fedora-gcc, r-devel-osx-x86_64-clang, r-devel-osx-x86_64-gcc, r-devel-windows-ix86+x86_64, r-patched-linux-x86_64, r-patched-solaris-sparc, r-patched-solaris-x86, r-release-linux-ix86, r-release-linux-x86_64, r-release-osx-x86_64-mavericks, r-release-windows-ix86+x86_64, r-oldrel-windows-ix86+x86_64

Version: 2.0.3
Check: R code for possible problems
Result: NOTE
    Found an obsolete/platform-specific call in the following functions:
     ‘HMMPlotSerie’ ‘graphicDiag.discreteClass’
     ‘graphicDiag.mixtureUnivariateNormalClass’
     ‘graphicDiag.univariateNormalClass’
    Found the platform-specific device:
     ‘windows’
    dev.new() is the preferred way to open a new device, in the unlikely
    event one is needed.
Flavors: r-devel-linux-x86_64-debian-clang, r-devel-linux-x86_64-debian-gcc, r-devel-linux-x86_64-fedora-clang, r-devel-linux-x86_64-fedora-gcc, r-devel-osx-x86_64-clang, r-patched-linux-x86_64, r-patched-solaris-sparc, r-patched-solaris-x86, r-release-linux-ix86, r-release-linux-x86_64

Version: 2.0.3
Check: PDF version of manual
Result: WARNING
    LaTeX errors when creating PDF version.
    This typically indicates Rd problems.
    LaTeX errors found:
    ! LaTeX Error: File `upquote.sty' not found.
    
    Type X to quit or <RETURN> to proceed,
    or enter new name. (Default extension: sty)
    
    84b7e5f/Rd2.tex:8: ==> Fatal error occurred, no output PDF file produced!
Flavor: r-release-osx-x86_64-mavericks