CRAN Package Check Results for Package RHmm

Last updated on 2014-07-31 03:48:39.

Flavor Version Tinstall Tcheck Ttotal Status Flags
r-devel-linux-x86_64-debian-clang 2.0.3 9.00 24.29 33.29 NOTE
r-devel-linux-x86_64-debian-gcc 2.0.3 11.18 24.85 36.04 NOTE
r-devel-linux-x86_64-fedora-clang 2.0.3 75.75 NOTE
r-devel-linux-x86_64-fedora-gcc 2.0.3 65.70 NOTE
r-devel-osx-x86_64-clang 2.0.3 65.07 NOTE
r-devel-windows-ix86+x86_64 2.0.3 52.00 51.00 103.00 NOTE
r-patched-linux-x86_64 2.0.3 11.39 25.18 36.57 NOTE
r-patched-solaris-sparc 2.0.3 396.20 NOTE
r-patched-solaris-x86 2.0.3 89.20 NOTE
r-release-linux-ix86 2.0.3 16.89 33.05 49.94 NOTE
r-release-linux-x86_64 2.0.3 11.29 25.04 36.32 NOTE
r-release-osx-x86_64-mavericks 2.0.3 NOTE
r-release-osx-x86_64-snowleopard 2.0.3 OK
r-release-windows-ix86+x86_64 2.0.3 77.00 74.00 151.00 NOTE
r-oldrel-windows-ix86+x86_64 2.0.3 80.00 79.00 159.00 NOTE

Memtest notes: valgrind

Check Details

Version: 2.0.3
Check: dependencies in R code
Result: NOTE
    Packages in Depends field not imported from:
     MASS nlme
     These packages need to be imported from (in the NAMESPACE file)
     for when this namespace is loaded but not attached.
    See the information on DESCRIPTION files in the chapter Creating R
    packages of the Writing R Extensions manual.
Flavors: r-devel-linux-x86_64-debian-clang, r-devel-linux-x86_64-debian-gcc, r-devel-linux-x86_64-fedora-clang, r-devel-linux-x86_64-fedora-gcc, r-devel-osx-x86_64-clang, r-devel-windows-ix86+x86_64, r-patched-linux-x86_64, r-patched-solaris-sparc, r-patched-solaris-x86, r-release-linux-ix86, r-release-linux-x86_64, r-release-osx-x86_64-mavericks, r-release-windows-ix86+x86_64, r-oldrel-windows-ix86+x86_64

Version: 2.0.3
Check: R code for possible problems
Result: NOTE
    Found an obsolete/platform-specific call in the following functions:
     HMMPlotSerie graphicDiag.discreteClass
     graphicDiag.mixtureUnivariateNormalClass
     graphicDiag.univariateNormalClass
    Found the platform-specific device:
     windows
    dev.new() is the preferred way to open a new device, in the unlikely
    event one is needed.
Flavors: r-devel-linux-x86_64-debian-clang, r-devel-linux-x86_64-debian-gcc, r-devel-linux-x86_64-fedora-clang, r-devel-linux-x86_64-fedora-gcc, r-devel-osx-x86_64-clang, r-patched-linux-x86_64, r-patched-solaris-sparc, r-patched-solaris-x86, r-release-linux-ix86, r-release-linux-x86_64