CRAN Package Check Results for Package RIGHT

Last updated on 2015-07-30 13:47:41.

Flavor Version Tinstall Tcheck Ttotal Status Flags
r-devel-linux-x86_64-debian-clang 0.2.0 1.47 22.56 24.03 NOTE
r-devel-linux-x86_64-debian-gcc 0.2.0 1.47 20.58 22.06 NOTE
r-devel-linux-x86_64-fedora-clang 0.2.0 43.42 NOTE
r-devel-linux-x86_64-fedora-gcc 0.2.0 43.79 NOTE
r-devel-osx-x86_64-clang 0.2.0 40.51 OK
r-devel-windows-ix86+x86_64 0.2.0 13.00 38.00 51.00 NOTE
r-patched-linux-x86_64 0.2.0 1.52 21.45 22.97 OK
r-patched-solaris-sparc 0.2.0 276.00 OK
r-patched-solaris-x86 0.2.0 64.10 OK
r-release-linux-x86_64 0.2.0 1.47 21.14 22.60 OK
r-release-osx-x86_64-mavericks 0.2.0 OK
r-release-windows-ix86+x86_64 0.2.0 12.00 34.00 46.00 OK
r-oldrel-windows-ix86+x86_64 0.2.0 16.00 61.00 77.00 OK

Check Details

Version: 0.2.0
Check: R code for possible problems
Result: NOTE
    RIGHT: no visible global function definition for ‘setNames’
    getRGB: no visible global function definition for ‘col2rgb’
    lines_RIGHT: no visible global function definition for ‘is’
    plot_RIGHT: no visible global function definition for ‘is’
    print.RIGHT: no visible global function definition for ‘browseURL’
    Undefined global functions or variables:
     browseURL col2rgb is setNames
    Consider adding
     importFrom("grDevices", "col2rgb")
     importFrom("methods", "is")
     importFrom("stats", "setNames")
     importFrom("utils", "browseURL")
    to your NAMESPACE.
Flavors: r-devel-linux-x86_64-debian-clang, r-devel-linux-x86_64-debian-gcc, r-devel-linux-x86_64-fedora-clang, r-devel-linux-x86_64-fedora-gcc, r-devel-windows-ix86+x86_64