CRAN Package Check Results for Package RIGHT

Last updated on 2014-04-17 21:47:55.

Flavor Version Tinstall Tcheck Ttotal Status Flags
r-devel-linux-x86_64-debian-clang 0.1.2 1.74 22.56 24.30 OK
r-devel-linux-x86_64-debian-gcc 0.1.2 1.76 23.71 25.47 OK
r-devel-linux-x86_64-fedora-clang 0.1.2 49.65 OK
r-devel-linux-x86_64-fedora-gcc 0.1.2 46.83 OK
r-devel-macosx-x86_64-clang 0.1.2 47.50 OK
r-devel-macosx-x86_64-gcc 0.1.2 ERROR
r-devel-windows-ix86+x86_64 0.1.2 8.00 36.00 44.00 OK
r-patched-linux-x86_64 0.1.2 1.70 23.17 24.87 OK
r-patched-solaris-sparc 0.1.2 353.30 OK
r-patched-solaris-x86 0.1.2 64.10 OK
r-release-linux-ix86 0.1.2 3.00 43.00 46.00 OK
r-release-linux-x86_64 0.1.2 1.71 22.89 24.60 OK
r-release-macosx-x86_64 0.1.2 OK
r-release-windows-ix86+x86_64 0.1.2 8.00 37.00 45.00 OK
r-oldrel-windows-ix86+x86_64 0.1.2 8.00 37.00 45.00 OK

Check Details

Version: 0.1.2
Check: package dependencies
Result: NOTE
    Package suggested but not available for checking: ‘ggplot2’
Flavor: r-devel-macosx-x86_64-gcc

Version: 0.1.2
Check: examples
Result: ERROR
    Running examples in ‘RIGHT-Ex.R’ failed
    The error most likely occurred in:
    
    > ### Name: RIGHT
    > ### Title: Entry Function for RIGHT
    > ### Aliases: RIGHT
    >
    > ### ** Examples
    >
    > library(ggplot2)
    Error in library(ggplot2) : there is no package called ‘ggplot2’
    Execution halted
Flavor: r-devel-macosx-x86_64-gcc