CRAN Package Check Results for Package RIGHT

Last updated on 2015-05-30 03:48:56.

Flavor Version Tinstall Tcheck Ttotal Status Flags
r-devel-linux-x86_64-debian-clang 0.2.0 1.48 21.74 23.22 OK
r-devel-linux-x86_64-debian-gcc 0.2.0 1.45 19.98 21.44 OK
r-devel-linux-x86_64-fedora-clang 0.2.0 45.61 OK
r-devel-linux-x86_64-fedora-gcc 0.2.0 39.94 OK
r-devel-osx-x86_64-clang 0.2.0 43.28 OK
r-devel-windows-ix86+x86_64 0.2.0 11.00 33.00 44.00 OK
r-patched-linux-x86_64 0.2.0 1.44 20.38 21.83 OK
r-patched-solaris-sparc 0.2.0 273.60 OK
r-patched-solaris-x86 0.2.0 62.50 OK
r-release-linux-x86_64 0.2.0 1.44 21.96 23.40 OK
r-release-osx-x86_64-mavericks 0.2.0 OK
r-release-osx-x86_64-snowleopard 0.2.0 ERROR
r-release-windows-ix86+x86_64 0.2.0 10.00 36.00 46.00 OK
r-oldrel-windows-ix86+x86_64 0.2.0 13.00 64.00 77.00 OK

Check Details

Version: 0.2.0
Check: package dependencies
Result: ERROR
    Package required but not available: ‘ggplot2’
    
    See section ‘The DESCRIPTION file’ in the ‘Writing R Extensions’
    manual.
Flavor: r-release-osx-x86_64-snowleopard