CRAN Package Check Results for Package RImageJROI

Last updated on 2024-02-27 18:49:27 CET.

Flavor Version Tinstall Tcheck Ttotal Status Flags
r-devel-linux-x86_64-debian-clang 0.1.2 9.72 85.12 94.84 NOTE
r-devel-linux-x86_64-debian-gcc 0.1.2 7.33 64.12 71.45 NOTE
r-devel-linux-x86_64-fedora-clang 0.1.2 114.48 NOTE
r-devel-linux-x86_64-fedora-gcc 0.1.2 115.14 NOTE
r-devel-windows-x86_64 0.1.2 9.00 77.00 86.00 NOTE
r-patched-linux-x86_64 0.1.2 14.80 82.67 97.47 NOTE
r-release-linux-x86_64 0.1.2 6.26 82.31 88.57 NOTE
r-release-macos-arm64 0.1.2 39.00 NOTE
r-release-macos-x86_64 0.1.2 61.00 NOTE
r-release-windows-x86_64 0.1.2 12.00 90.00 102.00 NOTE
r-oldrel-macos-arm64 0.1.2 36.00 NOTE
r-oldrel-windows-x86_64 0.1.2 13.00 92.00 105.00 NOTE

Check Details

Version: 0.1.2
Check: LazyData
Result: NOTE 'LazyData' is specified without a 'data' directory Flavors: r-devel-linux-x86_64-debian-clang, r-devel-linux-x86_64-debian-gcc, r-devel-linux-x86_64-fedora-clang, r-devel-linux-x86_64-fedora-gcc, r-devel-windows-x86_64, r-patched-linux-x86_64, r-release-linux-x86_64, r-release-macos-arm64, r-release-macos-x86_64, r-release-windows-x86_64, r-oldrel-macos-arm64, r-oldrel-windows-x86_64