Last updated on 2022-05-16 20:52:54 CEST.
Flavor | Version | Tinstall | Tcheck | Ttotal | Status | Flags |
---|---|---|---|---|---|---|
r-devel-windows-x86_64 | 1.0.1 | 47.00 | 396.00 | 443.00 | NOTE | |
r-release-windows-x86_64 | 1.0.1 | 43.00 | 510.00 | 553.00 | NOTE | |
r-oldrel-macos-arm64 | 1.0.1 | 63.00 | NOTE | |||
r-oldrel-windows-ix86+x86_64 | 1.0.1 | 11.00 | 213.00 | 224.00 | NOTE |
Version: 1.0.1
Check: LazyData
Result: NOTE
'LazyData' is specified without a 'data' directory
Flavors: r-devel-windows-x86_64, r-release-windows-x86_64, r-oldrel-macos-arm64, r-oldrel-windows-ix86+x86_64
Version: 1.0.1
Check: dependencies in R code
Result: NOTE
Namespaces in Imports field not imported from:
‘httr’ ‘remotes’ ‘rmarkdown’ ‘shiny’
All declared Imports should be used.
Flavor: r-oldrel-macos-arm64