CRAN Package Check Results for Package RInno

Last updated on 2018-09-23 06:47:26 CEST.

Flavor Version Tinstall Tcheck Ttotal Status Flags
r-devel-windows-ix86+x86_64 1.0.1 10.00 124.00 134.00 OK
r-release-windows-ix86+x86_64 1.0.1 9.00 211.00 220.00 OK
r-release-osx-x86_64 0.2.1 NOTE
r-oldrel-windows-ix86+x86_64 0.2.1 4.00 65.00 69.00 OK
r-oldrel-osx-x86_64 0.2.1 NOTE

Check Details

Version: 0.2.1
Check: dependencies in R code
Result: NOTE
    Namespaces in Imports field not imported from:
     ‘httr’ ‘magrittr’ ‘rmarkdown’ ‘shiny’
     All declared Imports should be used.
Flavors: r-release-osx-x86_64, r-oldrel-osx-x86_64