CRAN Package Check Results for Package RInno

Last updated on 2018-11-20 23:11:46 CET.

Flavor Version Tinstall Tcheck Ttotal Status Flags
r-devel-windows-ix86+x86_64 1.0.1 11.00 115.00 126.00 OK
r-release-windows-ix86+x86_64 1.0.1 8.00 183.00 191.00 OK
r-release-osx-x86_64 1.0.1 NOTE
r-oldrel-windows-ix86+x86_64 1.0.1 5.00 211.00 216.00 OK
r-oldrel-osx-x86_64 1.0.1 NOTE

Check Details

Version: 1.0.1
Check: dependencies in R code
Result: NOTE
    Namespaces in Imports field not imported from:
     ‘httr’ ‘remotes’ ‘rmarkdown’ ‘shiny’
     All declared Imports should be used.
Flavors: r-release-osx-x86_64, r-oldrel-osx-x86_64

Version: 1.0.1
Check: Rd cross-references
Result: NOTE
    Package unavailable to check Rd xrefs: ‘installr’
Flavors: r-release-osx-x86_64, r-oldrel-osx-x86_64