CRAN Package Check Results for Package RInside

Last updated on 2015-03-04 13:49:06.

Flavor Version Tinstall Tcheck Ttotal Status Flags
r-devel-linux-x86_64-debian-clang 0.2.12 4.21 11.36 15.56 NOTE
r-devel-linux-x86_64-debian-gcc 0.2.12 4.65 11.28 15.92 NOTE
r-devel-linux-x86_64-fedora-clang 0.2.12 31.45 NOTE
r-devel-linux-x86_64-fedora-gcc 0.2.12 28.87 NOTE
r-devel-osx-x86_64-clang 0.2.12 32.64 NOTE
r-devel-windows-ix86+x86_64 0.2.12 32.00 55.00 87.00 NOTE
r-patched-linux-x86_64 0.2.12 4.72 13.41 18.14 NOTE
r-patched-solaris-sparc 0.2.12 226.10 NOTE
r-patched-solaris-x86 0.2.12 49.60 NOTE
r-release-linux-ix86 0.2.12 6.02 18.94 24.96 NOTE
r-release-linux-x86_64 0.2.12 5.72 13.54 19.26 NOTE
r-release-osx-x86_64-mavericks 0.2.12 NOTE
r-release-osx-x86_64-snowleopard 0.2.12 NOTE
r-release-windows-ix86+x86_64 0.2.12 26.00 53.00 79.00 NOTE
r-oldrel-windows-ix86+x86_64 0.2.12 27.00 67.00 94.00 NOTE

Check Details

Version: 0.2.12
Check: compiled code
Result: NOTE
    File ‘RInside/libs/RInside.so’:
     Found ‘srand’, possibly from ‘srand’ (C)
     Object: ‘RInside.o’
    File ‘RInside/libs/RInside.so’:
     Found non-API calls to R: ‘R_CStackLimit’, ‘R_CleanTempDir’,
     ‘R_DefParams’, ‘R_ReplDLLinit’, ‘R_RunExitFinalizers’,
     ‘R_SetParams’, ‘R_SignalHandlers’, ‘R_TempDir’, ‘Rf_endEmbeddedR’,
     ‘Rf_initEmbeddedR’
    
    Compiled code should not call entry points which might terminate R nor
    write to stdout/stderr instead of to the console, nor the system RNG.
    Compiled code should not call non-API entry points in R.
    
    See ‘Writing portable packages’ in the ‘Writing R Extensions’ manual.
Flavors: r-devel-linux-x86_64-debian-clang, r-devel-linux-x86_64-debian-gcc, r-devel-linux-x86_64-fedora-clang, r-devel-linux-x86_64-fedora-gcc, r-patched-linux-x86_64, r-patched-solaris-sparc, r-patched-solaris-x86

Version: 0.2.12
Check: compiled code
Result: NOTE
    File ‘RInside/libs/RInside.so’:
     Found ‘_srand’, possibly from ‘srand’ (C)
     Object: ‘RInside.o’
    File ‘RInside/libs/RInside.so’:
     Found non-API calls to R: ‘R_CStackLimit’, ‘R_CleanTempDir’,
     ‘R_DefParams’, ‘R_ReplDLLinit’, ‘R_RunExitFinalizers’,
     ‘R_SetParams’, ‘R_SignalHandlers’, ‘R_TempDir’, ‘Rf_endEmbeddedR’,
     ‘Rf_initEmbeddedR’
    
    Compiled code should not call entry points which might terminate R nor
    write to stdout/stderr instead of to the console, nor the system RNG.
    Compiled code should not call non-API entry points in R.
    
    See ‘Writing portable packages’ in the ‘Writing R Extensions’ manual.
Flavors: r-devel-osx-x86_64-clang, r-release-osx-x86_64-mavericks, r-release-osx-x86_64-snowleopard

Version: 0.2.12
Check: installed package size
Result: NOTE
     installed size is 8.0Mb
     sub-directories of 1Mb or more:
     lib 3.2Mb
     libs 4.3Mb
Flavors: r-devel-windows-ix86+x86_64, r-release-windows-ix86+x86_64, r-oldrel-windows-ix86+x86_64

Version: 0.2.12
Check: compiled code
Result: NOTE
    File 'RInside/libs/i386/RInside.dll':
     Found 'srand', possibly from 'srand' (C)
     Object: 'RInside.o'
    File 'RInside/libs/x64/RInside.dll':
     Found 'srand', possibly from 'srand' (C)
     Object: 'RInside.o'
    File 'RInside/libs/i386/libRInside.dll':
     Found 'srand', possibly from 'srand' (C)
     Object: 'RInside.o'
    File 'RInside/libs/x64/libRInside.dll':
     Found 'srand', possibly from 'srand' (C)
     Object: 'RInside.o'
    File 'RInside/libs/i386/RInside.dll':
     Found non-API calls to R: 'R_CleanTempDir', 'R_DefParams',
     'R_ReplDLLinit', 'R_RunExitFinalizers', 'R_SetParams', 'R_TempDir',
     'Rf_endEmbeddedR', 'Rf_initEmbeddedR', 'getRUser', 'get_R_HOME'
    File 'RInside/libs/x64/RInside.dll':
     Found non-API calls to R: 'R_CleanTempDir', 'R_DefParams',
     'R_ReplDLLinit', 'R_RunExitFinalizers', 'R_SetParams', 'R_TempDir',
     'Rf_endEmbeddedR', 'Rf_initEmbeddedR', 'getRUser', 'get_R_HOME'
    File 'RInside/libs/i386/libRInside.dll':
     Found non-API calls to R: 'R_CleanTempDir', 'R_DefParams',
     'R_ReplDLLinit', 'R_RunExitFinalizers', 'R_SetParams', 'R_TempDir',
     'Rf_endEmbeddedR', 'Rf_initEmbeddedR', 'getRUser', 'get_R_HOME'
    File 'RInside/libs/x64/libRInside.dll':
     Found non-API calls to R: 'R_CleanTempDir', 'R_DefParams',
     'R_ReplDLLinit', 'R_RunExitFinalizers', 'R_SetParams', 'R_TempDir',
     'Rf_endEmbeddedR', 'Rf_initEmbeddedR', 'getRUser', 'get_R_HOME'
    
    Compiled code should not call entry points which might terminate R nor
    write to stdout/stderr instead of to the console, nor the system RNG.
    Compiled code should not call non-API entry points in R.
    
    See 'Writing portable packages' in the 'Writing R Extensions' manual.
Flavor: r-devel-windows-ix86+x86_64

Version: 0.2.12
Check: compiled code
Result: NOTE
    File ‘RInside/libs/RInside.so’:
     Found ‘srand’, possibly from ‘srand’ (C)
     Object: ‘RInside.o’
    File ‘RInside/libs/RInside.so’:
     Found non-API calls to R: ‘R_CStackLimit’, ‘R_CleanTempDir’,
     ‘R_DefParams’, ‘R_ReplDLLinit’, ‘R_RunExitFinalizers’,
     ‘R_SetParams’, ‘R_SignalHandlers’, ‘R_TempDir’, ‘Rf_endEmbeddedR’,
     ‘Rf_initEmbeddedR’
    
    Compiled code should not call entry points which might terminate R nor
    write to stdout/stderr instead of to the console, nor the C RNG.
    Compiled code should not call non-API entry points in R.
    
    See ‘Writing portable packages’ in the ‘Writing R Extensions’ manual.
Flavors: r-release-linux-ix86, r-release-linux-x86_64

Version: 0.2.12
Check: compiled code
Result: NOTE
    File 'RInside/libs/i386/RInside.dll':
     Found 'srand', possibly from 'srand' (C)
     Object: 'RInside.o'
    File 'RInside/libs/x64/RInside.dll':
     Found 'srand', possibly from 'srand' (C)
     Object: 'RInside.o'
    File 'RInside/libs/i386/libRInside.dll':
     Found 'srand', possibly from 'srand' (C)
     Object: 'RInside.o'
    File 'RInside/libs/x64/libRInside.dll':
     Found 'srand', possibly from 'srand' (C)
     Object: 'RInside.o'
    File 'RInside/libs/i386/RInside.dll':
     Found non-API calls to R: 'R_CleanTempDir', 'R_DefParams',
     'R_ReplDLLinit', 'R_RunExitFinalizers', 'R_SetParams', 'R_TempDir',
     'Rf_endEmbeddedR', 'Rf_initEmbeddedR', 'getRUser', 'get_R_HOME'
    File 'RInside/libs/x64/RInside.dll':
     Found non-API calls to R: 'R_CleanTempDir', 'R_DefParams',
     'R_ReplDLLinit', 'R_RunExitFinalizers', 'R_SetParams', 'R_TempDir',
     'Rf_endEmbeddedR', 'Rf_initEmbeddedR', 'getRUser', 'get_R_HOME'
    File 'RInside/libs/i386/libRInside.dll':
     Found non-API calls to R: 'R_CleanTempDir', 'R_DefParams',
     'R_ReplDLLinit', 'R_RunExitFinalizers', 'R_SetParams', 'R_TempDir',
     'Rf_endEmbeddedR', 'Rf_initEmbeddedR', 'getRUser', 'get_R_HOME'
    File 'RInside/libs/x64/libRInside.dll':
     Found non-API calls to R: 'R_CleanTempDir', 'R_DefParams',
     'R_ReplDLLinit', 'R_RunExitFinalizers', 'R_SetParams', 'R_TempDir',
     'Rf_endEmbeddedR', 'Rf_initEmbeddedR', 'getRUser', 'get_R_HOME'
    
    Compiled code should not call entry points which might terminate R nor
    write to stdout/stderr instead of to the console, nor the C RNG.
    Compiled code should not call non-API entry points in R.
    
    See 'Writing portable packages' in the 'Writing R Extensions' manual.
Flavor: r-release-windows-ix86+x86_64

Version: 0.2.12
Check: compiled code
Result: NOTE
    File 'd:/Rcompile/CRANpkg/lib/3.0/RInside/libs/i386/RInside.dll':
     Found non-API calls to R: 'R_CleanTempDir', 'R_DefParams',
     'R_ReplDLLinit', 'R_RunExitFinalizers', 'R_SetParams', 'R_TempDir',
     'Rf_endEmbeddedR', 'Rf_initEmbeddedR', 'getRUser', 'get_R_HOME'
    File 'd:/Rcompile/CRANpkg/lib/3.0/RInside/libs/x64/RInside.dll':
     Found non-API calls to R: 'R_CleanTempDir', 'R_DefParams',
     'R_ReplDLLinit', 'R_RunExitFinalizers', 'R_SetParams', 'R_TempDir',
     'Rf_endEmbeddedR', 'Rf_initEmbeddedR', 'getRUser', 'get_R_HOME'
    File 'd:/Rcompile/CRANpkg/lib/3.0/RInside/libs/i386/libRInside.dll':
     Found non-API calls to R: 'R_CleanTempDir', 'R_DefParams',
     'R_ReplDLLinit', 'R_RunExitFinalizers', 'R_SetParams', 'R_TempDir',
     'Rf_endEmbeddedR', 'Rf_initEmbeddedR', 'getRUser', 'get_R_HOME'
    File 'd:/Rcompile/CRANpkg/lib/3.0/RInside/libs/x64/libRInside.dll':
     Found non-API calls to R: 'R_CleanTempDir', 'R_DefParams',
     'R_ReplDLLinit', 'R_RunExitFinalizers', 'R_SetParams', 'R_TempDir',
     'Rf_endEmbeddedR', 'Rf_initEmbeddedR', 'getRUser', 'get_R_HOME'
    
    Compiled code should not call non-API entry points in R.
    
    See 'Writing portable packages' in the 'Writing R Extensions' manual.
Flavor: r-oldrel-windows-ix86+x86_64