CRAN Package Check Results for Package RInside

Last updated on 2020-07-07 11:51:00 CEST.

Flavor Version Tinstall Tcheck Ttotal Status Flags
r-devel-linux-x86_64-debian-clang 0.2.16 35.62 23.06 58.68 NOTE
r-devel-linux-x86_64-debian-gcc 0.2.16 22.17 18.23 40.40 NOTE
r-devel-linux-x86_64-fedora-clang 0.2.16 89.35 NOTE
r-devel-linux-x86_64-fedora-gcc 0.2.16 71.05 NOTE
r-devel-windows-ix86+x86_64 0.2.16 84.00 125.00 209.00 WARN
r-patched-linux-x86_64 0.2.16 24.28 23.04 47.32 NOTE
r-patched-solaris-x86 0.2.16 77.30 NOTE
r-release-linux-x86_64 0.2.16 23.99 22.53 46.52 NOTE
r-release-osx-x86_64 0.2.16 WARN
r-release-windows-ix86+x86_64 0.2.16 82.00 96.00 178.00 WARN
r-oldrel-osx-x86_64 0.2.16 WARN
r-oldrel-windows-ix86+x86_64 0.2.16 79.00 118.00 197.00 NOTE

Check Details

Version: 0.2.16
Check: compiled code
Result: NOTE
    File 'RInside/libs/RInside.so':
     Found 'srand', possibly from 'srand' (C)
     Object: 'RInside.o'
    File 'RInside/libs/RInside.so':
     Found non-API calls to R: 'R_CStackLimit', 'R_CleanTempDir',
     'R_DefParams', 'R_ReplDLLdo1', 'R_ReplDLLinit',
     'R_RunExitFinalizers', 'R_SetParams', 'R_SignalHandlers',
     'R_TempDir', 'Rf_endEmbeddedR', 'Rf_initEmbeddedR'
    
    Compiled code should not call entry points which might terminate R nor
    write to stdout/stderr instead of to the console, nor use Fortran I/O
    nor system RNGs.
    Compiled code should not call non-API entry points in R.
    
    See 'Writing portable packages' in the 'Writing R Extensions' manual.
Flavors: r-devel-linux-x86_64-debian-clang, r-devel-linux-x86_64-debian-gcc, r-devel-linux-x86_64-fedora-clang, r-devel-linux-x86_64-fedora-gcc, r-patched-linux-x86_64, r-patched-solaris-x86, r-release-linux-x86_64

Version: 0.2.16
Check: whether package can be installed
Result: WARN
    Found the following significant warnings:
     RInside.cpp:169:12: warning: 'char* strncpy(char*, const char*, size_t)' specified bound 260 equals destination size [-Wstringop-truncation]
Flavors: r-devel-windows-ix86+x86_64, r-release-windows-ix86+x86_64

Version: 0.2.16
Check: installed package size
Result: NOTE
     installed size is 15.2Mb
     sub-directories of 1Mb or more:
     lib 6.6Mb
     libs 8.1Mb
Flavors: r-devel-windows-ix86+x86_64, r-release-windows-ix86+x86_64, r-oldrel-windows-ix86+x86_64

Version: 0.2.16
Check: compiled code
Result: NOTE
    File 'RInside/libs/i386/RInside.dll':
     Found 'srand', possibly from 'srand' (C)
     Object: 'RInside.o'
    File 'RInside/libs/x64/RInside.dll':
     Found 'srand', possibly from 'srand' (C)
     Object: 'RInside.o'
    File 'RInside/libs/i386/libRInside.dll':
     Found 'srand', possibly from 'srand' (C)
     Object: 'RInside.o'
    File 'RInside/libs/x64/libRInside.dll':
     Found 'srand', possibly from 'srand' (C)
     Object: 'RInside.o'
    File 'RInside/libs/i386/RInside.dll':
     Found non-API calls to R: 'R_CleanTempDir', 'R_DefParams',
     'R_ReplDLLdo1', 'R_ReplDLLinit', 'R_RunExitFinalizers',
     'R_SetParams', 'R_TempDir', 'Rf_endEmbeddedR', 'Rf_initEmbeddedR',
     'getRUser', 'get_R_HOME'
    File 'RInside/libs/x64/RInside.dll':
     Found non-API calls to R: 'R_CleanTempDir', 'R_DefParams',
     'R_ReplDLLdo1', 'R_ReplDLLinit', 'R_RunExitFinalizers',
     'R_SetParams', 'R_TempDir', 'Rf_endEmbeddedR', 'Rf_initEmbeddedR',
     'getRUser', 'get_R_HOME'
    File 'RInside/libs/i386/libRInside.dll':
     Found non-API calls to R: 'R_CleanTempDir', 'R_DefParams',
     'R_ReplDLLdo1', 'R_ReplDLLinit', 'R_RunExitFinalizers',
     'R_SetParams', 'R_TempDir', 'Rf_endEmbeddedR', 'Rf_initEmbeddedR',
     'getRUser', 'get_R_HOME'
    File 'RInside/libs/x64/libRInside.dll':
     Found non-API calls to R: 'R_CleanTempDir', 'R_DefParams',
     'R_ReplDLLdo1', 'R_ReplDLLinit', 'R_RunExitFinalizers',
     'R_SetParams', 'R_TempDir', 'Rf_endEmbeddedR', 'Rf_initEmbeddedR',
     'getRUser', 'get_R_HOME'
    
    Compiled code should not call entry points which might terminate R nor
    write to stdout/stderr instead of to the console, nor use Fortran I/O
    nor system RNGs.
    Compiled code should not call non-API entry points in R.
    
    See 'Writing portable packages' in the 'Writing R Extensions' manual.
Flavors: r-devel-windows-ix86+x86_64, r-release-windows-ix86+x86_64, r-oldrel-windows-ix86+x86_64

Version: 0.2.16
Check: whether package can be installed
Result: WARN
    Found the following significant warnings:
     WARNING: shared objects/dynamic libraries with hard-coded temporary installation paths
Flavors: r-release-osx-x86_64, r-oldrel-osx-x86_64

Version: 0.2.16
Check: compiled code
Result: NOTE
    File ‘RInside/libs/RInside.so’:
     Found ‘_srand’, possibly from ‘srand’ (C)
     Object: ‘RInside.o’
    File ‘RInside/libs/RInside.so’:
     Found non-API calls to R: ‘R_CStackLimit’, ‘R_CleanTempDir’,
     ‘R_DefParams’, ‘R_ReplDLLdo1’, ‘R_ReplDLLinit’,
     ‘R_RunExitFinalizers’, ‘R_SetParams’, ‘R_SignalHandlers’,
     ‘R_TempDir’, ‘Rf_endEmbeddedR’, ‘Rf_initEmbeddedR’
    
    Compiled code should not call entry points which might terminate R nor
    write to stdout/stderr instead of to the console, nor use Fortran I/O
    nor system RNGs.
    Compiled code should not call non-API entry points in R.
    
    See ‘Writing portable packages’ in the ‘Writing R Extensions’ manual.
Flavors: r-release-osx-x86_64, r-oldrel-osx-x86_64