CRAN Package Check Results for Package RInside

Last updated on 2015-07-05 22:47:43.

Flavor Version Tinstall Tcheck Ttotal Status Flags
r-devel-linux-x86_64-debian-clang 0.2.13 4.60 11.27 15.86 NOTE
r-devel-linux-x86_64-debian-gcc 0.2.13 4.77 11.02 15.79 NOTE
r-devel-linux-x86_64-fedora-clang 0.2.13 32.07 NOTE
r-devel-linux-x86_64-fedora-gcc 0.2.13 29.16 NOTE
r-devel-osx-x86_64-clang 0.2.13 30.60 NOTE
r-devel-windows-ix86+x86_64 0.2.13 43.00 58.00 101.00 NOTE
r-patched-linux-x86_64 0.2.13 4.86 11.40 16.26 NOTE
r-patched-solaris-sparc 0.2.13 213.20 NOTE
r-patched-solaris-x86 0.2.13 43.70 NOTE
r-release-linux-x86_64 0.2.13 4.88 11.46 16.34 NOTE
r-release-osx-x86_64-mavericks 0.2.13 NOTE
r-release-windows-ix86+x86_64 0.2.13 34.00 54.00 88.00 NOTE
r-oldrel-windows-ix86+x86_64 0.2.13 38.00 72.00 110.00 NOTE

Check Details

Version: 0.2.13
Check: compiled code
Result: NOTE
    File ‘RInside/libs/RInside.so’:
     Found ‘srand’, possibly from ‘srand’ (C)
     Object: ‘RInside.o’
    File ‘RInside/libs/RInside.so’:
     Found non-API calls to R: ‘R_CStackLimit’, ‘R_CleanTempDir’,
     ‘R_DefParams’, ‘R_ReplDLLinit’, ‘R_RunExitFinalizers’,
     ‘R_SetParams’, ‘R_SignalHandlers’, ‘R_TempDir’, ‘Rf_endEmbeddedR’,
     ‘Rf_initEmbeddedR’
    
    Compiled code should not call entry points which might terminate R nor
    write to stdout/stderr instead of to the console, nor the system RNG.
    Compiled code should not call non-API entry points in R.
    
    See ‘Writing portable packages’ in the ‘Writing R Extensions’ manual.
Flavors: r-devel-linux-x86_64-debian-clang, r-devel-linux-x86_64-debian-gcc, r-devel-linux-x86_64-fedora-clang, r-devel-linux-x86_64-fedora-gcc, r-patched-linux-x86_64, r-patched-solaris-sparc, r-patched-solaris-x86, r-release-linux-x86_64

Version: 0.2.13
Check: compiled code
Result: NOTE
    File ‘RInside/libs/RInside.so’:
     Found ‘_srand’, possibly from ‘srand’ (C)
     Object: ‘RInside.o’
    File ‘RInside/libs/RInside.so’:
     Found non-API calls to R: ‘R_CStackLimit’, ‘R_CleanTempDir’,
     ‘R_DefParams’, ‘R_ReplDLLinit’, ‘R_RunExitFinalizers’,
     ‘R_SetParams’, ‘R_SignalHandlers’, ‘R_TempDir’, ‘Rf_endEmbeddedR’,
     ‘Rf_initEmbeddedR’
    
    Compiled code should not call entry points which might terminate R nor
    write to stdout/stderr instead of to the console, nor the system RNG.
    Compiled code should not call non-API entry points in R.
    
    See ‘Writing portable packages’ in the ‘Writing R Extensions’ manual.
Flavors: r-devel-osx-x86_64-clang, r-release-osx-x86_64-mavericks

Version: 0.2.13
Check: installed package size
Result: NOTE
     installed size is 8.0Mb
     sub-directories of 1Mb or more:
     lib 3.3Mb
     libs 4.3Mb
Flavors: r-devel-windows-ix86+x86_64, r-release-windows-ix86+x86_64, r-oldrel-windows-ix86+x86_64

Version: 0.2.13
Check: compiled code
Result: NOTE
    File 'RInside/libs/i386/RInside.dll':
     Found 'srand', possibly from 'srand' (C)
     Object: 'RInside.o'
    File 'RInside/libs/x64/RInside.dll':
     Found 'srand', possibly from 'srand' (C)
     Object: 'RInside.o'
    File 'RInside/libs/i386/libRInside.dll':
     Found 'srand', possibly from 'srand' (C)
     Object: 'RInside.o'
    File 'RInside/libs/x64/libRInside.dll':
     Found 'srand', possibly from 'srand' (C)
     Object: 'RInside.o'
    File 'RInside/libs/i386/RInside.dll':
     Found non-API calls to R: 'R_CleanTempDir', 'R_DefParams',
     'R_ReplDLLinit', 'R_RunExitFinalizers', 'R_SetParams', 'R_TempDir',
     'Rf_endEmbeddedR', 'Rf_initEmbeddedR', 'getRUser', 'get_R_HOME'
    File 'RInside/libs/x64/RInside.dll':
     Found non-API calls to R: 'R_CleanTempDir', 'R_DefParams',
     'R_ReplDLLinit', 'R_RunExitFinalizers', 'R_SetParams', 'R_TempDir',
     'Rf_endEmbeddedR', 'Rf_initEmbeddedR', 'getRUser', 'get_R_HOME'
    File 'RInside/libs/i386/libRInside.dll':
     Found non-API calls to R: 'R_CleanTempDir', 'R_DefParams',
     'R_ReplDLLinit', 'R_RunExitFinalizers', 'R_SetParams', 'R_TempDir',
     'Rf_endEmbeddedR', 'Rf_initEmbeddedR', 'getRUser', 'get_R_HOME'
    File 'RInside/libs/x64/libRInside.dll':
     Found non-API calls to R: 'R_CleanTempDir', 'R_DefParams',
     'R_ReplDLLinit', 'R_RunExitFinalizers', 'R_SetParams', 'R_TempDir',
     'Rf_endEmbeddedR', 'Rf_initEmbeddedR', 'getRUser', 'get_R_HOME'
    
    Compiled code should not call entry points which might terminate R nor
    write to stdout/stderr instead of to the console, nor the system RNG.
    Compiled code should not call non-API entry points in R.
    
    See 'Writing portable packages' in the 'Writing R Extensions' manual.
Flavors: r-devel-windows-ix86+x86_64, r-release-windows-ix86+x86_64, r-oldrel-windows-ix86+x86_64