CRAN Package Check Results for Package RInside

Last updated on 2018-10-23 01:18:43 CEST.

Flavor Version Tinstall Tcheck Ttotal Status Flags
r-devel-linux-x86_64-debian-clang 0.2.14 10.32 22.70 33.02 NOTE
r-devel-linux-x86_64-debian-gcc 0.2.14 9.20 18.12 27.32 NOTE
r-devel-linux-x86_64-fedora-clang 0.2.14 42.63 NOTE
r-devel-linux-x86_64-fedora-gcc 0.2.14 38.52 NOTE
r-devel-windows-ix86+x86_64 0.2.14 50.00 102.00 152.00 NOTE
r-patched-linux-x86_64 0.2.14 9.71 19.69 29.40 NOTE
r-patched-solaris-x86 0.2.14 48.70 NOTE
r-release-linux-x86_64 0.2.14 9.37 19.90 29.27 NOTE
r-release-windows-ix86+x86_64 0.2.14 43.00 97.00 140.00 NOTE
r-release-osx-x86_64 0.2.14 NOTE
r-oldrel-windows-ix86+x86_64 0.2.14 30.00 101.00 131.00 NOTE
r-oldrel-osx-x86_64 0.2.14 NOTE

Additional issues

rchk

Check Details

Version: 0.2.14
Check: compiled code
Result: NOTE
    File ‘RInside/libs/RInside.so’:
     Found ‘srand’, possibly from ‘srand’ (C)
     Object: ‘RInside.o’
    File ‘RInside/libs/RInside.so’:
     Found non-API calls to R: ‘R_CStackLimit’, ‘R_CleanTempDir’,
     ‘R_DefParams’, ‘R_ReplDLLdo1’, ‘R_ReplDLLinit’,
     ‘R_RunExitFinalizers’, ‘R_SetParams’, ‘R_SignalHandlers’,
     ‘R_TempDir’, ‘Rf_endEmbeddedR’, ‘Rf_initEmbeddedR’
    
    Compiled code should not call entry points which might terminate R nor
    write to stdout/stderr instead of to the console, nor use Fortran I/O
    nor system RNGs.
    Compiled code should not call non-API entry points in R.
    
    See ‘Writing portable packages’ in the ‘Writing R Extensions’ manual.
Flavors: r-devel-linux-x86_64-debian-clang, r-devel-linux-x86_64-debian-gcc, r-patched-linux-x86_64, r-patched-solaris-x86, r-release-linux-x86_64

Version: 0.2.14
Check: compiled code
Result: NOTE
    File ‘RInside/libs/RInside.so’:
     Found ‘srand’, possibly from ‘srand’ (C)
     Object: ‘RInside.o’
    File ‘RInside/libs/RInside.so’:
     Found non-API calls to R: ‘R_CStackLimit’, ‘R_CleanTempDir’,
     ‘R_DefParams’, ‘R_ReplDLLdo1’, ‘R_ReplDLLinit’,
     ‘R_RunExitFinalizers’, ‘R_SetParams’, ‘R_SignalHandlers’,
     ‘R_TempDir’, ‘Rf_endEmbeddedR’, ‘Rf_initEmbeddedR’
    File ‘RInside/libs/RInside.so’:
     Found no calls to: ‘R_registerRoutines’, ‘R_useDynamicSymbols’
    
    Compiled code should not call entry points which might terminate R nor
    write to stdout/stderr instead of to the console, nor use Fortran I/O
    nor system RNGs.
    Compiled code should not call non-API entry points in R.
    It is good practice to register native routines and to disable symbol
    search.
    
    See ‘Writing portable packages’ in the ‘Writing R Extensions’ manual.
Flavors: r-devel-linux-x86_64-fedora-clang, r-devel-linux-x86_64-fedora-gcc

Version: 0.2.14
Check: installed package size
Result: NOTE
     installed size is 8.8Mb
     sub-directories of 1Mb or more:
     lib 3.5Mb
     libs 4.8Mb
Flavors: r-devel-windows-ix86+x86_64, r-release-windows-ix86+x86_64, r-oldrel-windows-ix86+x86_64

Version: 0.2.14
Check: compiled code
Result: NOTE
    File 'RInside/libs/i386/RInside.dll':
     Found 'srand', possibly from 'srand' (C)
     Object: 'RInside.o'
    File 'RInside/libs/x64/RInside.dll':
     Found 'srand', possibly from 'srand' (C)
     Object: 'RInside.o'
    File 'RInside/libs/i386/libRInside.dll':
     Found 'srand', possibly from 'srand' (C)
     Object: 'RInside.o'
    File 'RInside/libs/x64/libRInside.dll':
     Found 'srand', possibly from 'srand' (C)
     Object: 'RInside.o'
    File 'RInside/libs/i386/RInside.dll':
     Found non-API calls to R: 'R_CleanTempDir', 'R_DefParams',
     'R_ReplDLLdo1', 'R_ReplDLLinit', 'R_RunExitFinalizers',
     'R_SetParams', 'R_TempDir', 'Rf_endEmbeddedR', 'Rf_initEmbeddedR',
     'getRUser', 'get_R_HOME'
    File 'RInside/libs/x64/RInside.dll':
     Found non-API calls to R: 'R_CleanTempDir', 'R_DefParams',
     'R_ReplDLLdo1', 'R_ReplDLLinit', 'R_RunExitFinalizers',
     'R_SetParams', 'R_TempDir', 'Rf_endEmbeddedR', 'Rf_initEmbeddedR',
     'getRUser', 'get_R_HOME'
    File 'RInside/libs/i386/libRInside.dll':
     Found non-API calls to R: 'R_CleanTempDir', 'R_DefParams',
     'R_ReplDLLdo1', 'R_ReplDLLinit', 'R_RunExitFinalizers',
     'R_SetParams', 'R_TempDir', 'Rf_endEmbeddedR', 'Rf_initEmbeddedR',
     'getRUser', 'get_R_HOME'
    File 'RInside/libs/x64/libRInside.dll':
     Found non-API calls to R: 'R_CleanTempDir', 'R_DefParams',
     'R_ReplDLLdo1', 'R_ReplDLLinit', 'R_RunExitFinalizers',
     'R_SetParams', 'R_TempDir', 'Rf_endEmbeddedR', 'Rf_initEmbeddedR',
     'getRUser', 'get_R_HOME'
    
    Compiled code should not call entry points which might terminate R nor
    write to stdout/stderr instead of to the console, nor use Fortran I/O
    nor system RNGs.
    Compiled code should not call non-API entry points in R.
    
    See 'Writing portable packages' in the 'Writing R Extensions' manual.
Flavors: r-devel-windows-ix86+x86_64, r-release-windows-ix86+x86_64, r-oldrel-windows-ix86+x86_64

Version: 0.2.14
Check: compiled code
Result: NOTE
    File ‘RInside/libs/RInside.so’:
     Found ‘_srand’, possibly from ‘srand’ (C)
     Object: ‘RInside.o’
    File ‘RInside/libs/RInside.so’:
     Found non-API calls to R: ‘R_CStackLimit’, ‘R_CleanTempDir’,
     ‘R_DefParams’, ‘R_ReplDLLdo1’, ‘R_ReplDLLinit’,
     ‘R_RunExitFinalizers’, ‘R_SetParams’, ‘R_SignalHandlers’,
     ‘R_TempDir’, ‘Rf_endEmbeddedR’, ‘Rf_initEmbeddedR’
    
    Compiled code should not call entry points which might terminate R nor
    write to stdout/stderr instead of to the console, nor use Fortran I/O
    nor system RNGs.
    Compiled code should not call non-API entry points in R.
    
    See ‘Writing portable packages’ in the ‘Writing R Extensions’ manual.
Flavor: r-release-osx-x86_64

Version: 0.2.14
Check: compiled code
Result: NOTE
    File ‘RInside/libs/RInside.so’:
     Found ‘_srand’, possibly from ‘srand’ (C)
     Object: ‘RInside.o’
    File ‘RInside/libs/RInside.so’:
     Found non-API calls to R: ‘R_CStackLimit’, ‘R_CleanTempDir’,
     ‘R_DefParams’, ‘R_ReplDLLdo1’, ‘R_ReplDLLinit’,
     ‘R_RunExitFinalizers’, ‘R_SetParams’, ‘R_SignalHandlers’,
     ‘R_TempDir’, ‘Rf_endEmbeddedR’, ‘Rf_initEmbeddedR’
    
    Compiled code should not call entry points which might terminate R nor
    write to stdout/stderr instead of to the console, nor the system RNG.
    Compiled code should not call non-API entry points in R.
    
    See ‘Writing portable packages’ in the ‘Writing R Extensions’ manual.
Flavor: r-oldrel-osx-x86_64