CRAN Package Check Results for Package RInside

Last updated on 2014-04-24 03:47:52.

Flavor Version Tinstall Tcheck Ttotal Status Flags
r-devel-linux-x86_64-debian-clang 0.2.11 4.24 13.26 17.50 NOTE
r-devel-linux-x86_64-debian-gcc 0.2.11 5.28 12.79 18.07 NOTE
r-devel-linux-x86_64-fedora-clang 0.2.11 34.45 NOTE
r-devel-linux-x86_64-fedora-gcc 0.2.11 33.88 NOTE
r-devel-osx-x86_64-clang 0.2.11 35.14 NOTE
r-devel-osx-x86_64-gcc 0.2.11 NOTE
r-devel-windows-ix86+x86_64 0.2.11 26.00 51.00 77.00 NOTE
r-patched-linux-x86_64 0.2.11 5.25 12.98 18.23 NOTE
r-patched-solaris-sparc 0.2.11 206.50 NOTE
r-patched-solaris-x86 0.2.11 48.40 NOTE
r-release-linux-ix86 0.2.11 9.00 27.00 36.00 NOTE
r-release-linux-x86_64 0.2.11 5.23 13.36 18.59 NOTE
r-release-osx-x86_64-mavericks 0.2.11 NOTE
r-release-osx-x86_64-snowleopard 0.2.11 NOTE
r-release-windows-ix86+x86_64 0.2.11 50.00 68.00 118.00 NOTE
r-oldrel-windows-ix86+x86_64 0.2.11 27.00 67.00 94.00 NOTE

Check Details

Version: 0.2.11
Check: compiled code
Result: NOTE
    File ‘/home/hornik/tmp/R.check/r-devel-clang/Work/build/Packages/RInside/libs/RInside.so’:
     Found non-API calls to R: ‘R_CStackLimit’, ‘R_CleanTempDir’,
     ‘R_DefParams’, ‘R_ReplDLLinit’, ‘R_RunExitFinalizers’,
     ‘R_SetParams’, ‘R_SignalHandlers’, ‘R_TempDir’, ‘Rf_endEmbeddedR’,
     ‘Rf_initEmbeddedR’
    
    Compiled code should not call non-API entry points in R.
    
    See ‘Writing portable packages’ in the ‘Writing R Extensions’ manual.
Flavor: r-devel-linux-x86_64-debian-clang

Version: 0.2.11
Check: compiled code
Result: NOTE
    File ‘/home/hornik/tmp/R.check/r-devel-gcc/Work/build/Packages/RInside/libs/RInside.so’:
     Found non-API calls to R: ‘R_CStackLimit’, ‘R_CleanTempDir’,
     ‘R_DefParams’, ‘R_ReplDLLinit’, ‘R_RunExitFinalizers’,
     ‘R_SetParams’, ‘R_SignalHandlers’, ‘R_TempDir’, ‘Rf_endEmbeddedR’,
     ‘Rf_initEmbeddedR’
    
    Compiled code should not call non-API entry points in R.
    
    See ‘Writing portable packages’ in the ‘Writing R Extensions’ manual.
Flavor: r-devel-linux-x86_64-debian-gcc

Version: 0.2.11
Check: compiled code
Result: NOTE
    File ‘/data/gannet/ripley/R/packages/tests-clang/RInside.Rcheck/RInside/libs/RInside.so’:
     Found non-API calls to R: ‘R_CStackLimit’, ‘R_CleanTempDir’,
     ‘R_DefParams’, ‘R_ReplDLLinit’, ‘R_RunExitFinalizers’,
     ‘R_SetParams’, ‘R_SignalHandlers’, ‘R_TempDir’, ‘Rf_endEmbeddedR’,
     ‘Rf_initEmbeddedR’
    
    Compiled code should not call non-API entry points in R.
    
    See ‘Writing portable packages’ in the ‘Writing R Extensions’ manual.
Flavor: r-devel-linux-x86_64-fedora-clang

Version: 0.2.11
Check: compiled code
Result: NOTE
    File ‘/data/gannet/ripley/R/packages/tests-devel/RInside.Rcheck/RInside/libs/RInside.so’:
     Found non-API calls to R: ‘R_CStackLimit’, ‘R_CleanTempDir’,
     ‘R_DefParams’, ‘R_ReplDLLinit’, ‘R_RunExitFinalizers’,
     ‘R_SetParams’, ‘R_SignalHandlers’, ‘R_TempDir’, ‘Rf_endEmbeddedR’,
     ‘Rf_initEmbeddedR’
    
    Compiled code should not call non-API entry points in R.
    
    See ‘Writing portable packages’ in the ‘Writing R Extensions’ manual.
Flavor: r-devel-linux-x86_64-fedora-gcc

Version: 0.2.11
Check: compiled code
Result: NOTE
    File ‘/Users/ripley/R/packages/tests-devel/RInside.Rcheck/RInside/libs/RInside.so’:
     Found non-API calls to R: ‘R_CStackLimit’, ‘R_CleanTempDir’,
     ‘R_DefParams’, ‘R_ReplDLLinit’, ‘R_RunExitFinalizers’,
     ‘R_SetParams’, ‘R_SignalHandlers’, ‘R_TempDir’, ‘Rf_endEmbeddedR’,
     ‘Rf_initEmbeddedR’
    
    Compiled code should not call non-API entry points in R.
    
    See ‘Writing portable packages’ in the ‘Writing R Extensions’ manual.
Flavor: r-devel-osx-x86_64-clang

Version: 0.2.11
Check: compiled code
Result: NOTE
    File ‘/Volumes/XT3/Builds/R-dev-web/QA/Simon/packages/snowleopard-x86_64/results/3.2/RInside.Rcheck/RInside/libs/RInside.so’:
     Found non-API calls to R: ‘R_CStackLimit’, ‘R_CleanTempDir’,
     ‘R_DefParams’, ‘R_ReplDLLinit’, ‘R_RunExitFinalizers’,
     ‘R_SetParams’, ‘R_SignalHandlers’, ‘R_TempDir’, ‘Rf_endEmbeddedR’,
     ‘Rf_initEmbeddedR’
    
    Compiled code should not call non-API entry points in R.
    
    See ‘Writing portable packages’ in the ‘Writing R Extensions’ manual.
Flavor: r-devel-osx-x86_64-gcc

Version: 0.2.11
Check: installed package size
Result: NOTE
     installed size is 7.8Mb
     sub-directories of 1Mb or more:
     lib 3.2Mb
     libs 4.3Mb
Flavors: r-devel-windows-ix86+x86_64, r-release-windows-ix86+x86_64, r-oldrel-windows-ix86+x86_64

Version: 0.2.11
Check: compiled code
Result: NOTE
    File 'd:/Rcompile/CRANpkg/lib/3.2/RInside/libs/i386/RInside.dll':
     Found non-API calls to R: 'R_CleanTempDir', 'R_DefParams',
     'R_ReplDLLinit', 'R_RunExitFinalizers', 'R_SetParams', 'R_TempDir',
     'Rf_endEmbeddedR', 'Rf_initEmbeddedR', 'getRUser', 'get_R_HOME'
    File 'd:/Rcompile/CRANpkg/lib/3.2/RInside/libs/x64/RInside.dll':
     Found non-API calls to R: 'R_CleanTempDir', 'R_DefParams',
     'R_ReplDLLinit', 'R_RunExitFinalizers', 'R_SetParams', 'R_TempDir',
     'Rf_endEmbeddedR', 'Rf_initEmbeddedR', 'getRUser', 'get_R_HOME'
    File 'd:/Rcompile/CRANpkg/lib/3.2/RInside/libs/i386/libRInside.dll':
     Found non-API calls to R: 'R_CleanTempDir', 'R_DefParams',
     'R_ReplDLLinit', 'R_RunExitFinalizers', 'R_SetParams', 'R_TempDir',
     'Rf_endEmbeddedR', 'Rf_initEmbeddedR', 'getRUser', 'get_R_HOME'
    File 'd:/Rcompile/CRANpkg/lib/3.2/RInside/libs/x64/libRInside.dll':
     Found non-API calls to R: 'R_CleanTempDir', 'R_DefParams',
     'R_ReplDLLinit', 'R_RunExitFinalizers', 'R_SetParams', 'R_TempDir',
     'Rf_endEmbeddedR', 'Rf_initEmbeddedR', 'getRUser', 'get_R_HOME'
    
    Compiled code should not call non-API entry points in R.
    
    See 'Writing portable packages' in the 'Writing R Extensions' manual.
Flavor: r-devel-windows-ix86+x86_64

Version: 0.2.11
Check: compiled code
Result: NOTE
    File ‘/home/hornik/tmp/R.check/r-patched-gcc/Work/build/Packages/RInside/libs/RInside.so’:
     Found non-API calls to R: ‘R_CStackLimit’, ‘R_CleanTempDir’,
     ‘R_DefParams’, ‘R_ReplDLLinit’, ‘R_RunExitFinalizers’,
     ‘R_SetParams’, ‘R_SignalHandlers’, ‘R_TempDir’, ‘Rf_endEmbeddedR’,
     ‘Rf_initEmbeddedR’
    
    Compiled code should not call non-API entry points in R.
    
    See ‘Writing portable packages’ in the ‘Writing R Extensions’ manual.
Flavor: r-patched-linux-x86_64

Version: 0.2.11
Check: compiled code
Result: NOTE
    File ‘/home/ripley/R/Lib32/RInside/libs/RInside.so’:
     Found non-API calls to R: ‘R_CStackLimit’, ‘R_CleanTempDir’,
     ‘R_DefParams’, ‘R_ReplDLLinit’, ‘R_RunExitFinalizers’,
     ‘R_SetParams’, ‘R_SignalHandlers’, ‘R_TempDir’, ‘Rf_endEmbeddedR’,
     ‘Rf_initEmbeddedR’
    
    Compiled code should not call non-API entry points in R.
    
    See ‘Writing portable packages’ in the ‘Writing R Extensions’ manual.
Flavors: r-patched-solaris-sparc, r-patched-solaris-x86

Version: 0.2.11
Check: compiled code
Result: NOTE
    File ‘/home/hornik/tmp/R.check/r-release-gcc/Work/build/Packages/RInside/libs/RInside.so’:
     Found non-API calls to R: ‘R_CStackLimit’, ‘R_CleanTempDir’,
     ‘R_DefParams’, ‘R_ReplDLLinit’, ‘R_RunExitFinalizers’,
     ‘R_SetParams’, ‘R_SignalHandlers’, ‘R_TempDir’, ‘Rf_endEmbeddedR’,
     ‘Rf_initEmbeddedR’
    
    Compiled code should not call non-API entry points in R.
    
    See ‘Writing portable packages’ in the ‘Writing R Extensions’ manual.
Flavors: r-release-linux-ix86, r-release-linux-x86_64

Version: 0.2.11
Check: compiled code
Result: NOTE
    File ‘/Builds/CRAN-QA-Simon/packages/mavericks-x86_64/results/3.1/RInside.Rcheck/RInside/libs/RInside.so’:
     Found non-API calls to R: ‘R_CStackLimit’, ‘R_CleanTempDir’,
     ‘R_DefParams’, ‘R_ReplDLLinit’, ‘R_RunExitFinalizers’,
     ‘R_SetParams’, ‘R_SignalHandlers’, ‘R_TempDir’, ‘Rf_endEmbeddedR’,
     ‘Rf_initEmbeddedR’
    
    Compiled code should not call non-API entry points in R.
    
    See ‘Writing portable packages’ in the ‘Writing R Extensions’ manual.
Flavor: r-release-osx-x86_64-mavericks

Version: 0.2.11
Check: compiled code
Result: NOTE
    File ‘/Volumes/XT3/Builds/R-dev-web/QA/Simon/packages/snowleopard-x86_64/results/3.1/RInside.Rcheck/RInside/libs/RInside.so’:
     Found non-API calls to R: ‘R_CStackLimit’, ‘R_CleanTempDir’,
     ‘R_DefParams’, ‘R_ReplDLLinit’, ‘R_RunExitFinalizers’,
     ‘R_SetParams’, ‘R_SignalHandlers’, ‘R_TempDir’, ‘Rf_endEmbeddedR’,
     ‘Rf_initEmbeddedR’
    
    Compiled code should not call non-API entry points in R.
    
    See ‘Writing portable packages’ in the ‘Writing R Extensions’ manual.
Flavor: r-release-osx-x86_64-snowleopard

Version: 0.2.11
Check: compiled code
Result: NOTE
    File 'd:/Rcompile/CRANpkg/lib/3.1/RInside/libs/i386/RInside.dll':
     Found non-API calls to R: 'R_CleanTempDir', 'R_DefParams',
     'R_ReplDLLinit', 'R_RunExitFinalizers', 'R_SetParams', 'R_TempDir',
     'Rf_endEmbeddedR', 'Rf_initEmbeddedR', 'getRUser', 'get_R_HOME'
    File 'd:/Rcompile/CRANpkg/lib/3.1/RInside/libs/x64/RInside.dll':
     Found non-API calls to R: 'R_CleanTempDir', 'R_DefParams',
     'R_ReplDLLinit', 'R_RunExitFinalizers', 'R_SetParams', 'R_TempDir',
     'Rf_endEmbeddedR', 'Rf_initEmbeddedR', 'getRUser', 'get_R_HOME'
    File 'd:/Rcompile/CRANpkg/lib/3.1/RInside/libs/i386/libRInside.dll':
     Found non-API calls to R: 'R_CleanTempDir', 'R_DefParams',
     'R_ReplDLLinit', 'R_RunExitFinalizers', 'R_SetParams', 'R_TempDir',
     'Rf_endEmbeddedR', 'Rf_initEmbeddedR', 'getRUser', 'get_R_HOME'
    File 'd:/Rcompile/CRANpkg/lib/3.1/RInside/libs/x64/libRInside.dll':
     Found non-API calls to R: 'R_CleanTempDir', 'R_DefParams',
     'R_ReplDLLinit', 'R_RunExitFinalizers', 'R_SetParams', 'R_TempDir',
     'Rf_endEmbeddedR', 'Rf_initEmbeddedR', 'getRUser', 'get_R_HOME'
    
    Compiled code should not call non-API entry points in R.
    
    See 'Writing portable packages' in the 'Writing R Extensions' manual.
Flavor: r-release-windows-ix86+x86_64

Version: 0.2.11
Check: compiled code
Result: NOTE
    File 'd:/Rcompile/CRANpkg/lib/3.0/RInside/libs/i386/RInside.dll':
     Found non-API calls to R: 'R_CleanTempDir', 'R_DefParams',
     'R_ReplDLLinit', 'R_RunExitFinalizers', 'R_SetParams', 'R_TempDir',
     'Rf_endEmbeddedR', 'Rf_initEmbeddedR', 'getRUser', 'get_R_HOME'
    File 'd:/Rcompile/CRANpkg/lib/3.0/RInside/libs/x64/RInside.dll':
     Found non-API calls to R: 'R_CleanTempDir', 'R_DefParams',
     'R_ReplDLLinit', 'R_RunExitFinalizers', 'R_SetParams', 'R_TempDir',
     'Rf_endEmbeddedR', 'Rf_initEmbeddedR', 'getRUser', 'get_R_HOME'
    File 'd:/Rcompile/CRANpkg/lib/3.0/RInside/libs/i386/libRInside.dll':
     Found non-API calls to R: 'R_CleanTempDir', 'R_DefParams',
     'R_ReplDLLinit', 'R_RunExitFinalizers', 'R_SetParams', 'R_TempDir',
     'Rf_endEmbeddedR', 'Rf_initEmbeddedR', 'getRUser', 'get_R_HOME'
    File 'd:/Rcompile/CRANpkg/lib/3.0/RInside/libs/x64/libRInside.dll':
     Found non-API calls to R: 'R_CleanTempDir', 'R_DefParams',
     'R_ReplDLLinit', 'R_RunExitFinalizers', 'R_SetParams', 'R_TempDir',
     'Rf_endEmbeddedR', 'Rf_initEmbeddedR', 'getRUser', 'get_R_HOME'
    
    Compiled code should not call non-API entry points in R.
    
    See 'Writing portable packages' in the 'Writing R Extensions' manual.
Flavor: r-oldrel-windows-ix86+x86_64