CRAN Package Check Results for Package RItools

Last updated on 2016-04-29 19:49:59.

Flavor Version Tinstall Tcheck Ttotal Status Flags
r-devel-linux-x86_64-debian-gcc 0.1-13 0.92 20.19 21.12 OK
r-devel-linux-x86_64-fedora-clang 0.1-13 36.75 OK
r-devel-linux-x86_64-fedora-gcc 0.1-13 35.21 OK
r-devel-osx-x86_64-clang 0.1-13 42.63 OK
r-devel-windows-ix86+x86_64 0.1-13 3.00 38.00 41.00 ERROR
r-patched-linux-x86_64 0.1-13 0.92 20.00 20.92 OK
r-patched-solaris-sparc 0.1-13 249.90 OK
r-patched-solaris-x86 0.1-13 51.30 OK
r-release-linux-x86_64 0.1-13 1.01 21.74 22.75 OK
r-release-osx-x86_64-mavericks 0.1-13 OK
r-release-windows-ix86+x86_64 0.1-13 3.00 38.00 41.00 NOTE
r-oldrel-windows-ix86+x86_64 0.1-13 12.00 56.00 68.00 NOTE

Check Details

Version: 0.1-13
Check: tests
Result: ERROR
    Running the tests in 'tests/testthat.R' failed.
    Last 13 lines of output:
    
     R is a collaborative project with many contributors.
     Type 'contributors()' for more information and
     'citation()' on how to cite R or R packages in publications.
    
     Type 'demo()' for some demos, 'help()' for on-line help, or
     'help.start()' for an HTML browser interface to help.
     Type 'q()' to quit R.
    
     > library(testthat)
     > library(RItools)
     >
     > test_check("RItools")
Flavor: r-devel-windows-ix86+x86_64

Version: 0.1-13
Check: package dependencies
Result: NOTE
    Package suggested but not available for checking: 'RSVGTipsDevice'
Flavors: r-release-windows-ix86+x86_64, r-oldrel-windows-ix86+x86_64