CRAN Package Check Results for Package RItools

Last updated on 2016-02-12 18:49:52.

Flavor Version Tinstall Tcheck Ttotal Status Flags
r-devel-linux-x86_64-debian-gcc 0.1-13 0.94 19.84 20.77 OK
r-devel-linux-x86_64-fedora-clang 0.1-13 35.63 OK
r-devel-linux-x86_64-fedora-gcc 0.1-13 35.23 OK
r-devel-osx-x86_64-clang 0.1-13 41.13 OK
r-devel-windows-ix86+x86_64 0.1-13 5.00 31.00 36.00 NOTE
r-patched-linux-x86_64 0.1-13 0.97 20.30 21.27 OK
r-patched-solaris-sparc 0.1-13 210.50 OK
r-patched-solaris-x86 0.1-13 50.40 OK
r-release-linux-x86_64 0.1-13 1.04 20.63 21.67 OK
r-release-osx-x86_64-mavericks 0.1-13 OK
r-release-windows-ix86+x86_64 0.1-13 5.00 42.00 47.00 NOTE
r-oldrel-windows-ix86+x86_64 0.1-13 7.00 44.00 51.00 NOTE

Check Details

Version: 0.1-13
Check: package dependencies
Result: NOTE
    Package suggested but not available for checking: 'RSVGTipsDevice'
Flavors: r-devel-windows-ix86+x86_64, r-release-windows-ix86+x86_64, r-oldrel-windows-ix86+x86_64