CRAN Package Check Results for Package RItools

Last updated on 2015-05-30 17:46:52.

Flavor Version Tinstall Tcheck Ttotal Status Flags
r-devel-linux-x86_64-debian-clang 0.1-12 0.91 19.15 20.06 NOTE
r-devel-linux-x86_64-debian-gcc 0.1-12 0.92 19.16 20.08 NOTE
r-devel-linux-x86_64-fedora-clang 0.1-12 41.50 NOTE
r-devel-linux-x86_64-fedora-gcc 0.1-12 36.82 NOTE
r-devel-osx-x86_64-clang 0.1-12 41.37 NOTE
r-devel-windows-ix86+x86_64 0.1-12 4.00 32.00 36.00 NOTE
r-patched-linux-x86_64 0.1-12 0.92 18.57 19.48 NOTE
r-patched-solaris-sparc 0.1-12 231.70 NOTE
r-patched-solaris-x86 0.1-12 54.50 NOTE
r-release-linux-x86_64 0.1-12 0.92 19.53 20.45 NOTE
r-release-osx-x86_64-mavericks 0.1-12 NOTE
r-release-osx-x86_64-snowleopard 0.1-12 NOTE
r-release-windows-ix86+x86_64 0.1-12 3.00 31.00 34.00 NOTE
r-oldrel-windows-ix86+x86_64 0.1-12 6.00 36.00 42.00 NOTE

Check Details

Version: 0.1-12
Check: dependencies in R code
Result: NOTE
    'library' or 'require' call to ‘RSVGTipsDevice’ in package code.
     Please use :: or requireNamespace() instead.
     See section 'Suggested packages' in the 'Writing R Extensions' manual.
Flavors: r-devel-linux-x86_64-debian-clang, r-devel-linux-x86_64-debian-gcc, r-devel-linux-x86_64-fedora-clang, r-devel-linux-x86_64-fedora-gcc, r-devel-osx-x86_64-clang, r-devel-windows-ix86+x86_64, r-patched-linux-x86_64, r-patched-solaris-sparc, r-patched-solaris-x86, r-release-linux-x86_64, r-release-osx-x86_64-mavericks, r-release-osx-x86_64-snowleopard, r-release-windows-ix86+x86_64, r-oldrel-windows-ix86+x86_64

Version: 0.1-12
Check: package dependencies
Result: NOTE
    Package suggested but not available for checking: 'RSVGTipsDevice'
Flavors: r-devel-windows-ix86+x86_64, r-release-windows-ix86+x86_64, r-oldrel-windows-ix86+x86_64