CRAN Package Check Results for Package RItools

Last updated on 2016-09-26 11:51:48.

Flavor Version Tinstall Tcheck Ttotal Status Flags
r-devel-linux-x86_64-debian-clang 0.1-15 2.74 38.59 41.33 OK
r-devel-linux-x86_64-debian-gcc 0.1-15 2.78 36.07 38.84 OK
r-devel-linux-x86_64-fedora-clang 0.1-15 87.11 OK
r-devel-linux-x86_64-fedora-gcc 0.1-15 83.12 OK
r-devel-macos-x86_64-clang 0.1-15 67.60 OK
r-devel-windows-ix86+x86_64 0.1-15 9.00 92.00 101.00 OK
r-patched-linux-x86_64 0.1-15 2.68 38.75 41.43 OK
r-patched-solaris-sparc 0.1-15 526.60 OK
r-patched-solaris-x86 0.1-15 115.90 OK
r-release-linux-x86_64 0.1-15 2.71 38.75 41.46 OK
r-release-osx-x86_64-mavericks 0.1-15 OK
r-release-windows-ix86+x86_64 0.1-15 16.00 92.00 108.00 OK
r-oldrel-windows-ix86+x86_64 0.1-15 11.00 96.00 107.00 NOTE

Check Details

Version: 0.1-15
Check: package dependencies
Result: NOTE
    Package suggested but not available for checking: 'RSVGTipsDevice'
Flavor: r-oldrel-windows-ix86+x86_64