CRAN Package Check Results for Package RItools

Last updated on 2015-07-07 23:48:02.

Flavor Version Tinstall Tcheck Ttotal Status Flags
r-devel-linux-x86_64-debian-clang 0.1-12 0.90 18.97 19.87 NOTE
r-devel-linux-x86_64-debian-gcc 0.1-12 0.90 18.19 19.09 NOTE
r-devel-linux-x86_64-fedora-clang 0.1-12 37.16 NOTE
r-devel-linux-x86_64-fedora-gcc 0.1-12 36.12 NOTE
r-devel-osx-x86_64-clang 0.1-12 37.07 NOTE
r-devel-windows-ix86+x86_64 0.1-12 6.00 32.00 38.00 NOTE
r-patched-linux-x86_64 0.1-12 0.97 18.50 19.47 NOTE
r-patched-solaris-sparc 0.1-12 231.70 NOTE
r-patched-solaris-x86 0.1-12 54.90 NOTE
r-release-linux-x86_64 0.1-12 0.90 19.02 19.92 NOTE
r-release-osx-x86_64-mavericks 0.1-12 NOTE
r-release-windows-ix86+x86_64 0.1-12 5.00 32.00 37.00 NOTE
r-oldrel-windows-ix86+x86_64 0.1-12 5.00 43.00 48.00 NOTE

Check Details

Version: 0.1-12
Check: dependencies in R code
Result: NOTE
    'library' or 'require' call to ‘RSVGTipsDevice’ in package code.
     Please use :: or requireNamespace() instead.
     See section 'Suggested packages' in the 'Writing R Extensions' manual.
Flavors: r-devel-linux-x86_64-debian-clang, r-devel-linux-x86_64-debian-gcc, r-devel-linux-x86_64-fedora-clang, r-devel-linux-x86_64-fedora-gcc, r-devel-osx-x86_64-clang, r-devel-windows-ix86+x86_64, r-patched-linux-x86_64, r-patched-solaris-sparc, r-patched-solaris-x86, r-release-linux-x86_64, r-release-osx-x86_64-mavericks, r-release-windows-ix86+x86_64, r-oldrel-windows-ix86+x86_64

Version: 0.1-12
Check: R code for possible problems
Result: NOTE
    .balanceplot: no visible global function definition for ‘dev.cur’
    .balanceplot: no visible global function definition for ‘axis’
    balanceplot: no visible global function definition for ‘dev.cur’
    balanceplot: no visible global function definition for ‘par’
    balanceplot: no visible global function definition for ‘strwidth’
    balanceplot: no visible global function definition for ‘plot’
    balanceplot: no visible global function definition for ‘axis’
    balanceplot: no visible global function definition for ‘na.omit’
    balanceplot: no visible global function definition for ‘abline’
    balanceplot: no visible global function definition for ‘legend’
    flatten.xbalresult : signifier: no visible global function definition
     for ‘symnum’
    makePval: no visible global function definition for ‘pnorm’
    naImpute: no visible binding for global variable ‘median’
    naImpute: no visible global function definition for ‘terms.formula’
    naImpute: no visible global function definition for ‘get_all_vars’
    naImpute: no visible global function definition for ‘update.formula’
    naImpute: no visible global function definition for ‘as.formula’
    print.xbal : <anonymous> : signifier: no visible global function
     definition for ‘symnum’
    print.xbal : <anonymous> : ftabler: no visible global function
     definition for ‘ftable’
    xBalance: no visible binding for global variable ‘median’
    xBalance: no visible global function definition for ‘terms.formula’
    xBalance : <anonymous>: no visible global function definition for
     ‘terms’
    xBalance: no visible global function definition for ‘pchisq’
    xBalance.find.goodstrats: no visible global function definition for
     ‘complete.cases’
    xBalance.find.goodstrats : <anonymous> : <anonymous>: no visible global
     function definition for ‘var’
    xBalance.make.stratum.mean.matrix: no visible global function
     definition for ‘new’
    xBalance.makeMM: no visible global function definition for
     ‘model.frame’
    xBalance.makeMM: no visible binding for global variable ‘na.pass’
    xBalance.makeMM: no visible global function definition for
     ‘model.matrix’
    xBalance.makeMM: no visible global function definition for ‘terms’
    xBalance.makepooledsd: no visible binding for global variable ‘var’
    xBalanceEngine : <anonymous>: no visible global function definition for
     ‘var’
    xBalanceEngine: no visible binding for global variable ‘var’
    xBalanceEngine: no visible global function definition for ‘pnorm’
    Undefined global functions or variables:
     abline as.formula axis complete.cases dev.cur ftable get_all_vars
     legend median model.frame model.matrix na.omit na.pass new par pchisq
     plot pnorm strwidth symnum terms terms.formula update.formula var
Flavors: r-devel-linux-x86_64-debian-clang, r-devel-linux-x86_64-debian-gcc, r-devel-linux-x86_64-fedora-clang, r-devel-linux-x86_64-fedora-gcc, r-devel-windows-ix86+x86_64

Version: 0.1-12
Check: package dependencies
Result: NOTE
    Package suggested but not available for checking: 'RSVGTipsDevice'
Flavors: r-devel-windows-ix86+x86_64, r-release-windows-ix86+x86_64, r-oldrel-windows-ix86+x86_64