CRAN Package Check Results for Package RItools

Last updated on 2016-12-07 10:48:44.

Flavor Version Tinstall Tcheck Ttotal Status Flags
r-devel-linux-x86_64-debian-clang 0.1-15 2.69 46.07 48.76 OK
r-devel-linux-x86_64-debian-gcc 0.1-15 2.88 45.33 48.22 OK
r-devel-linux-x86_64-fedora-clang 0.1-15 114.04 OK --no-stop-on-test-error
r-devel-linux-x86_64-fedora-gcc 0.1-15 108.35 OK --no-stop-on-test-error
r-devel-macos-x86_64-clang 0.1-15 81.12 OK --no-stop-on-test-error
r-devel-windows-ix86+x86_64 0.1-15 10.00 120.00 130.00 OK
r-patched-linux-x86_64 0.1-15 2.51 38.83 41.34 OK
r-patched-solaris-sparc 0.1-15 526.60 OK
r-patched-solaris-x86 0.1-15 117.70 OK
r-release-linux-x86_64 0.1-15 2.54 39.01 41.55 OK
r-release-osx-x86_64-mavericks 0.1-15 OK
r-release-windows-ix86+x86_64 0.1-15 6.00 66.00 72.00 OK
r-oldrel-windows-ix86+x86_64 0.1-15 11.00 72.00 83.00 NOTE

Check Details

Version: 0.1-15
Check: package dependencies
Result: NOTE
    Package suggested but not available for checking: 'RSVGTipsDevice'
Flavor: r-oldrel-windows-ix86+x86_64