CRAN Package Check Results for Package RItools

Last updated on 2016-08-27 12:47:42.

Flavor Version Tinstall Tcheck Ttotal Status Flags
r-devel-linux-x86_64-debian-clang 0.1-15 2.91 44.24 47.15 OK
r-devel-linux-x86_64-debian-gcc 0.1-15 4.44 53.70 58.14 OK
r-devel-linux-x86_64-fedora-clang 0.1-15 90.64 OK
r-devel-linux-x86_64-fedora-gcc 0.1-15 87.49 OK
r-devel-osx-x86_64-clang 0.1-15 72.87 OK
r-devel-windows-ix86+x86_64 0.1-15 11.00 99.00 110.00 OK
r-patched-linux-x86_64 0.1-15 2.75 43.63 46.37 OK
r-patched-solaris-sparc 0.1-15 526.60 OK
r-patched-solaris-x86 0.1-15 118.00 OK
r-release-linux-x86_64 0.1-15 3.22 43.35 46.57 OK
r-release-osx-x86_64-mavericks 0.1-15 OK
r-release-windows-ix86+x86_64 0.1-15 11.00 76.00 87.00 OK
r-oldrel-windows-ix86+x86_64 0.1-15 9.00 81.00 90.00 NOTE

Check Details

Version: 0.1-15
Check: package dependencies
Result: NOTE
    Package suggested but not available for checking: 'RSVGTipsDevice'
Flavor: r-oldrel-windows-ix86+x86_64