CRAN Package Check Results for Package RItools

Last updated on 2017-01-19 08:47:21.

Flavor Version Tinstall Tcheck Ttotal Status Flags
r-devel-linux-x86_64-debian-clang 0.1-15 2.71 43.27 45.98 OK
r-devel-linux-x86_64-debian-gcc 0.1-15 2.65 45.09 47.74 OK
r-devel-linux-x86_64-fedora-clang 0.1-15 105.00 OK --no-stop-on-test-error
r-devel-linux-x86_64-fedora-gcc 0.1-15 103.04 OK --no-stop-on-test-error
r-devel-macos-x86_64-clang 0.1-15 80.72 OK --no-stop-on-test-error
r-devel-windows-ix86+x86_64 0.1-15 11.00 73.00 84.00 OK
r-patched-linux-x86_64 0.1-15 2.88 38.53 41.41 OK
r-patched-solaris-sparc 0.1-15 535.60 OK
r-patched-solaris-x86 0.1-15 117.90 OK
r-release-linux-x86_64 0.1-15 2.60 39.62 42.22 OK
r-release-osx-x86_64-mavericks 0.1-15 OK
r-release-windows-ix86+x86_64 0.1-15 6.00 68.00 74.00 OK
r-oldrel-windows-ix86+x86_64 0.1-15 8.00 78.00 86.00 NOTE

Check Details

Version: 0.1-15
Check: package dependencies
Result: NOTE
    Package suggested but not available for checking: 'RSVGTipsDevice'
Flavor: r-oldrel-windows-ix86+x86_64