CRAN Package Check Results for Package RItools

Last updated on 2014-12-20 01:49:26.

Flavor Version Tinstall Tcheck Ttotal Status Flags
r-devel-linux-x86_64-debian-clang 0.1-12 1.14 21.09 22.23 OK
r-devel-linux-x86_64-debian-gcc 0.1-12 1.04 20.38 21.42 OK
r-devel-linux-x86_64-fedora-clang 0.1-12 48.74 OK
r-devel-linux-x86_64-fedora-gcc 0.1-12 44.77 OK
r-devel-osx-x86_64-clang 0.1-12 45.04 OK
r-devel-windows-ix86+x86_64 0.1-12 4.00 37.00 41.00 NOTE
r-patched-linux-x86_64 0.1-12 1.11 21.59 22.70 OK
r-patched-solaris-sparc 0.1-12 245.70 NOTE
r-patched-solaris-x86 0.1-12 64.90 OK
r-release-linux-ix86 0.1-12 1.44 28.61 30.05 OK
r-release-linux-x86_64 0.1-12 1.28 21.82 23.10 OK
r-release-osx-x86_64-mavericks 0.1-12 OK
r-release-osx-x86_64-snowleopard 0.1-12 OK
r-release-windows-ix86+x86_64 0.1-12 5.00 39.00 44.00 NOTE
r-oldrel-windows-ix86+x86_64 0.1-12 5.00 40.00 45.00 NOTE

Check Details

Version: 0.1-12
Check: package dependencies
Result: NOTE
    Package suggested but not available for checking: 'RSVGTipsDevice'
Flavors: r-devel-windows-ix86+x86_64, r-release-windows-ix86+x86_64, r-oldrel-windows-ix86+x86_64

Version: 0.1-12
Check: package dependencies
Result: NOTE
    Package which this enhances but not available for checking: ‘optmatch’
Flavor: r-patched-solaris-sparc