CRAN Package Check Results for Package RItools

Last updated on 2015-09-02 14:48:00.

Flavor Version Tinstall Tcheck Ttotal Status Flags
r-devel-linux-x86_64-debian-clang 0.1-12 0.97 18.38 19.36 NOTE
r-devel-linux-x86_64-debian-gcc 0.1-12 0.88 18.12 19.00 NOTE
r-devel-linux-x86_64-fedora-clang 0.1-12 37.50 NOTE
r-devel-linux-x86_64-fedora-gcc 0.1-12 35.02 NOTE
r-devel-osx-x86_64-clang 0.1-12 35.49 NOTE
r-devel-windows-ix86+x86_64 0.1-12 5.00 53.00 58.00 NOTE
r-patched-linux-x86_64 0.1-12 1.01 18.87 19.88 NOTE
r-patched-solaris-sparc 0.1-12 238.00 NOTE
r-patched-solaris-x86 0.1-12 55.00 NOTE
r-release-linux-x86_64 0.1-12 0.93 20.17 21.10 NOTE
r-release-osx-x86_64-mavericks 0.1-12 NOTE
r-release-windows-ix86+x86_64 0.1-12 5.00 49.00 54.00 NOTE
r-oldrel-windows-ix86+x86_64 0.1-12 9.00 42.00 51.00 NOTE

Check Details

Version: 0.1-12
Check: dependencies in R code
Result: NOTE
    'library' or 'require' call to ‘RSVGTipsDevice’ in package code.
     Please use :: or requireNamespace() instead.
     See section 'Suggested packages' in the 'Writing R Extensions' manual.
Flavors: r-devel-linux-x86_64-debian-clang, r-devel-linux-x86_64-debian-gcc, r-devel-linux-x86_64-fedora-clang, r-devel-linux-x86_64-fedora-gcc, r-devel-osx-x86_64-clang, r-devel-windows-ix86+x86_64, r-patched-linux-x86_64, r-patched-solaris-sparc, r-patched-solaris-x86, r-release-linux-x86_64, r-release-osx-x86_64-mavericks, r-release-windows-ix86+x86_64, r-oldrel-windows-ix86+x86_64

Version: 0.1-12
Check: R code for possible problems
Result: NOTE
    .balanceplot: no visible global function definition for ‘dev.cur’
    .balanceplot: no visible global function definition for ‘axis’
    balanceplot: no visible global function definition for ‘dev.cur’
    balanceplot: no visible global function definition for ‘par’
    balanceplot: no visible global function definition for ‘strwidth’
    balanceplot: no visible global function definition for ‘plot’
    balanceplot: no visible global function definition for ‘axis’
    balanceplot: no visible global function definition for ‘na.omit’
    balanceplot: no visible global function definition for ‘abline’
    balanceplot: no visible global function definition for ‘legend’
    flatten.xbalresult : signifier: no visible global function definition
     for ‘symnum’
    makePval: no visible global function definition for ‘pnorm’
    naImpute: no visible binding for global variable ‘median’
    naImpute: no visible global function definition for ‘terms.formula’
    naImpute: no visible global function definition for ‘get_all_vars’
    naImpute: no visible global function definition for ‘update.formula’
    naImpute: no visible global function definition for ‘as.formula’
    print.xbal : <anonymous> : signifier: no visible global function
     definition for ‘symnum’
    print.xbal : <anonymous> : ftabler: no visible global function
     definition for ‘ftable’
    xBalance: no visible binding for global variable ‘median’
    xBalance: no visible global function definition for ‘terms.formula’
    xBalance : <anonymous>: no visible global function definition for
     ‘terms’
    xBalance: no visible global function definition for ‘pchisq’
    xBalance.find.goodstrats: no visible global function definition for
     ‘complete.cases’
    xBalance.find.goodstrats : <anonymous> : <anonymous>: no visible global
     function definition for ‘var’
    xBalance.make.stratum.mean.matrix: no visible global function
     definition for ‘new’
    xBalance.makeMM: no visible global function definition for
     ‘model.frame’
    xBalance.makeMM: no visible binding for global variable ‘na.pass’
    xBalance.makeMM: no visible global function definition for
     ‘model.matrix’
    xBalance.makeMM: no visible global function definition for ‘terms’
    xBalance.makepooledsd: no visible binding for global variable ‘var’
    xBalanceEngine : <anonymous>: no visible global function definition for
     ‘var’
    xBalanceEngine: no visible binding for global variable ‘var’
    xBalanceEngine: no visible global function definition for ‘pnorm’
    Undefined global functions or variables:
     abline as.formula axis complete.cases dev.cur ftable get_all_vars
     legend median model.frame model.matrix na.omit na.pass new par pchisq
     plot pnorm strwidth symnum terms terms.formula update.formula var
    Consider adding
     importFrom("grDevices", "dev.cur")
     importFrom("graphics", "abline", "axis", "legend", "par", "plot",
     "strwidth")
     importFrom("methods", "new")
     importFrom("stats", "as.formula", "complete.cases", "ftable",
     "get_all_vars", "median", "model.frame", "model.matrix",
     "na.omit", "na.pass", "pchisq", "pnorm", "symnum", "terms",
     "terms.formula", "update.formula", "var")
    to your NAMESPACE (and ensure that your DESCRIPTION Imports field
    contains 'methods').
Flavors: r-devel-linux-x86_64-debian-clang, r-devel-linux-x86_64-debian-gcc, r-devel-linux-x86_64-fedora-clang, r-devel-linux-x86_64-fedora-gcc, r-devel-windows-ix86+x86_64

Version: 0.1-12
Check: package dependencies
Result: NOTE
    Package suggested but not available for checking: 'RSVGTipsDevice'
Flavors: r-devel-windows-ix86+x86_64, r-release-windows-ix86+x86_64, r-oldrel-windows-ix86+x86_64