CRAN Package Check Results for Package RItools

Last updated on 2014-08-23 16:46:35.

Flavor Version Tinstall Tcheck Ttotal Status Flags
r-devel-linux-x86_64-debian-clang 0.1-12 1.15 21.07 22.22 OK
r-devel-linux-x86_64-debian-gcc 0.1-12 1.13 20.77 21.90 OK
r-devel-linux-x86_64-fedora-clang 0.1-12 45.89 OK
r-devel-linux-x86_64-fedora-gcc 0.1-12 43.49 OK
r-devel-osx-x86_64-clang 0.1-12 43.58 OK
r-devel-windows-ix86+x86_64 0.1-12 4.00 35.00 39.00 NOTE
r-patched-linux-x86_64 0.1-12 1.18 21.87 23.05 OK
r-patched-solaris-sparc 0.1-12 245.70 NOTE
r-patched-solaris-x86 0.1-12 64.70 OK
r-release-linux-ix86 0.1-12 1.68 29.70 31.38 OK
r-release-linux-x86_64 0.1-12 1.22 22.51 23.74 OK
r-release-osx-x86_64-mavericks 0.1-12 OK
r-release-osx-x86_64-snowleopard 0.1-12 OK
r-release-windows-ix86+x86_64 0.1-12 4.00 38.00 42.00 NOTE
r-oldrel-windows-ix86+x86_64 0.1-12 5.00 37.00 42.00 NOTE

Check Details

Version: 0.1-12
Check: package dependencies
Result: NOTE
    Package suggested but not available for checking: 'RSVGTipsDevice'
Flavors: r-devel-windows-ix86+x86_64, r-release-windows-ix86+x86_64, r-oldrel-windows-ix86+x86_64

Version: 0.1-12
Check: package dependencies
Result: NOTE
    Package which this enhances but not available for checking: ‘optmatch’
Flavor: r-patched-solaris-sparc