CRAN Package Check Results for Package RItools

Last updated on 2017-03-28 23:50:46.

Flavor Version Tinstall Tcheck Ttotal Status Flags
r-devel-linux-x86_64-debian-clang 0.1-15 3.01 47.35 50.36 OK
r-devel-linux-x86_64-debian-gcc 0.1-15 2.62 47.29 49.91 OK
r-devel-linux-x86_64-fedora-clang 0.1-15 109.59 OK --no-stop-on-test-error
r-devel-linux-x86_64-fedora-gcc 0.1-15 106.49 OK --no-stop-on-test-error
r-devel-macos-x86_64-clang 0.1-15 82.72 OK --no-stop-on-test-error
r-devel-windows-ix86+x86_64 0.1-15 9.00 94.00 103.00 OK
r-patched-linux-x86_64 0.1-15 3.01 46.10 49.11 OK
r-patched-solaris-sparc 0.1-15 623.70 OK
r-patched-solaris-x86 0.1-15 144.10 OK
r-release-linux-x86_64 0.1-15 2.89 39.43 42.31 OK
r-release-osx-x86_64-mavericks 0.1-15 OK
r-release-windows-ix86+x86_64 0.1-15 10.00 66.00 76.00 OK
r-oldrel-windows-ix86+x86_64 0.1-15 8.00 73.00 81.00 NOTE

Check Details

Version: 0.1-15
Check: package dependencies
Result: NOTE
    Package suggested but not available for checking: 'RSVGTipsDevice'
Flavor: r-oldrel-windows-ix86+x86_64