CRAN Package Check Results for Package RItools

Last updated on 2014-07-24 01:48:01.

Flavor Version Tinstall Tcheck Ttotal Status Flags
r-devel-linux-x86_64-debian-clang 0.1-11 1.06 20.02 21.08 NOTE
r-devel-linux-x86_64-debian-gcc 0.1-11 1.02 19.57 20.59 NOTE
r-devel-linux-x86_64-fedora-clang 0.1-11 48.59 NOTE
r-devel-linux-x86_64-fedora-gcc 0.1-11 46.04 NOTE
r-devel-osx-x86_64-clang 0.1-11 42.12 NOTE
r-devel-windows-ix86+x86_64 0.1-11 4.00 35.00 39.00 NOTE
r-patched-linux-x86_64 0.1-11 1.05 19.72 20.77 NOTE
r-patched-solaris-sparc 0.1-11 248.50 NOTE
r-patched-solaris-x86 0.1-11 65.80 NOTE
r-release-linux-ix86 0.1-11 1.61 28.12 29.73 NOTE
r-release-linux-x86_64 0.1-11 1.07 20.04 21.11 NOTE
r-release-osx-x86_64-mavericks 0.1-11 NOTE
r-release-windows-ix86+x86_64 0.1-11 4.00 33.00 37.00 NOTE
r-oldrel-windows-ix86+x86_64 0.1-11 4.00 34.00 38.00 NOTE

Check Details

Version: 0.1-11
Check: DESCRIPTION meta-information
Result: NOTE
    Packages listed in more than one of Depends, Imports, Suggests, Enhances:
     ‘xtable’ ‘optmatch’
    A package should be listed in only one of these fields.
Flavors: r-devel-linux-x86_64-debian-clang, r-devel-linux-x86_64-debian-gcc, r-devel-linux-x86_64-fedora-clang, r-devel-linux-x86_64-fedora-gcc, r-devel-osx-x86_64-clang, r-devel-windows-ix86+x86_64, r-patched-linux-x86_64, r-patched-solaris-sparc, r-patched-solaris-x86, r-release-linux-ix86, r-release-linux-x86_64, r-release-osx-x86_64-mavericks, r-release-windows-ix86+x86_64, r-oldrel-windows-ix86+x86_64

Version: 0.1-11
Check: dependencies in R code
Result: NOTE
    Package in Depends field not imported from: ‘methods’
     These packages need to be imported from (in the NAMESPACE file)
     for when this namespace is loaded but not attached.
    See the information on DESCRIPTION files in the chapter ‘Creating R
    packages’ of the ‘Writing R Extensions’ manual.
Flavors: r-devel-linux-x86_64-debian-clang, r-devel-linux-x86_64-debian-gcc, r-devel-linux-x86_64-fedora-clang, r-devel-linux-x86_64-fedora-gcc, r-devel-osx-x86_64-clang, r-devel-windows-ix86+x86_64, r-patched-linux-x86_64, r-patched-solaris-sparc, r-patched-solaris-x86, r-release-linux-ix86, r-release-linux-x86_64, r-release-osx-x86_64-mavericks, r-release-windows-ix86+x86_64, r-oldrel-windows-ix86+x86_64

Version: 0.1-11
Check: R code for possible problems
Result: NOTE
    makePval: warning in pnorm(abs(zs), lower = FALSE): partial argument
     match of 'lower' to 'lower.tail'
    naImpute: warning in terms.formula(if (length(FMLA) > 2) FMLA[-2] else
     FMLA, dat = DATA, keep.order = TRUE): partial argument match of 'dat'
     to 'data'
    naImpute: warning in terms.formula(TFMLA, dat = dat, keep.order =
     TRUE): partial argument match of 'dat' to 'data'
    naImpute: warning in terms.formula(FMLA, dat = DATA, keep.order =
     TRUE): partial argument match of 'dat' to 'data'
    xBalance: warning in terms.formula(fmla, dat = data, keep.order =
     TRUE): partial argument match of 'dat' to 'data'
    xBalance: warning in pchisq(RES[[nn]]$chisq["chisquare"], df =
     RES[[nn]]$chisq["df"], lower = FALSE): partial argument match of
     'lower' to 'lower.tail'
    xBalanceEngine: warning in pnorm(abs(ssn/sqrt(ssvar)), lower = FALSE):
     partial argument match of 'lower' to 'lower.tail'
Flavors: r-devel-linux-x86_64-debian-clang, r-devel-linux-x86_64-debian-gcc, r-devel-linux-x86_64-fedora-clang, r-devel-linux-x86_64-fedora-gcc, r-devel-osx-x86_64-clang, r-devel-windows-ix86+x86_64, r-patched-linux-x86_64, r-patched-solaris-sparc, r-patched-solaris-x86, r-release-linux-ix86, r-release-linux-x86_64, r-release-osx-x86_64-mavericks, r-release-windows-ix86+x86_64, r-oldrel-windows-ix86+x86_64

Version: 0.1-11
Check: installed files from ‘inst/doc’
Result: NOTE
    The following files should probably not be installed:
     ‘asa.bst’
    
    Consider the use of a .Rinstignore file: see ‘Writing R Extensions’,
    or move the vignette sources from ‘inst/doc’ to ‘vignettes’.
Flavors: r-devel-linux-x86_64-debian-clang, r-devel-linux-x86_64-debian-gcc, r-devel-linux-x86_64-fedora-clang, r-devel-linux-x86_64-fedora-gcc, r-devel-osx-x86_64-clang, r-devel-windows-ix86+x86_64, r-patched-linux-x86_64, r-patched-solaris-sparc, r-patched-solaris-x86, r-release-linux-ix86, r-release-linux-x86_64, r-release-osx-x86_64-mavericks, r-release-windows-ix86+x86_64, r-oldrel-windows-ix86+x86_64

Version: 0.1-11
Check: Rd line widths
Result: NOTE
    Rd file 'plot.xbal.Rd':
     \usage lines wider than 90 characters:
     which.strata=dimnames(x$results)[["strata"]],thestratalabs=which.strata,
     \examples lines wider than 100 characters:
     report=c("adj.means","adj.mean.diffs","std.diffs", "z.scores", "chisquare.test","p.values"))
    
    Rd file 'print.xbal.Rd':
     \usage lines wider than 90 characters:
     print(x,which.strata=dimnames(x$results)[["strata"]],which.stats=dimnames(x$results)[["stat"]],which.vars=dimnames(x$results)[["vars"]] ... [TRUNCATED]
     \examples lines wider than 100 characters:
     report=c("adj.means","adj.mean.diffs","std.diffs", "z.scores", "chisquare.test","p.values"))
     ##The following example prints the adjusted means --- labeled as "treatmentvar=0" and "treatmentvar=1" using the formula provided to xB ... [TRUNCATED]
    
    Rd file 'xBalance.Rd':
     \usage lines wider than 90 characters:
     xBalance(fmla, strata=list(unstrat=NULL), data, report=c("std.diffs","z.scores","adj.means",
    
    Rd file 'xtable.xbal.Rd':
     \usage lines wider than 90 characters:
     xtable(x, caption = NULL, label = NULL, align = c("l",rep("r",ncol(xvardf))), digits = 2, display = NULL, col.labels = NULL, ...)
    
    These lines will be truncated in the PDF manual.
Flavors: r-devel-linux-x86_64-fedora-clang, r-devel-linux-x86_64-fedora-gcc