CRAN Package Check Results for Package RItools

Last updated on 2017-02-22 23:54:18.

Flavor Version Tinstall Tcheck Ttotal Status Flags
r-devel-linux-x86_64-debian-clang 0.1-15 2.82 47.01 49.83 OK
r-devel-linux-x86_64-debian-gcc 0.1-15 2.72 48.54 51.26 OK
r-devel-linux-x86_64-fedora-clang 0.1-15 108.35 OK --no-stop-on-test-error
r-devel-linux-x86_64-fedora-gcc 0.1-15 106.25 OK --no-stop-on-test-error
r-devel-macos-x86_64-clang 0.1-15 83.98 OK --no-stop-on-test-error
r-devel-windows-ix86+x86_64 0.1-15 14.00 109.00 123.00 OK
r-patched-linux-x86_64 0.1-15 2.77 39.09 41.86 OK
r-patched-solaris-sparc 0.1-15 535.60 OK
r-patched-solaris-x86 0.1-15 118.10 OK
r-release-linux-x86_64 0.1-15 2.52 39.41 41.93 OK
r-release-osx-x86_64-mavericks 0.1-15 OK
r-release-windows-ix86+x86_64 0.1-15 11.00 97.00 108.00 OK
r-oldrel-windows-ix86+x86_64 0.1-15 10.00 68.00 78.00 NOTE

Check Details

Version: 0.1-15
Check: package dependencies
Result: NOTE
    Package suggested but not available for checking: 'RSVGTipsDevice'
Flavor: r-oldrel-windows-ix86+x86_64