CRAN Package Check Results for Package RItools

Last updated on 2014-10-21 03:49:15.

Flavor Version Tinstall Tcheck Ttotal Status Flags
r-devel-linux-x86_64-debian-clang 0.1-12 1.18 21.54 22.72 OK
r-devel-linux-x86_64-debian-gcc 0.1-12 1.14 21.21 22.36 OK
r-devel-linux-x86_64-fedora-clang 0.1-12 47.18 OK
r-devel-linux-x86_64-fedora-gcc 0.1-12 42.84 OK
r-devel-osx-x86_64-clang 0.1-12 45.40 OK
r-devel-windows-ix86+x86_64 0.1-12 4.00 37.00 41.00 NOTE
r-patched-linux-x86_64 0.1-12 1.20 21.66 22.86 OK
r-patched-solaris-sparc 0.1-12 245.70 NOTE
r-patched-solaris-x86 0.1-12 65.00 OK
r-release-linux-ix86 0.1-12 1.68 30.23 31.90 OK
r-release-linux-x86_64 0.1-12 1.21 22.15 23.36 OK
r-release-osx-x86_64-mavericks 0.1-12 OK
r-release-osx-x86_64-snowleopard 0.1-12 OK
r-release-windows-ix86+x86_64 0.1-12 4.00 34.00 38.00 NOTE
r-oldrel-windows-ix86+x86_64 0.1-12 5.00 37.00 42.00 NOTE

Check Details

Version: 0.1-12
Check: package dependencies
Result: NOTE
    Package suggested but not available for checking: 'RSVGTipsDevice'
Flavors: r-devel-windows-ix86+x86_64, r-release-windows-ix86+x86_64, r-oldrel-windows-ix86+x86_64

Version: 0.1-12
Check: package dependencies
Result: NOTE
    Package which this enhances but not available for checking: ‘optmatch’
Flavor: r-patched-solaris-sparc