CRAN Package Check Results for Package RItools

Last updated on 2015-01-29 22:48:50.

Flavor Version Tinstall Tcheck Ttotal Status Flags
r-devel-linux-x86_64-debian-clang 0.1-12 1.18 19.26 20.44 NOTE
r-devel-linux-x86_64-debian-gcc 0.1-12 0.96 18.66 19.62 NOTE
r-devel-linux-x86_64-fedora-clang 0.1-12 44.84 NOTE
r-devel-linux-x86_64-fedora-gcc 0.1-12 42.00 NOTE
r-devel-osx-x86_64-clang 0.1-12 45.18 NOTE
r-devel-windows-ix86+x86_64 0.1-12 5.00 32.00 37.00 NOTE
r-patched-linux-x86_64 0.1-12 1.12 21.68 22.80 OK
r-patched-solaris-sparc 0.1-12 282.80 OK
r-patched-solaris-x86 0.1-12 65.40 OK
r-release-linux-ix86 0.1-12 1.45 28.77 30.22 OK
r-release-linux-x86_64 0.1-12 1.18 23.02 24.19 OK
r-release-osx-x86_64-mavericks 0.1-12 OK
r-release-osx-x86_64-snowleopard 0.1-12 OK
r-release-windows-ix86+x86_64 0.1-12 5.00 36.00 41.00 NOTE
r-oldrel-windows-ix86+x86_64 0.1-12 5.00 36.00 41.00 NOTE

Check Details

Version: 0.1-12
Check: dependencies in R code
Result: NOTE
    'library' or 'require' call to ‘RSVGTipsDevice’ in package code.
     Please use :: or requireNamespace() instead.
     See section 'Suggested packages' in the 'Writing R Extensions' manual.
Flavors: r-devel-linux-x86_64-debian-clang, r-devel-linux-x86_64-debian-gcc, r-devel-linux-x86_64-fedora-clang, r-devel-linux-x86_64-fedora-gcc, r-devel-osx-x86_64-clang, r-devel-windows-ix86+x86_64

Version: 0.1-12
Check: package dependencies
Result: NOTE
    Package suggested but not available for checking: 'RSVGTipsDevice'
Flavors: r-devel-windows-ix86+x86_64, r-release-windows-ix86+x86_64, r-oldrel-windows-ix86+x86_64