CRAN Package Check Results for Package RItools

Last updated on 2015-03-27 21:47:59.

Flavor Version Tinstall Tcheck Ttotal Status Flags
r-devel-linux-x86_64-debian-clang 0.1-12 1.06 19.14 20.21 NOTE
r-devel-linux-x86_64-debian-gcc 0.1-12 0.91 18.34 19.25 NOTE
r-devel-linux-x86_64-fedora-clang 0.1-12 38.85 NOTE
r-devel-linux-x86_64-fedora-gcc 0.1-12 36.29 NOTE
r-devel-osx-x86_64-clang 0.1-12 43.01 NOTE
r-prerel-windows-ix86+x86_64 0.1-12 5.00 32.00 37.00 NOTE
r-prerel-linux-x86_64 0.1-12 0.94 18.18 19.12 NOTE
r-prerel-solaris-sparc 0.1-12 244.90 NOTE
r-prerel-solaris-x86 0.1-12 53.90 NOTE
r-release-linux-x86_64 0.1-12 1.09 22.80 23.89 NOTE
r-release-osx-x86_64-mavericks 0.1-12 OK
r-release-osx-x86_64-snowleopard 0.1-12 OK
r-release-windows-ix86+x86_64 0.1-12 4.00 37.00 41.00 NOTE
r-oldrel-windows-ix86+x86_64 0.1-12 5.00 39.00 44.00 NOTE

Check Details

Version: 0.1-12
Check: dependencies in R code
Result: NOTE
    'library' or 'require' call to ‘RSVGTipsDevice’ in package code.
     Please use :: or requireNamespace() instead.
     See section 'Suggested packages' in the 'Writing R Extensions' manual.
Flavors: r-devel-linux-x86_64-debian-clang, r-devel-linux-x86_64-debian-gcc, r-devel-linux-x86_64-fedora-clang, r-devel-linux-x86_64-fedora-gcc, r-devel-osx-x86_64-clang, r-prerel-windows-ix86+x86_64, r-prerel-linux-x86_64, r-prerel-solaris-sparc, r-prerel-solaris-x86, r-release-linux-x86_64, r-release-windows-ix86+x86_64

Version: 0.1-12
Check: package dependencies
Result: NOTE
    Package suggested but not available for checking: 'RSVGTipsDevice'
Flavors: r-prerel-windows-ix86+x86_64, r-release-windows-ix86+x86_64, r-oldrel-windows-ix86+x86_64