CRAN Package Check Results for Package RItools

Last updated on 2014-09-03 08:53:39.

Flavor Version Tinstall Tcheck Ttotal Status Flags
r-devel-linux-x86_64-debian-clang 0.1-12 1.14 20.73 21.88 OK
r-devel-linux-x86_64-debian-gcc 0.1-12 1.11 20.97 22.08 OK
r-devel-linux-x86_64-fedora-clang 0.1-12 46.74 OK
r-devel-linux-x86_64-fedora-gcc 0.1-12 43.90 OK
r-devel-osx-x86_64-clang 0.1-12 42.58 OK
r-devel-windows-ix86+x86_64 0.1-12 4.00 34.00 38.00 NOTE
r-patched-linux-x86_64 0.1-12 1.20 21.61 22.81 OK
r-patched-solaris-sparc 0.1-12 245.70 NOTE
r-patched-solaris-x86 0.1-12 64.50 OK
r-release-linux-ix86 0.1-12 1.68 30.01 31.68 OK
r-release-linux-x86_64 0.1-12 1.20 23.18 24.38 OK
r-release-osx-x86_64-mavericks 0.1-12 OK
r-release-osx-x86_64-snowleopard 0.1-12 OK
r-release-windows-ix86+x86_64 0.1-12 4.00 37.00 41.00 NOTE
r-oldrel-windows-ix86+x86_64 0.1-12 4.00 37.00 41.00 NOTE

Check Details

Version: 0.1-12
Check: package dependencies
Result: NOTE
    Package suggested but not available for checking: 'RSVGTipsDevice'
Flavors: r-devel-windows-ix86+x86_64, r-release-windows-ix86+x86_64, r-oldrel-windows-ix86+x86_64

Version: 0.1-12
Check: package dependencies
Result: NOTE
    Package which this enhances but not available for checking: ‘optmatch’
Flavor: r-patched-solaris-sparc