CRAN Package Check Results for Package RItools

Last updated on 2014-11-23 12:46:40.

Flavor Version Tinstall Tcheck Ttotal Status Flags
r-devel-linux-x86_64-debian-clang 0.1-12 1.16 21.96 23.11 OK
r-devel-linux-x86_64-debian-gcc 0.1-12 1.04 20.81 21.86 OK
r-devel-linux-x86_64-fedora-clang 0.1-12 47.00 OK
r-devel-linux-x86_64-fedora-gcc 0.1-12 43.60 OK
r-devel-osx-x86_64-clang 0.1-12 45.29 OK
r-devel-windows-ix86+x86_64 0.1-12 4.00 34.00 38.00 NOTE
r-patched-linux-x86_64 0.1-12 1.11 21.86 22.96 OK
r-patched-solaris-sparc 0.1-12 245.70 NOTE
r-patched-solaris-x86 0.1-12 64.80 OK
r-release-linux-ix86 0.1-12 1.43 28.77 30.20 OK
r-release-linux-x86_64 0.1-12 1.11 21.42 22.53 OK
r-release-osx-x86_64-mavericks 0.1-12 OK
r-release-osx-x86_64-snowleopard 0.1-12 OK
r-release-windows-ix86+x86_64 0.1-12 4.00 35.00 39.00 NOTE
r-oldrel-windows-ix86+x86_64 0.1-12 5.00 36.00 41.00 NOTE

Check Details

Version: 0.1-12
Check: package dependencies
Result: NOTE
    Package suggested but not available for checking: 'RSVGTipsDevice'
Flavors: r-devel-windows-ix86+x86_64, r-release-windows-ix86+x86_64, r-oldrel-windows-ix86+x86_64

Version: 0.1-12
Check: package dependencies
Result: NOTE
    Package which this enhances but not available for checking: ‘optmatch’
Flavor: r-patched-solaris-sparc