CRAN Package Check Results for Package RItools

Last updated on 2016-07-25 20:48:00.

Flavor Version Tinstall Tcheck Ttotal Status Flags
r-devel-linux-x86_64-debian-clang 0.1-15 4.54 50.50 55.03 OK
r-devel-linux-x86_64-debian-gcc 0.1-15 3.44 51.21 54.66 OK
r-devel-linux-x86_64-fedora-clang 0.1-15 93.19 OK
r-devel-linux-x86_64-fedora-gcc 0.1-15 87.31 OK
r-devel-osx-x86_64-clang 0.1-15 73.16 OK
r-devel-windows-ix86+x86_64 0.1-15 11.00 80.00 91.00 OK
r-patched-linux-x86_64 0.1-15 3.92 48.88 52.80 OK
r-patched-solaris-sparc 0.1-15 526.60 OK
r-patched-solaris-x86 0.1-15 117.80 OK
r-release-linux-x86_64 0.1-15 3.77 46.89 50.66 OK
r-release-osx-x86_64-mavericks 0.1-15 OK
r-release-windows-ix86+x86_64 0.1-15 11.00 72.00 83.00 OK
r-oldrel-windows-ix86+x86_64 0.1-15 10.00 74.00 84.00 NOTE

Check Details

Version: 0.1-15
Check: package dependencies
Result: NOTE
    Package suggested but not available for checking: 'RSVGTipsDevice'
Flavor: r-oldrel-windows-ix86+x86_64