CRAN Package Check Results for Package RItools

Last updated on 2016-06-24 23:47:44.

Flavor Version Tinstall Tcheck Ttotal Status Flags
r-devel-linux-x86_64-debian-gcc 0.1-15 2.96 46.52 49.47 OK
r-devel-linux-x86_64-fedora-clang 0.1-15 87.93 OK
r-devel-linux-x86_64-fedora-gcc 0.1-15 84.59 OK
r-devel-osx-x86_64-clang 0.1-15 69.81 OK
r-devel-windows-ix86+x86_64 0.1-15 10.00 74.00 84.00 OK
r-patched-linux-x86_64 0.1-15 3.24 45.25 48.49 OK
r-patched-solaris-x86 0.1-15 118.50 OK
r-release-linux-x86_64 0.1-15 2.72 44.08 46.81 OK
r-release-osx-x86_64-mavericks 0.1-15 OK
r-release-windows-ix86+x86_64 0.1-15 10.00 77.00 87.00 OK
r-oldrel-windows-ix86+x86_64 0.1-15 12.00 78.00 90.00 NOTE

Check Details

Version: 0.1-15
Check: package dependencies
Result: NOTE
    Package suggested but not available for checking: 'RSVGTipsDevice'
Flavor: r-oldrel-windows-ix86+x86_64