CRAN Package Check Results for Package RItools

Last updated on 2016-05-31 03:49:59.

Flavor Version Tinstall Tcheck Ttotal Status Flags
r-devel-linux-x86_64-debian-gcc 0.1-13 0.92 20.46 21.38 OK
r-devel-linux-x86_64-fedora-clang 0.1-15 55.54 OK
r-devel-linux-x86_64-fedora-gcc 0.1-15 63.53 OK
r-devel-osx-x86_64-clang 0.1-13 42.98 OK
r-devel-windows-ix86+x86_64 0.1-13 4.00 38.00 42.00 ERROR
r-patched-linux-x86_64 0.1-13 1.07 19.78 20.85 OK
r-patched-solaris-sparc 0.1-15 500.20 OK
r-patched-solaris-x86 0.1-15 108.90 OK
r-release-linux-x86_64 0.1-13 0.99 19.98 20.97 OK
r-release-osx-x86_64-mavericks 0.1-13 OK
r-release-windows-ix86+x86_64 0.1-15 13.00 106.00 119.00 OK
r-oldrel-windows-ix86+x86_64 0.1-15 10.00 84.00 94.00 NOTE

Check Details

Version: 0.1-13
Check: tests
Result: ERROR
    Running the tests in 'tests/testthat.R' failed.
    Last 13 lines of output:
     You are welcome to redistribute it under certain conditions.
     Type 'license()' or 'licence()' for distribution details.
    
     R is a collaborative project with many contributors.
     Type 'contributors()' for more information and
     'citation()' on how to cite R or R packages in publications.
    
     Type 'demo()' for some demos, 'help()' for on-line help, or
     'help.start()' for an HTML browser interface to help.
     Type 'q()' to quit R.
    
     > library(testthat)
     > library(RItools)
     >
     > test_check("RItools")
Flavor: r-devel-windows-ix86+x86_64

Version: 0.1-15
Check: package dependencies
Result: NOTE
    Package suggested but not available for checking: 'RSVGTipsDevice'
Flavor: r-oldrel-windows-ix86+x86_64