CRAN Package Check Results for Package RJDBC

Last updated on 2016-08-29 06:47:21.

Flavor Version Tinstall Tcheck Ttotal Status Flags
r-devel-linux-x86_64-debian-clang 0.2-5 1.32 17.47 18.79 NOTE
r-devel-linux-x86_64-debian-gcc 0.2-5 1.31 17.25 18.56 NOTE
r-devel-linux-x86_64-fedora-clang 0.2-5 34.76 NOTE
r-devel-linux-x86_64-fedora-gcc 0.2-5 33.05 NOTE
r-devel-osx-x86_64-clang 0.2-5 31.01 OK
r-devel-windows-ix86+x86_64 0.2-5 10.00 48.00 58.00 OK
r-patched-linux-x86_64 0.2-5 1.33 16.86 18.19 NOTE
r-patched-solaris-sparc 0.2-5 220.40 OK
r-patched-solaris-x86 0.2-5 45.60 OK
r-release-linux-x86_64 0.2-5 1.54 17.14 18.67 NOTE
r-release-osx-x86_64-mavericks 0.2-5 OK
r-release-windows-ix86+x86_64 0.2-5 10.00 51.00 61.00 OK
r-oldrel-windows-ix86+x86_64 0.2-5 7.00 73.00 80.00 OK

Check Details

Version: 0.2-5
Check: top-level files
Result: NOTE
    Non-standard file/directory found at top level:
     ‘java-src’
Flavors: r-devel-linux-x86_64-debian-clang, r-devel-linux-x86_64-debian-gcc, r-devel-linux-x86_64-fedora-clang, r-devel-linux-x86_64-fedora-gcc, r-patched-linux-x86_64, r-release-linux-x86_64