CRAN Package Check Results for Package RJDBC

Last updated on 2016-09-25 23:47:03.

Flavor Version Tinstall Tcheck Ttotal Status Flags
r-devel-linux-x86_64-debian-clang 0.2-5 1.20 16.23 17.43 NOTE
r-devel-linux-x86_64-debian-gcc 0.2-5 1.22 16.24 17.46 NOTE
r-devel-linux-x86_64-fedora-clang 0.2-5 32.25 NOTE
r-devel-linux-x86_64-fedora-gcc 0.2-5 30.13 NOTE
r-devel-macos-x86_64-clang 0.2-5 28.38 OK
r-devel-windows-ix86+x86_64 0.2-5 6.00 36.00 42.00 OK
r-patched-linux-x86_64 0.2-5 1.38 16.63 18.01 NOTE
r-patched-solaris-sparc 0.2-5 220.40 OK
r-patched-solaris-x86 0.2-5 45.10 OK
r-release-linux-x86_64 0.2-5 1.46 17.02 18.48 NOTE
r-release-osx-x86_64-mavericks 0.2-5 OK
r-release-windows-ix86+x86_64 0.2-5 11.00 47.00 58.00 OK
r-oldrel-windows-ix86+x86_64 0.2-5 6.00 57.00 63.00 OK

Check Details

Version: 0.2-5
Check: top-level files
Result: NOTE
    Non-standard file/directory found at top level:
     ‘java-src’
Flavors: r-devel-linux-x86_64-debian-clang, r-devel-linux-x86_64-debian-gcc, r-devel-linux-x86_64-fedora-clang, r-devel-linux-x86_64-fedora-gcc, r-patched-linux-x86_64, r-release-linux-x86_64