CRAN Package Check Results for Package RJDBC

Last updated on 2014-04-24 09:49:09.

Flavor Version Tinstall Tcheck Ttotal Status Flags
r-devel-linux-x86_64-debian-clang 0.2-3 2.00 21.94 23.93 OK
r-devel-linux-x86_64-debian-gcc 0.2-3 1.92 22.13 24.04 OK
r-devel-linux-x86_64-fedora-clang 0.2-3 50.87 NOTE
r-devel-linux-x86_64-fedora-gcc 0.2-3 47.60 NOTE
r-devel-osx-x86_64-clang 0.2-3 45.88 OK
r-devel-osx-x86_64-gcc 0.2-3 OK
r-devel-windows-ix86+x86_64 0.2-3 6.00 32.00 38.00 OK
r-patched-linux-x86_64 0.2-3 1.84 22.06 23.90 OK
r-patched-solaris-sparc 0.2-3 284.40 OK
r-patched-solaris-x86 0.2-3 70.30 OK
r-release-linux-ix86 0.2-3 3.00 38.00 41.00 OK
r-release-linux-x86_64 0.2-3 1.89 22.16 24.05 OK
r-release-osx-x86_64-mavericks 0.2-3 WARN
r-release-osx-x86_64-snowleopard 0.2-3 OK
r-release-windows-ix86+x86_64 0.2-3 8.00 45.00 53.00 OK
r-oldrel-windows-ix86+x86_64 0.2-3 6.00 32.00 38.00 OK

Check Details

Version: 0.2-3
Check: top-level files
Result: NOTE
    Non-standard files/directories found at top level:
     ‘java-src’ ‘test.sh’
Flavors: r-devel-linux-x86_64-fedora-clang, r-devel-linux-x86_64-fedora-gcc

Version: 0.2-3
Check: PDF version of manual
Result: WARNING
    LaTeX errors when creating PDF version.
    This typically indicates Rd problems.
    LaTeX errors found:
    ! LaTeX Error: File `upquote.sty' not found.
    
    Type X to quit or <RETURN> to proceed,
    or enter new name. (Default extension: sty)
    
    74e8b909/Rd2.tex:8: ==> Fatal error occurred, no output PDF file produced!
Flavor: r-release-osx-x86_64-mavericks