CRAN Package Check Results for Package RJDBC

Last updated on 2017-01-17 23:49:35.

Flavor Version Tinstall Tcheck Ttotal Status Flags
r-devel-linux-x86_64-debian-clang 0.2-5 1.26 17.95 19.21 NOTE
r-devel-linux-x86_64-debian-gcc 0.2-5 1.43 18.01 19.44 NOTE
r-devel-linux-x86_64-fedora-clang 0.2-5 36.10 NOTE --no-stop-on-test-error
r-devel-linux-x86_64-fedora-gcc 0.2-5 34.61 NOTE --no-stop-on-test-error
r-devel-macos-x86_64-clang 0.2-5 31.08 OK --no-stop-on-test-error
r-devel-windows-ix86+x86_64 0.2-5 8.00 39.00 47.00 OK
r-patched-linux-x86_64 0.2-5 1.34 16.82 18.16 NOTE
r-patched-solaris-sparc 0.2-5 224.30 OK
r-patched-solaris-x86 0.2-5 45.70 OK
r-release-linux-x86_64 0.2-5 1.34 16.89 18.23 NOTE
r-release-osx-x86_64-mavericks 0.2-5 OK
r-release-windows-ix86+x86_64 0.2-5 4.00 37.00 41.00 OK
r-oldrel-windows-ix86+x86_64 0.2-5 7.00 58.00 65.00 OK

Check Details

Version: 0.2-5
Check: top-level files
Result: NOTE
    Non-standard file/directory found at top level:
     ‘java-src’
Flavors: r-devel-linux-x86_64-debian-clang, r-devel-linux-x86_64-debian-gcc, r-patched-linux-x86_64, r-release-linux-x86_64

Version: 0.2-5
Flags: --no-stop-on-test-error
Check: top-level files
Result: NOTE
    Non-standard file/directory found at top level:
     ‘java-src’
Flavors: r-devel-linux-x86_64-fedora-clang, r-devel-linux-x86_64-fedora-gcc