CRAN Package Check Results for Package RJDBC

Last updated on 2016-07-31 02:47:20.

Flavor Version Tinstall Tcheck Ttotal Status Flags
r-devel-linux-x86_64-debian-clang 0.2-5 1.34 17.45 18.78 NOTE
r-devel-linux-x86_64-debian-gcc 0.2-5 1.26 17.78 19.05 NOTE
r-devel-linux-x86_64-fedora-clang 0.2-5 34.29 NOTE
r-devel-linux-x86_64-fedora-gcc 0.2-5 31.76 NOTE
r-devel-osx-x86_64-clang 0.2-5 30.70 OK
r-devel-windows-ix86+x86_64 0.2-5 4.00 37.00 41.00 OK
r-patched-linux-x86_64 0.2-5 1.35 17.43 18.78 NOTE
r-patched-solaris-sparc 0.2-5 220.40 OK
r-patched-solaris-x86 0.2-5 45.00 OK
r-release-linux-x86_64 0.2-5 1.39 18.89 20.28 NOTE
r-release-osx-x86_64-mavericks 0.2-5 OK
r-release-windows-ix86+x86_64 0.2-5 6.00 36.00 42.00 OK
r-oldrel-windows-ix86+x86_64 0.2-5 8.00 37.00 45.00 OK

Check Details

Version: 0.2-5
Check: top-level files
Result: NOTE
    Non-standard file/directory found at top level:
     ‘java-src’
Flavors: r-devel-linux-x86_64-debian-clang, r-devel-linux-x86_64-debian-gcc, r-devel-linux-x86_64-fedora-clang, r-devel-linux-x86_64-fedora-gcc, r-patched-linux-x86_64, r-release-linux-x86_64