CRAN Package Check Results for Package RJDBC

Last updated on 2017-07-22 14:46:54.

Flavor Version Tinstall Tcheck Ttotal Status Flags
r-devel-linux-x86_64-debian-clang 0.2-5 1.37 25.00 26.37 WARN
r-devel-linux-x86_64-debian-gcc 0.2-5 1.28 25.34 26.62 WARN
r-devel-linux-x86_64-fedora-clang 0.2-5 38.30 WARN
r-devel-linux-x86_64-fedora-gcc 0.2-5 35.60 WARN
r-devel-windows-ix86+x86_64 0.2-5 8.00 54.00 62.00 WARN
r-patched-linux-x86_64 0.2-5 1.26 24.89 26.16 WARN
r-patched-solaris-x86 0.2-5 50.10 WARN
r-release-linux-x86_64 0.2-5 1.30 24.82 26.12 WARN
r-release-windows-ix86+x86_64 0.2-5 6.00 55.00 61.00 WARN
r-release-osx-x86_64 0.2-5 WARN
r-oldrel-windows-ix86+x86_64 0.2-5 6.00 51.00 57.00 WARN
r-oldrel-osx-x86_64 0.2-5 OK

Check Details

Version: 0.2-5
Check: top-level files
Result: NOTE
    Non-standard file/directory found at top level:
     ‘java-src’
Flavors: r-devel-linux-x86_64-debian-clang, r-devel-linux-x86_64-debian-gcc, r-devel-linux-x86_64-fedora-clang, r-devel-linux-x86_64-fedora-gcc, r-patched-linux-x86_64, r-release-linux-x86_64

Version: 0.2-5
Check: for missing documentation entries
Result: WARN
    Undocumented S4 methods:
     generic 'dbReadTable' and siglist 'JDBCConnection,ANY'
    All user-level objects in a package (including S4 classes and methods)
    should have documentation entries.
    See chapter ‘Writing R documentation files’ in the ‘Writing R
    Extensions’ manual.
Flavors: r-devel-linux-x86_64-debian-clang, r-devel-linux-x86_64-debian-gcc, r-devel-linux-x86_64-fedora-clang, r-devel-linux-x86_64-fedora-gcc, r-devel-windows-ix86+x86_64, r-patched-linux-x86_64, r-patched-solaris-x86, r-release-linux-x86_64, r-release-windows-ix86+x86_64, r-release-osx-x86_64, r-oldrel-windows-ix86+x86_64