CRAN Package Check Results for Package RJDBC

Last updated on 2017-09-20 06:49:46.

Flavor Version Tinstall Tcheck Ttotal Status Flags
r-devel-linux-x86_64-debian-clang 0.2-5 1.36 18.98 20.34 WARN
r-devel-linux-x86_64-debian-gcc 0.2-5 1.28 19.40 20.67 WARN
r-devel-linux-x86_64-fedora-clang 0.2-5 37.35 WARN
r-devel-linux-x86_64-fedora-gcc 0.2-5 36.43 WARN
r-devel-windows-ix86+x86_64 0.2-5 5.00 60.00 65.00 WARN
r-patched-linux-x86_64 0.2-5 1.32 18.87 20.19 WARN
r-patched-solaris-x86 0.2-5 49.70 WARN
r-release-linux-x86_64 0.2-5 1.26 20.27 21.54 WARN
r-release-windows-ix86+x86_64 0.2-5 5.00 43.00 48.00 WARN
r-release-osx-x86_64 0.2-5 WARN
r-oldrel-windows-ix86+x86_64 0.2-5 4.00 36.00 40.00 WARN
r-oldrel-osx-x86_64 0.2-5 OK

Check Details

Version: 0.2-5
Check: top-level files
Result: NOTE
    Non-standard file/directory found at top level:
     ‘java-src’
Flavors: r-devel-linux-x86_64-debian-clang, r-devel-linux-x86_64-debian-gcc, r-devel-linux-x86_64-fedora-clang, r-devel-linux-x86_64-fedora-gcc, r-patched-linux-x86_64, r-release-linux-x86_64

Version: 0.2-5
Check: for missing documentation entries
Result: WARN
    Undocumented S4 methods:
     generic 'dbReadTable' and siglist 'JDBCConnection,ANY'
    All user-level objects in a package (including S4 classes and methods)
    should have documentation entries.
    See chapter ‘Writing R documentation files’ in the ‘Writing R
    Extensions’ manual.
Flavors: r-devel-linux-x86_64-debian-clang, r-devel-linux-x86_64-debian-gcc, r-devel-linux-x86_64-fedora-clang, r-devel-linux-x86_64-fedora-gcc, r-devel-windows-ix86+x86_64, r-patched-linux-x86_64, r-patched-solaris-x86, r-release-linux-x86_64, r-release-windows-ix86+x86_64, r-release-osx-x86_64, r-oldrel-windows-ix86+x86_64