CRAN Package Check Results for Package RJDBC

Last updated on 2016-12-06 18:49:44.

Flavor Version Tinstall Tcheck Ttotal Status Flags
r-devel-linux-x86_64-debian-clang 0.2-5 1.26 18.63 19.89 NOTE
r-devel-linux-x86_64-debian-gcc 0.2-5 1.29 18.52 19.81 NOTE
r-devel-linux-x86_64-fedora-clang 0.2-5 38.70 NOTE --no-stop-on-test-error
r-devel-linux-x86_64-fedora-gcc 0.2-5 37.42 NOTE --no-stop-on-test-error
r-devel-macos-x86_64-clang 0.2-5 32.40 OK
r-devel-windows-ix86+x86_64 0.2-5 5.00 40.00 45.00 OK
r-patched-linux-x86_64 0.2-5 1.27 17.19 18.46 NOTE
r-patched-solaris-sparc 0.2-5 220.40 OK
r-patched-solaris-x86 0.2-5 45.60 OK
r-release-linux-x86_64 0.2-5 1.38 16.92 18.30 NOTE
r-release-osx-x86_64-mavericks 0.2-5 OK
r-release-windows-ix86+x86_64 0.2-5 4.00 36.00 40.00 OK
r-oldrel-windows-ix86+x86_64 0.2-5 5.00 37.00 42.00 OK

Check Details

Version: 0.2-5
Check: top-level files
Result: NOTE
    Non-standard file/directory found at top level:
     ‘java-src’
Flavors: r-devel-linux-x86_64-debian-clang, r-devel-linux-x86_64-debian-gcc, r-patched-linux-x86_64, r-release-linux-x86_64

Version: 0.2-5
Flags: --no-stop-on-test-error
Check: top-level files
Result: NOTE
    Non-standard file/directory found at top level:
     ‘java-src’
Flavors: r-devel-linux-x86_64-fedora-clang, r-devel-linux-x86_64-fedora-gcc