CRAN Package Check Results for Package RJDBC

Last updated on 2015-08-04 23:48:27.

Flavor Version Tinstall Tcheck Ttotal Status Flags
r-devel-linux-x86_64-debian-clang 0.2-5 1.38 18.28 19.65 NOTE
r-devel-linux-x86_64-debian-gcc 0.2-5 1.76 17.25 19.02 NOTE
r-devel-linux-x86_64-fedora-clang 0.2-5 39.39 NOTE
r-devel-linux-x86_64-fedora-gcc 0.2-5 35.58 NOTE
r-devel-osx-x86_64-clang 0.2-5 35.75 OK
r-devel-windows-ix86+x86_64 0.2-5 7.00 43.00 50.00 OK
r-patched-linux-x86_64 0.2-5 1.33 17.63 18.96 NOTE
r-patched-solaris-sparc 0.2-5 246.60 OK
r-patched-solaris-x86 0.2-5 57.40 OK
r-release-linux-x86_64 0.2-5 1.41 17.56 18.97 NOTE
r-release-osx-x86_64-mavericks 0.2-5 OK
r-release-windows-ix86+x86_64 0.2-5 6.00 43.00 49.00 OK
r-oldrel-windows-ix86+x86_64 0.2-5 10.00 42.00 52.00 OK

Check Details

Version: 0.2-5
Check: top-level files
Result: NOTE
    Non-standard file/directory found at top level:
     ‘java-src’
Flavors: r-devel-linux-x86_64-debian-clang, r-devel-linux-x86_64-debian-gcc, r-devel-linux-x86_64-fedora-clang, r-devel-linux-x86_64-fedora-gcc, r-patched-linux-x86_64, r-release-linux-x86_64