CRAN Package Check Results for Package RJDBC

Last updated on 2017-11-24 18:50:51 CET.

Flavor Version Tinstall Tcheck Ttotal Status Flags
r-devel-linux-x86_64-debian-clang 0.2-5 1.52 42.24 43.75 WARN
r-devel-linux-x86_64-debian-gcc 0.2-5 1.42 42.46 43.88 WARN
r-devel-linux-x86_64-fedora-clang 0.2-5 33.26 WARN
r-devel-linux-x86_64-fedora-gcc 0.2-5 32.57 WARN
r-devel-windows-ix86+x86_64 0.2-5 5.00 54.00 59.00 WARN
r-patched-linux-x86_64 0.2-5 2.00 48.63 50.63 WARN
r-patched-solaris-x86 0.2-5 49.70 WARN
r-release-linux-x86_64 0.2-5 2.18 47.45 49.62 WARN
r-release-windows-ix86+x86_64 0.2-5 5.00 60.00 65.00 WARN
r-release-osx-x86_64 0.2-5 WARN
r-oldrel-windows-ix86+x86_64 0.2-5 4.00 37.00 41.00 WARN
r-oldrel-osx-x86_64 0.2-5 OK

Check Details

Version: 0.2-5
Check: top-level files
Result: NOTE
    Non-standard file/directory found at top level:
     ‘java-src’
Flavors: r-devel-linux-x86_64-debian-clang, r-devel-linux-x86_64-debian-gcc, r-devel-linux-x86_64-fedora-clang, r-devel-linux-x86_64-fedora-gcc, r-patched-linux-x86_64, r-release-linux-x86_64

Version: 0.2-5
Check: for missing documentation entries
Result: WARN
    Undocumented S4 methods:
     generic 'dbReadTable' and siglist 'JDBCConnection,ANY'
    All user-level objects in a package (including S4 classes and methods)
    should have documentation entries.
    See chapter ‘Writing R documentation files’ in the ‘Writing R
    Extensions’ manual.
Flavors: r-devel-linux-x86_64-debian-clang, r-devel-linux-x86_64-debian-gcc, r-devel-linux-x86_64-fedora-clang, r-devel-linux-x86_64-fedora-gcc, r-devel-windows-ix86+x86_64, r-patched-linux-x86_64, r-patched-solaris-x86, r-release-linux-x86_64, r-release-windows-ix86+x86_64, r-release-osx-x86_64, r-oldrel-windows-ix86+x86_64