CRAN Package Check Results for Package RJDBC

Last updated on 2014-09-21 21:47:47.

Flavor Version Tinstall Tcheck Ttotal Status Flags
r-devel-linux-x86_64-debian-clang 0.2-4 1.88 22.22 24.10 NOTE
r-devel-linux-x86_64-debian-gcc 0.2-4 1.76 21.68 23.44 NOTE
r-devel-linux-x86_64-fedora-clang 0.2-4 52.11 NOTE
r-devel-linux-x86_64-fedora-gcc 0.2-4 49.71 NOTE
r-devel-osx-x86_64-clang 0.2-4 46.88 OK
r-devel-windows-ix86+x86_64 0.2-4 5.00 33.00 38.00 OK
r-patched-linux-x86_64 0.2-4 1.91 22.66 24.56 NOTE
r-patched-solaris-sparc 0.2-4 295.00 OK
r-patched-solaris-x86 0.2-4 70.10 OK
r-release-linux-ix86 0.2-4 2.46 29.94 32.40 OK
r-release-linux-x86_64 0.2-4 1.96 23.23 25.19 NOTE
r-release-osx-x86_64-mavericks 0.2-4 OK
r-release-osx-x86_64-snowleopard 0.2-4 OK
r-release-windows-ix86+x86_64 0.2-4 6.00 36.00 42.00 OK
r-oldrel-windows-ix86+x86_64 0.2-4 7.00 32.00 39.00 OK

Check Details

Version: 0.2-4
Check: top-level files
Result: NOTE
    Non-standard file/directory found at top level:
     ‘java-src’
Flavors: r-devel-linux-x86_64-debian-clang, r-devel-linux-x86_64-debian-gcc, r-devel-linux-x86_64-fedora-clang, r-devel-linux-x86_64-fedora-gcc, r-patched-linux-x86_64, r-release-linux-x86_64