CRAN Package Check Results for Package RJDBC

Last updated on 2014-08-20 08:47:52.

Flavor Version Tinstall Tcheck Ttotal Status Flags
r-devel-linux-x86_64-debian-clang 0.2-4 1.76 20.86 22.62 OK
r-devel-linux-x86_64-debian-gcc 0.2-4 1.74 20.39 22.13 OK
r-devel-linux-x86_64-fedora-clang 0.2-4 54.52 NOTE
r-devel-linux-x86_64-fedora-gcc 0.2-4 46.44 NOTE
r-devel-osx-x86_64-clang 0.2-4 43.36 OK
r-devel-windows-ix86+x86_64 0.2-4 5.00 34.00 39.00 OK
r-patched-linux-x86_64 0.2-4 1.75 20.98 22.73 OK
r-patched-solaris-sparc 0.2-4 295.00 OK
r-patched-solaris-x86 0.2-4 68.20 OK
r-release-linux-ix86 0.2-4 2.23 28.05 30.28 OK
r-release-linux-x86_64 0.2-4 1.78 21.56 23.35 OK
r-release-osx-x86_64-mavericks 0.2-4 OK
r-release-osx-x86_64-snowleopard 0.2-4 OK
r-release-windows-ix86+x86_64 0.2-4 7.00 34.00 41.00 OK
r-oldrel-windows-ix86+x86_64 0.2-4 7.00 40.00 47.00 OK

Check Details

Version: 0.2-4
Check: top-level files
Result: NOTE
    Non-standard file/directory found at top level:
     ‘java-src’
Flavors: r-devel-linux-x86_64-fedora-clang, r-devel-linux-x86_64-fedora-gcc