CRAN Package Check Results for Package RJDBC

Last updated on 2015-07-03 13:46:46.

Flavor Version Tinstall Tcheck Ttotal Status Flags
r-devel-linux-x86_64-debian-clang 0.2-5 1.57 17.63 19.20 NOTE
r-devel-linux-x86_64-debian-gcc 0.2-5 1.33 16.82 18.16 NOTE
r-devel-linux-x86_64-fedora-clang 0.2-5 37.91 NOTE
r-devel-linux-x86_64-fedora-gcc 0.2-5 35.52 NOTE
r-devel-osx-x86_64-clang 0.2-5 37.73 OK
r-devel-windows-ix86+x86_64 0.2-5 4.00 28.00 32.00 OK
r-patched-linux-x86_64 0.2-5 1.35 17.05 18.40 NOTE
r-patched-solaris-sparc 0.2-5 237.70 OK
r-patched-solaris-x86 0.2-5 57.90 OK
r-release-linux-x86_64 0.2-5 1.33 17.72 19.05 NOTE
r-release-osx-x86_64-mavericks 0.2-5 OK
r-release-windows-ix86+x86_64 0.2-5 4.00 30.00 34.00 OK
r-oldrel-windows-ix86+x86_64 0.2-5 6.00 55.00 61.00 OK

Check Details

Version: 0.2-5
Check: top-level files
Result: NOTE
    Non-standard file/directory found at top level:
     ‘java-src’
Flavors: r-devel-linux-x86_64-debian-clang, r-devel-linux-x86_64-debian-gcc, r-devel-linux-x86_64-fedora-clang, r-devel-linux-x86_64-fedora-gcc, r-patched-linux-x86_64, r-release-linux-x86_64