CRAN Package Check Results for Package RJDBC

Last updated on 2014-11-23 03:48:08.

Flavor Version Tinstall Tcheck Ttotal Status Flags
r-devel-linux-x86_64-debian-clang 0.2-4 2.08 22.57 24.65 NOTE
r-devel-linux-x86_64-debian-gcc 0.2-4 1.83 21.75 23.58 NOTE
r-devel-linux-x86_64-fedora-clang 0.2-4 52.46 NOTE
r-devel-linux-x86_64-fedora-gcc 0.2-4 49.66 NOTE
r-devel-osx-x86_64-clang 0.2-4 49.63 OK
r-devel-windows-ix86+x86_64 0.2-4 6.00 33.00 39.00 OK
r-patched-linux-x86_64 0.2-4 1.87 22.86 24.72 NOTE
r-patched-solaris-sparc 0.2-4 295.00 OK
r-patched-solaris-x86 0.2-4 73.90 OK
r-release-linux-ix86 0.2-4 2.27 28.44 30.71 OK
r-release-linux-x86_64 0.2-4 1.88 23.29 25.17 NOTE
r-release-osx-x86_64-mavericks 0.2-4 OK
r-release-osx-x86_64-snowleopard 0.2-4 OK
r-release-windows-ix86+x86_64 0.2-4 7.00 37.00 44.00 OK
r-oldrel-windows-ix86+x86_64 0.2-4 6.00 38.00 44.00 OK

Check Details

Version: 0.2-4
Check: top-level files
Result: NOTE
    Non-standard file/directory found at top level:
     ‘java-src’
Flavors: r-devel-linux-x86_64-debian-clang, r-devel-linux-x86_64-debian-gcc, r-devel-linux-x86_64-fedora-clang, r-devel-linux-x86_64-fedora-gcc, r-patched-linux-x86_64, r-release-linux-x86_64