CRAN Package Check Results for Package RJDBC

Last updated on 2014-07-24 19:49:09.

Flavor Version Tinstall Tcheck Ttotal Status Flags
r-devel-linux-x86_64-debian-clang 0.2-4 1.75 22.21 23.96 OK
r-devel-linux-x86_64-debian-gcc 0.2-4 1.73 20.81 22.54 OK
r-devel-linux-x86_64-fedora-clang 0.2-4 49.80 NOTE
r-devel-linux-x86_64-fedora-gcc 0.2-4 46.51 NOTE
r-devel-osx-x86_64-clang 0.2-4 44.33 OK
r-devel-windows-ix86+x86_64 0.2-4 5.00 32.00 37.00 OK
r-patched-linux-x86_64 0.2-4 2.35 20.79 23.14 OK
r-patched-solaris-sparc 0.2-4 264.00 OK
r-patched-solaris-x86 0.2-4 67.20 OK
r-release-linux-ix86 0.2-4 2.20 27.77 29.97 OK
r-release-linux-x86_64 0.2-4 1.73 21.05 22.78 OK
r-release-osx-x86_64-mavericks 0.2-4 OK
r-release-osx-x86_64-snowleopard 0.2-4 OK
r-release-windows-ix86+x86_64 0.2-4 7.00 34.00 41.00 OK
r-oldrel-windows-ix86+x86_64 0.2-4 7.00 40.00 47.00 OK

Check Details

Version: 0.2-4
Check: top-level files
Result: NOTE
    Non-standard file/directory found at top level:
     ‘java-src’
Flavors: r-devel-linux-x86_64-fedora-clang, r-devel-linux-x86_64-fedora-gcc