CRAN Package Check Results for Package RJDBC

Last updated on 2014-12-21 03:48:24.

Flavor Version Tinstall Tcheck Ttotal Status Flags
r-devel-linux-x86_64-debian-clang 0.2-5 1.94 22.17 24.12 NOTE
r-devel-linux-x86_64-debian-gcc 0.2-5 1.79 21.22 23.01 NOTE
r-devel-linux-x86_64-fedora-clang 0.2-5 36.40 NOTE
r-devel-linux-x86_64-fedora-gcc 0.2-5 34.38 NOTE
r-devel-osx-x86_64-clang 0.2-5 49.26 OK
r-devel-windows-ix86+x86_64 0.2-5 7.00 38.00 45.00 OK
r-patched-linux-x86_64 0.2-5 1.88 23.03 24.91 NOTE
r-patched-solaris-sparc 0.2-4 295.00 OK
r-patched-solaris-x86 0.2-5 58.90 OK
r-release-linux-ix86 0.2-4 2.28 28.20 30.47 OK
r-release-linux-x86_64 0.2-4 2.00 22.63 24.63 NOTE
r-release-osx-x86_64-mavericks 0.2-5 OK
r-release-osx-x86_64-snowleopard 0.2-5 OK
r-release-windows-ix86+x86_64 0.2-5 7.00 39.00 46.00 OK
r-oldrel-windows-ix86+x86_64 0.2-5 6.00 33.00 39.00 OK

Check Details

Version: 0.2-5
Check: top-level files
Result: NOTE
    Non-standard file/directory found at top level:
     ‘java-src’
Flavors: r-devel-linux-x86_64-debian-clang, r-devel-linux-x86_64-debian-gcc, r-devel-linux-x86_64-fedora-clang, r-devel-linux-x86_64-fedora-gcc, r-patched-linux-x86_64

Version: 0.2-4
Check: top-level files
Result: NOTE
    Non-standard file/directory found at top level:
     ‘java-src’
Flavor: r-release-linux-x86_64