CRAN Package Check Results for Package RJDBC

Last updated on 2015-02-01 05:48:04.

Flavor Version Tinstall Tcheck Ttotal Status Flags
r-devel-linux-x86_64-debian-clang 0.2-5 1.42 17.19 18.61 NOTE
r-devel-linux-x86_64-debian-gcc 0.2-5 1.36 17.05 18.41 NOTE
r-devel-linux-x86_64-fedora-clang 0.2-5 49.41 NOTE
r-devel-linux-x86_64-fedora-gcc 0.2-5 37.36 NOTE
r-devel-osx-x86_64-clang 0.2-5 48.42 OK
r-devel-windows-ix86+x86_64 0.2-5 7.00 27.00 34.00 OK
r-patched-linux-x86_64 0.2-5 1.92 23.54 25.46 NOTE
r-patched-solaris-sparc 0.2-5 308.90 OK
r-patched-solaris-x86 0.2-5 75.70 OK
r-release-linux-ix86 0.2-5 2.31 29.22 31.53 NOTE
r-release-linux-x86_64 0.2-5 1.88 23.01 24.90 NOTE
r-release-osx-x86_64-mavericks 0.2-5 OK
r-release-osx-x86_64-snowleopard 0.2-5 OK
r-release-windows-ix86+x86_64 0.2-5 6.00 35.00 41.00 OK
r-oldrel-windows-ix86+x86_64 0.2-5 6.00 36.00 42.00 OK

Check Details

Version: 0.2-5
Check: top-level files
Result: NOTE
    Non-standard file/directory found at top level:
     ‘java-src’
Flavors: r-devel-linux-x86_64-debian-clang, r-devel-linux-x86_64-debian-gcc, r-devel-linux-x86_64-fedora-clang, r-devel-linux-x86_64-fedora-gcc, r-patched-linux-x86_64, r-release-linux-ix86, r-release-linux-x86_64