CRAN Package Check Results for Package RJDBC

Last updated on 2016-06-29 05:48:48.

Flavor Version Tinstall Tcheck Ttotal Status Flags
r-devel-linux-x86_64-debian-gcc 0.2-5 1.44 17.64 19.08 NOTE
r-devel-linux-x86_64-fedora-clang 0.2-5 34.16 NOTE
r-devel-linux-x86_64-fedora-gcc 0.2-5 31.66 NOTE
r-devel-osx-x86_64-clang 0.2-5 30.07 OK
r-devel-windows-ix86+x86_64 0.2-5 4.00 52.00 56.00 OK
r-patched-linux-x86_64 0.2-5 1.71 18.33 20.05 NOTE
r-patched-solaris-sparc 0.2-5 220.40 OK
r-patched-solaris-x86 0.2-5 46.70 OK
r-release-linux-x86_64 0.2-5 1.30 17.02 18.32 NOTE
r-release-osx-x86_64-mavericks 0.2-5 OK
r-release-windows-ix86+x86_64 0.2-5 7.00 48.00 55.00 OK
r-oldrel-windows-ix86+x86_64 0.2-5 7.00 33.00 40.00 OK

Check Details

Version: 0.2-5
Check: top-level files
Result: NOTE
    Non-standard file/directory found at top level:
     ‘java-src’
Flavors: r-devel-linux-x86_64-debian-gcc, r-devel-linux-x86_64-fedora-clang, r-devel-linux-x86_64-fedora-gcc, r-patched-linux-x86_64, r-release-linux-x86_64