CRAN Package Check Results for Package RJDBC

Last updated on 2015-04-26 23:46:58.

Flavor Version Tinstall Tcheck Ttotal Status Flags
r-devel-linux-x86_64-debian-clang 0.2-5 1.41 17.85 19.26 NOTE
r-devel-linux-x86_64-debian-gcc 0.2-5 1.36 17.28 18.64 NOTE
r-devel-linux-x86_64-fedora-clang 0.2-5 38.37 NOTE
r-devel-linux-x86_64-fedora-gcc 0.2-5 36.99 NOTE
r-devel-osx-x86_64-clang 0.2-5 38.23 OK
r-devel-windows-ix86+x86_64 0.2-5 5.00 29.00 34.00 OK
r-patched-linux-x86_64 0.2-5 1.34 17.40 18.74 NOTE
r-patched-solaris-sparc 0.2-5 245.20 OK
r-patched-solaris-x86 0.2-5 56.20 OK
r-release-linux-x86_64 0.2-5 1.35 17.18 18.52 NOTE
r-release-osx-x86_64-mavericks 0.2-5 OK
r-release-osx-x86_64-snowleopard 0.2-5 OK
r-release-windows-ix86+x86_64 0.2-5 4.00 28.00 32.00 OK
r-oldrel-windows-ix86+x86_64 0.2-5 5.00 32.00 37.00 OK

Check Details

Version: 0.2-5
Check: top-level files
Result: NOTE
    Non-standard file/directory found at top level:
     ‘java-src’
Flavors: r-devel-linux-x86_64-debian-clang, r-devel-linux-x86_64-fedora-clang, r-devel-linux-x86_64-fedora-gcc