CRAN Package Check Results for Package RJDBC

Last updated on 2016-05-31 13:47:33.

Flavor Version Tinstall Tcheck Ttotal Status Flags
r-devel-linux-x86_64-debian-gcc 0.2-5 1.41 17.06 18.47 NOTE
r-devel-linux-x86_64-fedora-clang 0.2-5 33.88 NOTE
r-devel-linux-x86_64-fedora-gcc 0.2-5 31.66 NOTE
r-devel-osx-x86_64-clang 0.2-5 41.12 OK
r-devel-windows-ix86+x86_64 0.2-5 4.00 36.00 40.00 OK
r-patched-linux-x86_64 0.2-5 1.56 17.92 19.48 NOTE
r-patched-solaris-sparc 0.2-5 223.20 OK
r-patched-solaris-x86 0.2-5 46.00 OK
r-release-linux-x86_64 0.2-5 1.29 16.79 18.08 NOTE
r-release-osx-x86_64-mavericks 0.2-5 OK
r-release-windows-ix86+x86_64 0.2-5 6.00 37.00 43.00 OK
r-oldrel-windows-ix86+x86_64 0.2-5 5.00 37.00 42.00 OK

Check Details

Version: 0.2-5
Check: top-level files
Result: NOTE
    Non-standard file/directory found at top level:
     ‘java-src’
Flavors: r-devel-linux-x86_64-debian-gcc, r-devel-linux-x86_64-fedora-clang, r-devel-linux-x86_64-fedora-gcc, r-patched-linux-x86_64, r-release-linux-x86_64