CRAN Package Check Results for Package RJDBC

Last updated on 2017-03-30 09:48:09.

Flavor Version Tinstall Tcheck Ttotal Status Flags
r-devel-linux-x86_64-debian-clang 0.2-5 1.24 18.50 19.74 WARN
r-devel-linux-x86_64-debian-gcc 0.2-5 1.31 18.54 19.85 WARN
r-devel-linux-x86_64-fedora-clang 0.2-5 36.61 WARN --no-stop-on-test-error
r-devel-linux-x86_64-fedora-gcc 0.2-5 35.23 WARN --no-stop-on-test-error
r-devel-macos-x86_64-clang 0.2-5 31.40 WARN --no-stop-on-test-error
r-devel-windows-ix86+x86_64 0.2-5 4.00 41.00 45.00 WARN
r-patched-linux-x86_64 0.2-5 1.30 18.60 19.90 WARN
r-patched-solaris-sparc 0.2-5 226.10 WARN
r-patched-solaris-x86 0.2-5 49.60 WARN
r-release-linux-x86_64 0.2-5 1.35 16.99 18.34 WARN
r-release-osx-x86_64-mavericks 0.2-5 OK
r-release-windows-ix86+x86_64 0.2-5 11.00 38.00 49.00 WARN
r-oldrel-windows-ix86+x86_64 0.2-5 14.00 36.00 50.00 WARN

Check Details

Version: 0.2-5
Check: top-level files
Result: NOTE
    Non-standard file/directory found at top level:
     ‘java-src’
Flavors: r-devel-linux-x86_64-debian-clang, r-devel-linux-x86_64-debian-gcc, r-patched-linux-x86_64, r-release-linux-x86_64

Version: 0.2-5
Check: for missing documentation entries
Result: WARN
    Undocumented S4 methods:
     generic 'dbReadTable' and siglist 'JDBCConnection,ANY'
    All user-level objects in a package (including S4 classes and methods)
    should have documentation entries.
    See chapter ‘Writing R documentation files’ in the ‘Writing R
    Extensions’ manual.
Flavors: r-devel-linux-x86_64-debian-clang, r-devel-linux-x86_64-debian-gcc, r-devel-windows-ix86+x86_64, r-patched-linux-x86_64, r-patched-solaris-sparc, r-patched-solaris-x86, r-release-linux-x86_64, r-release-windows-ix86+x86_64, r-oldrel-windows-ix86+x86_64

Version: 0.2-5
Flags: --no-stop-on-test-error
Check: top-level files
Result: NOTE
    Non-standard file/directory found at top level:
     ‘java-src’
Flavors: r-devel-linux-x86_64-fedora-clang, r-devel-linux-x86_64-fedora-gcc

Version: 0.2-5
Flags: --no-stop-on-test-error
Check: for missing documentation entries
Result: WARN
    Undocumented S4 methods:
     generic 'dbReadTable' and siglist 'JDBCConnection,ANY'
    All user-level objects in a package (including S4 classes and methods)
    should have documentation entries.
    See chapter ‘Writing R documentation files’ in the ‘Writing R
    Extensions’ manual.
Flavors: r-devel-linux-x86_64-fedora-clang, r-devel-linux-x86_64-fedora-gcc, r-devel-macos-x86_64-clang