CRAN Package Check Results for Package RJDBC

Last updated on 2016-02-07 21:46:54.

Flavor Version Tinstall Tcheck Ttotal Status Flags
r-devel-linux-x86_64-debian-gcc 0.2-5 1.34 16.00 17.34 NOTE
r-devel-linux-x86_64-fedora-clang 0.2-5 33.79 NOTE
r-devel-linux-x86_64-fedora-gcc 0.2-5 31.06 NOTE
r-devel-osx-x86_64-clang 0.2-5 40.46 OK
r-devel-windows-ix86+x86_64 0.2-5 6.00 49.00 55.00 OK
r-patched-linux-x86_64 0.2-5 1.45 18.01 19.46 NOTE
r-patched-solaris-sparc 0.2-5 233.10 OK
r-patched-solaris-x86 0.2-5 47.10 OK
r-release-linux-x86_64 0.2-5 1.41 17.72 19.13 NOTE
r-release-osx-x86_64-mavericks 0.2-5 OK
r-release-windows-ix86+x86_64 0.2-5 7.00 35.00 42.00 OK
r-oldrel-windows-ix86+x86_64 0.2-5 10.00 45.00 55.00 OK

Check Details

Version: 0.2-5
Check: top-level files
Result: NOTE
    Non-standard file/directory found at top level:
     ‘java-src’
Flavors: r-devel-linux-x86_64-debian-gcc, r-devel-linux-x86_64-fedora-clang, r-devel-linux-x86_64-fedora-gcc, r-patched-linux-x86_64, r-release-linux-x86_64