CRAN Package Check Results for Package RJDBC

Last updated on 2014-10-24 16:46:53.

Flavor Version Tinstall Tcheck Ttotal Status Flags
r-devel-linux-x86_64-debian-clang 0.2-4 1.93 22.39 24.32 NOTE
r-devel-linux-x86_64-debian-gcc 0.2-4 1.76 21.85 23.61 NOTE
r-devel-linux-x86_64-fedora-clang 0.2-4 51.98 NOTE
r-devel-linux-x86_64-fedora-gcc 0.2-4 47.68 NOTE
r-devel-osx-x86_64-clang 0.2-4 48.38 OK
r-devel-windows-ix86+x86_64 0.2-4 5.00 31.00 36.00 OK
r-patched-linux-x86_64 0.2-4 2.00 23.43 25.43 NOTE
r-patched-solaris-sparc 0.2-4 295.00 OK
r-patched-solaris-x86 0.2-4 73.20 OK
r-release-linux-ix86 0.2-4 2.41 29.83 32.24 OK
r-release-linux-x86_64 0.2-4 1.89 23.47 25.36 NOTE
r-release-osx-x86_64-mavericks 0.2-4 OK
r-release-osx-x86_64-snowleopard 0.2-4 OK
r-release-windows-ix86+x86_64 0.2-4 6.00 35.00 41.00 OK
r-oldrel-windows-ix86+x86_64 0.2-4 5.00 32.00 37.00 OK

Check Details

Version: 0.2-4
Check: top-level files
Result: NOTE
    Non-standard file/directory found at top level:
     ‘java-src’
Flavors: r-devel-linux-x86_64-debian-clang, r-devel-linux-x86_64-debian-gcc, r-devel-linux-x86_64-fedora-clang, r-devel-linux-x86_64-fedora-gcc, r-patched-linux-x86_64, r-release-linux-x86_64