CRAN Package Check Results for Package RJDBC

Last updated on 2017-05-28 23:50:15.

Flavor Version Tinstall Tcheck Ttotal Status Flags
r-devel-linux-x86_64-debian-clang 0.2-5 1.49 19.21 20.71 WARN
r-devel-linux-x86_64-debian-gcc 0.2-5 1.34 18.98 20.32 WARN
r-devel-linux-x86_64-fedora-clang 0.2-5 36.91 WARN
r-devel-linux-x86_64-fedora-gcc 0.2-5 35.14 WARN
r-devel-windows-ix86+x86_64 0.2-5 4.00 57.00 61.00 WARN
r-patched-linux-x86_64 0.2-5 1.52 19.85 21.37 WARN
r-patched-solaris-sparc 0.2-5 226.10 WARN
r-patched-solaris-x86 0.2-5 49.50 WARN
r-release-linux-x86_64 0.2-5 1.40 19.62 21.02 WARN
r-release-windows-ix86+x86_64 0.2-5 10.00 56.00 66.00 WARN
r-release-osx-x86_64 0.2-5 WARN
r-oldrel-windows-ix86+x86_64 0.2-5 7.00 38.00 45.00 WARN
r-oldrel-osx-x86_64 0.2-5 OK

Check Details

Version: 0.2-5
Check: top-level files
Result: NOTE
    Non-standard file/directory found at top level:
     ‘java-src’
Flavors: r-devel-linux-x86_64-debian-clang, r-devel-linux-x86_64-debian-gcc, r-devel-linux-x86_64-fedora-clang, r-devel-linux-x86_64-fedora-gcc, r-patched-linux-x86_64, r-release-linux-x86_64

Version: 0.2-5
Check: for missing documentation entries
Result: WARN
    Undocumented S4 methods:
     generic 'dbReadTable' and siglist 'JDBCConnection,ANY'
    All user-level objects in a package (including S4 classes and methods)
    should have documentation entries.
    See chapter ‘Writing R documentation files’ in the ‘Writing R
    Extensions’ manual.
Flavors: r-devel-linux-x86_64-debian-clang, r-devel-linux-x86_64-debian-gcc, r-devel-linux-x86_64-fedora-clang, r-devel-linux-x86_64-fedora-gcc, r-devel-windows-ix86+x86_64, r-patched-linux-x86_64, r-patched-solaris-sparc, r-patched-solaris-x86, r-release-linux-x86_64, r-release-windows-ix86+x86_64, r-release-osx-x86_64, r-oldrel-windows-ix86+x86_64