CRAN Package Check Results for Package RJDBC

Last updated on 2015-03-02 11:47:33.

Flavor Version Tinstall Tcheck Ttotal Status Flags
r-devel-linux-x86_64-debian-clang 0.2-5 1.78 17.57 19.35 NOTE
r-devel-linux-x86_64-debian-gcc 0.2-5 1.35 16.75 18.10 NOTE
r-devel-linux-x86_64-fedora-clang 0.2-5 39.15 NOTE
r-devel-linux-x86_64-fedora-gcc 0.2-5 34.78 NOTE
r-devel-osx-x86_64-clang 0.2-5 40.15 OK
r-devel-windows-ix86+x86_64 0.2-5 8.00 36.00 44.00 OK
r-patched-linux-x86_64 0.2-5 1.90 11.36 13.26 NOTE
r-patched-solaris-sparc 0.2-5 308.90 OK
r-patched-solaris-x86 0.2-5 77.30 OK
r-release-linux-ix86 0.2-5 2.50 29.26 31.76 NOTE
r-release-linux-x86_64 0.2-5 1.89 23.28 25.16 NOTE
r-release-osx-x86_64-mavericks 0.2-5 OK
r-release-osx-x86_64-snowleopard 0.2-5 OK
r-release-windows-ix86+x86_64 0.2-5 10.00 38.00 48.00 OK
r-oldrel-windows-ix86+x86_64 0.2-5 6.00 54.00 60.00 OK

Check Details

Version: 0.2-5
Check: top-level files
Result: NOTE
    Non-standard file/directory found at top level:
     ‘java-src’
Flavors: r-devel-linux-x86_64-debian-clang, r-devel-linux-x86_64-debian-gcc, r-devel-linux-x86_64-fedora-clang, r-devel-linux-x86_64-fedora-gcc, r-patched-linux-x86_64, r-release-linux-ix86, r-release-linux-x86_64