CRAN Package Check Results for Package RJDBC

Last updated on 2017-02-25 11:48:46.

Flavor Version Tinstall Tcheck Ttotal Status Flags
r-devel-linux-x86_64-debian-clang 0.2-5 1.42 18.94 20.37 NOTE
r-devel-linux-x86_64-debian-gcc 0.2-5 1.49 19.20 20.69 NOTE
r-devel-linux-x86_64-fedora-clang 0.2-5 36.41 NOTE --no-stop-on-test-error
r-devel-linux-x86_64-fedora-gcc 0.2-5 34.30 NOTE --no-stop-on-test-error
r-devel-macos-x86_64-clang 0.2-5 31.88 OK --no-stop-on-test-error
r-devel-windows-ix86+x86_64 0.2-5 8.00 55.00 63.00 OK
r-patched-linux-x86_64 0.2-5 1.31 17.13 18.44 NOTE
r-patched-solaris-sparc 0.2-5 224.30 OK
r-patched-solaris-x86 0.2-5 44.50 OK
r-release-linux-x86_64 0.2-5 1.36 16.93 18.29 NOTE
r-release-osx-x86_64-mavericks 0.2-5 OK
r-release-windows-ix86+x86_64 0.2-5 6.00 48.00 54.00 OK
r-oldrel-windows-ix86+x86_64 0.2-5 11.00 48.00 59.00 OK

Check Details

Version: 0.2-5
Check: top-level files
Result: NOTE
    Non-standard file/directory found at top level:
     ‘java-src’
Flavors: r-devel-linux-x86_64-debian-clang, r-devel-linux-x86_64-debian-gcc, r-patched-linux-x86_64, r-release-linux-x86_64

Version: 0.2-5
Flags: --no-stop-on-test-error
Check: top-level files
Result: NOTE
    Non-standard file/directory found at top level:
     ‘java-src’
Flavors: r-devel-linux-x86_64-fedora-clang, r-devel-linux-x86_64-fedora-gcc