CRAN Package Check Results for Package RJSDMX

Last updated on 2020-10-19 22:48:45 CEST.

Flavor Version Tinstall Tcheck Ttotal Status Flags
r-devel-linux-x86_64-debian-clang 2.3-3 4.28 37.51 41.79 OK
r-devel-linux-x86_64-debian-gcc 2.3-3 3.28 28.73 32.01 OK
r-devel-linux-x86_64-fedora-clang 2.3-3 61.41 OK
r-devel-linux-x86_64-fedora-gcc 2.3-3 50.87 OK
r-devel-windows-ix86+x86_64 2.3-3 8.00 48.00 56.00 OK
r-patched-linux-x86_64 2.3-3 4.12 35.48 39.60 OK
r-patched-solaris-x86 2.3-3 71.60 OK
r-release-linux-x86_64 2.3-3 4.10 35.67 39.77 OK
r-release-macos-x86_64 2.3-3 OK
r-release-windows-ix86+x86_64 2.3-3 10.00 58.00 68.00 OK
r-oldrel-macos-x86_64 2.3-3 OK
r-oldrel-windows-ix86+x86_64 2.3-3 3.00 7.00 10.00 ERROR

Check Details

Version: 2.3-3
Check: whether package can be installed
Result: ERROR
    Installation failed.
Flavor: r-oldrel-windows-ix86+x86_64