CRAN Package Check Results for Package RJSDMX

Last updated on 2018-12-17 01:46:59 CET.

Flavor Version Tinstall Tcheck Ttotal Status Flags
r-devel-linux-x86_64-debian-clang 2.1-0 2.43 1.99 4.42 ERROR
r-devel-linux-x86_64-debian-gcc 2.1-0 1.89 2.17 4.06 ERROR
r-devel-linux-x86_64-fedora-clang 2.1-0 42.83 OK
r-devel-linux-x86_64-fedora-gcc 2.1-0 41.55 OK
r-devel-windows-ix86+x86_64 2.1-0 8.00 58.00 66.00 OK
r-patched-linux-x86_64 2.1-0 2.00 33.09 35.09 OK
r-patched-solaris-x86 2.1-0 57.20 OK
r-release-linux-x86_64 2.1-0 2.65 32.81 35.46 OK
r-release-windows-ix86+x86_64 2.1-0 6.00 62.00 68.00 OK
r-release-osx-x86_64 2.1-0 OK
r-oldrel-windows-ix86+x86_64 2.1-0 7.00 66.00 73.00 OK
r-oldrel-osx-x86_64 2.1-0 OK

Check Details

Version: 2.1-0
Check: whether the package can be loaded
Result: ERROR
    Loading this package had a fatal error status code 1
    Loading log:
    Loading required package: rJava
    Error: package or namespace load failed for ‘rJava’:
     .onLoad failed in loadNamespace() for ‘rJava’, details:
     call: dyn.load(file, DLLpath = DLLpath, ...)
     error: unable to load shared object ‘/home/hornik/tmp/R.check/r-devel-clang/Work/build/Packages/rJava/libs/rJava.so’:
     /home/hornik/tmp/R.check/r-devel-clang/Work/build/Packages/rJava/libs/rJava.so: failed to map segment from shared object
    Error: package ‘rJava’ could not be loaded
    Execution halted
Flavor: r-devel-linux-x86_64-debian-clang

Version: 2.1-0
Check: whether the package can be loaded
Result: ERROR
    Loading this package had a fatal error status code 1
    Loading log:
    Loading required package: rJava
    Error: package or namespace load failed for ‘rJava’:
     .onLoad failed in loadNamespace() for ‘rJava’, details:
     call: dyn.load(file, DLLpath = DLLpath, ...)
     error: unable to load shared object ‘/home/hornik/tmp/R.check/r-devel-gcc/Work/build/Packages/rJava/libs/rJava.so’:
     /home/hornik/tmp/R.check/r-devel-gcc/Work/build/Packages/rJava/libs/rJava.so: failed to map segment from shared object
    Error: package ‘rJava’ could not be loaded
    Execution halted
Flavor: r-devel-linux-x86_64-debian-gcc