CRAN Package Check Results for Package RJSONIO

Last updated on 2014-04-25 09:52:22.

Flavor Version Tinstall Tcheck Ttotal Status Flags
r-devel-linux-x86_64-debian-clang 1.0-3 5.24 23.38 28.62 NOTE
r-devel-linux-x86_64-debian-gcc 1.0-3 6.40 23.78 30.19 NOTE
r-devel-linux-x86_64-fedora-clang 1.0-3 62.30 NOTE
r-devel-linux-x86_64-fedora-gcc 1.0-3 57.31 NOTE
r-devel-osx-x86_64-clang 1.0-3 57.04 NOTE
r-devel-osx-x86_64-gcc 1.0-3 NOTE
r-devel-windows-ix86+x86_64 1.0-3 35.00 59.00 94.00 NOTE
r-patched-linux-x86_64 1.0-3 6.40 22.59 28.98 NOTE
r-patched-solaris-sparc 1.0-3 365.30 NOTE
r-patched-solaris-x86 1.0-3 88.40 NOTE
r-release-linux-ix86 1.0-3 11.00 46.00 57.00 NOTE
r-release-linux-x86_64 1.0-3 6.32 23.11 29.43 NOTE
r-release-osx-x86_64-mavericks 1.0-3 NOTE
r-release-windows-ix86+x86_64 1.0-3 60.00 77.00 137.00 NOTE
r-oldrel-windows-ix86+x86_64 1.0-3 30.00 61.00 91.00 NOTE

Check Details

Version: 1.0-3
Check: DESCRIPTION meta-information
Result: NOTE
    Deprecated license: BSD
Flavors: r-devel-linux-x86_64-debian-clang, r-devel-linux-x86_64-debian-gcc, r-devel-linux-x86_64-fedora-clang, r-devel-linux-x86_64-fedora-gcc, r-devel-osx-x86_64-clang, r-devel-osx-x86_64-gcc, r-patched-linux-x86_64, r-patched-solaris-sparc, r-patched-solaris-x86, r-release-linux-ix86, r-release-linux-x86_64, r-release-osx-x86_64-mavericks

Version: 1.0-3
Check: dependencies in R code
Result: NOTE
    Package in Depends field not imported from: ‘methods’
     These packages need to be imported from (in the NAMESPACE file)
     for when this namespace is loaded but not attached.
    See the information on DESCRIPTION files in the chapter ‘Creating R
    packages’ of the ‘Writing R Extensions’ manual.
Flavors: r-devel-linux-x86_64-debian-clang, r-devel-linux-x86_64-debian-gcc, r-devel-linux-x86_64-fedora-clang, r-devel-linux-x86_64-fedora-gcc, r-devel-osx-x86_64-clang, r-devel-osx-x86_64-gcc, r-devel-windows-ix86+x86_64, r-patched-linux-x86_64, r-patched-solaris-sparc, r-patched-solaris-x86, r-release-linux-ix86, r-release-linux-x86_64, r-release-osx-x86_64-mavericks, r-release-windows-ix86+x86_64, r-oldrel-windows-ix86+x86_64

Version: 1.0-3
Check: compilation flags in Makevars
Result: NOTE
    Package has both ‘src/Makevars.in’ and ‘src/Makevars’.
    Installation with --no-configure' is unlikely to work. If you intended
    ‘src/Makevars’ to be used on Windows, rename it to ‘src/Makevars.win’
    otherwise remove it. If ‘configure’ created ‘src/Makevars’, you need a
    ‘cleanup’ script.
Flavors: r-devel-linux-x86_64-debian-clang, r-devel-linux-x86_64-debian-gcc, r-devel-linux-x86_64-fedora-clang, r-devel-linux-x86_64-fedora-gcc, r-devel-osx-x86_64-clang, r-devel-osx-x86_64-gcc, r-devel-windows-ix86+x86_64, r-patched-linux-x86_64, r-patched-solaris-sparc, r-patched-solaris-x86, r-release-linux-ix86, r-release-linux-x86_64, r-release-osx-x86_64-mavericks, r-release-windows-ix86+x86_64, r-oldrel-windows-ix86+x86_64

Version: 1.0-3
Check: top-level files
Result: NOTE
    Non-standard files/directories found at top level:
     ‘Changes.html’ ‘Changes.xml’ ‘Dependencies’ ‘README.libjson’
     ‘Todo.xml’ ‘Web’ ‘bigFile.R’ ‘cleanup.in’ ‘cp_libjson’ ‘dataframe.R’
     ‘fail.R’ ‘foo.html’ ‘intName.R’ ‘jsonText.rda’ ‘leak.R’
     ‘libjsonFixes’ ‘stream.R’ ‘streaming.R’ ‘testStream.R’ ‘tests.R’
     ‘utf’
Flavors: r-devel-linux-x86_64-fedora-clang, r-devel-linux-x86_64-fedora-gcc