CRAN Package Check Results for Package RJSONIO

Last updated on 2018-08-15 17:48:49 CEST.

Flavor Version Tinstall Tcheck Ttotal Status Flags
r-devel-linux-x86_64-debian-clang 1.3-0 13.02 39.92 52.94 WARN
r-devel-linux-x86_64-debian-gcc 1.3-0 11.20 32.10 43.30 WARN
r-devel-linux-x86_64-fedora-clang 1.3-0 66.66 WARN
r-devel-linux-x86_64-fedora-gcc 1.3-0 63.19 WARN
r-devel-windows-ix86+x86_64 1.3-0 50.00 120.00 170.00 WARN
r-patched-linux-x86_64 1.3-0 13.20 37.68 50.88 WARN
r-patched-solaris-x86 1.3-0 90.80 OK
r-release-linux-x86_64 1.3-0 14.33 37.12 51.45 WARN
r-release-windows-ix86+x86_64 1.3-0 54.00 89.00 143.00 WARN
r-release-osx-x86_64 1.3-0 WARN
r-oldrel-windows-ix86+x86_64 1.3-0 36.00 82.00 118.00 OK
r-oldrel-osx-x86_64 1.3-0 OK

Check Details

Version: 1.3-0
Check: whether package can be installed
Result: WARN
    Found the following significant warnings:
     libjson/Source/JSONSharedString.h:180:47: warning: field 'len' will be initialized after field '_str' [-Wreorder]
     libjson/Source/JSONSharedString.h:182:66: warning: field 'len' will be initialized after field '_str' [-Wreorder]
     JSONStream.cpp:8:130: warning: field 'state' will be initialized after field 'call' [-Wreorder]
     JSONStream.cpp:8:157: warning: field 'err_call' will be initialized after field 'buffer' [-Wreorder]
     JSONStream.cpp:12:64: warning: field 'state' will be initialized after field 'call' [-Wreorder]
     JSONStream.cpp:12:100: warning: field 'err_call' will be initialized after field 'buffer' [-Wreorder]
     internalJSONNode.cpp:78:117: warning: field '_name_encoded' will be initialized after field '_name' [-Wreorder]
Flavors: r-devel-linux-x86_64-debian-clang, r-devel-linux-x86_64-fedora-clang, r-release-osx-x86_64

Version: 1.3-0
Check: top-level files
Result: NOTE
    Non-standard files/directories found at top level:
     ‘Changes.html’ ‘Dependencies’ ‘README.libjson’ ‘Todo.xml’
     ‘cleanup.in’ ‘cp_libjson’ ‘libjsonFixes’ ‘libjsonNotes’
Flavors: r-devel-linux-x86_64-debian-clang, r-devel-linux-x86_64-debian-gcc, r-devel-linux-x86_64-fedora-clang, r-devel-linux-x86_64-fedora-gcc, r-patched-linux-x86_64, r-release-linux-x86_64

Version: 1.3-0
Check: compiled code
Result: NOTE
    File ‘RJSONIO/libs/RJSONIO.so’:
     Found no calls to: ‘R_registerRoutines’, ‘R_useDynamicSymbols’
    
    It is good practice to register native routines and to disable symbol
    search.
    
    See ‘Writing portable packages’ in the ‘Writing R Extensions’ manual.
Flavors: r-devel-linux-x86_64-debian-clang, r-devel-linux-x86_64-debian-gcc, r-devel-linux-x86_64-fedora-clang, r-devel-linux-x86_64-fedora-gcc, r-patched-linux-x86_64, r-release-linux-x86_64

Version: 1.3-0
Check: whether package can be installed
Result: WARN
    Found the following significant warnings:
     libjson/Source/JSONSharedString.h:297:17: warning: ‘json_shared_string::len’ will be initialized after [-Wreorder]
     libjson/Source/JSONSharedString.h:295:40: warning: ‘json_shared_string::json_shared_string_internal* json_shared_string::_str’ [-Wreorder]
     libjson/Source/JSONSharedString.h:180:9: warning: when initialized here [-Wreorder]
     libjson/Source/JSONSharedString.h:182:9: warning: when initialized here [-Wreorder]
     libjson/Source/JSONDefs/GNU_C.h:58:28: warning: dynamic exception specifications are deprecated in C++11 [-Wdeprecated]
     libjson/Source/JSONStream.h:79:7: warning: ‘JSONStream::state’ will be initialized after [-Wreorder]
     libjson/Source/JSONStream.h:76:28: warning: ‘void (* JSONStream::call)(void*, void*)’ [-Wreorder]
     JSONStream.cpp:8:1: warning: when initialized here [-Wreorder]
     libjson/Source/JSONStream.h:77:27: warning: ‘JSONStream::err_call’ will be initialized after [-Wreorder]
     libjson/Source/JSONStream.h:75:17: warning: ‘json_string JSONStream::buffer’ [-Wreorder]
     JSONStream.cpp:12:1: warning: when initialized here [-Wreorder]
     libjson/Source/internalJSONNode.h:257:18: warning: ‘internalJSONNode::_name_encoded’ will be initialized after [-Wreorder]
     libjson/Source/internalJSONNode.h:256:17: warning: ‘json_string internalJSONNode::_name’ [-Wreorder]
     internalJSONNode.cpp:78:1: warning: when initialized here [-Wreorder]
Flavors: r-devel-linux-x86_64-debian-gcc, r-devel-linux-x86_64-fedora-gcc

Version: 1.3-0
Check: whether package can be installed
Result: WARN
    Found the following significant warnings:
     libjson/Source/JSONGlobals.h:43:50: warning: invoking macro json_global_decl argument 3: empty macro arguments are undefined in ISO C90 and ISO C++98
     libjson/Source/JSONGlobals.h:44:49: warning: invoking macro json_global_decl argument 3: empty macro arguments are undefined in ISO C90 and ISO C++98
     libjson/Source/JSONSharedString.h:297:17: warning: 'json_shared_string::len' will be initialized after [-Wreorder]
     libjson/Source/JSONSharedString.h:295:40: warning: 'json_shared_string::json_shared_string_internal* json_shared_string::_str' [-Wreorder]
     libjson/Source/JSONSharedString.h:180:9: warning: when initialized here [-Wreorder]
     libjson/Source/JSONSharedString.h:182:9: warning: when initialized here [-Wreorder]
     libjson/Source/JSONStream.h:79:7: warning: 'JSONStream::state' will be initialized after [-Wreorder]
     libjson/Source/JSONStream.h:76:28: warning: 'void (* JSONStream::call)(void*, void*)' [-Wreorder]
     JSONStream.cpp:8:1: warning: when initialized here [-Wreorder]
     libjson/Source/JSONStream.h:77:27: warning: 'JSONStream::err_call' will be initialized after [-Wreorder]
     libjson/Source/JSONStream.h:75:17: warning: 'json_string JSONStream::buffer' [-Wreorder]
     JSONStream.cpp:12:1: warning: when initialized here [-Wreorder]
     JSONValidator.cpp:394:105: warning: invoking macro JSON_ASSERT_SAFE argument 3: empty macro arguments are undefined in ISO C90 and ISO C++98
     JSONValidator.cpp:397:104: warning: invoking macro JSON_ASSERT_SAFE argument 3: empty macro arguments are undefined in ISO C90 and ISO C++98
     libjson/Source/internalJSONNode.h:257:18: warning: 'internalJSONNode::_name_encoded' will be initialized after [-Wreorder]
     libjson/Source/internalJSONNode.h:256:17: warning: 'json_string internalJSONNode::_name' [-Wreorder]
     internalJSONNode.cpp:78:1: warning: when initialized here [-Wreorder]
Flavors: r-devel-windows-ix86+x86_64, r-release-windows-ix86+x86_64

Version: 1.3-0
Check: whether package can be installed
Result: WARN
    Found the following significant warnings:
     libjson/Source/JSONSharedString.h:297:17: warning: ‘json_shared_string::len’ will be initialized after [-Wreorder]
     libjson/Source/JSONSharedString.h:295:40: warning: ‘json_shared_string::json_shared_string_internal* json_shared_string::_str’ [-Wreorder]
     libjson/Source/JSONSharedString.h:180:9: warning: when initialized here [-Wreorder]
     libjson/Source/JSONSharedString.h:182:9: warning: when initialized here [-Wreorder]
     libjson/Source/JSONStream.h:79:7: warning: ‘JSONStream::state’ will be initialized after [-Wreorder]
     libjson/Source/JSONStream.h:76:28: warning: ‘void (* JSONStream::call)(void*, void*)’ [-Wreorder]
     JSONStream.cpp:8:1: warning: when initialized here [-Wreorder]
     libjson/Source/JSONStream.h:77:27: warning: ‘JSONStream::err_call’ will be initialized after [-Wreorder]
     libjson/Source/JSONStream.h:75:17: warning: ‘json_string JSONStream::buffer’ [-Wreorder]
     JSONStream.cpp:12:1: warning: when initialized here [-Wreorder]
     libjson/Source/internalJSONNode.h:257:18: warning: ‘internalJSONNode::_name_encoded’ will be initialized after [-Wreorder]
     libjson/Source/internalJSONNode.h:256:17: warning: ‘json_string internalJSONNode::_name’ [-Wreorder]
     internalJSONNode.cpp:78:1: warning: when initialized here [-Wreorder]
Flavors: r-patched-linux-x86_64, r-release-linux-x86_64