CRAN Package Check Results for Package RJSONIO

Last updated on 2016-05-05 23:50:09.

Flavor Version Tinstall Tcheck Ttotal Status Flags
r-devel-linux-x86_64-debian-gcc 1.3-0 7.15 21.56 28.72 WARN
r-devel-linux-x86_64-fedora-clang 1.3-0 52.25 WARN
r-devel-linux-x86_64-fedora-gcc 1.3-0 47.63 WARN
r-devel-osx-x86_64-clang 1.3-0 61.70 WARN
r-devel-windows-ix86+x86_64 1.3-0 45.00 90.00 135.00 OK
r-patched-linux-x86_64 1.3-0 6.65 21.77 28.42 WARN
r-patched-solaris-sparc 1.3-0 354.20 OK
r-patched-solaris-x86 1.3-0 69.90 OK
r-release-linux-x86_64 1.3-0 6.79 21.50 28.29 WARN
r-release-osx-x86_64-mavericks 1.3-0 OK
r-release-windows-ix86+x86_64 1.3-0 45.00 90.00 135.00 OK
r-oldrel-windows-ix86+x86_64 1.3-0 32.00 63.00 95.00 OK

Check Details

Version: 1.3-0
Check: whether package can be installed
Result: WARN
    Found the following significant warnings:
     libjson/Source/JSONGlobals.h:43:50: warning: invoking macro json_global_decl argument 3: empty macro arguments are undefined in ISO C++98 [-Wpedantic]
     libjson/Source/JSONGlobals.h:44:49: warning: invoking macro json_global_decl argument 3: empty macro arguments are undefined in ISO C++98 [-Wpedantic]
     JSONValidator.cpp:394:105: warning: invoking macro JSON_ASSERT_SAFE argument 3: empty macro arguments are undefined in ISO C++98 [-Wpedantic]
     JSONValidator.cpp:397:104: warning: invoking macro JSON_ASSERT_SAFE argument 3: empty macro arguments are undefined in ISO C++98 [-Wpedantic]
Flavors: r-devel-linux-x86_64-debian-gcc, r-devel-linux-x86_64-fedora-gcc, r-patched-linux-x86_64, r-release-linux-x86_64

Version: 1.3-0
Check: top-level files
Result: NOTE
    Non-standard files/directories found at top level:
     ‘Changes.html’ ‘Dependencies’ ‘README.libjson’ ‘Todo.xml’
     ‘cleanup.in’ ‘cp_libjson’ ‘libjsonFixes’ ‘libjsonNotes’
Flavors: r-devel-linux-x86_64-debian-gcc, r-devel-linux-x86_64-fedora-clang, r-devel-linux-x86_64-fedora-gcc, r-patched-linux-x86_64, r-release-linux-x86_64

Version: 1.3-0
Check: whether package can be installed
Result: WARN
    Found the following significant warnings:
     libjson/Source/JSONGlobals.h:43:50: warning: empty macro arguments are a C99 feature [-Wc99-extensions]
     libjson/Source/JSONGlobals.h:44:49: warning: empty macro arguments are a C99 feature [-Wc99-extensions]
     JSONValidator.cpp:394:105: warning: empty macro arguments are a C99 feature [-Wc99-extensions]
     JSONValidator.cpp:397:104: warning: empty macro arguments are a C99 feature [-Wc99-extensions]
Flavors: r-devel-linux-x86_64-fedora-clang, r-devel-osx-x86_64-clang