CRAN Package Check Results for Package RJSONIO

Last updated on 2014-07-22 17:48:36.

Flavor Version Tinstall Tcheck Ttotal Status Flags
r-devel-linux-x86_64-debian-clang 1.2-0.2 5.26 21.93 27.19 WARN
r-devel-linux-x86_64-debian-gcc 1.2-0.2 6.56 21.56 28.12 WARN
r-devel-linux-x86_64-fedora-clang 1.2-0.2 62.15 WARN
r-devel-linux-x86_64-fedora-gcc 1.2-0.2 59.18 WARN
r-devel-osx-x86_64-clang 1.2-0.2 59.03 WARN
r-devel-windows-ix86+x86_64 1.2-0.2 35.00 61.00 96.00 OK
r-patched-linux-x86_64 1.2-0.2 6.94 21.93 28.87 WARN
r-patched-solaris-sparc 1.2-0.2 345.90 OK
r-patched-solaris-x86 1.2-0.2 94.30 OK
r-release-linux-ix86 1.2-0.2 9.46 32.94 42.40 WARN
r-release-linux-x86_64 1.2-0.2 6.70 22.89 29.59 WARN
r-release-osx-x86_64-mavericks 1.2-0.2 OK
r-release-osx-x86_64-snowleopard 1.2-0.2 OK
r-release-windows-ix86+x86_64 1.2-0.2 44.00 60.00 104.00 OK
r-oldrel-windows-ix86+x86_64 1.2-0.2 29.00 70.00 99.00 OK

Check Details

Version: 1.2-0.2
Check: whether package can be installed
Result: WARNING
    Found the following significant warnings:
     libjson/Source/JSONDefs/GNU_C.h:1:9: warning: 'JSON_GNU_C_HEADER' is used as a header guard here, followed by #define of a different macro [-Wheader-guard]
    See ‘/home/hornik/tmp/R.check/r-devel-clang/Work/PKGS/RJSONIO.Rcheck/00install.out’ for details.
Flavor: r-devel-linux-x86_64-debian-clang

Version: 1.2-0.2
Check: whether package can be installed
Result: WARNING
    Found the following significant warnings:
     libjson/Source/JSONGlobals.h:43:50: warning: invoking macro json_global_decl argument 3: empty macro arguments are undefined in ISO C90 and ISO C++98
     libjson/Source/JSONGlobals.h:44:49: warning: invoking macro json_global_decl argument 3: empty macro arguments are undefined in ISO C90 and ISO C++98
     JSONValidator.cpp:394:105: warning: invoking macro JSON_ASSERT_SAFE argument 3: empty macro arguments are undefined in ISO C90 and ISO C++98
     JSONValidator.cpp:397:104: warning: invoking macro JSON_ASSERT_SAFE argument 3: empty macro arguments are undefined in ISO C90 and ISO C++98
    See ‘/home/hornik/tmp/R.check/r-devel-gcc/Work/PKGS/RJSONIO.Rcheck/00install.out’ for details.
Flavor: r-devel-linux-x86_64-debian-gcc

Version: 1.2-0.2
Check: whether package can be installed
Result: WARNING
    Found the following significant warnings:
     libjson/Source/JSONDefs/GNU_C.h:1:9: warning: 'JSON_GNU_C_HEADER' is used as a header guard here, followed by #define of a different macro [-Wheader-guard]
    See ‘/data/gannet/ripley/R/packages/tests-clang/RJSONIO.Rcheck/00install.out’ for details.
Flavor: r-devel-linux-x86_64-fedora-clang

Version: 1.2-0.2
Check: top-level files
Result: NOTE
    Non-standard files/directories found at top level:
     ‘Changes.html’ ‘Dependencies’ ‘README.libjson’ ‘Todo.xml’
     ‘cleanup.in’ ‘cp_libjson’ ‘libjsonFixes’ ‘libjsonNotes’
Flavors: r-devel-linux-x86_64-fedora-clang, r-devel-linux-x86_64-fedora-gcc

Version: 1.2-0.2
Check: whether package can be installed
Result: WARNING
    Found the following significant warnings:
     libjson/Source/JSONGlobals.h:43:50: warning: invoking macro json_global_decl argument 3: empty macro arguments are undefined in ISO C90 and ISO C++98 [enabled by default]
     libjson/Source/JSONGlobals.h:44:49: warning: invoking macro json_global_decl argument 3: empty macro arguments are undefined in ISO C90 and ISO C++98 [enabled by default]
     JSONValidator.cpp:394:105: warning: invoking macro JSON_ASSERT_SAFE argument 3: empty macro arguments are undefined in ISO C90 and ISO C++98 [enabled by default]
     JSONValidator.cpp:397:104: warning: invoking macro JSON_ASSERT_SAFE argument 3: empty macro arguments are undefined in ISO C90 and ISO C++98 [enabled by default]
    See ‘/data/gannet/ripley/R/packages/tests-devel/RJSONIO.Rcheck/00install.out’ for details.
Flavor: r-devel-linux-x86_64-fedora-gcc

Version: 1.2-0.2
Check: whether package can be installed
Result: WARNING
    Found the following significant warnings:
     libjson/Source/JSONDefs/GNU_C.h:1:9: warning: 'JSON_GNU_C_HEADER' is used as a header guard here, followed by #define of a different macro [-Wheader-guard]
    See ‘/Users/ripley/R/packages/tests-devel/RJSONIO.Rcheck/00install.out’ for details.
Flavor: r-devel-osx-x86_64-clang

Version: 1.2-0.2
Check: whether package can be installed
Result: WARNING
    Found the following significant warnings:
     libjson/Source/JSONGlobals.h:43:50: warning: invoking macro json_global_decl argument 3: empty macro arguments are undefined in ISO C90 and ISO C++98
     libjson/Source/JSONGlobals.h:44:49: warning: invoking macro json_global_decl argument 3: empty macro arguments are undefined in ISO C90 and ISO C++98
     JSONValidator.cpp:394:105: warning: invoking macro JSON_ASSERT_SAFE argument 3: empty macro arguments are undefined in ISO C90 and ISO C++98
     JSONValidator.cpp:397:104: warning: invoking macro JSON_ASSERT_SAFE argument 3: empty macro arguments are undefined in ISO C90 and ISO C++98
    See ‘/home/hornik/tmp/R.check/r-patched-gcc/Work/PKGS/RJSONIO.Rcheck/00install.out’ for details.
Flavor: r-patched-linux-x86_64

Version: 1.2-0.2
Check: whether package can be installed
Result: WARNING
    Found the following significant warnings:
     libjson/Source/JSONGlobals.h:43:50: warning: invoking macro json_global_decl argument 3: empty macro arguments are undefined in ISO C90 and ISO C++98
     libjson/Source/JSONGlobals.h:44:49: warning: invoking macro json_global_decl argument 3: empty macro arguments are undefined in ISO C90 and ISO C++98
     JSONValidator.cpp:394:105: warning: invoking macro JSON_ASSERT_SAFE argument 3: empty macro arguments are undefined in ISO C90 and ISO C++98
     JSONValidator.cpp:397:104: warning: invoking macro JSON_ASSERT_SAFE argument 3: empty macro arguments are undefined in ISO C90 and ISO C++98
    See ‘/home/hornik/tmp/R.check/r-release-gcc/Work/PKGS/RJSONIO.Rcheck/00install.out’ for details.
Flavors: r-release-linux-ix86, r-release-linux-x86_64