CRAN Package Check Results for Package RJSONIO

Last updated on 2014-08-22 22:46:47.

Flavor Version Tinstall Tcheck Ttotal Status Flags
r-devel-linux-x86_64-debian-clang 1.3-0 5.24 22.67 27.91 OK
r-devel-linux-x86_64-debian-gcc 1.3-0 6.58 21.93 28.50 WARN
r-devel-linux-x86_64-fedora-clang 1.3-0 61.57 NOTE
r-devel-linux-x86_64-fedora-gcc 1.3-0 57.82 WARN
r-devel-osx-x86_64-clang 1.3-0 59.38 OK
r-devel-windows-ix86+x86_64 1.3-0 34.00 64.00 98.00 OK
r-patched-linux-x86_64 1.3-0 6.61 22.30 28.91 WARN
r-patched-solaris-sparc 1.3-0 402.60 OK
r-patched-solaris-x86 1.3-0 95.40 OK
r-release-linux-ix86 1.3-0 9.40 33.37 42.77 WARN
r-release-linux-x86_64 1.3-0 6.63 23.12 29.74 WARN
r-release-osx-x86_64-mavericks 1.3-0 OK
r-release-osx-x86_64-snowleopard 1.3-0 OK
r-release-windows-ix86+x86_64 1.3-0 27.00 63.00 90.00 OK
r-oldrel-windows-ix86+x86_64 1.3-0 26.00 74.00 100.00 OK

Check Details

Version: 1.3-0
Check: whether package can be installed
Result: WARN
    Found the following significant warnings:
     libjson/Source/JSONGlobals.h:43:50: warning: invoking macro json_global_decl argument 3: empty macro arguments are undefined in ISO C90 and ISO C++98
     libjson/Source/JSONGlobals.h:44:49: warning: invoking macro json_global_decl argument 3: empty macro arguments are undefined in ISO C90 and ISO C++98
     JSONValidator.cpp:394:105: warning: invoking macro JSON_ASSERT_SAFE argument 3: empty macro arguments are undefined in ISO C90 and ISO C++98
     JSONValidator.cpp:397:104: warning: invoking macro JSON_ASSERT_SAFE argument 3: empty macro arguments are undefined in ISO C90 and ISO C++98
Flavors: r-devel-linux-x86_64-debian-gcc, r-patched-linux-x86_64, r-release-linux-ix86, r-release-linux-x86_64

Version: 1.3-0
Check: top-level files
Result: NOTE
    Non-standard files/directories found at top level:
     ‘Changes.html’ ‘Dependencies’ ‘README.libjson’ ‘Todo.xml’
     ‘cleanup.in’ ‘cp_libjson’ ‘libjsonFixes’ ‘libjsonNotes’
Flavors: r-devel-linux-x86_64-fedora-clang, r-devel-linux-x86_64-fedora-gcc

Version: 1.3-0
Check: whether package can be installed
Result: WARN
    Found the following significant warnings:
     libjson/Source/JSONGlobals.h:43:50: warning: invoking macro json_global_decl argument 3: empty macro arguments are undefined in ISO C90 and ISO C++98 [enabled by default]
     libjson/Source/JSONGlobals.h:44:49: warning: invoking macro json_global_decl argument 3: empty macro arguments are undefined in ISO C90 and ISO C++98 [enabled by default]
     JSONValidator.cpp:394:105: warning: invoking macro JSON_ASSERT_SAFE argument 3: empty macro arguments are undefined in ISO C90 and ISO C++98 [enabled by default]
     JSONValidator.cpp:397:104: warning: invoking macro JSON_ASSERT_SAFE argument 3: empty macro arguments are undefined in ISO C90 and ISO C++98 [enabled by default]
Flavor: r-devel-linux-x86_64-fedora-gcc