CRAN Package Check Results for Package RJaCGH

Last updated on 2017-02-22 13:51:10.

Flavor Version Tinstall Tcheck Ttotal Status Flags
r-devel-linux-x86_64-debian-clang 2.0.4 3.98 49.67 53.64 NOTE
r-devel-linux-x86_64-debian-gcc 2.0.4 4.65 53.93 58.58 NOTE
r-devel-linux-x86_64-fedora-clang 2.0.4 113.04 NOTE --no-stop-on-test-error
r-devel-linux-x86_64-fedora-gcc 2.0.4 111.00 NOTE --no-stop-on-test-error
r-devel-macos-x86_64-clang 2.0.4 63.10 NOTE --no-stop-on-test-error
r-devel-windows-ix86+x86_64 2.0.4 14.00 156.00 170.00 OK
r-patched-linux-x86_64 2.0.4 4.08 41.71 45.79 OK
r-patched-solaris-sparc 2.0.4 455.20 OK
r-patched-solaris-x86 2.0.4 96.00 OK
r-release-linux-x86_64 2.0.4 4.27 42.25 46.52 OK
r-release-osx-x86_64-mavericks 2.0.4 OK
r-release-windows-ix86+x86_64 2.0.4 13.00 113.00 126.00 OK
r-oldrel-windows-ix86+x86_64 2.0.4 12.00 119.00 131.00 OK

Check Details

Version: 2.0.4
Check: compiled code
Result: NOTE
    File ‘RJaCGH/libs/RJaCGH.so’:
     Found no calls to: ‘R_registerRoutines’, ‘R_useDynamicSymbols’
    
    It is good practice to register native routines and to disable symbol
    search.
    
    See ‘Writing portable packages’ in the ‘Writing R Extensions’ manual.
Flavors: r-devel-linux-x86_64-debian-clang, r-devel-linux-x86_64-debian-gcc

Version: 2.0.4
Flags: --no-stop-on-test-error
Check: compiled code
Result: NOTE
    File ‘RJaCGH/libs/RJaCGH.so’:
     Found no calls to: ‘R_registerRoutines’, ‘R_useDynamicSymbols’
    
    It is good practice to register native routines and to disable symbol
    search.
    
    See ‘Writing portable packages’ in the ‘Writing R Extensions’ manual.
Flavors: r-devel-linux-x86_64-fedora-clang, r-devel-linux-x86_64-fedora-gcc, r-devel-macos-x86_64-clang