CRAN Package Check Results for Package RJaCGH

Last updated on 2015-04-26 09:46:35.

Flavor Version Tinstall Tcheck Ttotal Status Flags
r-devel-linux-x86_64-debian-clang 2.0.3 2.60 64.07 66.67 NOTE
r-devel-linux-x86_64-debian-gcc 2.0.3 4.30 62.32 66.62 NOTE
r-devel-linux-x86_64-fedora-clang 2.0.3 124.57 NOTE
r-devel-linux-x86_64-fedora-gcc 2.0.3 120.98 NOTE
r-devel-osx-x86_64-clang 2.0.3 91.20 NOTE
r-devel-windows-ix86+x86_64 2.0.3 13.00 189.00 202.00 NOTE
r-patched-linux-x86_64 2.0.3 4.39 63.07 67.46 NOTE
r-patched-solaris-sparc 2.0.3 759.40 NOTE
r-patched-solaris-x86 2.0.3 152.40 NOTE
r-release-linux-x86_64 2.0.3 4.22 62.47 66.69 NOTE
r-release-osx-x86_64-mavericks 2.0.3 NOTE
r-release-osx-x86_64-snowleopard 2.0.3 NOTE
r-release-windows-ix86+x86_64 2.0.3 10.00 186.00 196.00 NOTE
r-oldrel-windows-ix86+x86_64 2.0.3 16.00 188.00 204.00 NOTE

Check Details

Version: 2.0.3
Check: DESCRIPTION meta-information
Result: NOTE
    Malformed Title field: should not end in a period.
Flavors: r-devel-linux-x86_64-fedora-gcc, r-devel-windows-ix86+x86_64, r-release-windows-ix86+x86_64

Version: 2.0.3
Check: S3 generic/method consistency
Result: NOTE
    Found the following apparent S3 methods exported but not registered:
     plot.Q.NH
    See section ‘Registering S3 methods’ in the ‘Writing R Extensions’
    manual.
Flavor: r-devel-linux-x86_64-fedora-gcc

Version: 2.0.3
Check: Rd \usage sections
Result: NOTE
    S3 methods shown with full name in documentation object 'plot.Q.NH':
     ‘plot.Q.NH’
    
    The \usage entries for S3 methods should use the \method markup and not
    their full name.
    See chapter ‘Writing R documentation files’ in the ‘Writing R
    Extensions’ manual.
Flavors: r-devel-linux-x86_64-fedora-gcc, r-devel-windows-ix86+x86_64, r-release-windows-ix86+x86_64, r-oldrel-windows-ix86+x86_64