CRAN Package Check Results for Package RJaCGH

Last updated on 2017-03-27 06:48:32.

Flavor Version Tinstall Tcheck Ttotal Status Flags
r-devel-linux-x86_64-debian-clang 2.0.4 4.48 49.60 54.07 NOTE
r-devel-linux-x86_64-debian-gcc 2.0.4 4.74 49.21 53.96 NOTE
r-devel-linux-x86_64-fedora-clang 2.0.4 113.15 NOTE --no-stop-on-test-error
r-devel-linux-x86_64-fedora-gcc 2.0.4 109.70 NOTE --no-stop-on-test-error
r-devel-macos-x86_64-clang 2.0.4 62.18 NOTE --no-stop-on-test-error
r-devel-windows-ix86+x86_64 2.0.4 13.00 130.00 143.00 OK
r-patched-linux-x86_64 2.0.4 4.34 47.73 52.06 NOTE
r-patched-solaris-sparc 2.0.4 502.10 OK
r-patched-solaris-x86 2.0.4 111.30 OK
r-release-linux-x86_64 2.0.4 4.22 43.41 47.63 OK
r-release-osx-x86_64-mavericks 2.0.4 OK
r-release-windows-ix86+x86_64 2.0.4 13.00 113.00 126.00 OK
r-oldrel-windows-ix86+x86_64 2.0.4 12.00 119.00 131.00 OK

Check Details

Version: 2.0.4
Check: compiled code
Result: NOTE
    File ‘RJaCGH/libs/RJaCGH.so’:
     Found no calls to: ‘R_registerRoutines’, ‘R_useDynamicSymbols’
    
    It is good practice to register native routines and to disable symbol
    search.
    
    See ‘Writing portable packages’ in the ‘Writing R Extensions’ manual.
Flavors: r-devel-linux-x86_64-debian-clang, r-devel-linux-x86_64-debian-gcc, r-patched-linux-x86_64

Version: 2.0.4
Flags: --no-stop-on-test-error
Check: compiled code
Result: NOTE
    File ‘RJaCGH/libs/RJaCGH.so’:
     Found no calls to: ‘R_registerRoutines’, ‘R_useDynamicSymbols’
    
    It is good practice to register native routines and to disable symbol
    search.
    
    See ‘Writing portable packages’ in the ‘Writing R Extensions’ manual.
Flavors: r-devel-linux-x86_64-fedora-clang, r-devel-linux-x86_64-fedora-gcc, r-devel-macos-x86_64-clang