CRAN Package Check Results for Package RJaCGH

Last updated on 2015-02-01 05:48:04.

Flavor Version Tinstall Tcheck Ttotal Status Flags
r-devel-linux-x86_64-debian-clang 2.0.3 2.44 67.53 69.97 NOTE
r-devel-linux-x86_64-debian-gcc 2.0.3 4.28 66.85 71.12 NOTE
r-devel-linux-x86_64-fedora-clang 2.0.3 128.53 NOTE
r-devel-linux-x86_64-fedora-gcc 2.0.3 119.21 NOTE
r-devel-osx-x86_64-clang 2.0.3 92.20 NOTE
r-devel-windows-ix86+x86_64 2.0.3 13.00 185.00 198.00 NOTE
r-patched-linux-x86_64 2.0.3 4.52 70.76 75.28 NOTE
r-patched-solaris-sparc 2.0.3 769.30 NOTE
r-patched-solaris-x86 2.0.3 164.30 NOTE
r-release-linux-ix86 2.0.3 4.33 96.26 100.59 NOTE
r-release-linux-x86_64 2.0.3 5.78 64.39 70.17 NOTE
r-release-osx-x86_64-mavericks 2.0.3 NOTE
r-release-osx-x86_64-snowleopard 2.0.3 NOTE
r-release-windows-ix86+x86_64 2.0.3 11.00 157.00 168.00 NOTE
r-oldrel-windows-ix86+x86_64 2.0.3 12.00 149.00 161.00 NOTE

Check Details

Version: 2.0.3
Check: S3 generic/method consistency
Result: NOTE
    Found the following apparent S3 methods exported but not registered:
     plot.Q.NH
    See section ‘Registering S3 methods’ in the ‘Writing R Extensions’
    manual.
Flavors: r-devel-linux-x86_64-debian-clang, r-devel-linux-x86_64-debian-gcc, r-devel-linux-x86_64-fedora-clang, r-devel-linux-x86_64-fedora-gcc, r-devel-osx-x86_64-clang

Version: 2.0.3
Check: Rd \usage sections
Result: NOTE
    S3 methods shown with full name in documentation object 'plot.Q.NH':
     ‘plot.Q.NH’
    
    The \usage entries for S3 methods should use the \method markup and not
    their full name.
    See chapter ‘Writing R documentation files’ in the ‘Writing R
    Extensions’ manual.
Flavors: r-devel-linux-x86_64-debian-clang, r-devel-linux-x86_64-debian-gcc, r-devel-linux-x86_64-fedora-clang, r-devel-linux-x86_64-fedora-gcc, r-devel-osx-x86_64-clang, r-devel-windows-ix86+x86_64

Version: 2.0.3
Check: Rd \usage sections
Result: NOTE
    S3 methods shown with full name in documentation object 'plot.Q.NH':
     ‘plot.Q.NH’
    
    The \usage entries for S3 methods should use the \method markup and not
    their full name.
    See the chapter ‘Writing R documentation files’ in the ‘Writing R
    Extensions’ manual.
Flavors: r-patched-linux-x86_64, r-patched-solaris-sparc, r-patched-solaris-x86, r-release-linux-ix86, r-release-linux-x86_64, r-release-osx-x86_64-mavericks, r-release-osx-x86_64-snowleopard, r-release-windows-ix86+x86_64, r-oldrel-windows-ix86+x86_64