CRAN Package Check Results for Package RJaCGH

Last updated on 2014-12-22 07:48:11.

Flavor Version Tinstall Tcheck Ttotal Status Flags
r-devel-linux-x86_64-debian-clang 2.0.3 2.48 66.53 69.02 NOTE
r-devel-linux-x86_64-debian-gcc 2.0.3 4.34 66.85 71.20 NOTE
r-devel-linux-x86_64-fedora-clang 2.0.3 128.06 NOTE
r-devel-linux-x86_64-fedora-gcc 2.0.3 124.81 NOTE
r-devel-osx-x86_64-clang 2.0.3 90.96 NOTE
r-devel-windows-ix86+x86_64 2.0.3 18.00 217.00 235.00 NOTE
r-patched-linux-x86_64 2.0.3 4.46 66.91 71.37 NOTE
r-patched-solaris-sparc 2.0.3 769.40 NOTE
r-patched-solaris-x86 2.0.3 166.10 NOTE
r-release-linux-ix86 2.0.3 4.34 79.28 83.63 NOTE
r-release-linux-x86_64 2.0.3 4.58 66.78 71.36 NOTE
r-release-osx-x86_64-mavericks 2.0.3 NOTE
r-release-osx-x86_64-snowleopard 2.0.3 NOTE
r-release-windows-ix86+x86_64 2.0.3 11.00 157.00 168.00 NOTE
r-oldrel-windows-ix86+x86_64 2.0.3 12.00 149.00 161.00 NOTE

Check Details

Version: 2.0.3
Check: Rd \usage sections
Result: NOTE
    S3 methods shown with full name in documentation object 'plot.Q.NH':
     ‘plot.Q.NH’
    
    The \usage entries for S3 methods should use the \method markup and not
    their full name.
    See the chapter ‘Writing R documentation files’ in the ‘Writing R
    Extensions’ manual.
Flavors: r-devel-linux-x86_64-debian-clang, r-devel-linux-x86_64-debian-gcc, r-devel-linux-x86_64-fedora-clang, r-devel-linux-x86_64-fedora-gcc, r-devel-osx-x86_64-clang, r-devel-windows-ix86+x86_64, r-patched-linux-x86_64, r-patched-solaris-sparc, r-patched-solaris-x86, r-release-linux-ix86, r-release-linux-x86_64, r-release-osx-x86_64-mavericks, r-release-osx-x86_64-snowleopard, r-release-windows-ix86+x86_64, r-oldrel-windows-ix86+x86_64