CRAN Package Check Results for Package RJaCGH

Last updated on 2017-05-25 15:48:45.

Flavor Version Tinstall Tcheck Ttotal Status Flags
r-devel-linux-x86_64-debian-clang 2.0.4 4.54 48.59 53.13 NOTE
r-devel-linux-x86_64-debian-gcc 2.0.4 4.60 51.82 56.42 NOTE
r-devel-linux-x86_64-fedora-clang 2.0.4 115.23 NOTE --no-stop-on-test-error
r-devel-linux-x86_64-fedora-gcc 2.0.4 109.88 NOTE --no-stop-on-test-error
r-devel-windows-ix86+x86_64 2.0.4 19.00 163.00 182.00 OK
r-patched-linux-x86_64 2.0.4 4.28 51.91 56.19 NOTE
r-patched-solaris-sparc 2.0.4 502.10 OK
r-patched-solaris-x86 2.0.4 111.90 OK
r-release-linux-x86_64 2.0.4 4.47 51.53 56.00 NOTE
r-release-windows-ix86+x86_64 2.0.4 13.00 124.00 137.00 OK
r-release-osx-x86_64 2.0.4 OK
r-oldrel-windows-ix86+x86_64 2.0.4 13.00 113.00 126.00 OK
r-oldrel-osx-x86_64 2.0.4 OK

Check Details

Version: 2.0.4
Check: compiled code
Result: NOTE
    File ‘RJaCGH/libs/RJaCGH.so’:
     Found no calls to: ‘R_registerRoutines’, ‘R_useDynamicSymbols’
    
    It is good practice to register native routines and to disable symbol
    search.
    
    See ‘Writing portable packages’ in the ‘Writing R Extensions’ manual.
Flavors: r-devel-linux-x86_64-debian-clang, r-devel-linux-x86_64-debian-gcc, r-patched-linux-x86_64, r-release-linux-x86_64

Version: 2.0.4
Flags: --no-stop-on-test-error
Check: compiled code
Result: NOTE
    File ‘RJaCGH/libs/RJaCGH.so’:
     Found no calls to: ‘R_registerRoutines’, ‘R_useDynamicSymbols’
    
    It is good practice to register native routines and to disable symbol
    search.
    
    See ‘Writing portable packages’ in the ‘Writing R Extensions’ manual.
Flavors: r-devel-linux-x86_64-fedora-clang, r-devel-linux-x86_64-fedora-gcc