CRAN Package Check Results for Package RJaCGH

Last updated on 2015-03-26 23:47:53.

Flavor Version Tinstall Tcheck Ttotal Status Flags
r-devel-linux-x86_64-debian-clang 2.0.3 2.61 62.48 65.10 NOTE
r-devel-linux-x86_64-debian-gcc 2.0.3 4.28 62.32 66.60 NOTE
r-devel-linux-x86_64-fedora-clang 2.0.3 122.63 NOTE
r-devel-linux-x86_64-fedora-gcc 2.0.3 120.66 NOTE
r-devel-osx-x86_64-clang 2.0.3 93.22 NOTE
r-prerel-windows-ix86+x86_64 2.0.3 12.00 189.00 201.00 NOTE
r-prerel-linux-x86_64 2.0.3 4.63 66.34 70.97 NOTE
r-prerel-solaris-sparc 2.0.3 759.40 NOTE
r-prerel-solaris-x86 2.0.3 160.00 NOTE
r-release-linux-x86_64 2.0.3 4.37 69.29 73.66 NOTE
r-release-osx-x86_64-mavericks 2.0.3 NOTE
r-release-osx-x86_64-snowleopard 2.0.3 NOTE
r-release-windows-ix86+x86_64 2.0.3 16.00 188.00 204.00 NOTE
r-oldrel-windows-ix86+x86_64 2.0.3 12.00 149.00 161.00 NOTE

Check Details

Version: 2.0.3
Check: DESCRIPTION meta-information
Result: NOTE
    Malformed Title field: should not end in a period.
Flavors: r-devel-linux-x86_64-debian-clang, r-devel-linux-x86_64-debian-gcc, r-devel-linux-x86_64-fedora-clang, r-devel-linux-x86_64-fedora-gcc, r-devel-osx-x86_64-clang, r-prerel-windows-ix86+x86_64, r-prerel-linux-x86_64, r-prerel-solaris-sparc, r-prerel-solaris-x86

Version: 2.0.3
Check: S3 generic/method consistency
Result: NOTE
    Found the following apparent S3 methods exported but not registered:
     plot.Q.NH
    See section ‘Registering S3 methods’ in the ‘Writing R Extensions’
    manual.
Flavors: r-devel-linux-x86_64-debian-clang, r-devel-linux-x86_64-debian-gcc, r-devel-linux-x86_64-fedora-clang, r-devel-linux-x86_64-fedora-gcc, r-devel-osx-x86_64-clang, r-prerel-linux-x86_64

Version: 2.0.3
Check: Rd \usage sections
Result: NOTE
    S3 methods shown with full name in documentation object 'plot.Q.NH':
     ‘plot.Q.NH’
    
    The \usage entries for S3 methods should use the \method markup and not
    their full name.
    See chapter ‘Writing R documentation files’ in the ‘Writing R
    Extensions’ manual.
Flavors: r-devel-linux-x86_64-debian-clang, r-devel-linux-x86_64-debian-gcc, r-devel-linux-x86_64-fedora-clang, r-devel-linux-x86_64-fedora-gcc, r-devel-osx-x86_64-clang, r-prerel-windows-ix86+x86_64, r-prerel-linux-x86_64, r-prerel-solaris-sparc, r-prerel-solaris-x86, r-release-linux-x86_64, r-release-windows-ix86+x86_64

Version: 2.0.3
Check: Rd \usage sections
Result: NOTE
    S3 methods shown with full name in documentation object 'plot.Q.NH':
     ‘plot.Q.NH’
    
    The \usage entries for S3 methods should use the \method markup and not
    their full name.
    See the chapter ‘Writing R documentation files’ in the ‘Writing R
    Extensions’ manual.
Flavors: r-release-osx-x86_64-mavericks, r-release-osx-x86_64-snowleopard, r-oldrel-windows-ix86+x86_64