CRAN Package Check Results for Package RJaCGH

Last updated on 2017-07-27 19:49:33.

Flavor Version Tinstall Tcheck Ttotal Status Flags
r-devel-linux-x86_64-debian-clang 2.0.4 4.36 56.42 60.78 NOTE
r-devel-linux-x86_64-debian-gcc 2.0.4 4.67 55.75 60.42 NOTE
r-devel-linux-x86_64-fedora-clang 2.0.4 114.83 NOTE
r-devel-linux-x86_64-fedora-gcc 2.0.4 117.06 NOTE
r-devel-windows-ix86+x86_64 2.0.4 20.00 152.00 172.00 OK
r-patched-linux-x86_64 2.0.4 4.54 55.55 60.09 NOTE
r-patched-solaris-x86 2.0.4 112.20 OK
r-release-linux-x86_64 2.0.4 4.47 56.70 61.18 NOTE
r-release-windows-ix86+x86_64 2.0.4 13.00 124.00 137.00 OK
r-release-osx-x86_64 2.0.4 OK
r-oldrel-windows-ix86+x86_64 2.0.4 13.00 113.00 126.00 OK
r-oldrel-osx-x86_64 2.0.4 OK

Check Details

Version: 2.0.4
Check: compiled code
Result: NOTE
    File ‘RJaCGH/libs/RJaCGH.so’:
     Found no calls to: ‘R_registerRoutines’, ‘R_useDynamicSymbols’
    
    It is good practice to register native routines and to disable symbol
    search.
    
    See ‘Writing portable packages’ in the ‘Writing R Extensions’ manual.
Flavors: r-devel-linux-x86_64-debian-clang, r-devel-linux-x86_64-debian-gcc, r-devel-linux-x86_64-fedora-clang, r-devel-linux-x86_64-fedora-gcc, r-patched-linux-x86_64, r-release-linux-x86_64