CRAN Package Check Results for Package RJcluster

Last updated on 2020-12-05 07:49:23 CET.

Flavor Version Tinstall Tcheck Ttotal Status Flags
r-devel-linux-x86_64-debian-clang 0.1.0 66.27 46.70 112.97 OK
r-devel-linux-x86_64-debian-gcc 0.1.0 37.45 35.98 73.43 OK
r-devel-linux-x86_64-fedora-clang 0.1.0 153.06 NOTE
r-devel-linux-x86_64-fedora-gcc 0.1.0 132.42 NOTE
r-devel-windows-ix86+x86_64 0.1.0 139.00 111.00 250.00 OK
r-patched-linux-x86_64 0.1.0 43.99 45.18 89.17 OK
r-patched-solaris-x86 0.1.0 152.30 NOTE
r-release-linux-x86_64 0.1.0 46.97 44.85 91.82 OK
r-release-macos-x86_64 0.1.0 NOTE
r-release-windows-ix86+x86_64 0.1.0 104.00 82.00 186.00 OK
r-oldrel-macos-x86_64 0.1.0 NOTE
r-oldrel-windows-ix86+x86_64 0.1.0 122.00 103.00 225.00 OK

Check Details

Version: 0.1.0
Check: dependencies in R code
Result: NOTE
    Namespaces in Imports field not imported from:
     ‘doParallel’ ‘parallel’
     All declared Imports should be used.
Flavors: r-devel-linux-x86_64-fedora-clang, r-devel-linux-x86_64-fedora-gcc, r-patched-solaris-x86, r-release-macos-x86_64, r-oldrel-macos-x86_64