CRAN Package Check Results for Package RKEA

Last updated on 2014-04-19 05:47:51.

Flavor Version Tinstall Tcheck Ttotal Status Flags
r-devel-linux-x86_64-debian-clang 0.0-3 2.59 24.60 27.18 NOTE
r-devel-linux-x86_64-debian-gcc 0.0-3 2.44 24.07 26.51 NOTE
r-devel-linux-x86_64-fedora-clang 0.0-3 57.82 NOTE
r-devel-linux-x86_64-fedora-gcc 0.0-3 54.88 NOTE
r-devel-macosx-x86_64-clang 0.0-3 52.34 NOTE
r-devel-macosx-x86_64-gcc 0.0-3 ERROR
r-devel-windows-ix86+x86_64 0.0-3 6.00 55.00 61.00 NOTE
r-patched-linux-x86_64 0.0-3 2.46 24.50 26.96 NOTE
r-patched-solaris-sparc 0.0-3 307.40 NOTE
r-patched-solaris-x86 0.0-3 78.00 NOTE
r-release-linux-ix86 0.0-3 5.00 42.00 47.00 NOTE
r-release-linux-x86_64 0.0-3 2.70 24.18 26.87 NOTE
r-release-macosx-x86_64 0.0-3 NOTE
r-release-windows-ix86+x86_64 0.0-3 7.00 38.00 45.00 NOTE
r-oldrel-windows-ix86+x86_64 0.0-3 7.00 33.00 40.00 NOTE

Check Details

Version: 0.0-3
Check: installed package size
Result: NOTE
     installed size is 11.0Mb
     sub-directories of 1Mb or more:
     java 10.8Mb
Flavors: r-devel-linux-x86_64-debian-clang, r-devel-linux-x86_64-debian-gcc, r-devel-linux-x86_64-fedora-clang, r-devel-linux-x86_64-fedora-gcc, r-devel-macosx-x86_64-clang, r-devel-windows-ix86+x86_64, r-patched-linux-x86_64, r-patched-solaris-sparc, r-patched-solaris-x86, r-release-linux-ix86, r-release-linux-x86_64, r-release-macosx-x86_64, r-release-windows-ix86+x86_64, r-oldrel-windows-ix86+x86_64

Version: 0.0-3
Check: package dependencies
Result: ERROR
    Package required but not available: ‘tm’
    
    See the information on DESCRIPTION files in the chapter ‘Creating R
    packages’ of the ‘Writing R Extensions’ manual.
Flavor: r-devel-macosx-x86_64-gcc