CRAN Package Check Results for Package RKEA

Last updated on 2014-12-22 04:46:54.

Flavor Version Tinstall Tcheck Ttotal Status Flags
r-devel-linux-x86_64-debian-clang 0.0-4 4.33 25.47 29.80 NOTE
r-devel-linux-x86_64-debian-gcc 0.0-4 2.24 24.65 26.89 NOTE
r-devel-linux-x86_64-fedora-clang 0.0-4 62.12 NOTE
r-devel-linux-x86_64-fedora-gcc 0.0-4 58.41 NOTE
r-devel-osx-x86_64-clang 0.0-4 55.00 NOTE
r-devel-windows-ix86+x86_64 0.0-4 7.00 53.00 60.00 NOTE
r-patched-linux-x86_64 0.0-4 2.59 25.50 28.09 NOTE
r-patched-solaris-sparc 0.0-4 319.30 NOTE
r-patched-solaris-x86 0.0-4 80.30 NOTE
r-release-linux-ix86 0.0-4 3.10 30.83 33.94 NOTE
r-release-linux-x86_64 0.0-4 2.47 25.57 28.04 NOTE
r-release-osx-x86_64-mavericks 0.0-4 NOTE
r-release-osx-x86_64-snowleopard 0.0-4 NOTE
r-release-windows-ix86+x86_64 0.0-4 7.00 40.00 47.00 NOTE
r-oldrel-windows-ix86+x86_64 0.0-4 7.00 38.00 45.00 NOTE

Check Details

Version: 0.0-4
Check: installed package size
Result: NOTE
     installed size is 11.0Mb
     sub-directories of 1Mb or more:
     java 10.8Mb
Flavors: r-devel-linux-x86_64-debian-clang, r-devel-linux-x86_64-debian-gcc, r-devel-linux-x86_64-fedora-clang, r-devel-linux-x86_64-fedora-gcc, r-devel-osx-x86_64-clang, r-devel-windows-ix86+x86_64, r-patched-linux-x86_64, r-patched-solaris-sparc, r-patched-solaris-x86, r-release-linux-ix86, r-release-linux-x86_64, r-release-osx-x86_64-mavericks, r-release-osx-x86_64-snowleopard, r-release-windows-ix86+x86_64, r-oldrel-windows-ix86+x86_64