CRAN Package Check Results for Package RKEA

Last updated on 2014-08-30 08:50:14.

Flavor Version Tinstall Tcheck Ttotal Status Flags
r-devel-linux-x86_64-debian-clang 0.0-4 2.41 24.74 27.15 NOTE
r-devel-linux-x86_64-debian-gcc 0.0-4 2.51 24.65 27.16 NOTE
r-devel-linux-x86_64-fedora-clang 0.0-4 64.59 NOTE
r-devel-linux-x86_64-fedora-gcc 0.0-4 57.66 NOTE
r-devel-osx-x86_64-clang 0.0-4 52.12 NOTE
r-devel-windows-ix86+x86_64 0.0-4 8.00 39.00 47.00 NOTE
r-patched-linux-x86_64 0.0-4 2.44 25.22 27.66 NOTE
r-patched-solaris-sparc 0.0-4 319.30 NOTE
r-patched-solaris-x86 0.0-4 87.40 NOTE
r-release-linux-ix86 0.0-4 3.39 31.92 35.31 NOTE
r-release-linux-x86_64 0.0-4 2.48 26.05 28.53 NOTE
r-release-osx-x86_64-mavericks 0.0-4 NOTE
r-release-osx-x86_64-snowleopard 0.0-4 NOTE
r-release-windows-ix86+x86_64 0.0-4 7.00 44.00 51.00 NOTE
r-oldrel-windows-ix86+x86_64 0.0-4 7.00 39.00 46.00 NOTE

Check Details

Version: 0.0-4
Check: installed package size
Result: NOTE
     installed size is 11.0Mb
     sub-directories of 1Mb or more:
     java 10.8Mb
Flavors: r-devel-linux-x86_64-debian-clang, r-devel-linux-x86_64-debian-gcc, r-devel-linux-x86_64-fedora-clang, r-devel-linux-x86_64-fedora-gcc, r-devel-osx-x86_64-clang, r-devel-windows-ix86+x86_64, r-patched-linux-x86_64, r-patched-solaris-sparc, r-patched-solaris-x86, r-release-linux-ix86, r-release-linux-x86_64, r-release-osx-x86_64-mavericks, r-release-osx-x86_64-snowleopard, r-release-windows-ix86+x86_64, r-oldrel-windows-ix86+x86_64