CRAN Package Check Results for Package RKEA

Last updated on 2015-01-29 07:48:56.

Flavor Version Tinstall Tcheck Ttotal Status Flags
r-devel-linux-x86_64-debian-clang 0.0-4 2.36 22.28 24.64 NOTE
r-devel-linux-x86_64-debian-gcc 0.0-4 2.20 21.62 23.82 NOTE
r-devel-linux-x86_64-fedora-clang 0.0-4 60.88 NOTE
r-devel-linux-x86_64-fedora-gcc 0.0-4 54.33 NOTE
r-devel-osx-x86_64-clang 0.0-4 54.88 NOTE
r-devel-windows-ix86+x86_64 0.0-4 8.00 33.00 41.00 NOTE
r-patched-linux-x86_64 0.0-4 2.57 25.63 28.20 NOTE
r-patched-solaris-sparc 0.0-4 339.90 NOTE
r-patched-solaris-x86 0.0-4 82.80 NOTE
r-release-linux-ix86 0.0-4 3.53 30.78 34.31 NOTE
r-release-linux-x86_64 0.0-4 2.52 26.15 28.67 NOTE
r-release-osx-x86_64-mavericks 0.0-4 NOTE
r-release-osx-x86_64-snowleopard 0.0-4 NOTE
r-release-windows-ix86+x86_64 0.0-4 9.00 43.00 52.00 NOTE
r-oldrel-windows-ix86+x86_64 0.0-4 8.00 38.00 46.00 NOTE

Check Details

Version: 0.0-4
Check: installed package size
Result: NOTE
     installed size is 11.0Mb
     sub-directories of 1Mb or more:
     java 10.8Mb
Flavors: r-devel-linux-x86_64-debian-clang, r-devel-linux-x86_64-debian-gcc, r-devel-linux-x86_64-fedora-clang, r-devel-linux-x86_64-fedora-gcc, r-devel-osx-x86_64-clang, r-devel-windows-ix86+x86_64, r-patched-linux-x86_64, r-patched-solaris-sparc, r-patched-solaris-x86, r-release-linux-ix86, r-release-linux-x86_64, r-release-osx-x86_64-mavericks, r-release-osx-x86_64-snowleopard, r-release-windows-ix86+x86_64, r-oldrel-windows-ix86+x86_64