CRAN Package Check Results for Package RKEA

Last updated on 2015-05-25 08:48:36.

Flavor Version Tinstall Tcheck Ttotal Status Flags
r-devel-linux-x86_64-debian-clang 0.0-6 1.33 20.35 21.68 OK
r-devel-linux-x86_64-debian-gcc 0.0-6 1.25 20.21 21.46 OK
r-devel-linux-x86_64-fedora-clang 0.0-6 49.17 OK
r-devel-linux-x86_64-fedora-gcc 0.0-6 46.39 OK
r-devel-osx-x86_64-clang 0.0-6 46.39 OK
r-devel-windows-ix86+x86_64 0.0-6 5.00 34.00 39.00 OK
r-patched-linux-x86_64 0.0-6 1.32 20.06 21.38 OK
r-patched-solaris-sparc 0.0-6 276.10 OK
r-patched-solaris-x86 0.0-6 63.70 OK
r-release-linux-x86_64 0.0-6 1.26 20.02 21.28 OK
r-release-osx-x86_64-mavericks 0.0-6 OK
r-release-osx-x86_64-snowleopard 0.0-6 ERROR
r-release-windows-ix86+x86_64 0.0-6 8.00 46.00 54.00 OK
r-oldrel-windows-ix86+x86_64 0.0-6 6.00 45.00 51.00 OK

Check Details

Version: 0.0-6
Check: package dependencies
Result: ERROR
    Package required but not available: ‘tm’
    
    See section ‘The DESCRIPTION file’ in the ‘Writing R Extensions’
    manual.
Flavor: r-release-osx-x86_64-snowleopard