CRAN Package Check Results for Package RKEA

Last updated on 2014-07-25 07:53:21.

Flavor Version Tinstall Tcheck Ttotal Status Flags
r-devel-linux-x86_64-debian-clang 0.0-4 2.52 26.58 29.10 NOTE
r-devel-linux-x86_64-debian-gcc 0.0-4 2.38 24.99 27.36 NOTE
r-devel-linux-x86_64-fedora-clang 0.0-4 62.11 NOTE
r-devel-linux-x86_64-fedora-gcc 0.0-4 58.77 NOTE
r-devel-osx-x86_64-clang 0.0-4 55.88 NOTE
r-devel-windows-ix86+x86_64 0.0-4 8.00 38.00 46.00 NOTE
r-patched-linux-x86_64 0.0-4 2.42 25.20 27.62 NOTE
r-patched-solaris-sparc 0.0-4 308.50 NOTE
r-patched-solaris-x86 0.0-4 80.20 NOTE
r-release-linux-ix86 0.0-4 3.42 32.54 35.96 NOTE
r-release-linux-x86_64 0.0-4 2.41 25.16 27.57 NOTE
r-release-osx-x86_64-mavericks 0.0-4 NOTE
r-release-osx-x86_64-snowleopard 0.0-4 NOTE
r-release-windows-ix86+x86_64 0.0-4 10.00 40.00 50.00 NOTE
r-oldrel-windows-ix86+x86_64 0.0-4 7.00 44.00 51.00 NOTE

Check Details

Version: 0.0-4
Check: installed package size
Result: NOTE
     installed size is 11.0Mb
     sub-directories of 1Mb or more:
     java 10.8Mb
Flavors: r-devel-linux-x86_64-debian-clang, r-devel-linux-x86_64-debian-gcc, r-devel-linux-x86_64-fedora-clang, r-devel-linux-x86_64-fedora-gcc, r-devel-osx-x86_64-clang, r-devel-windows-ix86+x86_64, r-patched-linux-x86_64, r-patched-solaris-sparc, r-patched-solaris-x86, r-release-linux-ix86, r-release-linux-x86_64, r-release-osx-x86_64-mavericks, r-release-osx-x86_64-snowleopard, r-release-windows-ix86+x86_64, r-oldrel-windows-ix86+x86_64