CRAN Package Check Results for Package RKEA

Last updated on 2015-02-27 05:48:13.

Flavor Version Tinstall Tcheck Ttotal Status Flags
r-devel-linux-x86_64-debian-clang 0.0-5 2.53 20.47 23.00 NOTE
r-devel-linux-x86_64-debian-gcc 0.0-5 2.14 20.00 22.14 NOTE
r-devel-linux-x86_64-fedora-clang 0.0-5 48.47 NOTE
r-devel-linux-x86_64-fedora-gcc 0.0-5 44.36 NOTE
r-devel-osx-x86_64-clang 0.0-5 48.37 NOTE
r-devel-windows-ix86+x86_64 0.0-5 7.00 37.00 44.00 NOTE
r-patched-linux-x86_64 0.0-5 2.45 26.17 28.62 NOTE
r-patched-solaris-sparc 0.0-5 302.60 NOTE
r-patched-solaris-x86 0.0-5 85.00 NOTE
r-release-linux-ix86 0.0-5 3.40 33.90 37.30 NOTE
r-release-linux-x86_64 0.0-5 2.70 26.65 29.35 NOTE
r-release-osx-x86_64-mavericks 0.0-5 NOTE
r-release-osx-x86_64-snowleopard 0.0-5 NOTE
r-release-windows-ix86+x86_64 0.0-5 9.00 47.00 56.00 NOTE
r-oldrel-windows-ix86+x86_64 0.0-5 9.00 50.00 59.00 NOTE

Check Details

Version: 0.0-5
Check: installed package size
Result: NOTE
     installed size is 11.0Mb
     sub-directories of 1Mb or more:
     java 10.8Mb
Flavors: r-devel-linux-x86_64-debian-clang, r-devel-linux-x86_64-debian-gcc, r-devel-linux-x86_64-fedora-clang, r-devel-linux-x86_64-fedora-gcc, r-devel-osx-x86_64-clang, r-devel-windows-ix86+x86_64, r-patched-linux-x86_64, r-patched-solaris-sparc, r-patched-solaris-x86, r-release-linux-ix86, r-release-linux-x86_64, r-release-osx-x86_64-mavericks, r-release-osx-x86_64-snowleopard, r-release-windows-ix86+x86_64, r-oldrel-windows-ix86+x86_64