CRAN Package Check Results for Package RKEAjars

Last updated on 2021-12-08 15:50:56 CET.

Flavor Version Tinstall Tcheck Ttotal Status Flags
r-devel-linux-x86_64-debian-clang 5.0-4 4.44 32.91 37.35 OK
r-devel-linux-x86_64-debian-gcc 5.0-4 3.06 25.98 29.04 OK
r-devel-linux-x86_64-fedora-clang 5.0-4 45.32 NOTE
r-devel-linux-x86_64-fedora-gcc 5.0-4 35.84 OK
r-devel-windows-x86_64-new-UL 5.0-4 8.00 50.00 58.00 NOTE
r-devel-windows-x86_64-new-TK 5.0-4 OK
r-devel-windows-x86_64-old 5.0-4 7.00 44.00 51.00 NOTE
r-patched-linux-x86_64 5.0-4 3.80 31.93 35.73 OK
r-release-linux-x86_64 5.0-4 4.50 32.08 36.58 OK
r-release-macos-arm64 5.0-4 NOTE
r-release-macos-x86_64 5.0-4 NOTE
r-release-windows-ix86+x86_64 5.0-4 10.00 43.00 53.00 NOTE
r-oldrel-macos-x86_64 5.0-4 NOTE
r-oldrel-windows-ix86+x86_64 5.0-4 8.00 33.00 41.00 NOTE

Check Details

Version: 5.0-4
Check: installed package size
Result: NOTE
     installed size is 10.9Mb
     sub-directories of 1Mb or more:
     java 10.8Mb
Flavors: r-devel-linux-x86_64-fedora-clang, r-devel-windows-x86_64-new-UL, r-devel-windows-x86_64-old, r-release-macos-arm64, r-release-macos-x86_64, r-release-windows-ix86+x86_64, r-oldrel-macos-x86_64, r-oldrel-windows-ix86+x86_64