CRAN Package Check Results for Package RLRsim

Last updated on 2017-12-16 07:47:39 CET.

Flavor Version Tinstall Tcheck Ttotal Status Flags
r-devel-linux-x86_64-debian-clang 3.1-3 14.14 55.92 70.06 NOTE
r-devel-linux-x86_64-debian-gcc 3.1-3 10.23 44.77 55.00 NOTE
r-devel-linux-x86_64-fedora-clang 3.1-3 105.69 NOTE
r-devel-linux-x86_64-fedora-gcc 3.1-3 87.75 NOTE
r-devel-windows-ix86+x86_64 3.1-3 33.00 96.00 129.00 OK
r-patched-linux-x86_64 3.1-3 13.89 60.95 74.84 NOTE
r-patched-solaris-x86 3.1-3 132.00 OK
r-release-linux-x86_64 3.1-3 14.08 60.97 75.05 NOTE
r-release-windows-ix86+x86_64 3.1-3 29.00 100.00 129.00 OK
r-release-osx-x86_64 3.1-3 OK
r-oldrel-windows-ix86+x86_64 3.1-3 42.00 121.00 163.00 OK
r-oldrel-osx-x86_64 3.1-3 OK

Check Details

Version: 3.1-3
Check: compiled code
Result: NOTE
    File ‘RLRsim/libs/RLRsim.so’:
     Found no calls to: ‘R_registerRoutines’, ‘R_useDynamicSymbols’
    
    It is good practice to register native routines and to disable symbol
    search.
    
    See ‘Writing portable packages’ in the ‘Writing R Extensions’ manual.
Flavors: r-devel-linux-x86_64-debian-clang, r-devel-linux-x86_64-debian-gcc, r-devel-linux-x86_64-fedora-clang, r-devel-linux-x86_64-fedora-gcc, r-patched-linux-x86_64, r-release-linux-x86_64