CRAN Package Check Results for Package RLRsim

Last updated on 2017-08-18 17:48:07.

Flavor Version Tinstall Tcheck Ttotal Status Flags
r-devel-linux-x86_64-debian-clang 3.1-3 10.53 39.06 49.59 NOTE
r-devel-linux-x86_64-debian-gcc 3.1-3 10.97 38.74 49.70 NOTE
r-devel-linux-x86_64-fedora-clang 3.1-3 106.46 NOTE
r-devel-linux-x86_64-fedora-gcc 3.1-3 112.85 NOTE
r-devel-windows-ix86+x86_64 3.1-3 32.00 88.00 120.00 OK
r-patched-linux-x86_64 3.1-3 10.70 42.25 52.96 NOTE
r-patched-solaris-x86 3.1-3 131.80 OK
r-release-linux-x86_64 3.1-3 11.00 39.21 50.21 NOTE
r-release-windows-ix86+x86_64 3.1-3 45.00 91.00 136.00 OK
r-release-osx-x86_64 3.1-3 OK
r-oldrel-windows-ix86+x86_64 3.1-3 33.00 77.00 110.00 OK
r-oldrel-osx-x86_64 3.1-3 OK

Check Details

Version: 3.1-3
Check: compiled code
Result: NOTE
    File ‘RLRsim/libs/RLRsim.so’:
     Found no calls to: ‘R_registerRoutines’, ‘R_useDynamicSymbols’
    
    It is good practice to register native routines and to disable symbol
    search.
    
    See ‘Writing portable packages’ in the ‘Writing R Extensions’ manual.
Flavors: r-devel-linux-x86_64-debian-clang, r-devel-linux-x86_64-debian-gcc, r-devel-linux-x86_64-fedora-clang, r-devel-linux-x86_64-fedora-gcc, r-patched-linux-x86_64, r-release-linux-x86_64