CRAN Package Check Results for Package RLRsim

Last updated on 2017-10-18 03:48:31.

Flavor Version Tinstall Tcheck Ttotal Status Flags
r-devel-linux-x86_64-debian-clang 3.1-3 11.31 39.93 51.24 NOTE
r-devel-linux-x86_64-debian-gcc 3.1-3 11.68 41.50 53.19 NOTE
r-devel-linux-x86_64-fedora-clang 3.1-3 112.36 NOTE
r-devel-linux-x86_64-fedora-gcc 3.1-3 104.77 NOTE
r-devel-windows-ix86+x86_64 3.1-3 31.00 93.00 124.00 OK
r-patched-linux-x86_64 3.1-3 10.85 41.28 52.14 NOTE
r-patched-solaris-x86 3.1-3 135.30 OK
r-release-linux-x86_64 3.1-3 11.05 39.97 51.02 NOTE
r-release-windows-ix86+x86_64 3.1-3 49.00 123.00 172.00 OK
r-release-osx-x86_64 3.1-3 OK
r-oldrel-windows-ix86+x86_64 3.1-3 42.00 113.00 155.00 OK
r-oldrel-osx-x86_64 3.1-3 OK

Check Details

Version: 3.1-3
Check: compiled code
Result: NOTE
    File ‘RLRsim/libs/RLRsim.so’:
     Found no calls to: ‘R_registerRoutines’, ‘R_useDynamicSymbols’
    
    It is good practice to register native routines and to disable symbol
    search.
    
    See ‘Writing portable packages’ in the ‘Writing R Extensions’ manual.
Flavors: r-devel-linux-x86_64-debian-clang, r-devel-linux-x86_64-debian-gcc, r-devel-linux-x86_64-fedora-clang, r-devel-linux-x86_64-fedora-gcc, r-patched-linux-x86_64, r-release-linux-x86_64