CRAN Package Check Results for Package RLRsim

Last updated on 2014-12-18 21:47:18.

Flavor Version Tinstall Tcheck Ttotal Status Flags
r-devel-linux-x86_64-debian-clang 3.0 6.15 17.77 23.92 NOTE
r-devel-linux-x86_64-debian-gcc 3.0 6.82 17.79 24.61 NOTE
r-devel-linux-x86_64-fedora-clang 3.0 55.23 NOTE
r-devel-linux-x86_64-fedora-gcc 3.0 50.01 NOTE
r-devel-osx-x86_64-clang 3.0 46.66 NOTE
r-devel-windows-ix86+x86_64 3.0 30.00 43.00 73.00 NOTE
r-patched-linux-x86_64 3.0 6.90 18.33 25.22 NOTE
r-patched-solaris-sparc 3.0 287.90 NOTE
r-patched-solaris-x86 3.0 70.50 NOTE
r-release-linux-ix86 3.0 8.27 24.05 32.32 NOTE
r-release-linux-x86_64 3.0 6.79 18.12 24.92 NOTE
r-release-osx-x86_64-mavericks 3.0 OK
r-release-osx-x86_64-snowleopard 3.0 OK
r-release-windows-ix86+x86_64 3.0 22.00 44.00 66.00 NOTE
r-oldrel-windows-ix86+x86_64 3.0 22.00 47.00 69.00 OK

Check Details

Version: 3.0
Check: R code for possible problems
Result: NOTE
    exactLRT: no visible global function definition for ‘isREML’
    exactRLRT: no visible global function definition for ‘isREML’
    exactRLRT: no visible global function definition for ‘getME’
    extract.lmerModDesign: no visible global function definition for
     ‘getME’
    extract.lmerModDesign: no visible global function definition for
     ‘VarCorr’
    extract.lmerModDesign: no visible global function definition for
     ‘sigma’
Flavors: r-devel-linux-x86_64-debian-clang, r-devel-linux-x86_64-debian-gcc, r-devel-linux-x86_64-fedora-clang, r-devel-linux-x86_64-fedora-gcc, r-devel-osx-x86_64-clang, r-devel-windows-ix86+x86_64, r-patched-linux-x86_64, r-patched-solaris-sparc, r-patched-solaris-x86, r-release-linux-ix86, r-release-linux-x86_64, r-release-windows-ix86+x86_64