CRAN Package Check Results for Package RLRsim

Last updated on 2014-08-02 08:48:42.

Flavor Version Tinstall Tcheck Ttotal Status Flags
r-devel-linux-x86_64-debian-clang 2.1-3 1.03 16.23 17.26 OK
r-devel-linux-x86_64-debian-gcc 2.1-3 1.03 16.40 17.43 OK
r-devel-linux-x86_64-fedora-clang 2.1-3 37.34 OK
r-devel-linux-x86_64-fedora-gcc 2.1-3 35.60 OK
r-devel-osx-x86_64-clang 2.1-3 35.15 OK
r-devel-windows-ix86+x86_64 2.1-3 6.00 38.00 44.00 OK
r-patched-linux-x86_64 2.1-3 1.08 15.79 16.87 OK
r-patched-solaris-sparc 2.1-3 209.70 OK
r-patched-solaris-x86 2.1-3 49.90 OK
r-release-linux-ix86 2.1-3 1.62 14.74 16.36 ERROR
r-release-linux-x86_64 2.1-3 1.07 16.14 17.21 OK
r-release-osx-x86_64-mavericks 2.1-3 OK
r-release-osx-x86_64-snowleopard 2.1-3 OK
r-release-windows-ix86+x86_64 2.1-3 6.00 40.00 46.00 OK
r-oldrel-windows-ix86+x86_64 2.1-3 11.00 55.00 66.00 OK

Memtest notes: valgrind

Check Details

Version: 2.1-3
Check: package dependencies
Result: NOTE
    Package suggested but not available for checking: lme4
Flavor: r-release-linux-ix86

Version: 2.1-3
Check: R code for possible problems
Result: NOTE
    exactLRT: no visible global function definition for isREML
    exactRLRT: no visible global function definition for isREML
    exactRLRT: no visible global function definition for getME
    extract.lmerModDesign: no visible global function definition for
     getME
    extract.lmerModDesign: no visible global function definition for
     sigma
Flavor: r-release-linux-ix86

Version: 2.1-3
Check: examples
Result: ERROR
    Running examples in RLRsim-Ex.R failed
    The error most likely occurred in:
    
    > ### Name: LRTSim
    > ### Title: Simulation of the (Restricted) Likelihood Ratio Statistic
    > ### Aliases: LRTSim RLRTSim
    > ### Keywords: datagen distribution
    >
    > ### ** Examples
    >
    > library(lme4)
    Error in library(lme4) : there is no package called lme4
    Execution halted
Flavor: r-release-linux-ix86