CRAN Package Check Results for Package RLRsim

Last updated on 2017-02-20 13:51:14.

Flavor Version Tinstall Tcheck Ttotal Status Flags
r-devel-linux-x86_64-debian-clang 3.1-3 10.01 39.15 49.17 NOTE
r-devel-linux-x86_64-debian-gcc 3.1-3 9.99 39.44 49.42 NOTE
r-devel-linux-x86_64-fedora-clang 3.1-3 105.44 NOTE --no-stop-on-test-error
r-devel-linux-x86_64-fedora-gcc 3.1-3 103.89 NOTE --no-stop-on-test-error
r-devel-macos-x86_64-clang 3.1-3 79.23 NOTE --no-stop-on-test-error
r-devel-windows-ix86+x86_64 3.1-3 48.00 126.00 174.00 OK
r-patched-linux-x86_64 3.1-3 8.80 34.05 42.85 OK
r-patched-solaris-sparc 3.1-3 522.60 OK
r-patched-solaris-x86 3.1-3 106.20 OK
r-release-linux-x86_64 3.1-3 9.14 33.81 42.95 OK
r-release-osx-x86_64-mavericks 3.1-3 OK
r-release-windows-ix86+x86_64 3.1-3 28.00 85.00 113.00 OK
r-oldrel-windows-ix86+x86_64 3.1-3 31.00 88.00 119.00 OK

Check Details

Version: 3.1-3
Check: compiled code
Result: NOTE
    File ‘RLRsim/libs/RLRsim.so’:
     Found no calls to: ‘R_registerRoutines’, ‘R_useDynamicSymbols’
    
    It is good practice to register native routines and to disable symbol
    search.
    
    See ‘Writing portable packages’ in the ‘Writing R Extensions’ manual.
Flavors: r-devel-linux-x86_64-debian-clang, r-devel-linux-x86_64-debian-gcc

Version: 3.1-3
Flags: --no-stop-on-test-error
Check: compiled code
Result: NOTE
    File ‘RLRsim/libs/RLRsim.so’:
     Found no calls to: ‘R_registerRoutines’, ‘R_useDynamicSymbols’
    
    It is good practice to register native routines and to disable symbol
    search.
    
    See ‘Writing portable packages’ in the ‘Writing R Extensions’ manual.
Flavors: r-devel-linux-x86_64-fedora-clang, r-devel-linux-x86_64-fedora-gcc, r-devel-macos-x86_64-clang