CRAN Package Check Results for Package RLRsim

Last updated on 2024-02-27 11:50:01 CET.

Flavor Version Tinstall Tcheck Ttotal Status Flags
r-devel-linux-x86_64-debian-clang 3.1-8 27.79 77.92 105.71 NOTE
r-devel-linux-x86_64-debian-gcc 3.1-8 20.08 58.98 79.06 NOTE
r-devel-linux-x86_64-fedora-clang 3.1-8 136.45 NOTE
r-devel-linux-x86_64-fedora-gcc 3.1-8 130.59 NOTE
r-devel-windows-x86_64 3.1-8 22.00 90.00 112.00 NOTE
r-patched-linux-x86_64 3.1-8 25.25 77.49 102.74 NOTE
r-release-linux-x86_64 3.1-8 17.50 77.32 94.82 NOTE
r-release-macos-arm64 3.1-8 49.00 NOTE
r-release-macos-x86_64 3.1-8 68.00 NOTE
r-release-windows-x86_64 3.1-8 30.00 106.00 136.00 NOTE
r-oldrel-macos-arm64 3.1-8 40.00 OK
r-oldrel-windows-x86_64 3.1-8 29.00 108.00 137.00 OK

Check Details

Version: 3.1-8
Check: C++ specification
Result: NOTE Specified C++11: please drop specification unless essential Flavors: r-devel-linux-x86_64-debian-clang, r-devel-linux-x86_64-debian-gcc, r-devel-linux-x86_64-fedora-clang, r-devel-linux-x86_64-fedora-gcc, r-devel-windows-x86_64, r-patched-linux-x86_64, r-release-linux-x86_64, r-release-macos-arm64, r-release-macos-x86_64, r-release-windows-x86_64