CRAN Package Check Results for Package RLRsim

Last updated on 2017-03-24 06:48:35.

Flavor Version Tinstall Tcheck Ttotal Status Flags
r-devel-linux-x86_64-debian-clang 3.1-3 10.28 38.81 49.10 NOTE
r-devel-linux-x86_64-debian-gcc 3.1-3 10.24 39.38 49.62 NOTE
r-devel-linux-x86_64-fedora-clang 3.1-3 108.26 NOTE --no-stop-on-test-error
r-devel-linux-x86_64-fedora-gcc 3.1-3 104.73 NOTE --no-stop-on-test-error
r-devel-macos-x86_64-clang 3.1-3 78.13 NOTE --no-stop-on-test-error
r-devel-windows-ix86+x86_64 3.1-3 32.00 95.00 127.00 OK
r-patched-linux-x86_64 3.1-3 9.12 33.92 43.03 OK
r-patched-solaris-sparc 3.1-3 586.20 OK
r-patched-solaris-x86 3.1-3 131.00 OK
r-release-linux-x86_64 3.1-3 8.82 33.58 42.40 OK
r-release-osx-x86_64-mavericks 3.1-3 OK
r-release-windows-ix86+x86_64 3.1-3 38.00 89.00 127.00 OK
r-oldrel-windows-ix86+x86_64 3.1-3 42.00 113.00 155.00 OK

Check Details

Version: 3.1-3
Check: compiled code
Result: NOTE
    File ‘RLRsim/libs/RLRsim.so’:
     Found no calls to: ‘R_registerRoutines’, ‘R_useDynamicSymbols’
    
    It is good practice to register native routines and to disable symbol
    search.
    
    See ‘Writing portable packages’ in the ‘Writing R Extensions’ manual.
Flavors: r-devel-linux-x86_64-debian-clang, r-devel-linux-x86_64-debian-gcc

Version: 3.1-3
Flags: --no-stop-on-test-error
Check: compiled code
Result: NOTE
    File ‘RLRsim/libs/RLRsim.so’:
     Found no calls to: ‘R_registerRoutines’, ‘R_useDynamicSymbols’
    
    It is good practice to register native routines and to disable symbol
    search.
    
    See ‘Writing portable packages’ in the ‘Writing R Extensions’ manual.
Flavors: r-devel-linux-x86_64-fedora-clang, r-devel-linux-x86_64-fedora-gcc, r-devel-macos-x86_64-clang