CRAN Package Check Results for Package RLRsim

Last updated on 2015-04-18 21:49:16.

Flavor Version Tinstall Tcheck Ttotal Status Flags
r-devel-linux-x86_64-debian-clang 3.0 6.94 15.97 22.91 NOTE
r-devel-linux-x86_64-debian-gcc 3.0 6.77 16.03 22.80 NOTE
r-devel-linux-x86_64-fedora-clang 3.0 46.85 NOTE
r-devel-linux-x86_64-fedora-gcc 3.0 42.61 NOTE
r-devel-osx-x86_64-clang 3.0 41.28 NOTE
r-patched-linux-x86_64 3.0 6.72 15.72 22.44 NOTE
r-patched-solaris-sparc 3.0 287.10 NOTE
r-patched-solaris-x86 3.0 60.20 NOTE
r-release-linux-x86_64 3.0 6.68 15.57 22.25 NOTE
r-release-osx-x86_64-mavericks 3.0 NOTE
r-release-osx-x86_64-snowleopard 3.0 NOTE
r-release-windows-ix86+x86_64 3.0 25.00 47.00 72.00 NOTE
r-oldrel-windows-ix86+x86_64 3.0 27.00 63.00 90.00 OK

Check Details

Version: 3.0
Check: DESCRIPTION meta-information
Result: NOTE
    Malformed Title field: should not end in a period.
Flavors: r-devel-linux-x86_64-debian-clang, r-devel-linux-x86_64-debian-gcc, r-devel-linux-x86_64-fedora-clang, r-devel-linux-x86_64-fedora-gcc, r-devel-osx-x86_64-clang, r-patched-linux-x86_64, r-patched-solaris-sparc, r-patched-solaris-x86, r-release-linux-x86_64, r-release-osx-x86_64-mavericks, r-release-osx-x86_64-snowleopard, r-release-windows-ix86+x86_64

Version: 3.0
Check: R code for possible problems
Result: NOTE
    exactLRT: no visible global function definition for ‘isREML’
    exactRLRT: no visible global function definition for ‘isREML’
    exactRLRT: no visible global function definition for ‘getME’
    extract.lmerModDesign: no visible global function definition for
     ‘getME’
    extract.lmerModDesign: no visible global function definition for
     ‘VarCorr’
    extract.lmerModDesign: no visible global function definition for
     ‘sigma’
Flavors: r-devel-linux-x86_64-debian-clang, r-devel-linux-x86_64-debian-gcc, r-devel-linux-x86_64-fedora-clang, r-devel-linux-x86_64-fedora-gcc, r-devel-osx-x86_64-clang, r-patched-linux-x86_64, r-patched-solaris-sparc, r-patched-solaris-x86, r-release-linux-x86_64, r-release-osx-x86_64-mavericks, r-release-osx-x86_64-snowleopard, r-release-windows-ix86+x86_64