CRAN Package Check Results for Package RLRsim

Last updated on 2017-04-28 21:47:36.

Flavor Version Tinstall Tcheck Ttotal Status Flags
r-devel-linux-x86_64-debian-clang 3.1-3 10.47 39.55 50.02 NOTE
r-devel-linux-x86_64-debian-gcc 3.1-3 10.41 38.57 48.98 NOTE
r-devel-linux-x86_64-fedora-clang 3.1-3 108.11 NOTE --no-stop-on-test-error
r-devel-linux-x86_64-fedora-gcc 3.1-3 103.77 NOTE --no-stop-on-test-error
r-devel-windows-ix86+x86_64 3.1-3 34.00 124.00 158.00 OK
r-patched-linux-x86_64 3.1-3 9.40 39.07 48.48 NOTE
r-patched-solaris-sparc 3.1-3 586.20 OK
r-patched-solaris-x86 3.1-3 131.10 OK
r-release-linux-x86_64 3.1-3 9.06 41.16 50.22 NOTE
r-release-windows-ix86+x86_64 3.1-3 44.00 125.00 169.00 OK
r-release-osx-x86_64 3.1-3 OK
r-oldrel-windows-ix86+x86_64 3.1-3 44.00 83.00 127.00 OK
r-oldrel-osx-x86_64 3.1-3 OK

Check Details

Version: 3.1-3
Check: compiled code
Result: NOTE
    File ‘RLRsim/libs/RLRsim.so’:
     Found no calls to: ‘R_registerRoutines’, ‘R_useDynamicSymbols’
    
    It is good practice to register native routines and to disable symbol
    search.
    
    See ‘Writing portable packages’ in the ‘Writing R Extensions’ manual.
Flavors: r-devel-linux-x86_64-debian-clang, r-devel-linux-x86_64-debian-gcc, r-patched-linux-x86_64, r-release-linux-x86_64

Version: 3.1-3
Flags: --no-stop-on-test-error
Check: compiled code
Result: NOTE
    File ‘RLRsim/libs/RLRsim.so’:
     Found no calls to: ‘R_registerRoutines’, ‘R_useDynamicSymbols’
    
    It is good practice to register native routines and to disable symbol
    search.
    
    See ‘Writing portable packages’ in the ‘Writing R Extensions’ manual.
Flavors: r-devel-linux-x86_64-fedora-clang, r-devel-linux-x86_64-fedora-gcc