CRAN Package Check Results for Package RLRsim

Last updated on 2015-05-28 15:47:46.

Flavor Version Tinstall Tcheck Ttotal Status Flags
r-devel-linux-x86_64-debian-clang 3.0 6.36 15.91 22.27 NOTE
r-devel-linux-x86_64-debian-gcc 3.0 6.79 15.67 22.46 NOTE
r-devel-linux-x86_64-fedora-clang 3.0 47.12 NOTE
r-devel-linux-x86_64-fedora-gcc 3.0 43.02 NOTE
r-devel-osx-x86_64-clang 3.0 43.96 NOTE
r-devel-windows-ix86+x86_64 3.0 29.00 43.00 72.00 NOTE
r-patched-linux-x86_64 3.0 6.77 16.08 22.85 NOTE
r-patched-solaris-sparc 3.0 283.40 NOTE
r-patched-solaris-x86 3.0 58.70 NOTE
r-release-linux-x86_64 3.0 7.04 16.33 23.37 NOTE
r-release-osx-x86_64-mavericks 3.0 NOTE
r-release-osx-x86_64-snowleopard 3.0 NOTE
r-release-windows-ix86+x86_64 3.0 21.00 42.00 63.00 NOTE
r-oldrel-windows-ix86+x86_64 3.0 22.00 44.00 66.00 NOTE

Check Details

Version: 3.0
Check: DESCRIPTION meta-information
Result: NOTE
    Malformed Title field: should not end in a period.
Flavors: r-devel-linux-x86_64-debian-clang, r-devel-linux-x86_64-debian-gcc, r-devel-linux-x86_64-fedora-clang, r-devel-linux-x86_64-fedora-gcc, r-devel-osx-x86_64-clang, r-devel-windows-ix86+x86_64, r-patched-linux-x86_64, r-patched-solaris-sparc, r-patched-solaris-x86, r-release-linux-x86_64, r-release-osx-x86_64-mavericks, r-release-osx-x86_64-snowleopard, r-release-windows-ix86+x86_64

Version: 3.0
Check: R code for possible problems
Result: NOTE
    exactLRT: no visible global function definition for ‘isREML’
    exactRLRT: no visible global function definition for ‘isREML’
    exactRLRT: no visible global function definition for ‘getME’
    extract.lmerModDesign: no visible global function definition for
     ‘getME’
    extract.lmerModDesign: no visible global function definition for
     ‘VarCorr’
    extract.lmerModDesign: no visible global function definition for
     ‘sigma’
Flavors: r-devel-linux-x86_64-debian-clang, r-devel-linux-x86_64-debian-gcc, r-devel-linux-x86_64-fedora-clang, r-devel-linux-x86_64-fedora-gcc, r-devel-osx-x86_64-clang, r-devel-windows-ix86+x86_64, r-patched-linux-x86_64, r-patched-solaris-sparc, r-patched-solaris-x86, r-release-linux-x86_64, r-release-osx-x86_64-mavericks, r-release-osx-x86_64-snowleopard, r-release-windows-ix86+x86_64, r-oldrel-windows-ix86+x86_64