CRAN Package Check Results for Package RLRsim

Last updated on 2014-09-02 08:47:24.

Flavor Version Tinstall Tcheck Ttotal Status Flags
r-devel-linux-x86_64-debian-clang 3.0 5.88 17.92 23.80 NOTE
r-devel-linux-x86_64-debian-gcc 3.0 6.85 17.34 24.19 NOTE
r-devel-linux-x86_64-fedora-clang 3.0 55.40 NOTE
r-devel-linux-x86_64-fedora-gcc 3.0 50.15 NOTE
r-devel-osx-x86_64-clang 3.0 46.13 NOTE
r-devel-windows-ix86+x86_64 3.0 24.00 42.00 66.00 NOTE
r-patched-linux-x86_64 3.0 6.83 19.90 26.72 OK
r-patched-solaris-sparc 3.0 295.80 OK
r-patched-solaris-x86 3.0 74.30 OK
r-release-linux-ix86 3.0 8.52 27.38 35.91 OK
r-release-linux-x86_64 3.0 6.88 20.30 27.18 OK
r-release-osx-x86_64-mavericks 3.0 OK
r-release-osx-x86_64-snowleopard 3.0 OK
r-release-windows-ix86+x86_64 3.0 20.00 49.00 69.00 OK
r-oldrel-windows-ix86+x86_64 3.0 35.00 51.00 86.00 OK

Check Details

Version: 3.0
Check: R code for possible problems
Result: NOTE
    exactLRT: no visible global function definition for ‘isREML’
    exactRLRT: no visible global function definition for ‘isREML’
    exactRLRT: no visible global function definition for ‘getME’
    extract.lmerModDesign: no visible global function definition for
     ‘getME’
    extract.lmerModDesign: no visible global function definition for
     ‘VarCorr’
    extract.lmerModDesign: no visible global function definition for
     ‘sigma’
Flavors: r-devel-linux-x86_64-debian-clang, r-devel-linux-x86_64-debian-gcc, r-devel-linux-x86_64-fedora-clang, r-devel-linux-x86_64-fedora-gcc, r-devel-osx-x86_64-clang, r-devel-windows-ix86+x86_64