CRAN Package Check Results for Package RLRsim

Last updated on 2017-06-25 16:52:29.

Flavor Version Tinstall Tcheck Ttotal Status Flags
r-devel-linux-x86_64-debian-clang 3.1-3 10.48 39.04 49.52 NOTE
r-devel-linux-x86_64-debian-gcc 3.1-3 10.61 38.34 48.95 NOTE
r-devel-linux-x86_64-fedora-clang 3.1-3 113.18 NOTE
r-devel-linux-x86_64-fedora-gcc 3.1-3 103.77 NOTE
r-devel-windows-ix86+x86_64 3.1-3 44.00 125.00 169.00 OK
r-patched-linux-x86_64 3.1-3 9.55 41.14 50.68 NOTE
r-patched-solaris-sparc 3.1-3 586.20 OK
r-patched-solaris-x86 3.1-3 132.20 OK
r-release-linux-x86_64 3.1-3 10.93 40.17 51.10 NOTE
r-release-windows-ix86+x86_64 3.1-3 44.00 131.00 175.00 OK
r-release-osx-x86_64 3.1-3 OK
r-oldrel-windows-ix86+x86_64 3.1-3 34.00 113.00 147.00 OK
r-oldrel-osx-x86_64 3.1-3 OK

Check Details

Version: 3.1-3
Check: compiled code
Result: NOTE
    File ‘RLRsim/libs/RLRsim.so’:
     Found no calls to: ‘R_registerRoutines’, ‘R_useDynamicSymbols’
    
    It is good practice to register native routines and to disable symbol
    search.
    
    See ‘Writing portable packages’ in the ‘Writing R Extensions’ manual.
Flavors: r-devel-linux-x86_64-debian-clang, r-devel-linux-x86_64-debian-gcc, r-devel-linux-x86_64-fedora-clang, r-devel-linux-x86_64-fedora-gcc, r-patched-linux-x86_64, r-release-linux-x86_64