CRAN Package Check Results for Package RLRsim

Last updated on 2018-05-22 22:48:46 CEST.

Flavor Version Tinstall Tcheck Ttotal Status Flags
r-devel-linux-x86_64-debian-clang 3.1-3 17.06 66.61 83.67 NOTE
r-devel-linux-x86_64-debian-gcc 3.1-3 15.29 53.11 68.40 NOTE
r-devel-linux-x86_64-fedora-clang 3.1-3 110.05 NOTE
r-devel-linux-x86_64-fedora-gcc 3.1-3 103.70 NOTE
r-devel-windows-ix86+x86_64 3.1-3 33.00 140.00 173.00 OK
r-patched-linux-x86_64 3.1-3 18.70 56.87 75.57 NOTE
r-patched-solaris-x86 3.1-3 130.20 OK
r-release-linux-x86_64 3.1-3 18.53 56.79 75.32 NOTE
r-release-windows-ix86+x86_64 3.1-3 45.00 121.00 166.00 OK
r-release-osx-x86_64 3.1-3 OK
r-oldrel-windows-ix86+x86_64 3.1-3 43.00 127.00 170.00 OK
r-oldrel-osx-x86_64 3.1-3 OK

Check Details

Version: 3.1-3
Check: compiled code
Result: NOTE
    File ‘RLRsim/libs/RLRsim.so’:
     Found no calls to: ‘R_registerRoutines’, ‘R_useDynamicSymbols’
    
    It is good practice to register native routines and to disable symbol
    search.
    
    See ‘Writing portable packages’ in the ‘Writing R Extensions’ manual.
Flavors: r-devel-linux-x86_64-debian-clang, r-devel-linux-x86_64-debian-gcc, r-devel-linux-x86_64-fedora-clang, r-devel-linux-x86_64-fedora-gcc, r-patched-linux-x86_64, r-release-linux-x86_64