CRAN Package Check Results for Package RLRsim

Last updated on 2015-07-31 14:49:00.

Flavor Version Tinstall Tcheck Ttotal Status Flags
r-devel-linux-x86_64-debian-clang 3.0 6.52 16.73 23.25 NOTE
r-devel-linux-x86_64-debian-gcc 3.0 9.83 15.60 25.44 NOTE
r-devel-linux-x86_64-fedora-clang 3.0 46.40 NOTE
r-devel-linux-x86_64-fedora-gcc 3.0 45.65 NOTE
r-devel-osx-x86_64-clang 3.0 39.67 NOTE
r-devel-windows-ix86+x86_64 3.0 34.00 37.00 71.00 NOTE
r-patched-linux-x86_64 3.0 7.10 15.54 22.64 NOTE
r-patched-solaris-sparc 3.0 274.30 NOTE
r-patched-solaris-x86 3.0 58.50 NOTE
r-release-linux-x86_64 3.0 8.14 16.29 24.44 NOTE
r-release-osx-x86_64-mavericks 3.0 NOTE
r-release-windows-ix86+x86_64 3.0 30.00 41.00 71.00 NOTE
r-oldrel-windows-ix86+x86_64 3.0 21.00 50.00 71.00 NOTE

Check Details

Version: 3.0
Check: DESCRIPTION meta-information
Result: NOTE
    Malformed Title field: should not end in a period.
Flavors: r-devel-linux-x86_64-debian-clang, r-devel-linux-x86_64-debian-gcc, r-devel-linux-x86_64-fedora-clang, r-devel-linux-x86_64-fedora-gcc, r-devel-osx-x86_64-clang, r-devel-windows-ix86+x86_64, r-patched-linux-x86_64, r-patched-solaris-sparc, r-patched-solaris-x86, r-release-linux-x86_64, r-release-osx-x86_64-mavericks, r-release-windows-ix86+x86_64

Version: 3.0
Check: R code for possible problems
Result: NOTE
    RLRTSim : approx.constantmu: no visible global function definition for
     ‘rchisq’
    RLRTSim : approx.scalarmu: no visible global function definition for
     ‘rchisq’
    exactLRT: no visible global function definition for ‘coefficients’
    exactLRT: no visible global function definition for ‘isREML’
    exactLRT: no visible global function definition for ‘logLik’
    exactLRT: no visible global function definition for ‘cov2cor’
    exactLRT: no visible global function definition for ‘quantile’
    exactRLRT: no visible global function definition for ‘isREML’
    exactRLRT: no visible global function definition for ‘logLik’
    exactRLRT: no visible global function definition for ‘getME’
    exactRLRT: no visible global function definition for ‘anova’
    exactRLRT: no visible global function definition for ‘cov2cor’
    extract.lmeDesign: no visible global function definition for
     ‘complete.cases’
    extract.lmeDesign: no visible global function definition for
     ‘model.matrix’
    extract.lmeDesign: no visible global function definition for ‘formula’
    extract.lmerModDesign: no visible global function definition for
     ‘getME’
    extract.lmerModDesign: no visible global function definition for
     ‘VarCorr’
    extract.lmerModDesign: no visible global function definition for
     ‘sigma’
    extract.lmerModDesign: no visible global function definition for
     ‘model.response’
    extract.lmerModDesign: no visible global function definition for
     ‘model.frame’
    Undefined global functions or variables:
     VarCorr anova coefficients complete.cases cov2cor formula getME
     isREML logLik model.frame model.matrix model.response quantile rchisq
     sigma
    Consider adding
     importFrom("stats", "anova", "coefficients", "complete.cases",
     "cov2cor", "formula", "logLik", "model.frame",
     "model.matrix", "model.response", "quantile", "rchisq",
     "sigma")
    to your NAMESPACE.
Flavors: r-devel-linux-x86_64-debian-clang, r-devel-linux-x86_64-debian-gcc, r-devel-linux-x86_64-fedora-clang, r-devel-linux-x86_64-fedora-gcc, r-devel-windows-ix86+x86_64

Version: 3.0
Check: R code for possible problems
Result: NOTE
    exactLRT: no visible global function definition for ‘isREML’
    exactRLRT: no visible global function definition for ‘isREML’
    exactRLRT: no visible global function definition for ‘getME’
    extract.lmerModDesign: no visible global function definition for
     ‘getME’
    extract.lmerModDesign: no visible global function definition for
     ‘VarCorr’
    Undefined global functions or variables:
     VarCorr getME isREML
Flavor: r-devel-osx-x86_64-clang

Version: 3.0
Check: R code for possible problems
Result: NOTE
    exactLRT: no visible global function definition for ‘isREML’
    exactRLRT: no visible global function definition for ‘isREML’
    exactRLRT: no visible global function definition for ‘getME’
    extract.lmerModDesign: no visible global function definition for
     ‘getME’
    extract.lmerModDesign: no visible global function definition for
     ‘VarCorr’
    extract.lmerModDesign: no visible global function definition for
     ‘sigma’
Flavors: r-patched-linux-x86_64, r-patched-solaris-sparc, r-patched-solaris-x86, r-release-linux-x86_64, r-release-osx-x86_64-mavericks, r-release-windows-ix86+x86_64, r-oldrel-windows-ix86+x86_64