CRAN Package Check Results for Package RLRsim

Last updated on 2015-06-30 04:46:50.

Flavor Version Tinstall Tcheck Ttotal Status Flags
r-devel-linux-x86_64-debian-clang 3.0 6.34 15.83 22.18 NOTE
r-devel-linux-x86_64-debian-gcc 3.0 6.91 15.59 22.50 NOTE
r-devel-linux-x86_64-fedora-clang 3.0 45.50 NOTE
r-devel-linux-x86_64-fedora-gcc 3.0 41.57 NOTE
r-devel-osx-x86_64-clang 3.0 43.40 NOTE
r-devel-windows-ix86+x86_64 3.0 32.00 44.00 76.00 NOTE
r-patched-linux-x86_64 3.0 6.72 15.90 22.62 NOTE
r-patched-solaris-sparc 3.0 283.40 NOTE
r-patched-solaris-x86 3.0 60.40 NOTE
r-release-linux-x86_64 3.0 6.81 15.92 22.73 NOTE
r-release-osx-x86_64-mavericks 3.0 NOTE
r-release-windows-ix86+x86_64 3.0 34.00 42.00 76.00 NOTE
r-oldrel-windows-ix86+x86_64 3.0 22.00 55.00 77.00 NOTE

Check Details

Version: 3.0
Check: DESCRIPTION meta-information
Result: NOTE
    Malformed Title field: should not end in a period.
Flavors: r-devel-linux-x86_64-debian-clang, r-devel-linux-x86_64-debian-gcc, r-devel-linux-x86_64-fedora-clang, r-devel-linux-x86_64-fedora-gcc, r-devel-osx-x86_64-clang, r-devel-windows-ix86+x86_64, r-patched-linux-x86_64, r-patched-solaris-sparc, r-patched-solaris-x86, r-release-linux-x86_64, r-release-osx-x86_64-mavericks, r-release-windows-ix86+x86_64

Version: 3.0
Check: R code for possible problems
Result: NOTE
    RLRTSim : approx.constantmu: no visible global function definition for
     ‘rchisq’
    RLRTSim : approx.scalarmu: no visible global function definition for
     ‘rchisq’
    exactLRT: no visible global function definition for ‘coefficients’
    exactLRT: no visible global function definition for ‘isREML’
    exactLRT: no visible global function definition for ‘logLik’
    exactLRT: no visible global function definition for ‘cov2cor’
    exactLRT: no visible global function definition for ‘quantile’
    exactRLRT: no visible global function definition for ‘isREML’
    exactRLRT: no visible global function definition for ‘logLik’
    exactRLRT: no visible global function definition for ‘getME’
    exactRLRT: no visible global function definition for ‘anova’
    exactRLRT: no visible global function definition for ‘cov2cor’
    extract.lmeDesign: no visible global function definition for
     ‘complete.cases’
    extract.lmeDesign: no visible global function definition for
     ‘model.matrix’
    extract.lmeDesign: no visible global function definition for ‘formula’
    extract.lmerModDesign: no visible global function definition for
     ‘getME’
    extract.lmerModDesign: no visible global function definition for
     ‘VarCorr’
    extract.lmerModDesign: no visible global function definition for
     ‘sigma’
    extract.lmerModDesign: no visible global function definition for
     ‘model.response’
    extract.lmerModDesign: no visible global function definition for
     ‘model.frame’
Flavors: r-devel-linux-x86_64-debian-clang, r-devel-linux-x86_64-debian-gcc, r-devel-windows-ix86+x86_64

Version: 3.0
Check: R code for possible problems
Result: NOTE
    exactLRT: no visible global function definition for ‘isREML’
    exactRLRT: no visible global function definition for ‘isREML’
    exactRLRT: no visible global function definition for ‘getME’
    extract.lmerModDesign: no visible global function definition for
     ‘getME’
    extract.lmerModDesign: no visible global function definition for
     ‘VarCorr’
Flavors: r-devel-linux-x86_64-fedora-clang, r-devel-linux-x86_64-fedora-gcc, r-devel-osx-x86_64-clang

Version: 3.0
Check: R code for possible problems
Result: NOTE
    exactLRT: no visible global function definition for ‘isREML’
    exactRLRT: no visible global function definition for ‘isREML’
    exactRLRT: no visible global function definition for ‘getME’
    extract.lmerModDesign: no visible global function definition for
     ‘getME’
    extract.lmerModDesign: no visible global function definition for
     ‘VarCorr’
    extract.lmerModDesign: no visible global function definition for
     ‘sigma’
Flavors: r-patched-linux-x86_64, r-patched-solaris-sparc, r-patched-solaris-x86, r-release-linux-x86_64, r-release-osx-x86_64-mavericks, r-release-windows-ix86+x86_64, r-oldrel-windows-ix86+x86_64