CRAN Package Check Results for Package RLRsim

Last updated on 2015-03-02 05:47:51.

Flavor Version Tinstall Tcheck Ttotal Status Flags
r-devel-linux-x86_64-debian-clang 3.0 5.98 16.02 22.00 NOTE
r-devel-linux-x86_64-debian-gcc 3.0 6.60 15.52 22.12 NOTE
r-devel-linux-x86_64-fedora-clang 3.0 46.92 NOTE
r-devel-linux-x86_64-fedora-gcc 3.0 39.71 NOTE
r-devel-osx-x86_64-clang 3.0 39.16 NOTE
r-devel-windows-ix86+x86_64 3.0 39.00 51.00 90.00 NOTE
r-patched-linux-x86_64 3.0 6.92 7.67 14.59 NOTE
r-patched-solaris-sparc 3.0 319.90 NOTE
r-patched-solaris-x86 3.0 70.30 NOTE
r-release-linux-ix86 3.0 11.26 26.77 38.03 NOTE
r-release-linux-x86_64 3.0 8.02 19.08 27.10 NOTE
r-release-osx-x86_64-mavericks 3.0 NOTE
r-release-osx-x86_64-snowleopard 3.0 OK
r-release-windows-ix86+x86_64 3.0 36.00 59.00 95.00 NOTE
r-oldrel-windows-ix86+x86_64 3.0 20.00 47.00 67.00 OK

Check Details

Version: 3.0
Check: DESCRIPTION meta-information
Result: NOTE
    Malformed Title field: should not end in a period.
Flavors: r-devel-linux-x86_64-debian-clang, r-devel-linux-x86_64-debian-gcc, r-devel-linux-x86_64-fedora-clang, r-devel-linux-x86_64-fedora-gcc, r-devel-osx-x86_64-clang, r-devel-windows-ix86+x86_64

Version: 3.0
Check: R code for possible problems
Result: NOTE
    exactLRT: no visible global function definition for ‘isREML’
    exactRLRT: no visible global function definition for ‘isREML’
    exactRLRT: no visible global function definition for ‘getME’
    extract.lmerModDesign: no visible global function definition for
     ‘getME’
    extract.lmerModDesign: no visible global function definition for
     ‘VarCorr’
    extract.lmerModDesign: no visible global function definition for
     ‘sigma’
Flavors: r-devel-linux-x86_64-debian-clang, r-devel-linux-x86_64-debian-gcc, r-devel-linux-x86_64-fedora-clang, r-devel-linux-x86_64-fedora-gcc, r-devel-osx-x86_64-clang, r-devel-windows-ix86+x86_64, r-patched-linux-x86_64, r-patched-solaris-sparc, r-patched-solaris-x86, r-release-linux-ix86, r-release-linux-x86_64, r-release-osx-x86_64-mavericks, r-release-windows-ix86+x86_64