CRAN Package Check Results for Package RLRsim

Last updated on 2017-01-16 15:51:13.

Flavor Version Tinstall Tcheck Ttotal Status Flags
r-devel-linux-x86_64-debian-clang 3.1-3 10.48 37.45 47.93 OK
r-devel-linux-x86_64-debian-gcc 3.1-3 9.90 36.69 46.59 OK
r-devel-linux-x86_64-fedora-clang 3.1-3 102.87 OK --no-stop-on-test-error
r-devel-linux-x86_64-fedora-gcc 3.1-3 96.09 NOTE --no-stop-on-test-error
r-devel-macos-x86_64-clang 3.1-3 76.70 OK --no-stop-on-test-error
r-devel-windows-ix86+x86_64 3.1-3 42.00 90.00 132.00 OK
r-patched-linux-x86_64 3.1-3 8.72 33.28 42.01 OK
r-patched-solaris-sparc 3.1-3 522.60 OK
r-patched-solaris-x86 3.1-3 111.60 OK
r-release-linux-x86_64 3.1-3 8.71 33.06 41.77 OK
r-release-osx-x86_64-mavericks 3.1-3 OK
r-release-windows-ix86+x86_64 3.1-3 40.00 96.00 136.00 OK
r-oldrel-windows-ix86+x86_64 3.1-3 30.00 94.00 124.00 OK

Check Details

Version: 3.1-3
Flags: --no-stop-on-test-error
Check: compiled code
Result: NOTE
    File ‘RLRsim/libs/RLRsim.so’:
     Found no calls to: ‘R_registerRoutines’, ‘R_useDynamicSymbols’
    
    It is good practice to use registered native symbols and disable symbol
    search.
    
    See ‘Writing portable packages’ in the ‘Writing R Extensions’ manual.
Flavor: r-devel-linux-x86_64-fedora-gcc