CRAN Package Check Results for Package RLogicalOps

Last updated on 2022-05-19 18:50:50 CEST.

Flavor Version Tinstall Tcheck Ttotal Status Flags
r-devel-linux-x86_64-debian-clang 0.1 1.95 29.68 31.63 NOTE
r-devel-linux-x86_64-debian-gcc 0.1 1.67 22.55 24.22 NOTE
r-devel-linux-x86_64-fedora-clang 0.1 38.55 NOTE
r-devel-linux-x86_64-fedora-gcc 0.1 37.95 NOTE
r-devel-windows-x86_64 0.1 14.00 43.00 57.00 NOTE
r-patched-linux-x86_64 0.1 2.00 27.68 29.68 NOTE
r-release-linux-x86_64 0.1 1.96 28.75 30.71 NOTE
r-release-macos-arm64 0.1 15.00 NOTE
r-release-macos-x86_64 0.1 19.00 NOTE
r-release-windows-x86_64 0.1 9.00 44.00 53.00 NOTE
r-oldrel-macos-arm64 0.1 17.00 NOTE
r-oldrel-macos-x86_64 0.1 24.00 NOTE
r-oldrel-windows-ix86+x86_64 0.1 4.00 39.00 43.00 NOTE

Check Details

Version: 0.1
Check: LazyData
Result: NOTE
     'LazyData' is specified without a 'data' directory
Flavors: r-devel-linux-x86_64-debian-clang, r-devel-linux-x86_64-debian-gcc, r-devel-linux-x86_64-fedora-clang, r-devel-linux-x86_64-fedora-gcc, r-devel-windows-x86_64, r-patched-linux-x86_64, r-release-linux-x86_64, r-release-macos-arm64, r-release-macos-x86_64, r-release-windows-x86_64, r-oldrel-macos-arm64, r-oldrel-macos-x86_64, r-oldrel-windows-ix86+x86_64