CRAN Package Check Results for Package RM2

Last updated on 2014-07-25 23:48:43.

Flavor Version Tinstall Tcheck Ttotal Status Flags
r-devel-linux-x86_64-debian-clang 0.0 3.31 34.79 38.10 NOTE
r-devel-linux-x86_64-debian-gcc 0.0 3.22 34.74 37.96 NOTE
r-devel-linux-x86_64-fedora-clang 0.0 91.98 NOTE
r-devel-linux-x86_64-fedora-gcc 0.0 87.06 NOTE
r-devel-osx-x86_64-clang 0.0 72.17 NOTE
r-devel-windows-ix86+x86_64 0.0 9.00 48.00 57.00 NOTE
r-patched-linux-x86_64 0.0 3.56 34.24 37.81 NOTE
r-patched-solaris-sparc 0.0 488.60 NOTE
r-patched-solaris-x86 0.0 117.20 NOTE
r-release-linux-ix86 0.0 3.90 41.93 45.83 NOTE
r-release-linux-x86_64 0.0 3.26 34.00 37.26 NOTE
r-release-osx-x86_64-mavericks 0.0 NOTE
r-release-osx-x86_64-snowleopard 0.0 NOTE
r-release-windows-ix86+x86_64 0.0 8.00 48.00 56.00 NOTE
r-oldrel-windows-ix86+x86_64 0.0 8.00 49.00 57.00 NOTE

Check Details

Version: 0.0
Check: dependencies in R code
Result: NOTE
    Package in Depends field not imported from: ‘msm’
     These packages need to be imported from (in the NAMESPACE file)
     for when this namespace is loaded but not attached.
    There are ::: calls to the package's namespace in its code. A package
     almost never needs to use ::: for its own objects:
     ‘EMSRb_internal’ ‘EM_internal’ ‘PD_internal’
    See the information on DESCRIPTION files in the chapter ‘Creating R
    packages’ of the ‘Writing R Extensions’ manual.
Flavors: r-devel-linux-x86_64-debian-clang, r-devel-linux-x86_64-debian-gcc, r-devel-linux-x86_64-fedora-clang, r-devel-linux-x86_64-fedora-gcc, r-devel-osx-x86_64-clang, r-devel-windows-ix86+x86_64, r-patched-linux-x86_64, r-patched-solaris-sparc, r-patched-solaris-x86, r-release-linux-ix86, r-release-linux-x86_64, r-release-osx-x86_64-mavericks, r-release-windows-ix86+x86_64, r-oldrel-windows-ix86+x86_64

Version: 0.0
Check: Rd line widths
Result: NOTE
    Rd file 'EMSRb_internal.Rd':
     \usage lines wider than 90 characters:
     EMSRb_internal(Fare = Fare, Mean = Mean, Var = Var, p_up = numeric(length(Fare)), cap = cap)
    
    These lines will be truncated in the PDF manual.
Flavors: r-devel-linux-x86_64-fedora-clang, r-devel-linux-x86_64-fedora-gcc

Version: 0.0
Check: dependencies in R code
Result: NOTE
    There are ::: calls to the package's namespace in its code. A package
     almost never needs to use ::: for its own objects:
     'EMSRb_internal' 'EM_internal' 'PD_internal'
    See the information on DESCRIPTION files in the chapter 'Creating R
    packages' of the 'Writing R Extensions' manual.
Flavor: r-release-osx-x86_64-snowleopard