CRAN Package Check Results for Package RM2

Last updated on 2015-03-06 12:46:50.

Flavor Version Tinstall Tcheck Ttotal Status Flags
r-devel-linux-x86_64-debian-clang 0.0 3.08 24.91 27.99 NOTE
r-devel-linux-x86_64-debian-gcc 0.0 2.31 24.05 26.36 NOTE
r-devel-linux-x86_64-fedora-clang 0.0 58.16 NOTE
r-devel-linux-x86_64-fedora-gcc 0.0 55.82 NOTE
r-devel-osx-x86_64-clang 0.0 54.84 NOTE
r-devel-windows-ix86+x86_64 0.0 7.00 41.00 48.00 NOTE
r-patched-linux-x86_64 0.0 3.50 33.24 36.74 NOTE
r-patched-solaris-sparc 0.0 475.40 NOTE
r-patched-solaris-x86 0.0 113.70 NOTE
r-release-linux-ix86 0.0 3.88 39.92 43.80 NOTE
r-release-linux-x86_64 0.0 3.47 33.71 37.18 NOTE
r-release-osx-x86_64-mavericks 0.0 NOTE
r-release-osx-x86_64-snowleopard 0.0 NOTE
r-release-windows-ix86+x86_64 0.0 11.00 49.00 60.00 NOTE
r-oldrel-windows-ix86+x86_64 0.0 9.00 49.00 58.00 NOTE

Check Details

Version: 0.0
Check: dependencies in R code
Result: NOTE
    Package in Depends field not imported from: ‘msm’
     These packages need to be imported from (in the NAMESPACE file)
     for when this namespace is loaded but not attached.
    There are ::: calls to the package's namespace in its code. A package
     almost never needs to use ::: for its own objects:
     ‘EMSRb_internal’ ‘EM_internal’ ‘PD_internal’
Flavors: r-devel-linux-x86_64-debian-clang, r-devel-linux-x86_64-debian-gcc, r-devel-linux-x86_64-fedora-clang, r-devel-linux-x86_64-fedora-gcc, r-devel-osx-x86_64-clang, r-devel-windows-ix86+x86_64, r-patched-linux-x86_64, r-patched-solaris-sparc, r-patched-solaris-x86

Version: 0.0
Check: R code for possible problems
Result: NOTE
    PD_internal: no visible global function definition for ‘qtnorm’
Flavors: r-devel-linux-x86_64-debian-clang, r-devel-linux-x86_64-debian-gcc, r-devel-linux-x86_64-fedora-clang, r-devel-linux-x86_64-fedora-gcc, r-devel-osx-x86_64-clang, r-devel-windows-ix86+x86_64, r-patched-linux-x86_64, r-patched-solaris-sparc, r-patched-solaris-x86, r-release-linux-ix86, r-release-linux-x86_64, r-release-osx-x86_64-mavericks, r-release-windows-ix86+x86_64

Version: 0.0
Check: Rd line widths
Result: NOTE
    Rd file 'EMSRb_internal.Rd':
     \usage lines wider than 90 characters:
     EMSRb_internal(Fare = Fare, Mean = Mean, Var = Var, p_up = numeric(length(Fare)), cap = cap)
    
    These lines will be truncated in the PDF manual.
Flavors: r-devel-linux-x86_64-debian-clang, r-devel-linux-x86_64-debian-gcc, r-devel-linux-x86_64-fedora-clang, r-devel-linux-x86_64-fedora-gcc, r-patched-linux-x86_64, r-release-linux-ix86, r-release-linux-x86_64

Version: 0.0
Check: dependencies in R code
Result: NOTE
    Package in Depends field not imported from: ‘msm’
     These packages need to be imported from (in the NAMESPACE file)
     for when this namespace is loaded but not attached.
    There are ::: calls to the package's namespace in its code. A package
     almost never needs to use ::: for its own objects:
     ‘EMSRb_internal’ ‘EM_internal’ ‘PD_internal’
    See the information on DESCRIPTION files in the chapter ‘Creating R
    packages’ of the ‘Writing R Extensions’ manual.
Flavors: r-release-linux-ix86, r-release-linux-x86_64, r-release-osx-x86_64-mavericks, r-release-windows-ix86+x86_64, r-oldrel-windows-ix86+x86_64

Version: 0.0
Check: dependencies in R code
Result: NOTE
    There are ::: calls to the package's namespace in its code. A package
     almost never needs to use ::: for its own objects:
     'EMSRb_internal' 'EM_internal' 'PD_internal'
    See the information on DESCRIPTION files in the chapter 'Creating R
    packages' of the 'Writing R Extensions' manual.
Flavor: r-release-osx-x86_64-snowleopard