CRAN Package Check Results for Package RM2

Last updated on 2016-10-01 08:47:46.

Flavor Version Tinstall Tcheck Ttotal Status Flags
r-devel-linux-x86_64-debian-clang 0.0 2.46 23.85 26.31 NOTE
r-devel-linux-x86_64-debian-gcc 0.0 2.36 23.32 25.68 NOTE
r-devel-linux-x86_64-fedora-clang 0.0 61.35 NOTE
r-devel-linux-x86_64-fedora-gcc 0.0 49.48 NOTE
r-devel-macos-x86_64-clang 0.0 41.09 NOTE
r-devel-windows-ix86+x86_64 0.0 9.00 56.00 65.00 NOTE
r-patched-linux-x86_64 0.0 2.09 22.93 25.02 NOTE
r-patched-solaris-sparc 0.0 311.10 NOTE
r-patched-solaris-x86 0.0 68.80 NOTE
r-release-linux-x86_64 0.0 2.28 22.77 25.05 NOTE
r-release-osx-x86_64-mavericks 0.0 NOTE
r-release-windows-ix86+x86_64 0.0 6.00 44.00 50.00 NOTE
r-oldrel-windows-ix86+x86_64 0.0 9.00 57.00 66.00 NOTE

Check Details

Version: 0.0
Check: dependencies in R code
Result: NOTE
    Package in Depends field not imported from: ‘msm’
     These packages need to be imported from (in the NAMESPACE file)
     for when this namespace is loaded but not attached.
    There are ::: calls to the package's namespace in its code. A package
     almost never needs to use ::: for its own objects:
     ‘EMSRb_internal’ ‘EM_internal’ ‘PD_internal’
Flavors: r-devel-linux-x86_64-debian-clang, r-devel-linux-x86_64-debian-gcc, r-devel-linux-x86_64-fedora-clang, r-devel-linux-x86_64-fedora-gcc, r-devel-macos-x86_64-clang, r-devel-windows-ix86+x86_64, r-patched-linux-x86_64, r-patched-solaris-sparc, r-patched-solaris-x86, r-release-linux-x86_64, r-release-osx-x86_64-mavericks, r-release-windows-ix86+x86_64, r-oldrel-windows-ix86+x86_64

Version: 0.0
Check: R code for possible problems
Result: NOTE
    EMSRb_internal: no visible global function definition for ‘qnorm’
    EM_internal: no visible global function definition for ‘dnorm’
    EM_internal: no visible global function definition for ‘pnorm’
    PD_internal: no visible global function definition for ‘qtnorm’
    PD_internal: no visible global function definition for ‘sd’
    Undefined global functions or variables:
     dnorm pnorm qnorm qtnorm sd
    Consider adding
     importFrom("stats", "dnorm", "pnorm", "qnorm", "sd")
    to your NAMESPACE file.
Flavors: r-devel-linux-x86_64-debian-clang, r-devel-linux-x86_64-debian-gcc, r-devel-linux-x86_64-fedora-clang, r-devel-linux-x86_64-fedora-gcc, r-devel-macos-x86_64-clang, r-devel-windows-ix86+x86_64, r-patched-linux-x86_64, r-patched-solaris-sparc, r-patched-solaris-x86, r-release-linux-x86_64, r-release-osx-x86_64-mavericks, r-release-windows-ix86+x86_64

Version: 0.0
Check: Rd line widths
Result: NOTE
    Rd file 'EMSRb_internal.Rd':
     \usage lines wider than 90 characters:
     EMSRb_internal(Fare = Fare, Mean = Mean, Var = Var, p_up = numeric(length(Fare)), cap = cap)
    
    These lines will be truncated in the PDF manual.
Flavors: r-devel-linux-x86_64-debian-clang, r-devel-linux-x86_64-debian-gcc, r-devel-linux-x86_64-fedora-clang, r-devel-linux-x86_64-fedora-gcc, r-patched-linux-x86_64, r-release-linux-x86_64

Version: 0.0
Check: R code for possible problems
Result: NOTE
    PD_internal: no visible global function definition for 'qtnorm'
Flavor: r-oldrel-windows-ix86+x86_64