CRAN Package Check Results for Package RM2

Last updated on 2018-06-19 00:47:56 CEST.

Flavor Version Tinstall Tcheck Ttotal Status Flags
r-devel-linux-x86_64-debian-clang 0.0 4.70 45.25 49.95 NOTE
r-devel-linux-x86_64-debian-gcc 0.0 3.79 40.00 43.79 NOTE
r-devel-linux-x86_64-fedora-clang 0.0 64.87 NOTE
r-devel-linux-x86_64-fedora-gcc 0.0 63.19 NOTE
r-devel-windows-ix86+x86_64 0.0 11.00 77.00 88.00 NOTE
r-patched-linux-x86_64 0.0 3.62 43.17 46.79 NOTE
r-patched-solaris-x86 0.0 87.20 NOTE
r-release-linux-x86_64 0.0 3.29 42.88 46.17 NOTE
r-release-windows-ix86+x86_64 0.0 6.00 69.00 75.00 NOTE
r-release-osx-x86_64 0.0 NOTE
r-oldrel-windows-ix86+x86_64 0.0 7.00 69.00 76.00 NOTE
r-oldrel-osx-x86_64 0.0 NOTE

Check Details

Version: 0.0
Check: dependencies in R code
Result: NOTE
    Package in Depends field not imported from: ‘msm’
     These packages need to be imported from (in the NAMESPACE file)
     for when this namespace is loaded but not attached.
    There are ::: calls to the package's namespace in its code. A package
     almost never needs to use ::: for its own objects:
     ‘EMSRb_internal’ ‘EM_internal’ ‘PD_internal’
Flavors: r-devel-linux-x86_64-debian-clang, r-devel-linux-x86_64-debian-gcc, r-devel-linux-x86_64-fedora-clang, r-devel-linux-x86_64-fedora-gcc, r-devel-windows-ix86+x86_64, r-patched-linux-x86_64, r-patched-solaris-x86, r-release-linux-x86_64, r-release-windows-ix86+x86_64, r-release-osx-x86_64, r-oldrel-windows-ix86+x86_64, r-oldrel-osx-x86_64

Version: 0.0
Check: R code for possible problems
Result: NOTE
    EMSRb_internal: no visible global function definition for ‘qnorm’
    EM_internal: no visible global function definition for ‘dnorm’
    EM_internal: no visible global function definition for ‘pnorm’
    PD_internal: no visible global function definition for ‘qtnorm’
    PD_internal: no visible global function definition for ‘sd’
    Undefined global functions or variables:
     dnorm pnorm qnorm qtnorm sd
    Consider adding
     importFrom("stats", "dnorm", "pnorm", "qnorm", "sd")
    to your NAMESPACE file.
Flavors: r-devel-linux-x86_64-debian-clang, r-devel-linux-x86_64-debian-gcc, r-devel-linux-x86_64-fedora-clang, r-devel-linux-x86_64-fedora-gcc, r-devel-windows-ix86+x86_64, r-patched-linux-x86_64, r-patched-solaris-x86, r-release-linux-x86_64, r-release-windows-ix86+x86_64, r-release-osx-x86_64, r-oldrel-windows-ix86+x86_64, r-oldrel-osx-x86_64

Version: 0.0
Check: Rd line widths
Result: NOTE
    Rd file 'EMSRb_internal.Rd':
     \usage lines wider than 90 characters:
     EMSRb_internal(Fare = Fare, Mean = Mean, Var = Var, p_up = numeric(length(Fare)), cap = cap)
    
    These lines will be truncated in the PDF manual.
Flavors: r-devel-linux-x86_64-debian-clang, r-devel-linux-x86_64-debian-gcc, r-devel-linux-x86_64-fedora-clang, r-devel-linux-x86_64-fedora-gcc, r-patched-linux-x86_64, r-release-linux-x86_64