CRAN Package Check Results for Package RM2

Last updated on 2014-09-17 01:48:18.

Flavor Version Tinstall Tcheck Ttotal Status Flags
r-devel-linux-x86_64-debian-clang 0.0 3.19 32.74 35.93 NOTE
r-devel-linux-x86_64-debian-gcc 0.0 3.13 32.08 35.21 NOTE
r-devel-linux-x86_64-fedora-clang 0.0 84.65 NOTE
r-devel-linux-x86_64-fedora-gcc 0.0 109.61 NOTE
r-devel-osx-x86_64-clang 0.0 66.74 NOTE
r-devel-windows-ix86+x86_64 0.0 7.00 48.00 55.00 NOTE
r-patched-linux-x86_64 0.0 3.38 34.74 38.12 NOTE
r-patched-solaris-sparc 0.0 474.50 NOTE
r-patched-solaris-x86 0.0 113.80 NOTE
r-release-linux-ix86 0.0 3.94 42.90 46.84 NOTE
r-release-linux-x86_64 0.0 3.32 35.16 38.48 NOTE
r-release-osx-x86_64-mavericks 0.0 NOTE
r-release-osx-x86_64-snowleopard 0.0 NOTE
r-release-windows-ix86+x86_64 0.0 8.00 51.00 59.00 NOTE
r-oldrel-windows-ix86+x86_64 0.0 10.00 50.00 60.00 NOTE

Check Details

Version: 0.0
Check: dependencies in R code
Result: NOTE
    Package in Depends field not imported from: ‘msm’
     These packages need to be imported from (in the NAMESPACE file)
     for when this namespace is loaded but not attached.
    There are ::: calls to the package's namespace in its code. A package
     almost never needs to use ::: for its own objects:
     ‘EMSRb_internal’ ‘EM_internal’ ‘PD_internal’
    See the information on DESCRIPTION files in the chapter ‘Creating R
    packages’ of the ‘Writing R Extensions’ manual.
Flavors: r-devel-linux-x86_64-debian-clang, r-devel-linux-x86_64-debian-gcc, r-devel-linux-x86_64-fedora-clang, r-devel-linux-x86_64-fedora-gcc, r-devel-osx-x86_64-clang, r-devel-windows-ix86+x86_64, r-patched-linux-x86_64, r-patched-solaris-sparc, r-patched-solaris-x86, r-release-linux-ix86, r-release-linux-x86_64, r-release-osx-x86_64-mavericks, r-release-windows-ix86+x86_64, r-oldrel-windows-ix86+x86_64

Version: 0.0
Check: R code for possible problems
Result: NOTE
    PD_internal: no visible global function definition for ‘qtnorm’
Flavors: r-devel-linux-x86_64-debian-clang, r-devel-linux-x86_64-debian-gcc, r-devel-linux-x86_64-fedora-clang, r-devel-linux-x86_64-fedora-gcc, r-devel-osx-x86_64-clang, r-devel-windows-ix86+x86_64

Version: 0.0
Check: Rd line widths
Result: NOTE
    Rd file 'EMSRb_internal.Rd':
     \usage lines wider than 90 characters:
     EMSRb_internal(Fare = Fare, Mean = Mean, Var = Var, p_up = numeric(length(Fare)), cap = cap)
    
    These lines will be truncated in the PDF manual.
Flavors: r-devel-linux-x86_64-debian-clang, r-devel-linux-x86_64-debian-gcc, r-devel-linux-x86_64-fedora-clang, r-devel-linux-x86_64-fedora-gcc, r-release-linux-x86_64

Version: 0.0
Check: dependencies in R code
Result: NOTE
    There are ::: calls to the package's namespace in its code. A package
     almost never needs to use ::: for its own objects:
     'EMSRb_internal' 'EM_internal' 'PD_internal'
    See the information on DESCRIPTION files in the chapter 'Creating R
    packages' of the 'Writing R Extensions' manual.
Flavor: r-release-osx-x86_64-snowleopard