CRAN Package Check Results for Package RM2

Last updated on 2016-07-30 06:47:53.

Flavor Version Tinstall Tcheck Ttotal Status Flags
r-devel-linux-x86_64-debian-clang 0.0 2.50 25.70 28.19 NOTE
r-devel-linux-x86_64-debian-gcc 0.0 2.61 25.54 28.15 NOTE
r-devel-linux-x86_64-fedora-clang 0.0 56.29 NOTE
r-devel-linux-x86_64-fedora-gcc 0.0 51.89 NOTE
r-devel-osx-x86_64-clang 0.0 44.20 NOTE
r-devel-windows-ix86+x86_64 0.0 8.00 54.00 62.00 NOTE
r-patched-linux-x86_64 0.0 2.91 28.08 30.99 NOTE
r-patched-solaris-sparc 0.0 311.10 NOTE
r-patched-solaris-x86 0.0 70.30 NOTE
r-release-linux-x86_64 0.0 2.79 29.27 32.06 NOTE
r-release-osx-x86_64-mavericks 0.0 NOTE
r-release-windows-ix86+x86_64 0.0 9.00 48.00 57.00 NOTE
r-oldrel-windows-ix86+x86_64 0.0 9.00 50.00 59.00 NOTE

Check Details

Version: 0.0
Check: dependencies in R code
Result: NOTE
    Package in Depends field not imported from: ‘msm’
     These packages need to be imported from (in the NAMESPACE file)
     for when this namespace is loaded but not attached.
    There are ::: calls to the package's namespace in its code. A package
     almost never needs to use ::: for its own objects:
     ‘EMSRb_internal’ ‘EM_internal’ ‘PD_internal’
Flavors: r-devel-linux-x86_64-debian-clang, r-devel-linux-x86_64-debian-gcc, r-devel-linux-x86_64-fedora-clang, r-devel-linux-x86_64-fedora-gcc, r-devel-osx-x86_64-clang, r-devel-windows-ix86+x86_64, r-patched-linux-x86_64, r-patched-solaris-sparc, r-patched-solaris-x86, r-release-linux-x86_64, r-release-osx-x86_64-mavericks, r-release-windows-ix86+x86_64, r-oldrel-windows-ix86+x86_64

Version: 0.0
Check: R code for possible problems
Result: NOTE
    EMSRb_internal: no visible global function definition for ‘qnorm’
    EM_internal: no visible global function definition for ‘dnorm’
    EM_internal: no visible global function definition for ‘pnorm’
    PD_internal: no visible global function definition for ‘qtnorm’
    PD_internal: no visible global function definition for ‘sd’
    Undefined global functions or variables:
     dnorm pnorm qnorm qtnorm sd
    Consider adding
     importFrom("stats", "dnorm", "pnorm", "qnorm", "sd")
    to your NAMESPACE file.
Flavors: r-devel-linux-x86_64-debian-clang, r-devel-linux-x86_64-debian-gcc, r-devel-linux-x86_64-fedora-clang, r-devel-linux-x86_64-fedora-gcc, r-devel-osx-x86_64-clang, r-devel-windows-ix86+x86_64, r-patched-linux-x86_64, r-patched-solaris-sparc, r-patched-solaris-x86, r-release-linux-x86_64, r-release-osx-x86_64-mavericks, r-release-windows-ix86+x86_64

Version: 0.0
Check: Rd line widths
Result: NOTE
    Rd file 'EMSRb_internal.Rd':
     \usage lines wider than 90 characters:
     EMSRb_internal(Fare = Fare, Mean = Mean, Var = Var, p_up = numeric(length(Fare)), cap = cap)
    
    These lines will be truncated in the PDF manual.
Flavors: r-devel-linux-x86_64-debian-clang, r-devel-linux-x86_64-debian-gcc, r-devel-linux-x86_64-fedora-clang, r-devel-linux-x86_64-fedora-gcc, r-patched-linux-x86_64, r-release-linux-x86_64

Version: 0.0
Check: R code for possible problems
Result: NOTE
    PD_internal: no visible global function definition for 'qtnorm'
Flavor: r-oldrel-windows-ix86+x86_64