CRAN Package Check Results for Package RM2

Last updated on 2015-05-03 19:47:22.

Flavor Version Tinstall Tcheck Ttotal Status Flags
r-devel-linux-x86_64-debian-clang 0.0 2.57 26.24 28.81 NOTE
r-devel-linux-x86_64-debian-gcc 0.0 2.50 25.38 27.88 NOTE
r-devel-linux-x86_64-fedora-clang 0.0 58.87 NOTE
r-devel-linux-x86_64-fedora-gcc 0.0 55.66 NOTE
r-devel-osx-x86_64-clang 0.0 53.14 NOTE
r-devel-windows-ix86+x86_64 0.0 8.00 43.00 51.00 NOTE
r-patched-linux-x86_64 0.0 2.56 26.12 28.68 NOTE
r-patched-solaris-sparc 0.0 364.30 NOTE
r-patched-solaris-x86 0.0 80.70 NOTE
r-release-linux-x86_64 0.0 2.51 25.24 27.76 NOTE
r-release-osx-x86_64-mavericks 0.0 NOTE
r-release-osx-x86_64-snowleopard 0.0 NOTE
r-release-windows-ix86+x86_64 0.0 8.00 38.00 46.00 NOTE
r-oldrel-windows-ix86+x86_64 0.0 9.00 44.00 53.00 NOTE

Check Details

Version: 0.0
Check: dependencies in R code
Result: NOTE
    Package in Depends field not imported from: ‘msm’
     These packages need to be imported from (in the NAMESPACE file)
     for when this namespace is loaded but not attached.
    There are ::: calls to the package's namespace in its code. A package
     almost never needs to use ::: for its own objects:
     ‘EMSRb_internal’ ‘EM_internal’ ‘PD_internal’
Flavors: r-devel-linux-x86_64-debian-clang, r-devel-linux-x86_64-debian-gcc, r-devel-linux-x86_64-fedora-clang, r-devel-linux-x86_64-fedora-gcc, r-devel-osx-x86_64-clang, r-devel-windows-ix86+x86_64, r-patched-linux-x86_64, r-patched-solaris-sparc, r-patched-solaris-x86, r-release-linux-x86_64, r-release-osx-x86_64-mavericks, r-release-windows-ix86+x86_64, r-oldrel-windows-ix86+x86_64

Version: 0.0
Check: R code for possible problems
Result: NOTE
    PD_internal: no visible global function definition for ‘qtnorm’
Flavors: r-devel-linux-x86_64-debian-clang, r-devel-linux-x86_64-debian-gcc, r-devel-linux-x86_64-fedora-clang, r-devel-linux-x86_64-fedora-gcc, r-devel-osx-x86_64-clang, r-devel-windows-ix86+x86_64, r-patched-linux-x86_64, r-patched-solaris-sparc, r-patched-solaris-x86, r-release-linux-x86_64, r-release-osx-x86_64-mavericks, r-release-windows-ix86+x86_64, r-oldrel-windows-ix86+x86_64

Version: 0.0
Check: Rd line widths
Result: NOTE
    Rd file 'EMSRb_internal.Rd':
     \usage lines wider than 90 characters:
     EMSRb_internal(Fare = Fare, Mean = Mean, Var = Var, p_up = numeric(length(Fare)), cap = cap)
    
    These lines will be truncated in the PDF manual.
Flavors: r-devel-linux-x86_64-debian-clang, r-devel-linux-x86_64-debian-gcc, r-devel-linux-x86_64-fedora-clang, r-devel-linux-x86_64-fedora-gcc, r-patched-linux-x86_64, r-release-linux-x86_64

Version: 0.0
Check: dependencies in R code
Result: NOTE
    Package in Depends field not imported from: ‘msm’
     These packages need to be imported from (in the NAMESPACE file)
     for when this namespace is loaded but not attached.
    There are ::: calls to the package's namespace in its code. A package
     almost never needs to use ::: for its own objects:
     ‘EMSRb_internal’ ‘EM_internal’ ‘PD_internal’
    See the information on DESCRIPTION files in the chapter ‘Creating R
    packages’ of the ‘Writing R Extensions’ manual.
Flavor: r-release-osx-x86_64-snowleopard