CRAN Package Check Results for Package RM2

Last updated on 2014-04-24 19:54:06.

Flavor Version Tinstall Tcheck Ttotal Status Flags
r-devel-linux-x86_64-debian-clang 0.0 3.43 36.60 40.03 NOTE
r-devel-linux-x86_64-debian-gcc 0.0 3.40 35.65 39.05 NOTE
r-devel-linux-x86_64-fedora-clang 0.0 92.55 NOTE
r-devel-linux-x86_64-fedora-gcc 0.0 89.16 NOTE
r-devel-osx-x86_64-clang 0.0 74.49 NOTE
r-devel-osx-x86_64-gcc 0.0 NOTE
r-devel-windows-ix86+x86_64 0.0 9.00 49.00 58.00 NOTE
r-patched-linux-x86_64 0.0 3.36 34.93 38.29 NOTE
r-patched-solaris-sparc 0.0 488.60 NOTE
r-patched-solaris-x86 0.0 115.10 NOTE
r-release-linux-ix86 0.0 5.00 58.00 63.00 NOTE
r-release-linux-x86_64 0.0 3.45 36.05 39.50 NOTE
r-release-osx-x86_64-mavericks 0.0 WARN
r-release-osx-x86_64-snowleopard 0.0 NOTE
r-release-windows-ix86+x86_64 0.0 8.00 48.00 56.00 NOTE
r-oldrel-windows-ix86+x86_64 0.0 10.00 50.00 60.00 NOTE

Check Details

Version: 0.0
Check: dependencies in R code
Result: NOTE
    Package in Depends field not imported from: ‘msm’
     These packages need to be imported from (in the NAMESPACE file)
     for when this namespace is loaded but not attached.
    There are ::: calls to the package's namespace in its code. A package
     almost never needs to use ::: for its own objects:
     ‘EMSRb_internal’ ‘EM_internal’ ‘PD_internal’
    See the information on DESCRIPTION files in the chapter ‘Creating R
    packages’ of the ‘Writing R Extensions’ manual.
Flavors: r-devel-linux-x86_64-debian-clang, r-devel-linux-x86_64-debian-gcc, r-devel-linux-x86_64-fedora-clang, r-devel-linux-x86_64-fedora-gcc, r-devel-osx-x86_64-clang, r-devel-osx-x86_64-gcc, r-devel-windows-ix86+x86_64, r-patched-linux-x86_64, r-patched-solaris-sparc, r-patched-solaris-x86, r-release-linux-ix86, r-release-linux-x86_64, r-release-osx-x86_64-mavericks, r-release-windows-ix86+x86_64, r-oldrel-windows-ix86+x86_64

Version: 0.0
Check: Rd line widths
Result: NOTE
    Rd file 'EMSRb_internal.Rd':
     \usage lines wider than 90 characters:
     EMSRb_internal(Fare = Fare, Mean = Mean, Var = Var, p_up = numeric(length(Fare)), cap = cap)
    
    These lines will be truncated in the PDF manual.
Flavors: r-devel-linux-x86_64-fedora-clang, r-devel-linux-x86_64-fedora-gcc

Version: 0.0
Check: PDF version of manual
Result: WARNING
    LaTeX errors when creating PDF version.
    This typically indicates Rd problems.
    LaTeX errors found:
    ! LaTeX Error: File `upquote.sty' not found.
    
    Type X to quit or <RETURN> to proceed,
    or enter new name. (Default extension: sty)
    
    dd95c53/Rd2.tex:8: ==> Fatal error occurred, no output PDF file produced!
Flavor: r-release-osx-x86_64-mavericks

Version: 0.0
Check: dependencies in R code
Result: NOTE
    There are ::: calls to the package's namespace in its code. A package
     almost never needs to use ::: for its own objects:
     'EMSRb_internal' 'EM_internal' 'PD_internal'
    See the information on DESCRIPTION files in the chapter 'Creating R
    packages' of the 'Writing R Extensions' manual.
Flavor: r-release-osx-x86_64-snowleopard