CRAN Package Check Results for Package RMAWGEN

Last updated on 2015-05-28 12:48:05.

Flavor Version Tinstall Tcheck Ttotal Status Flags
r-devel-linux-x86_64-debian-clang 1.3.0 1.88 27.22 29.10 OK
r-devel-linux-x86_64-debian-gcc 1.3.0 1.83 26.59 28.42 OK
r-devel-linux-x86_64-fedora-clang 1.3.0 55.14 OK
r-devel-linux-x86_64-fedora-gcc 1.3.0 53.67 OK
r-devel-osx-x86_64-clang 1.3.0 54.90 OK
r-devel-windows-ix86+x86_64 1.3.0 7.00 43.00 50.00 OK
r-patched-linux-x86_64 1.3.0 1.84 26.65 28.49 OK
r-patched-solaris-sparc 1.3.0 354.40 OK
r-patched-solaris-x86 1.3.0 75.50 OK
r-release-linux-x86_64 1.3.0 1.84 27.48 29.33 OK
r-release-osx-x86_64-mavericks 1.3.0 OK
r-release-osx-x86_64-snowleopard 1.3.0 ERROR
r-release-windows-ix86+x86_64 1.3.0 7.00 44.00 51.00 OK
r-oldrel-windows-ix86+x86_64 1.3.0 9.00 56.00 65.00 OK

Check Details

Version: 1.3.0
Check: package dependencies
Result: ERROR
    Package required but not available: ‘vars’
    
    See section ‘The DESCRIPTION file’ in the ‘Writing R Extensions’
    manual.
Flavor: r-release-osx-x86_64-snowleopard