CRAN Package Check Results for Package RMAWGEN

Last updated on 2016-12-11 14:47:50.

Flavor Version Tinstall Tcheck Ttotal Status Flags
r-devel-linux-x86_64-debian-clang 1.3.0 1.96 31.48 33.45 NOTE
r-devel-linux-x86_64-debian-gcc 1.3.0 2.03 31.36 33.38 NOTE
r-devel-linux-x86_64-fedora-clang 1.3.0 61.30 NOTE --no-stop-on-test-error
r-devel-linux-x86_64-fedora-gcc 1.3.0 57.85 NOTE --no-stop-on-test-error
r-devel-macos-x86_64-clang 1.3.0 49.53 NOTE --no-stop-on-test-error
r-devel-windows-ix86+x86_64 1.3.0 6.00 60.00 66.00 NOTE
r-patched-linux-x86_64 1.3.0 1.74 27.95 29.69 NOTE
r-patched-solaris-sparc 1.3.0 323.70 NOTE
r-patched-solaris-x86 1.3.0 69.10 NOTE
r-release-linux-x86_64 1.3.0 1.78 28.04 29.82 NOTE
r-release-osx-x86_64-mavericks 1.3.0 NOTE
r-release-windows-ix86+x86_64 1.3.0 9.00 67.00 76.00 NOTE
r-oldrel-windows-ix86+x86_64 1.3.0 12.00 68.00 80.00 OK

Check Details

Version: 1.3.0
Check: R code for possible problems
Result: NOTE
    ComprehensivePrecipitationGenerator: no visible global function
     definition for ‘residuals’
    ComprehensiveTemperatureGenerator: no visible global function
     definition for ‘residuals’
    GPCA: no visible global function definition for ‘residuals’
    GPCA_iteration: no visible global function definition for ‘cor’
    VAR_mod: no visible global function definition for ‘embed’
    VAR_mod: no visible global function definition for ‘lm’
    acvWGEN: no visible global function definition for ‘par’
    acvWGEN: no visible global function definition for ‘acf’
    arch_test: no visible global function definition for ‘residuals’
    covariance: no visible global function definition for ‘cov’
    forecastEV: no visible global function definition for ‘rnorm’
    forecastEV: no visible global function definition for ‘coef’
    forecastResidual: no visible global function definition for ‘rnorm’
    newVARmultieventRealization: no visible global function definition for
     ‘rnorm’
    newVARmultieventRealization: no visible global function definition for
     ‘cov’
    newVARmultieventRealization: no visible global function definition for
     ‘residuals’
    normalizeGaussian: no visible global function definition for ‘pnorm’
    normalizeGaussian: no visible global function definition for ‘quantile’
    normalizeGaussian: no visible global function definition for ‘ecdf’
    normalizeGaussian: no visible global function definition for ‘runif’
    normalizeGaussian: no visible global function definition for ‘qnorm’
    normalizeGaussian_prec: no visible global function definition for
     ‘pnorm’
    normalizeGaussian_prec: no visible global function definition for
     ‘quantile’
    normalizeGaussian_prec: no visible global function definition for
     ‘ecdf’
    normalizeGaussian_prec: no visible global function definition for
     ‘qnorm’
    normalizeGaussian_prec: no visible global function definition for
     ‘runif’
    plotDailyClimate: no visible global function definition for ‘plot’
    plotDailyClimate: no visible global function definition for ‘lines’
    plotDailyClimate: no visible global function definition for ‘legend’
    plot_sample: no visible global function definition for ‘hist’
    plot_sample: no visible global function definition for ‘par’
    plot_sample: no visible global function definition for ‘layout’
    plot_sample: no visible global function definition for ‘layout.show’
    plot_sample: no visible global function definition for ‘barplot’
    plot_sample: no visible global function definition for ‘plot’
    plot_sample: no visible global function definition for ‘rainbow’
    plot_sample: no visible global function definition for ‘points’
    plot_sample: no visible global function definition for ‘legend’
    qqplot.lagged: no visible global function definition for ‘rnorm’
    qqplot.lagged: no visible global function definition for ‘qqplot’
    qqplot.lagged: no visible global function definition for ‘points’
    qqplotTnTxWGEN: no visible global function definition for ‘par’
    qqplotTnTxWGEN_seasonal: no visible global function definition for
     ‘pdf’
    qqplotTnTxWGEN_seasonal: no visible global function definition for
     ‘dev.off’
    qqplotWGEN: no visible global function definition for ‘qqplot’
    qqplotWGEN: no visible global function definition for ‘abline’
    qqplotWGEN: no visible global function definition for ‘wilcox.test’
    qqplot_RMAWGEN_Tn: no visible global function definition for ‘par’
    qqplot_RMAWGEN_Tn: no visible global function definition for ‘qqplot’
    qqplot_RMAWGEN_Tn: no visible global function definition for ‘abline’
    qqplot_RMAWGEN_Tn: no visible global function definition for ‘dev.off’
    qqplot_RMAWGEN_Tx: no visible global function definition for ‘par’
    qqplot_RMAWGEN_Tx: no visible global function definition for ‘qqplot’
    qqplot_RMAWGEN_Tx: no visible global function definition for ‘abline’
    qqplot_RMAWGEN_Tx: no visible global function definition for ‘dev.off’
    qqplot_RMAWGEN_deltaT: no visible global function definition for ‘par’
    qqplot_RMAWGEN_deltaT: no visible global function definition for
     ‘qqplot’
    qqplot_RMAWGEN_deltaT: no visible global function definition for
     ‘abline’
    qqplot_RMAWGEN_deltaT: no visible global function definition for
     ‘dev.off’
    qqplot_RMAWGEN_prec: no visible global function definition for ‘par’
    qqplot_RMAWGEN_prec: no visible global function definition for ‘abline’
    qqplot_RMAWGEN_prec: no visible global function definition for
     ‘dev.off’
    qqplotprecWGEN: no visible global function definition for ‘par’
    qqplotprecWGEN_seasonal: no visible global function definition for
     ‘pdf’
    qqplotprecWGEN_seasonal: no visible global function definition for
     ‘dev.off’
    residuals.varest2: no visible global function definition for
     ‘residuals’
    setComprehensiveTemperatureGeneratorParameters: no visible binding for
     global variable ‘sd’
    splineInterpolateMonthlytoDaily: no visible global function definition
     for ‘spline’
    Undefined global functions or variables:
     abline acf barplot coef cor cov dev.off ecdf embed hist layout
     layout.show legend lines lm par pdf plot pnorm points qnorm qqplot
     quantile rainbow residuals rnorm runif sd spline wilcox.test
    Consider adding
     importFrom("grDevices", "dev.off", "pdf", "rainbow")
     importFrom("graphics", "abline", "barplot", "hist", "layout",
     "layout.show", "legend", "lines", "par", "plot", "points")
     importFrom("stats", "acf", "coef", "cor", "cov", "ecdf", "embed", "lm",
     "pnorm", "qnorm", "qqplot", "quantile", "residuals",
     "rnorm", "runif", "sd", "spline", "wilcox.test")
    to your NAMESPACE file.
Flavors: r-devel-linux-x86_64-debian-clang, r-devel-linux-x86_64-debian-gcc, r-devel-windows-ix86+x86_64, r-patched-linux-x86_64, r-patched-solaris-sparc, r-patched-solaris-x86, r-release-linux-x86_64, r-release-osx-x86_64-mavericks, r-release-windows-ix86+x86_64

Version: 1.3.0
Flags: --no-stop-on-test-error
Check: R code for possible problems
Result: NOTE
    ComprehensivePrecipitationGenerator: no visible global function
     definition for ‘residuals’
    ComprehensiveTemperatureGenerator: no visible global function
     definition for ‘residuals’
    GPCA: no visible global function definition for ‘residuals’
    GPCA_iteration: no visible global function definition for ‘cor’
    VAR_mod: no visible global function definition for ‘embed’
    VAR_mod: no visible global function definition for ‘lm’
    acvWGEN: no visible global function definition for ‘par’
    acvWGEN: no visible global function definition for ‘acf’
    arch_test: no visible global function definition for ‘residuals’
    covariance: no visible global function definition for ‘cov’
    forecastEV: no visible global function definition for ‘rnorm’
    forecastEV: no visible global function definition for ‘coef’
    forecastResidual: no visible global function definition for ‘rnorm’
    newVARmultieventRealization: no visible global function definition for
     ‘rnorm’
    newVARmultieventRealization: no visible global function definition for
     ‘cov’
    newVARmultieventRealization: no visible global function definition for
     ‘residuals’
    normalizeGaussian: no visible global function definition for ‘pnorm’
    normalizeGaussian: no visible global function definition for ‘quantile’
    normalizeGaussian: no visible global function definition for ‘ecdf’
    normalizeGaussian: no visible global function definition for ‘runif’
    normalizeGaussian: no visible global function definition for ‘qnorm’
    normalizeGaussian_prec: no visible global function definition for
     ‘pnorm’
    normalizeGaussian_prec: no visible global function definition for
     ‘quantile’
    normalizeGaussian_prec: no visible global function definition for
     ‘ecdf’
    normalizeGaussian_prec: no visible global function definition for
     ‘qnorm’
    normalizeGaussian_prec: no visible global function definition for
     ‘runif’
    plotDailyClimate: no visible global function definition for ‘plot’
    plotDailyClimate: no visible global function definition for ‘lines’
    plotDailyClimate: no visible global function definition for ‘legend’
    plot_sample: no visible global function definition for ‘hist’
    plot_sample: no visible global function definition for ‘par’
    plot_sample: no visible global function definition for ‘layout’
    plot_sample: no visible global function definition for ‘layout.show’
    plot_sample: no visible global function definition for ‘barplot’
    plot_sample: no visible global function definition for ‘plot’
    plot_sample: no visible global function definition for ‘rainbow’
    plot_sample: no visible global function definition for ‘points’
    plot_sample: no visible global function definition for ‘legend’
    qqplot.lagged: no visible global function definition for ‘rnorm’
    qqplot.lagged: no visible global function definition for ‘qqplot’
    qqplot.lagged: no visible global function definition for ‘points’
    qqplotTnTxWGEN: no visible global function definition for ‘par’
    qqplotTnTxWGEN_seasonal: no visible global function definition for
     ‘pdf’
    qqplotTnTxWGEN_seasonal: no visible global function definition for
     ‘dev.off’
    qqplotWGEN: no visible global function definition for ‘qqplot’
    qqplotWGEN: no visible global function definition for ‘abline’
    qqplotWGEN: no visible global function definition for ‘wilcox.test’
    qqplot_RMAWGEN_Tn: no visible global function definition for ‘par’
    qqplot_RMAWGEN_Tn: no visible global function definition for ‘qqplot’
    qqplot_RMAWGEN_Tn: no visible global function definition for ‘abline’
    qqplot_RMAWGEN_Tn: no visible global function definition for ‘dev.off’
    qqplot_RMAWGEN_Tx: no visible global function definition for ‘par’
    qqplot_RMAWGEN_Tx: no visible global function definition for ‘qqplot’
    qqplot_RMAWGEN_Tx: no visible global function definition for ‘abline’
    qqplot_RMAWGEN_Tx: no visible global function definition for ‘dev.off’
    qqplot_RMAWGEN_deltaT: no visible global function definition for ‘par’
    qqplot_RMAWGEN_deltaT: no visible global function definition for
     ‘qqplot’
    qqplot_RMAWGEN_deltaT: no visible global function definition for
     ‘abline’
    qqplot_RMAWGEN_deltaT: no visible global function definition for
     ‘dev.off’
    qqplot_RMAWGEN_prec: no visible global function definition for ‘par’
    qqplot_RMAWGEN_prec: no visible global function definition for ‘abline’
    qqplot_RMAWGEN_prec: no visible global function definition for
     ‘dev.off’
    qqplotprecWGEN: no visible global function definition for ‘par’
    qqplotprecWGEN_seasonal: no visible global function definition for
     ‘pdf’
    qqplotprecWGEN_seasonal: no visible global function definition for
     ‘dev.off’
    residuals.varest2: no visible global function definition for
     ‘residuals’
    setComprehensiveTemperatureGeneratorParameters: no visible binding for
     global variable ‘sd’
    splineInterpolateMonthlytoDaily: no visible global function definition
     for ‘spline’
    Undefined global functions or variables:
     abline acf barplot coef cor cov dev.off ecdf embed hist layout
     layout.show legend lines lm par pdf plot pnorm points qnorm qqplot
     quantile rainbow residuals rnorm runif sd spline wilcox.test
    Consider adding
     importFrom("grDevices", "dev.off", "pdf", "rainbow")
     importFrom("graphics", "abline", "barplot", "hist", "layout",
     "layout.show", "legend", "lines", "par", "plot", "points")
     importFrom("stats", "acf", "coef", "cor", "cov", "ecdf", "embed", "lm",
     "pnorm", "qnorm", "qqplot", "quantile", "residuals",
     "rnorm", "runif", "sd", "spline", "wilcox.test")
    to your NAMESPACE file.
Flavors: r-devel-linux-x86_64-fedora-clang, r-devel-linux-x86_64-fedora-gcc, r-devel-macos-x86_64-clang