CRAN Package Check Results for Package RMAWGEN

Last updated on 2015-04-27 23:47:37.

Flavor Version Tinstall Tcheck Ttotal Status Flags
r-devel-linux-x86_64-debian-clang 1.3.0 1.91 26.94 28.85 OK
r-devel-linux-x86_64-debian-gcc 1.3.0 1.78 28.11 29.89 OK
r-devel-linux-x86_64-fedora-clang 1.3.0 55.58 OK
r-devel-linux-x86_64-fedora-gcc 1.3.0 52.94 OK
r-devel-osx-x86_64-clang 1.3.0 55.01 OK
r-devel-windows-ix86+x86_64 1.3.0 7.00 49.00 56.00 OK
r-patched-linux-x86_64 1.3.0 1.82 26.80 28.62 OK
r-patched-solaris-sparc 1.3.0 361.10 OK
r-patched-solaris-x86 1.3.0 76.40 OK
r-release-linux-x86_64 1.3.0 1.99 27.05 29.04 OK
r-release-osx-x86_64-mavericks 1.3.0 OK
r-release-osx-x86_64-snowleopard 1.3.0 ERROR
r-release-windows-ix86+x86_64 1.3.0 11.00 56.00 67.00 OK
r-oldrel-windows-ix86+x86_64 1.3.0 7.00 52.00 59.00 OK

Check Details

Version: 1.3.0
Check: package dependencies
Result: ERROR
    Package required but not available: ‘vars’
    
    See section ‘The DESCRIPTION file’ in the ‘Writing R Extensions’
    manual.
Flavor: r-release-osx-x86_64-snowleopard