CRAN Package Check Results for Package RMT4DS

Last updated on 2024-02-24 19:50:51 CET.

Flavor Version Tinstall Tcheck Ttotal Status Flags
r-devel-linux-x86_64-debian-clang 0.0.1 5.00 54.17 59.17 OK
r-devel-linux-x86_64-debian-gcc 0.0.1 3.40 44.77 48.17 OK
r-devel-linux-x86_64-fedora-clang 0.0.1 73.17 NOTE
r-devel-linux-x86_64-fedora-gcc 0.0.1 85.88 NOTE
r-devel-windows-x86_64 0.0.1 5.00 63.00 68.00 OK
r-patched-linux-x86_64 0.0.1 4.03 56.48 60.51 OK
r-release-linux-x86_64 0.0.1 2.62 56.77 59.39 OK
r-release-macos-arm64 0.0.1 33.00 OK
r-release-macos-x86_64 0.0.1 56.00 OK
r-release-windows-x86_64 0.0.1 6.00 72.00 78.00 OK
r-oldrel-macos-arm64 0.0.1 36.00 NOTE
r-oldrel-windows-x86_64 0.0.1 6.00 72.00 78.00 OK

Check Details

Version: 0.0.1
Check: dependencies in R code
Result: NOTE Namespace in Imports field not imported from: ‘quadprog’ All declared Imports should be used. Flavors: r-devel-linux-x86_64-fedora-clang, r-devel-linux-x86_64-fedora-gcc, r-oldrel-macos-arm64