CRAN Package Check Results for Package RMTstat

Last updated on 2014-08-21 11:15:14.

Flavor Version Tinstall Tcheck Ttotal Status Flags
r-devel-linux-x86_64-debian-clang 0.2 0.61 9.78 10.38 NOTE
r-devel-linux-x86_64-debian-gcc 0.2 0.56 10.16 10.72 NOTE
r-devel-linux-x86_64-fedora-clang 0.2 23.87 NOTE
r-devel-linux-x86_64-fedora-gcc 0.2 20.31 NOTE
r-devel-osx-x86_64-clang 0.2 23.92 NOTE
r-devel-windows-ix86+x86_64 0.2 2.00 17.00 19.00 NOTE
r-patched-linux-x86_64 0.2 0.62 9.80 10.42 NOTE
r-patched-solaris-sparc 0.2 131.60 NOTE
r-patched-solaris-x86 0.2 31.20 NOTE
r-release-linux-ix86 0.2 0.91 16.46 17.38 NOTE
r-release-linux-x86_64 0.2 0.59 10.10 10.69 NOTE
r-release-osx-x86_64-mavericks 0.2 NOTE
r-release-windows-ix86+x86_64 0.2 3.00 17.00 20.00 NOTE
r-oldrel-windows-ix86+x86_64 0.2 2.00 20.00 22.00 NOTE

Check Details

Version: 0.2
Check: DESCRIPTION meta-information
Result: NOTE
    Deprecated license: BSD
Flavors: r-devel-linux-x86_64-debian-clang, r-devel-linux-x86_64-debian-gcc, r-devel-linux-x86_64-fedora-clang, r-devel-linux-x86_64-fedora-gcc, r-devel-osx-x86_64-clang, r-patched-linux-x86_64, r-patched-solaris-sparc, r-patched-solaris-x86, r-release-linux-ix86, r-release-linux-x86_64, r-release-osx-x86_64-mavericks

Version: 0.2
Check: top-level files
Result: NOTE
    File
     LICENSE
    is not mentioned in the DESCRIPTION file.
Flavors: r-devel-linux-x86_64-debian-clang, r-devel-linux-x86_64-debian-gcc, r-devel-linux-x86_64-fedora-clang, r-devel-linux-x86_64-fedora-gcc, r-devel-osx-x86_64-clang, r-devel-windows-ix86+x86_64, r-patched-linux-x86_64, r-patched-solaris-sparc, r-patched-solaris-x86, r-release-linux-ix86, r-release-linux-x86_64, r-release-osx-x86_64-mavericks, r-release-windows-ix86+x86_64, r-oldrel-windows-ix86+x86_64