CRAN Package Check Results for Package RMTstat

Last updated on 2017-08-17 03:49:17.

Flavor Version Tinstall Tcheck Ttotal Status Flags
r-devel-linux-x86_64-debian-clang 0.3 0.62 12.46 13.08 NOTE
r-devel-linux-x86_64-debian-gcc 0.3 0.62 13.01 13.63 NOTE
r-devel-linux-x86_64-fedora-clang 0.3 21.27 NOTE
r-devel-linux-x86_64-fedora-gcc 0.3 21.21 NOTE
r-devel-windows-ix86+x86_64 0.3 3.00 35.00 38.00 NOTE
r-patched-linux-x86_64 0.3 0.64 13.10 13.74 NOTE
r-patched-solaris-x86 0.3 29.90 NOTE
r-release-linux-x86_64 0.3 0.64 12.73 13.37 NOTE
r-release-windows-ix86+x86_64 0.3 3.00 26.00 29.00 NOTE
r-release-osx-x86_64 0.3 NOTE
r-oldrel-windows-ix86+x86_64 0.3 2.00 25.00 27.00 NOTE
r-oldrel-osx-x86_64 0.3 NOTE

Check Details

Version: 0.3
Check: R code for possible problems
Result: NOTE
    dWishartSpike: no visible global function definition for ‘dnorm’
    pWishartSpike: no visible global function definition for ‘pnorm’
    qWishartSpike: no visible global function definition for ‘qnorm’
    rWishartSpike: no visible global function definition for ‘qnorm’
    rmp: no visible global function definition for ‘runif’
    rtw: no visible global function definition for ‘runif’
    Undefined global functions or variables:
     dnorm pnorm qnorm runif
    Consider adding
     importFrom("stats", "dnorm", "pnorm", "qnorm", "runif")
    to your NAMESPACE file.
Flavors: r-devel-linux-x86_64-debian-clang, r-devel-linux-x86_64-debian-gcc, r-devel-linux-x86_64-fedora-clang, r-devel-linux-x86_64-fedora-gcc, r-devel-windows-ix86+x86_64, r-patched-linux-x86_64, r-patched-solaris-x86, r-release-linux-x86_64, r-release-windows-ix86+x86_64, r-release-osx-x86_64, r-oldrel-windows-ix86+x86_64, r-oldrel-osx-x86_64