CRAN Package Check Results for Package RMTstat

Last updated on 2015-09-02 06:48:13.

Flavor Version Tinstall Tcheck Ttotal Status Flags
r-devel-linux-x86_64-debian-clang 0.3 0.53 9.65 10.18 NOTE
r-devel-linux-x86_64-debian-gcc 0.3 0.55 9.77 10.32 NOTE
r-devel-linux-x86_64-fedora-clang 0.3 19.17 NOTE
r-devel-linux-x86_64-fedora-gcc 0.3 18.24 NOTE
r-devel-osx-x86_64-clang 0.3 20.19 OK
r-devel-windows-ix86+x86_64 0.3 2.00 20.00 22.00 NOTE
r-patched-linux-x86_64 0.3 0.59 10.27 10.86 OK
r-patched-solaris-sparc 0.3 131.30 OK
r-patched-solaris-x86 0.3 30.30 OK
r-release-linux-x86_64 0.3 0.58 10.73 11.32 OK
r-release-osx-x86_64-mavericks 0.3 OK
r-release-windows-ix86+x86_64 0.3 2.00 25.00 27.00 OK
r-oldrel-windows-ix86+x86_64 0.3 4.00 18.00 22.00 OK

Check Details

Version: 0.3
Check: R code for possible problems
Result: NOTE
    dWishartSpike: no visible global function definition for ‘dnorm’
    pWishartSpike: no visible global function definition for ‘pnorm’
    qWishartSpike: no visible global function definition for ‘qnorm’
    rWishartSpike: no visible global function definition for ‘qnorm’
    rmp: no visible global function definition for ‘runif’
    rtw: no visible global function definition for ‘runif’
    Undefined global functions or variables:
     dnorm pnorm qnorm runif
    Consider adding
     importFrom("stats", "dnorm", "pnorm", "qnorm", "runif")
    to your NAMESPACE.
Flavors: r-devel-linux-x86_64-debian-clang, r-devel-linux-x86_64-debian-gcc, r-devel-linux-x86_64-fedora-clang, r-devel-linux-x86_64-fedora-gcc, r-devel-windows-ix86+x86_64