CRAN Package Check Results for Package RMTstat

Last updated on 2014-11-01 13:49:59.

Flavor Version Tinstall Tcheck Ttotal Status Flags
r-devel-linux-x86_64-debian-clang 0.2 0.62 11.17 11.79 NOTE
r-devel-linux-x86_64-debian-gcc 0.2 0.75 10.38 11.14 NOTE
r-devel-linux-x86_64-fedora-clang 0.2 23.16 NOTE
r-devel-linux-x86_64-fedora-gcc 0.2 21.21 NOTE
r-devel-osx-x86_64-clang 0.2 24.87 NOTE
r-devel-windows-ix86+x86_64 0.2 2.00 17.00 19.00 NOTE
r-patched-linux-x86_64 0.2 0.62 10.50 11.12 NOTE
r-patched-solaris-sparc 0.2 131.60 NOTE
r-patched-solaris-x86 0.2 32.40 NOTE
r-release-linux-ix86 0.2 0.90 16.54 17.44 NOTE
r-release-linux-x86_64 0.2 0.61 10.60 11.21 NOTE
r-release-osx-x86_64-mavericks 0.2 NOTE
r-release-windows-ix86+x86_64 0.2 2.00 17.00 19.00 NOTE
r-oldrel-windows-ix86+x86_64 0.2 2.00 20.00 22.00 NOTE

Check Details

Version: 0.2
Check: DESCRIPTION meta-information
Result: NOTE
    Deprecated license: BSD
Flavors: r-devel-linux-x86_64-debian-clang, r-devel-linux-x86_64-debian-gcc, r-devel-linux-x86_64-fedora-clang, r-devel-linux-x86_64-fedora-gcc, r-devel-osx-x86_64-clang, r-patched-linux-x86_64, r-patched-solaris-sparc, r-patched-solaris-x86, r-release-linux-ix86, r-release-linux-x86_64, r-release-osx-x86_64-mavericks

Version: 0.2
Check: top-level files
Result: NOTE
    File
     LICENSE
    is not mentioned in the DESCRIPTION file.
Flavors: r-devel-linux-x86_64-debian-clang, r-devel-linux-x86_64-debian-gcc, r-devel-linux-x86_64-fedora-clang, r-devel-linux-x86_64-fedora-gcc, r-devel-osx-x86_64-clang, r-devel-windows-ix86+x86_64, r-patched-linux-x86_64, r-patched-solaris-sparc, r-patched-solaris-x86, r-release-linux-ix86, r-release-linux-x86_64, r-release-osx-x86_64-mavericks, r-release-windows-ix86+x86_64, r-oldrel-windows-ix86+x86_64