CRAN Package Check Results for Package RMTstat

Last updated on 2014-07-25 12:47:38.

Flavor Version Tinstall Tcheck Ttotal Status Flags
r-devel-linux-x86_64-debian-clang 0.2 0.61 9.84 10.45 NOTE
r-devel-linux-x86_64-debian-gcc 0.2 0.57 10.06 10.63 NOTE
r-devel-linux-x86_64-fedora-clang 0.2 22.47 NOTE
r-devel-linux-x86_64-fedora-gcc 0.2 20.38 NOTE
r-devel-osx-x86_64-clang 0.2 23.95 NOTE
r-devel-windows-ix86+x86_64 0.2 2.00 17.00 19.00 NOTE
r-patched-linux-x86_64 0.2 0.56 9.79 10.35 NOTE
r-patched-solaris-sparc 0.2 124.30 NOTE
r-patched-solaris-x86 0.2 31.90 NOTE
r-release-linux-ix86 0.2 0.96 16.26 17.22 NOTE
r-release-linux-x86_64 0.2 0.58 10.25 10.84 NOTE
r-release-osx-x86_64-mavericks 0.2 NOTE
r-release-windows-ix86+x86_64 0.2 3.00 17.00 20.00 NOTE
r-oldrel-windows-ix86+x86_64 0.2 2.00 20.00 22.00 NOTE

Check Details

Version: 0.2
Check: DESCRIPTION meta-information
Result: NOTE
    Deprecated license: BSD
Flavors: r-devel-linux-x86_64-debian-clang, r-devel-linux-x86_64-debian-gcc, r-devel-linux-x86_64-fedora-clang, r-devel-linux-x86_64-fedora-gcc, r-devel-osx-x86_64-clang, r-patched-linux-x86_64, r-patched-solaris-sparc, r-patched-solaris-x86, r-release-linux-ix86, r-release-linux-x86_64, r-release-osx-x86_64-mavericks

Version: 0.2
Check: top-level files
Result: NOTE
    File
     LICENSE
    is not mentioned in the DESCRIPTION file.
Flavors: r-devel-linux-x86_64-debian-clang, r-devel-linux-x86_64-debian-gcc, r-devel-linux-x86_64-fedora-clang, r-devel-linux-x86_64-fedora-gcc, r-devel-osx-x86_64-clang, r-devel-windows-ix86+x86_64, r-patched-linux-x86_64, r-patched-solaris-sparc, r-patched-solaris-x86, r-release-linux-ix86, r-release-linux-x86_64, r-release-osx-x86_64-mavericks, r-release-windows-ix86+x86_64, r-oldrel-windows-ix86+x86_64