CRAN Package Check Results for Package RMTstat

Last updated on 2016-08-24 10:49:42.

Flavor Version Tinstall Tcheck Ttotal Status Flags
r-devel-linux-x86_64-debian-clang 0.3 0.68 10.61 11.29 NOTE
r-devel-linux-x86_64-debian-gcc 0.3 0.65 11.06 11.71 NOTE
r-devel-linux-x86_64-fedora-clang 0.3 18.44 NOTE
r-devel-linux-x86_64-fedora-gcc 0.3 16.79 NOTE
r-devel-osx-x86_64-clang 0.3 16.50 NOTE
r-devel-windows-ix86+x86_64 0.3 3.00 27.00 30.00 NOTE
r-patched-linux-x86_64 0.3 0.67 10.52 11.19 NOTE
r-patched-solaris-sparc 0.3 117.80 NOTE
r-patched-solaris-x86 0.3 26.20 NOTE
r-release-linux-x86_64 0.3 0.60 10.51 11.11 NOTE
r-release-osx-x86_64-mavericks 0.3 NOTE
r-release-windows-ix86+x86_64 0.3 2.00 32.00 34.00 NOTE
r-oldrel-windows-ix86+x86_64 0.3 2.00 17.00 19.00 OK

Check Details

Version: 0.3
Check: R code for possible problems
Result: NOTE
    dWishartSpike: no visible global function definition for ‘dnorm’
    pWishartSpike: no visible global function definition for ‘pnorm’
    qWishartSpike: no visible global function definition for ‘qnorm’
    rWishartSpike: no visible global function definition for ‘qnorm’
    rmp: no visible global function definition for ‘runif’
    rtw: no visible global function definition for ‘runif’
    Undefined global functions or variables:
     dnorm pnorm qnorm runif
    Consider adding
     importFrom("stats", "dnorm", "pnorm", "qnorm", "runif")
    to your NAMESPACE file.
Flavors: r-devel-linux-x86_64-debian-clang, r-devel-linux-x86_64-debian-gcc, r-devel-linux-x86_64-fedora-clang, r-devel-linux-x86_64-fedora-gcc, r-devel-osx-x86_64-clang, r-devel-windows-ix86+x86_64, r-patched-linux-x86_64, r-patched-solaris-sparc, r-patched-solaris-x86, r-release-linux-x86_64, r-release-osx-x86_64-mavericks, r-release-windows-ix86+x86_64