CRAN Package Check Results for Package RMTstat

Last updated on 2014-09-18 05:47:33.

Flavor Version Tinstall Tcheck Ttotal Status Flags
r-devel-linux-x86_64-debian-clang 0.2 1.02 10.27 11.28 NOTE
r-devel-linux-x86_64-debian-gcc 0.2 0.75 10.37 11.12 NOTE
r-devel-linux-x86_64-fedora-clang 0.2 21.01 NOTE
r-devel-linux-x86_64-fedora-gcc 0.2 26.68 NOTE
r-devel-osx-x86_64-clang 0.2 23.46 NOTE
r-devel-windows-ix86+x86_64 0.2 2.00 16.00 18.00 NOTE
r-patched-linux-x86_64 0.2 0.57 10.03 10.60 NOTE
r-patched-solaris-sparc 0.2 131.60 NOTE
r-patched-solaris-x86 0.2 31.00 NOTE
r-release-linux-ix86 0.2 0.89 16.50 17.39 NOTE
r-release-linux-x86_64 0.2 0.59 10.47 11.06 NOTE
r-release-osx-x86_64-mavericks 0.2 NOTE
r-release-windows-ix86+x86_64 0.2 3.00 17.00 20.00 NOTE
r-oldrel-windows-ix86+x86_64 0.2 2.00 20.00 22.00 NOTE

Check Details

Version: 0.2
Check: DESCRIPTION meta-information
Result: NOTE
    Deprecated license: BSD
Flavors: r-devel-linux-x86_64-debian-clang, r-devel-linux-x86_64-debian-gcc, r-devel-linux-x86_64-fedora-clang, r-devel-linux-x86_64-fedora-gcc, r-devel-osx-x86_64-clang, r-patched-linux-x86_64, r-patched-solaris-sparc, r-patched-solaris-x86, r-release-linux-ix86, r-release-linux-x86_64, r-release-osx-x86_64-mavericks

Version: 0.2
Check: top-level files
Result: NOTE
    File
     LICENSE
    is not mentioned in the DESCRIPTION file.
Flavors: r-devel-linux-x86_64-debian-clang, r-devel-linux-x86_64-debian-gcc, r-devel-linux-x86_64-fedora-clang, r-devel-linux-x86_64-fedora-gcc, r-devel-osx-x86_64-clang, r-devel-windows-ix86+x86_64, r-patched-linux-x86_64, r-patched-solaris-sparc, r-patched-solaris-x86, r-release-linux-ix86, r-release-linux-x86_64, r-release-osx-x86_64-mavericks, r-release-windows-ix86+x86_64, r-oldrel-windows-ix86+x86_64