CRAN Package Check Results for Package RMTstat

Last updated on 2016-07-27 03:50:00.

Flavor Version Tinstall Tcheck Ttotal Status Flags
r-devel-linux-x86_64-debian-clang 0.3 0.80 13.37 14.17 NOTE
r-devel-linux-x86_64-debian-gcc 0.3 0.82 12.72 13.54 NOTE
r-devel-linux-x86_64-fedora-clang 0.3 17.47 NOTE
r-devel-linux-x86_64-fedora-gcc 0.3 16.33 NOTE
r-devel-osx-x86_64-clang 0.3 16.41 NOTE
r-devel-windows-ix86+x86_64 0.3 2.00 25.00 27.00 NOTE
r-patched-linux-x86_64 0.3 0.69 11.89 12.59 NOTE
r-patched-solaris-sparc 0.3 117.80 NOTE
r-patched-solaris-x86 0.3 26.10 NOTE
r-release-linux-x86_64 0.3 0.72 11.93 12.65 NOTE
r-release-osx-x86_64-mavericks 0.3 NOTE
r-release-windows-ix86+x86_64 0.3 2.00 32.00 34.00 NOTE
r-oldrel-windows-ix86+x86_64 0.3 2.00 17.00 19.00 OK

Check Details

Version: 0.3
Check: R code for possible problems
Result: NOTE
    dWishartSpike: no visible global function definition for ‘dnorm’
    pWishartSpike: no visible global function definition for ‘pnorm’
    qWishartSpike: no visible global function definition for ‘qnorm’
    rWishartSpike: no visible global function definition for ‘qnorm’
    rmp: no visible global function definition for ‘runif’
    rtw: no visible global function definition for ‘runif’
    Undefined global functions or variables:
     dnorm pnorm qnorm runif
    Consider adding
     importFrom("stats", "dnorm", "pnorm", "qnorm", "runif")
    to your NAMESPACE file.
Flavors: r-devel-linux-x86_64-debian-clang, r-devel-linux-x86_64-debian-gcc, r-devel-linux-x86_64-fedora-clang, r-devel-linux-x86_64-fedora-gcc, r-devel-osx-x86_64-clang, r-devel-windows-ix86+x86_64, r-patched-linux-x86_64, r-patched-solaris-sparc, r-patched-solaris-x86, r-release-linux-x86_64, r-release-osx-x86_64-mavericks, r-release-windows-ix86+x86_64