CRAN Package Check Results for Package RMTstat

Last updated on 2018-05-22 01:46:52 CEST.

Flavor Version Tinstall Tcheck Ttotal Status Flags
r-devel-linux-x86_64-debian-clang 0.3 1.02 16.86 17.88 NOTE
r-devel-linux-x86_64-debian-gcc 0.3 1.07 15.16 16.23 NOTE
r-devel-linux-x86_64-fedora-clang 0.3 24.62 NOTE
r-devel-linux-x86_64-fedora-gcc 0.3 23.20 NOTE
r-devel-windows-ix86+x86_64 0.3 3.00 27.00 30.00 NOTE
r-patched-linux-x86_64 0.3 1.08 18.06 19.14 NOTE
r-patched-solaris-x86 0.3 38.90 NOTE
r-release-linux-x86_64 0.3 1.12 18.09 19.21 NOTE
r-release-windows-ix86+x86_64 0.3 3.00 25.00 28.00 NOTE
r-release-osx-x86_64 0.3 NOTE
r-oldrel-windows-ix86+x86_64 0.3 3.00 26.00 29.00 NOTE
r-oldrel-osx-x86_64 0.3 NOTE

Check Details

Version: 0.3
Check: R code for possible problems
Result: NOTE
    dWishartSpike: no visible global function definition for ‘dnorm’
    pWishartSpike: no visible global function definition for ‘pnorm’
    qWishartSpike: no visible global function definition for ‘qnorm’
    rWishartSpike: no visible global function definition for ‘qnorm’
    rmp: no visible global function definition for ‘runif’
    rtw: no visible global function definition for ‘runif’
    Undefined global functions or variables:
     dnorm pnorm qnorm runif
    Consider adding
     importFrom("stats", "dnorm", "pnorm", "qnorm", "runif")
    to your NAMESPACE file.
Flavors: r-devel-linux-x86_64-debian-clang, r-devel-linux-x86_64-debian-gcc, r-devel-linux-x86_64-fedora-clang, r-devel-linux-x86_64-fedora-gcc, r-devel-windows-ix86+x86_64, r-patched-linux-x86_64, r-patched-solaris-x86, r-release-linux-x86_64, r-release-windows-ix86+x86_64, r-release-osx-x86_64, r-oldrel-windows-ix86+x86_64, r-oldrel-osx-x86_64