CRAN Package Check Results for Package RMTstat

Last updated on 2017-10-23 01:46:58.

Flavor Version Tinstall Tcheck Ttotal Status Flags
r-devel-linux-x86_64-debian-clang 0.3 0.57 12.23 12.80 NOTE
r-devel-linux-x86_64-debian-gcc 0.3 0.49 13.32 13.82 NOTE
r-devel-linux-x86_64-fedora-clang 0.3 22.56 NOTE
r-devel-linux-x86_64-fedora-gcc 0.3 20.99 NOTE
r-devel-windows-ix86+x86_64 0.3 6.00 27.00 33.00 NOTE
r-patched-linux-x86_64 0.3 0.62 13.23 13.86 NOTE
r-patched-solaris-x86 0.3 30.80 NOTE
r-release-linux-x86_64 0.3 0.62 12.88 13.50 NOTE
r-release-windows-ix86+x86_64 0.3 3.00 26.00 29.00 NOTE
r-release-osx-x86_64 0.3 NOTE
r-oldrel-windows-ix86+x86_64 0.3 2.00 25.00 27.00 NOTE
r-oldrel-osx-x86_64 0.3 NOTE

Check Details

Version: 0.3
Check: R code for possible problems
Result: NOTE
    dWishartSpike: no visible global function definition for ‘dnorm’
    pWishartSpike: no visible global function definition for ‘pnorm’
    qWishartSpike: no visible global function definition for ‘qnorm’
    rWishartSpike: no visible global function definition for ‘qnorm’
    rmp: no visible global function definition for ‘runif’
    rtw: no visible global function definition for ‘runif’
    Undefined global functions or variables:
     dnorm pnorm qnorm runif
    Consider adding
     importFrom("stats", "dnorm", "pnorm", "qnorm", "runif")
    to your NAMESPACE file.
Flavors: r-devel-linux-x86_64-debian-clang, r-devel-linux-x86_64-debian-gcc, r-devel-linux-x86_64-fedora-clang, r-devel-linux-x86_64-fedora-gcc, r-devel-windows-ix86+x86_64, r-patched-linux-x86_64, r-patched-solaris-x86, r-release-linux-x86_64, r-release-windows-ix86+x86_64, r-release-osx-x86_64, r-oldrel-windows-ix86+x86_64, r-oldrel-osx-x86_64