CRAN Package Check Results for Package RMTstat

Last updated on 2016-12-08 03:54:36.

Flavor Version Tinstall Tcheck Ttotal Status Flags
r-devel-linux-x86_64-debian-clang 0.3 0.66 12.14 12.80 NOTE
r-devel-linux-x86_64-debian-gcc 0.3 0.62 12.13 12.75 NOTE
r-devel-linux-x86_64-fedora-clang 0.3 23.28 NOTE --no-stop-on-test-error
r-devel-linux-x86_64-fedora-gcc 0.3 20.74 NOTE --no-stop-on-test-error
r-devel-macos-x86_64-clang 0.3 19.04 NOTE --no-stop-on-test-error
r-devel-windows-ix86+x86_64 0.3 5.00 35.00 40.00 NOTE
r-patched-linux-x86_64 0.3 0.56 10.34 10.90 NOTE
r-patched-solaris-sparc 0.3 117.80 NOTE
r-patched-solaris-x86 0.3 26.20 NOTE
r-release-linux-x86_64 0.3 0.58 10.20 10.78 NOTE
r-release-osx-x86_64-mavericks 0.3 NOTE
r-release-windows-ix86+x86_64 0.3 2.00 25.00 27.00 NOTE
r-oldrel-windows-ix86+x86_64 0.3 2.00 22.00 24.00 OK

Check Details

Version: 0.3
Check: R code for possible problems
Result: NOTE
    dWishartSpike: no visible global function definition for ‘dnorm’
    pWishartSpike: no visible global function definition for ‘pnorm’
    qWishartSpike: no visible global function definition for ‘qnorm’
    rWishartSpike: no visible global function definition for ‘qnorm’
    rmp: no visible global function definition for ‘runif’
    rtw: no visible global function definition for ‘runif’
    Undefined global functions or variables:
     dnorm pnorm qnorm runif
    Consider adding
     importFrom("stats", "dnorm", "pnorm", "qnorm", "runif")
    to your NAMESPACE file.
Flavors: r-devel-linux-x86_64-debian-clang, r-devel-linux-x86_64-debian-gcc, r-devel-windows-ix86+x86_64, r-patched-linux-x86_64, r-patched-solaris-sparc, r-patched-solaris-x86, r-release-linux-x86_64, r-release-osx-x86_64-mavericks, r-release-windows-ix86+x86_64

Version: 0.3
Flags: --no-stop-on-test-error
Check: R code for possible problems
Result: NOTE
    dWishartSpike: no visible global function definition for ‘dnorm’
    pWishartSpike: no visible global function definition for ‘pnorm’
    qWishartSpike: no visible global function definition for ‘qnorm’
    rWishartSpike: no visible global function definition for ‘qnorm’
    rmp: no visible global function definition for ‘runif’
    rtw: no visible global function definition for ‘runif’
    Undefined global functions or variables:
     dnorm pnorm qnorm runif
    Consider adding
     importFrom("stats", "dnorm", "pnorm", "qnorm", "runif")
    to your NAMESPACE file.
Flavors: r-devel-linux-x86_64-fedora-clang, r-devel-linux-x86_64-fedora-gcc, r-devel-macos-x86_64-clang