CRAN Package Check Results for Package RMTstat

Last updated on 2015-07-04 17:47:38.

Flavor Version Tinstall Tcheck Ttotal Status Flags
r-devel-linux-x86_64-debian-clang 0.3 0.56 9.96 10.52 NOTE
r-devel-linux-x86_64-debian-gcc 0.3 0.55 9.26 9.81 NOTE
r-devel-linux-x86_64-fedora-clang 0.3 19.33 NOTE
r-devel-linux-x86_64-fedora-gcc 0.3 17.92 NOTE
r-devel-osx-x86_64-clang 0.3 21.45 OK
r-devel-windows-ix86+x86_64 0.3 3.00 17.00 20.00 OK
r-patched-linux-x86_64 0.3 0.58 10.45 11.03 OK
r-patched-solaris-sparc 0.3 125.70 OK
r-patched-solaris-x86 0.3 28.90 OK
r-release-linux-x86_64 0.3 0.68 10.18 10.86 OK
r-release-osx-x86_64-mavericks 0.3 OK
r-release-windows-ix86+x86_64 0.3 2.00 17.00 19.00 OK
r-oldrel-windows-ix86+x86_64 0.3 4.00 18.00 22.00 OK

Check Details

Version: 0.3
Check: R code for possible problems
Result: NOTE
    dWishartSpike: no visible global function definition for ‘dnorm’
    pWishartSpike: no visible global function definition for ‘pnorm’
    qWishartSpike: no visible global function definition for ‘qnorm’
    rWishartSpike: no visible global function definition for ‘qnorm’
    rmp: no visible global function definition for ‘runif’
    rtw: no visible global function definition for ‘runif’
    Undefined global functions or variables:
     dnorm pnorm qnorm runif
Flavors: r-devel-linux-x86_64-debian-clang, r-devel-linux-x86_64-debian-gcc, r-devel-linux-x86_64-fedora-clang, r-devel-linux-x86_64-fedora-gcc