CRAN Package Check Results for Package RMTstat

Last updated on 2016-02-09 01:48:16.

Flavor Version Tinstall Tcheck Ttotal Status Flags
r-devel-linux-x86_64-debian-gcc 0.3 0.59 9.25 9.84 NOTE
r-devel-linux-x86_64-fedora-clang 0.3 17.45 NOTE
r-devel-linux-x86_64-fedora-gcc 0.3 16.38 NOTE
r-devel-osx-x86_64-clang 0.3 21.61 NOTE
r-devel-windows-ix86+x86_64 0.3 3.00 31.00 34.00 NOTE
r-patched-linux-x86_64 0.3 0.66 10.41 11.07 OK
r-patched-solaris-sparc 0.3 115.20 OK
r-patched-solaris-x86 0.3 25.60 OK
r-release-linux-x86_64 0.3 0.61 10.20 10.81 OK
r-release-osx-x86_64-mavericks 0.3 OK
r-release-windows-ix86+x86_64 0.3 2.00 17.00 19.00 OK
r-oldrel-windows-ix86+x86_64 0.3 4.00 18.00 22.00 OK

Check Details

Version: 0.3
Check: R code for possible problems
Result: NOTE
    dWishartSpike: no visible global function definition for ‘dnorm’
    pWishartSpike: no visible global function definition for ‘pnorm’
    qWishartSpike: no visible global function definition for ‘qnorm’
    rWishartSpike: no visible global function definition for ‘qnorm’
    rmp: no visible global function definition for ‘runif’
    rtw: no visible global function definition for ‘runif’
    Undefined global functions or variables:
     dnorm pnorm qnorm runif
    Consider adding
     importFrom("stats", "dnorm", "pnorm", "qnorm", "runif")
    to your NAMESPACE file.
Flavors: r-devel-linux-x86_64-debian-gcc, r-devel-linux-x86_64-fedora-clang, r-devel-linux-x86_64-fedora-gcc, r-devel-osx-x86_64-clang, r-devel-windows-ix86+x86_64