CRAN Package Check Results for Package RMTstat

Last updated on 2017-06-23 16:48:03.

Flavor Version Tinstall Tcheck Ttotal Status Flags
r-devel-linux-x86_64-debian-clang 0.3 0.72 13.11 13.83 NOTE
r-devel-linux-x86_64-debian-gcc 0.3 0.66 12.63 13.29 NOTE
r-devel-linux-x86_64-fedora-clang 0.3 21.96 NOTE
r-devel-linux-x86_64-fedora-gcc 0.3 20.66 NOTE
r-devel-windows-ix86+x86_64 0.3 2.00 29.00 31.00 NOTE
r-patched-linux-x86_64 0.3 0.66 12.58 13.24 NOTE
r-patched-solaris-sparc 0.3 129.90 NOTE
r-patched-solaris-x86 0.3 30.20 NOTE
r-release-linux-x86_64 0.3 0.74 12.97 13.71 NOTE
r-release-windows-ix86+x86_64 0.3 2.00 26.00 28.00 NOTE
r-release-osx-x86_64 0.3 NOTE
r-oldrel-windows-ix86+x86_64 0.3 2.00 25.00 27.00 NOTE
r-oldrel-osx-x86_64 0.3 NOTE

Check Details

Version: 0.3
Check: R code for possible problems
Result: NOTE
    dWishartSpike: no visible global function definition for ‘dnorm’
    pWishartSpike: no visible global function definition for ‘pnorm’
    qWishartSpike: no visible global function definition for ‘qnorm’
    rWishartSpike: no visible global function definition for ‘qnorm’
    rmp: no visible global function definition for ‘runif’
    rtw: no visible global function definition for ‘runif’
    Undefined global functions or variables:
     dnorm pnorm qnorm runif
    Consider adding
     importFrom("stats", "dnorm", "pnorm", "qnorm", "runif")
    to your NAMESPACE file.
Flavors: r-devel-linux-x86_64-debian-clang, r-devel-linux-x86_64-debian-gcc, r-devel-linux-x86_64-fedora-clang, r-devel-linux-x86_64-fedora-gcc, r-devel-windows-ix86+x86_64, r-patched-linux-x86_64, r-patched-solaris-sparc, r-patched-solaris-x86, r-release-linux-x86_64, r-release-windows-ix86+x86_64, r-release-osx-x86_64, r-oldrel-windows-ix86+x86_64, r-oldrel-osx-x86_64