CRAN Package Check Results for Package RMTstat

Last updated on 2014-04-19 15:49:49.

Flavor Version Tinstall Tcheck Ttotal Status Flags
r-devel-linux-x86_64-debian-clang 0.2 0.74 10.26 10.99 NOTE
r-devel-linux-x86_64-debian-gcc 0.2 0.61 10.29 10.90 NOTE
r-devel-linux-x86_64-fedora-clang 0.2 21.43 NOTE
r-devel-linux-x86_64-fedora-gcc 0.2 20.02 NOTE
r-devel-macosx-x86_64-clang 0.2 24.10 NOTE
r-devel-macosx-x86_64-gcc 0.2 NOTE
r-devel-windows-ix86+x86_64 0.2 2.00 22.00 24.00 NOTE
r-patched-linux-x86_64 0.2 0.64 10.14 10.78 NOTE
r-patched-solaris-sparc 0.2 124.30 NOTE
r-patched-solaris-x86 0.2 32.70 NOTE
r-release-linux-ix86 NOTE
r-release-linux-x86_64 0.2 0.61 10.46 11.07 NOTE
r-release-windows-ix86+x86_64 0.2 4.00 22.00 26.00 NOTE
r-oldrel-windows-ix86+x86_64 0.2 2.00 20.00 22.00 NOTE

Check Details

Version: 0.2
Check: DESCRIPTION meta-information
Result: NOTE
    Deprecated license: BSD
Flavors: r-devel-linux-x86_64-debian-clang, r-devel-linux-x86_64-debian-gcc, r-devel-linux-x86_64-fedora-clang, r-devel-linux-x86_64-fedora-gcc, r-devel-macosx-x86_64-clang, r-devel-macosx-x86_64-gcc, r-patched-linux-x86_64, r-patched-solaris-sparc, r-patched-solaris-x86, r-release-linux-ix86, r-release-linux-x86_64

Version: 0.2
Check: top-level files
Result: NOTE
    File
     LICENSE
    is not mentioned in the DESCRIPTION file.
Flavors: r-devel-linux-x86_64-debian-clang, r-devel-linux-x86_64-debian-gcc, r-devel-linux-x86_64-fedora-clang, r-devel-linux-x86_64-fedora-gcc, r-devel-macosx-x86_64-clang, r-devel-macosx-x86_64-gcc, r-devel-windows-ix86+x86_64, r-patched-linux-x86_64, r-patched-solaris-sparc, r-patched-solaris-x86, r-release-linux-ix86, r-release-linux-x86_64, r-release-windows-ix86+x86_64, r-oldrel-windows-ix86+x86_64