CRAN Package Check Results for Package RMediation

Last updated on 2022-09-29 18:49:04 CEST.

Flavor Version Tinstall Tcheck Ttotal Status Flags
r-devel-linux-x86_64-debian-clang 1.2.0 13.99 143.97 157.96 NOTE
r-devel-linux-x86_64-debian-gcc 1.2.0 12.59 107.02 119.61 NOTE
r-devel-linux-x86_64-fedora-clang 1.2.0 205.48 NOTE
r-devel-linux-x86_64-fedora-gcc 1.2.0 206.48 NOTE
r-devel-windows-x86_64 1.2.0 25.00 160.00 185.00 NOTE
r-patched-linux-x86_64 1.2.0 16.19 134.92 151.11 OK
r-release-linux-x86_64 1.2.0 9.80 134.61 144.41 OK
r-release-macos-arm64 1.2.0 49.00 OK
r-release-macos-x86_64 1.2.0 77.00 OK
r-release-windows-x86_64 1.2.0 26.00 162.00 188.00 OK
r-oldrel-macos-arm64 1.2.0 49.00 OK
r-oldrel-macos-x86_64 1.2.0 77.00 OK
r-oldrel-windows-ix86+x86_64 1.2.0 35.00 169.00 204.00 OK

Check Details

Version: 1.2.0
Check: HTML version of manual
Result: NOTE
    Found the following HTML validation problems:
    ci.html:142:38: Warning: nested emphasis <code>
    medci.html:136:38: Warning: nested emphasis <code>
Flavors: r-devel-linux-x86_64-debian-clang, r-devel-linux-x86_64-debian-gcc, r-devel-linux-x86_64-fedora-clang, r-devel-linux-x86_64-fedora-gcc, r-devel-windows-x86_64