CRAN Package Check Results for Package RMongo

Last updated on 2015-04-26 19:47:30.

Flavor Version Tinstall Tcheck Ttotal Status Flags
r-devel-linux-x86_64-debian-clang 0.0.25 1.51 19.83 21.34 OK
r-devel-linux-x86_64-debian-gcc 0.0.25 2.13 19.83 21.96 OK
r-devel-linux-x86_64-fedora-clang 0.0.25 43.47 OK
r-devel-linux-x86_64-fedora-gcc 0.0.25 40.30 OK
r-devel-osx-x86_64-clang 0.0.25 41.53 OK
r-devel-windows-ix86+x86_64 0.0.25 5.00 33.00 38.00 OK
r-patched-linux-x86_64 0.0.25 2.17 19.47 21.64 OK
r-release-linux-x86_64 0.0.25 1.96 19.40 21.36 OK
r-release-osx-x86_64-mavericks 0.0.25 ERROR
r-release-osx-x86_64-snowleopard 0.0.25 ERROR
r-release-windows-ix86+x86_64 0.0.25 4.00 36.00 40.00 OK
r-oldrel-windows-ix86+x86_64 0.0.25 8.00 39.00 47.00 OK

Check Details

Version: 0.0.25
Check: examples
Result: ERROR
    Running examples in ‘RMongo-Ex.R’ failed
    The error most likely occurred in:
    
    > ### Name: dbAggregate-methods
    > ### Title: Performing a MongoDB aggregate query
    > ### Aliases: dbAggregate dbAggregate-methods
    > ### dbAggregate,RMongo,character,character-method
    >
    > ### ** Examples
    >
    > mongo <- mongoDbConnect("test")
    > # insert two records
    > dbInsertDocument(mongo, "test_data", '{"foo": "bar", "size": 5 }')
    Error in .jcall(rmongo.object@javaMongo, "S", "dbInsertDocument", collection, :
     com.mongodb.MongoException$Network: Write operation to server /127.0.0.1:27017 failed on database test
    Calls: dbInsertDocument -> dbInsertDocument -> .jcall -> .jcheck -> .Call
    Execution halted
Flavors: r-release-osx-x86_64-mavericks, r-release-osx-x86_64-snowleopard

Version: 0.0.25
Check: tests
Result: ERROR
    Running the tests in ‘tests/RMongo-Ex.R’ failed.
    Last 13 lines of output:
     +
     + # print(length(output))
     + print(as.character(output[1]))
     +
     + checkEquals("{ \"_id\" : \"bar\"}", as.character(output[1]))
     + # checkEquals("bar", as.character(output[1]))
     + }
     >
     > test.dbInsertDocument()
     Error in .jcall(rmongo.object@javaMongo, "S", "dbInsertDocument", collection, :
     com.mongodb.MongoException$Network: Write operation to server /127.0.0.1:27017 failed on database test
     Calls: test.dbInsertDocument ... dbInsertDocument -> dbInsertDocument -> .jcall -> .jcheck -> .Call
     Execution halted
Flavors: r-release-osx-x86_64-mavericks, r-release-osx-x86_64-snowleopard