CRAN Package Check Results for Package RMongo

Last updated on 2014-10-20 11:48:41.

Flavor Version Tinstall Tcheck Ttotal Status Flags
r-devel-linux-x86_64-debian-clang 0.0.25 1.86 20.16 22.02 OK --install=fake
r-devel-linux-x86_64-debian-gcc 0.0.25 1.76 20.01 21.76 OK --install=fake
r-devel-linux-x86_64-fedora-clang 0.0.25 52.35 OK
r-devel-linux-x86_64-fedora-gcc 0.0.25 48.75 OK
r-devel-osx-x86_64-clang 0.0.25 51.51 OK
r-devel-windows-ix86+x86_64 0.0.25 6.00 34.00 40.00 OK
r-patched-linux-x86_64 0.0.25 1.88 20.91 22.79 OK --install=fake
r-release-linux-ix86 0.0.25 2.76 27.39 30.15 OK --install=fake
r-release-linux-x86_64 0.0.25 1.93 20.87 22.80 OK --install=fake
r-release-osx-x86_64-mavericks 0.0.25 ERROR
r-release-osx-x86_64-snowleopard 0.0.25 ERROR
r-release-windows-ix86+x86_64 0.0.25 6.00 38.00 44.00 OK
r-oldrel-windows-ix86+x86_64 0.0.25 7.00 33.00 40.00 OK

Check Details

Version: 0.0.25
Check: examples
Result: ERROR
    Running examples in ‘RMongo-Ex.R’ failed
    The error most likely occurred in:
    
    > ### Name: dbAggregate-methods
    > ### Title: Performing a MongoDB aggregate query
    > ### Aliases: dbAggregate dbAggregate-methods
    > ### dbAggregate,RMongo,character,character-method
    >
    > ### ** Examples
    >
    > mongo <- mongoDbConnect("test")
    > # insert two records
    > dbInsertDocument(mongo, "test_data", '{"foo": "bar", "size": 5 }')
    Error in .jcall(rmongo.object@javaMongo, "S", "dbInsertDocument", collection, :
     com.mongodb.MongoException$Network: Write operation to server /127.0.0.1:27017 failed on database test
    Calls: dbInsertDocument -> dbInsertDocument -> .jcall -> .jcheck -> .Call
    Execution halted
Flavors: r-release-osx-x86_64-mavericks, r-release-osx-x86_64-snowleopard