CRAN Package Check Results for Package RMongo

Last updated on 2014-04-23 07:55:07.

Flavor Version Tinstall Tcheck Ttotal Status Flags
r-devel-linux-x86_64-debian-clang 0.0.25 2.17 21.89 24.06 OK --install=fake
r-devel-linux-x86_64-debian-gcc 0.0.25 1.99 21.53 23.52 OK --install=fake
r-devel-linux-x86_64-fedora-clang 0.0.25 53.35 OK
r-devel-linux-x86_64-fedora-gcc 0.0.25 51.83 OK
r-devel-osx-x86_64-clang 0.0.25 49.44 OK
r-devel-osx-x86_64-gcc 0.0.25 ERROR
r-devel-windows-ix86+x86_64 0.0.25 6.00 36.00 42.00 OK
r-patched-linux-x86_64 0.0.25 1.96 21.04 23.00 OK --install=fake
r-release-linux-ix86 0.0.25 3.00 38.00 41.00 OK --install=fake
r-release-linux-x86_64 0.0.25 2.06 21.14 23.21 OK --install=fake
r-release-osx-x86_64-mavericks 0.0.25 ERROR
r-release-osx-x86_64-snowleopard 0.0.25 ERROR
r-release-windows-ix86+x86_64 0.0.25 9.00 48.00 57.00 OK
r-oldrel-windows-ix86+x86_64 0.0.25 5.00 34.00 39.00 OK

Check Details

Version: 0.0.25
Check: examples
Result: ERROR
    Running examples in ‘RMongo-Ex.R’ failed
    The error most likely occurred in:
    
    > ### Name: dbAggregate-methods
    > ### Title: Performing a MongoDB aggregate query
    > ### Aliases: dbAggregate dbAggregate-methods
    > ### dbAggregate,RMongo,character,character-method
    >
    > ### ** Examples
    >
    > mongo <- mongoDbConnect("test")
    > # insert two records
    > dbInsertDocument(mongo, "test_data", '{"foo": "bar", "size": 5 }')
    Error in .jcall(rmongo.object@javaMongo, "S", "dbInsertDocument", collection, :
     com.mongodb.MongoException$Network: Write operation to server /127.0.0.1:27017 failed on database test
    Calls: dbInsertDocument -> dbInsertDocument -> .jcall -> .jcheck -> .Call
    Execution halted
Flavors: r-devel-osx-x86_64-gcc, r-release-osx-x86_64-mavericks, r-release-osx-x86_64-snowleopard