CRAN Package Check Results for Package RMongo

Last updated on 2015-01-29 16:48:36.

Flavor Version Tinstall Tcheck Ttotal Status Flags
r-devel-linux-x86_64-debian-clang 0.0.25 1.92 21.98 23.90 OK
r-devel-linux-x86_64-debian-gcc 0.0.25 2.16 21.35 23.51 OK
r-devel-linux-x86_64-fedora-clang 0.0.25 51.65 OK
r-devel-linux-x86_64-fedora-gcc 0.0.25 49.12 OK
r-devel-osx-x86_64-clang 0.0.25 49.77 OK
r-devel-windows-ix86+x86_64 0.0.25 6.00 36.00 42.00 OK
r-patched-linux-x86_64 0.0.25 2.56 24.06 26.62 OK
r-release-linux-ix86 0.0.25 2.72 29.95 32.67 OK
r-release-linux-x86_64 0.0.25 1.94 24.17 26.11 OK
r-release-osx-x86_64-mavericks 0.0.25 ERROR
r-release-osx-x86_64-snowleopard 0.0.25 ERROR
r-release-windows-ix86+x86_64 0.0.25 7.00 41.00 48.00 OK
r-oldrel-windows-ix86+x86_64 0.0.25 6.00 33.00 39.00 OK

Check Details

Version: 0.0.25
Check: examples
Result: ERROR
    Running examples in ‘RMongo-Ex.R’ failed
    The error most likely occurred in:
    
    > ### Name: dbAggregate-methods
    > ### Title: Performing a MongoDB aggregate query
    > ### Aliases: dbAggregate dbAggregate-methods
    > ### dbAggregate,RMongo,character,character-method
    >
    > ### ** Examples
    >
    > mongo <- mongoDbConnect("test")
    > # insert two records
    > dbInsertDocument(mongo, "test_data", '{"foo": "bar", "size": 5 }')
    Error in .jcall(rmongo.object@javaMongo, "S", "dbInsertDocument", collection, :
     com.mongodb.MongoException$Network: Write operation to server /127.0.0.1:27017 failed on database test
    Calls: dbInsertDocument -> dbInsertDocument -> .jcall -> .jcheck -> .Call
    Execution halted
Flavors: r-release-osx-x86_64-mavericks, r-release-osx-x86_64-snowleopard