CRAN Package Check Results for Package RMongo

Last updated on 2014-12-22 04:46:54.

Flavor Version Tinstall Tcheck Ttotal Status Flags
r-devel-linux-x86_64-debian-clang 0.0.25 1.90 20.50 22.39 OK --install=fake
r-devel-linux-x86_64-debian-gcc 0.0.25 1.71 19.91 21.62 OK --install=fake
r-devel-linux-x86_64-fedora-clang 0.0.25 54.32 OK
r-devel-linux-x86_64-fedora-gcc 0.0.25 51.45 OK
r-devel-osx-x86_64-clang 0.0.25 50.02 OK
r-devel-windows-ix86+x86_64 0.0.25 8.00 48.00 56.00 OK
r-patched-linux-x86_64 0.0.25 1.85 20.49 22.34 OK --install=fake
r-release-linux-ix86 0.0.25 2.71 26.28 28.99 OK --install=fake
r-release-linux-x86_64 0.0.25 1.89 20.38 22.27 OK --install=fake
r-release-osx-x86_64-mavericks 0.0.25 ERROR
r-release-osx-x86_64-snowleopard 0.0.25 ERROR
r-release-windows-ix86+x86_64 0.0.25 6.00 38.00 44.00 OK
r-oldrel-windows-ix86+x86_64 0.0.25 7.00 33.00 40.00 OK

Check Details

Version: 0.0.25
Check: examples
Result: ERROR
    Running examples in ‘RMongo-Ex.R’ failed
    The error most likely occurred in:
    
    > ### Name: dbAggregate-methods
    > ### Title: Performing a MongoDB aggregate query
    > ### Aliases: dbAggregate dbAggregate-methods
    > ### dbAggregate,RMongo,character,character-method
    >
    > ### ** Examples
    >
    > mongo <- mongoDbConnect("test")
    > # insert two records
    > dbInsertDocument(mongo, "test_data", '{"foo": "bar", "size": 5 }')
    Error in .jcall(rmongo.object@javaMongo, "S", "dbInsertDocument", collection, :
     com.mongodb.MongoException$Network: Write operation to server /127.0.0.1:27017 failed on database test
    Calls: dbInsertDocument -> dbInsertDocument -> .jcall -> .jcheck -> .Call
    Execution halted
Flavors: r-release-osx-x86_64-mavericks, r-release-osx-x86_64-snowleopard