CRAN Package Check Results for Package RMongo

Last updated on 2015-08-29 20:48:15.

Flavor Version Tinstall Tcheck Ttotal Status Flags
r-devel-linux-x86_64-debian-clang 0.0.25 1.48 19.47 20.95 NOTE
r-devel-linux-x86_64-debian-gcc 0.0.25 1.42 18.76 20.18 NOTE
r-devel-linux-x86_64-fedora-clang 0.0.25 40.30 NOTE
r-devel-linux-x86_64-fedora-gcc 0.0.25 38.17 NOTE
r-devel-osx-x86_64-clang 0.0.25 37.98 OK
r-devel-windows-ix86+x86_64 0.0.25 7.00 37.00 44.00 NOTE
r-patched-linux-x86_64 0.0.25 1.49 19.69 21.18 OK
r-release-linux-x86_64 0.0.25 1.49 19.86 21.35 OK
r-release-osx-x86_64-mavericks 0.0.25 ERROR
r-release-windows-ix86+x86_64 0.0.25 6.00 47.00 53.00 OK
r-oldrel-windows-ix86+x86_64 0.0.25 10.00 40.00 50.00 OK

Check Details

Version: 0.0.25
Check: R code for possible problems
Result: NOTE
    dbGetDistinct,RMongo-character-character-character: no visible global
     function definition for ‘read.table’
    dbGetQueryForKeys,RMongo-character-character-character-numeric-numeric:
     no visible global function definition for ‘read.csv’
    Undefined global functions or variables:
     read.csv read.table
    Consider adding
     importFrom("utils", "read.csv", "read.table")
    to your NAMESPACE.
Flavors: r-devel-linux-x86_64-debian-clang, r-devel-linux-x86_64-debian-gcc, r-devel-linux-x86_64-fedora-clang, r-devel-linux-x86_64-fedora-gcc, r-devel-windows-ix86+x86_64

Version: 0.0.25
Check: examples
Result: ERROR
    Running examples in ‘RMongo-Ex.R’ failed
    The error most likely occurred in:
    
    > ### Name: dbAggregate-methods
    > ### Title: Performing a MongoDB aggregate query
    > ### Aliases: dbAggregate dbAggregate-methods
    > ### dbAggregate,RMongo,character,character-method
    >
    > ### ** Examples
    >
    > mongo <- mongoDbConnect("test")
    > # insert two records
    > dbInsertDocument(mongo, "test_data", '{"foo": "bar", "size": 5 }')
    Error in .jcall(rmongo.object@javaMongo, "S", "dbInsertDocument", collection, :
     com.mongodb.MongoException$Network: Write operation to server /127.0.0.1:27017 failed on database test
    Calls: dbInsertDocument -> dbInsertDocument -> .jcall -> .jcheck -> .Call
    Execution halted
Flavor: r-release-osx-x86_64-mavericks

Version: 0.0.25
Check: tests
Result: ERROR
    Running the tests in ‘tests/RMongo-Ex.R’ failed.
    Last 13 lines of output:
     +
     + # print(length(output))
     + print(as.character(output[1]))
     +
     + checkEquals("{ \"_id\" : \"bar\"}", as.character(output[1]))
     + # checkEquals("bar", as.character(output[1]))
     + }
     >
     > test.dbInsertDocument()
     Error in .jcall(rmongo.object@javaMongo, "S", "dbInsertDocument", collection, :
     com.mongodb.MongoException$Network: Write operation to server /127.0.0.1:27017 failed on database test
     Calls: test.dbInsertDocument ... dbInsertDocument -> dbInsertDocument -> .jcall -> .jcheck -> .Call
     Execution halted
Flavor: r-release-osx-x86_64-mavericks