CRAN Package Check Results for Package RMySQL

Last updated on 2017-02-21 03:49:47.

Flavor Version Tinstall Tcheck Ttotal Status Flags
r-devel-linux-x86_64-debian-clang 0.10.9 2.75 19.44 22.18 NOTE
r-devel-linux-x86_64-debian-gcc 0.10.9 3.19 19.44 22.62 NOTE
r-devel-linux-x86_64-fedora-clang 0.10.9 36.09 NOTE --no-stop-on-test-error
r-devel-linux-x86_64-fedora-gcc 0.10.9 35.15 NOTE --no-stop-on-test-error
r-devel-macos-x86_64-clang 0.10.9 31.74 NOTE --no-stop-on-test-error
r-devel-windows-ix86+x86_64 0.10.9 46.00 149.00 195.00 OK
r-patched-linux-x86_64 0.10.9 2.37 16.68 19.05 OK
r-release-linux-x86_64 0.10.9 2.51 16.02 18.53 OK
r-release-osx-x86_64-mavericks 0.10.9 OK
r-release-windows-ix86+x86_64 0.10.9 51.00 150.00 201.00 OK
r-oldrel-windows-ix86+x86_64 0.10.9 32.00 120.00 152.00 OK

Check Details

Version: 0.10.9
Check: compiled code
Result: NOTE
    File ‘RMySQL/libs/RMySQL.so’:
     Found no calls to: ‘R_registerRoutines’, ‘R_useDynamicSymbols’
    
    It is good practice to register native routines and to disable symbol
    search.
    
    See ‘Writing portable packages’ in the ‘Writing R Extensions’ manual.
Flavors: r-devel-linux-x86_64-debian-clang, r-devel-linux-x86_64-debian-gcc

Version: 0.10.9
Flags: --no-stop-on-test-error
Check: compiled code
Result: NOTE
    File ‘RMySQL/libs/RMySQL.so’:
     Found no calls to: ‘R_registerRoutines’, ‘R_useDynamicSymbols’
    
    It is good practice to register native routines and to disable symbol
    search.
    
    See ‘Writing portable packages’ in the ‘Writing R Extensions’ manual.
Flavors: r-devel-linux-x86_64-fedora-clang, r-devel-linux-x86_64-fedora-gcc, r-devel-macos-x86_64-clang