CRAN Package Check Results for Package RMySQL

Last updated on 2014-09-02 10:51:57.

Flavor Version Tinstall Tcheck Ttotal Status Flags
r-devel-linux-x86_64-debian-clang 0.9-3 3.32 16.62 19.93 OK
r-devel-linux-x86_64-debian-gcc 0.9-3 3.66 16.40 20.05 OK
r-devel-linux-x86_64-fedora-clang 0.9-3 47.89 OK
r-devel-linux-x86_64-fedora-gcc 0.9-3 41.75 OK
r-patched-linux-x86_64 0.9-3 3.74 16.71 20.46 OK
r-release-linux-ix86 0.9-3 5.78 24.63 30.42 OK
r-release-linux-x86_64 0.9-3 3.72 17.07 20.78 OK
r-release-osx-x86_64-mavericks 0.9-3 ERROR

Check Details

Version: 0.9-3
Check: whether package can be installed
Result: ERROR
    Installation failed.
    See ‘/Builds/CRAN-QA-Simon/packages/mavericks-x86_64/results/3.1/RMySQL.Rcheck/00install.out’ for details.
    * pre-conf. environment: (PKG_CFLAGS=, PKG_CPPFLAGS=-I/usr/local/mysql/include, PKG_LIBS=-L/usr/local/mysql/lib -lmysqlclient)
Flavor: r-release-osx-x86_64-mavericks