CRAN Package Check Results for Package RMySQL

Last updated on 2017-03-25 15:48:09.

Flavor Version Tinstall Tcheck Ttotal Status Flags
r-devel-linux-x86_64-debian-clang 0.10.10 2.87 19.03 21.89 OK
r-devel-linux-x86_64-debian-gcc 0.10.10 2.63 18.95 21.58 OK
r-devel-linux-x86_64-fedora-clang 0.10.10 34.99 OK --no-stop-on-test-error
r-devel-linux-x86_64-fedora-gcc 0.10.10 34.80 OK --no-stop-on-test-error
r-devel-macos-x86_64-clang 0.10.10 31.21 OK --no-stop-on-test-error
r-patched-linux-x86_64 0.10.10 2.54 18.66 21.20 OK
r-release-linux-x86_64 0.10.10 2.50 16.53 19.03 OK
r-release-osx-x86_64-mavericks 0.10.10 ERROR
r-release-windows-ix86+x86_64 0.10.10 55.00 134.00 189.00 OK
r-oldrel-windows-ix86+x86_64 0.10.10 44.00 129.00 173.00 OK

Check Details

Version: 0.10.10
Check: whether package can be installed
Result: ERROR
    Installation failed.
Flavor: r-release-osx-x86_64-mavericks