CRAN Package Check Results for Package RMySQL

Last updated on 2015-03-30 00:48:30.

Flavor Version Tinstall Tcheck Ttotal Status Flags
r-devel-linux-x86_64-debian-clang 0.10.2 2.31 16.02 18.33 OK
r-devel-linux-x86_64-debian-gcc 0.10.2 2.70 15.12 17.82 OK
r-devel-linux-x86_64-fedora-clang 0.10.2 35.13 OK
r-devel-linux-x86_64-fedora-gcc 0.10.2 32.12 OK
r-devel-osx-x86_64-clang 0.10.2 39.37 OK
r-prerel-windows-ix86+x86_64 0.10.2 29.00 105.00 134.00 OK
r-prerel-linux-x86_64 0.10.2 2.34 14.90 17.24 OK
r-release-linux-x86_64 0.10.2 2.62 17.53 20.15 OK
r-release-osx-x86_64-mavericks 0.10.2 OK
r-release-osx-x86_64-snowleopard 0.10.2 NOTE
r-release-windows-ix86+x86_64 0.10.2 28.00 111.00 139.00 OK
r-oldrel-windows-ix86+x86_64 0.10.2 33.00 144.00 177.00 OK

Check Details

Version: 0.10.2
Check: installed package size
Result: NOTE
     installed size is 5.6Mb
     sub-directories of 1Mb or more:
     libs 5.3Mb
Flavor: r-release-osx-x86_64-snowleopard