CRAN Package Check Results for Package RMySQL

Last updated on 2018-12-17 01:46:59 CET.

Flavor Version Tinstall Tcheck Ttotal Status Flags
r-devel-linux-x86_64-debian-clang 0.10.15 5.35 2.06 7.41 ERROR
r-devel-linux-x86_64-debian-gcc 0.10.15 4.36 1.82 6.18 ERROR
r-devel-linux-x86_64-fedora-clang 0.10.15 42.07 OK
r-devel-linux-x86_64-fedora-gcc 0.10.15 39.62 OK
r-devel-windows-ix86+x86_64 0.10.15 38.00 168.00 206.00 OK
r-patched-linux-x86_64 0.10.15 4.40 27.27 31.67 OK
r-patched-solaris-x86 0.10.15 59.00 OK
r-release-linux-x86_64 0.10.15 4.68 27.62 32.30 OK
r-release-windows-ix86+x86_64 0.10.15 26.00 167.00 193.00 OK
r-release-osx-x86_64 0.10.15 OK
r-oldrel-windows-ix86+x86_64 0.10.15 33.00 176.00 209.00 OK
r-oldrel-osx-x86_64 0.10.15 OK

Additional issues

rchk

Check Details

Version: 0.10.15
Check: whether the package can be loaded
Result: ERROR
    Loading this package had a fatal error status code 1
    Loading log:
    Loading required package: DBI
    Error: package or namespace load failed for ‘RMySQL’ in dyn.load(file, DLLpath = DLLpath, ...):
     unable to load shared object ‘/home/hornik/tmp/R.check/r-devel-clang/Work/build/Packages/RMySQL/libs/RMySQL.so’:
     /home/hornik/tmp/R.check/r-devel-clang/Work/build/Packages/RMySQL/libs/RMySQL.so: failed to map segment from shared object
    Execution halted
Flavor: r-devel-linux-x86_64-debian-clang

Version: 0.10.15
Check: whether the package can be loaded
Result: ERROR
    Loading this package had a fatal error status code 1
    Loading log:
    Loading required package: DBI
    Error: package or namespace load failed for ‘RMySQL’ in dyn.load(file, DLLpath = DLLpath, ...):
     unable to load shared object ‘/home/hornik/tmp/R.check/r-devel-gcc/Work/build/Packages/RMySQL/libs/RMySQL.so’:
     /home/hornik/tmp/R.check/r-devel-gcc/Work/build/Packages/RMySQL/libs/RMySQL.so: failed to map segment from shared object
    Execution halted
Flavor: r-devel-linux-x86_64-debian-gcc