CRAN Package Check Results for Package RMySQL

Last updated on 2015-01-30 11:49:21.

Flavor Version Tinstall Tcheck Ttotal Status Flags
r-devel-linux-x86_64-debian-clang 0.10.1 2.29 16.06 18.36 OK
r-devel-linux-x86_64-debian-gcc 0.10.1 2.33 15.37 17.70 OK
r-devel-linux-x86_64-fedora-clang 0.10.1 39.63 OK
r-devel-linux-x86_64-fedora-gcc 0.10.1 38.51 OK
r-devel-osx-x86_64-clang 0.10.1 205.29 OK
r-devel-windows-ix86+x86_64 0.10.1 31.00 96.00 127.00 OK
r-patched-linux-x86_64 0.10.1 2.75 17.20 19.95 OK
r-release-linux-ix86 0.10.1 3.33 23.49 26.82 OK
r-release-linux-x86_64 0.10.1 2.46 17.72 20.18 OK
r-release-osx-x86_64-mavericks 0.10.1 OK
r-release-osx-x86_64-snowleopard 0.10.1 NOTE
r-release-windows-ix86+x86_64 0.10.1 23.00 103.00 126.00 OK
r-oldrel-windows-ix86+x86_64 0.10.1 24.00 99.00 123.00 OK

Check Details

Version: 0.10.1
Check: installed package size
Result: NOTE
     installed size is 5.6Mb
     sub-directories of 1Mb or more:
     libs 5.3Mb
Flavor: r-release-osx-x86_64-snowleopard