CRAN Package Check Results for Package RMySQL

Last updated on 2015-04-19 19:52:01.

Flavor Version Tinstall Tcheck Ttotal Status Flags
r-devel-linux-x86_64-debian-clang 0.10.2 2.28 15.97 18.25 OK
r-devel-linux-x86_64-debian-gcc 0.10.2 2.37 15.85 18.22 OK
r-devel-linux-x86_64-fedora-clang 0.10.2 34.67 OK
r-devel-linux-x86_64-fedora-gcc 0.10.2 33.64 OK
r-devel-osx-x86_64-clang 0.10.2 38.58 OK
r-devel-windows-ix86+x86_64 0.10.2 41.00 106.00 147.00 OK
r-patched-linux-x86_64 0.10.2 2.42 15.31 17.73 OK
r-release-linux-x86_64 0.10.2 2.54 15.74 18.28 OK
r-release-osx-x86_64-mavericks 0.10.2 OK
r-release-osx-x86_64-snowleopard 0.10.2 ERROR
r-release-windows-ix86+x86_64 0.10.2 23.00 106.00 129.00 OK
r-oldrel-windows-ix86+x86_64 0.10.2 24.00 114.00 138.00 OK

Check Details

Version: 0.10.2
Check: installed package size
Result: NOTE
     installed size is 5.6Mb
     sub-directories of 1Mb or more:
     libs 5.3Mb
Flavor: r-release-osx-x86_64-snowleopard

Version: 0.10.2
Check: tests
Result: ERROR
    Running the tests in ‘tests/testthat.R’ failed.
    Last 13 lines of output:
     could not find function "skip"
    
     2. Error: query returns expected number of rows --------------------------------
     could not find function "skip"
    
     3. Error: correctly computes affected rows -------------------------------------
     could not find function "skip"
    
     4. Error: basic roundtrip is succesful -----------------------------------------
     could not find function "skip"
    
     Error: Test failures
     Execution halted
Flavor: r-release-osx-x86_64-snowleopard