CRAN Package Check Results for Package RMySQL

Last updated on 2015-07-08 05:47:54.

Flavor Version Tinstall Tcheck Ttotal Status Flags
r-devel-linux-x86_64-debian-clang 0.10.3 2.31 15.89 18.20 NOTE
r-devel-linux-x86_64-debian-gcc 0.10.3 2.34 16.02 18.36 NOTE
r-devel-linux-x86_64-fedora-clang 0.10.3 33.60 NOTE
r-devel-linux-x86_64-fedora-gcc 0.10.3 33.33 NOTE
r-devel-osx-x86_64-clang 0.10.3 34.53 OK
r-devel-windows-ix86+x86_64 0.10.3 37.00 112.00 149.00 NOTE
r-patched-linux-x86_64 0.10.3 2.39 15.03 17.42 OK
r-release-linux-x86_64 0.10.3 2.31 15.38 17.69 OK
r-release-osx-x86_64-mavericks 0.10.3 OK
r-release-windows-ix86+x86_64 0.10.3 39.00 111.00 150.00 OK
r-oldrel-windows-ix86+x86_64 0.10.3 29.00 119.00 148.00 OK

Check Details

Version: 0.10.3
Check: R code for possible problems
Result: NOTE
    safe.write: no visible global function definition for ‘write.table’
    dbWriteTable,MySQLConnection-character-character: no visible global
     function definition for ‘read.table’
    summary,MySQLDriver: no visible global function definition for
     ‘packageVersion’
    Undefined global functions or variables:
     packageVersion read.table write.table
Flavors: r-devel-linux-x86_64-debian-clang, r-devel-linux-x86_64-debian-gcc, r-devel-linux-x86_64-fedora-clang, r-devel-linux-x86_64-fedora-gcc, r-devel-windows-ix86+x86_64