CRAN Package Check Results for Package RMySQL

Last updated on 2020-07-16 18:50:51 CEST.

Flavor Version Tinstall Tcheck Ttotal Status Flags
r-devel-linux-x86_64-debian-clang 0.10.20 7.84 33.23 41.07 OK
r-devel-linux-x86_64-debian-gcc 0.10.20 6.04 26.51 32.55 OK
r-devel-linux-x86_64-fedora-clang 0.10.20 59.01 OK
r-devel-linux-x86_64-fedora-gcc 0.10.20 50.25 OK
r-devel-windows-ix86+x86_64 0.10.20 44.00 177.00 221.00 NOTE
r-patched-linux-x86_64 0.10.20 6.53 33.33 39.86 OK
r-patched-solaris-x86 0.10.20 69.00 OK
r-release-linux-x86_64 0.10.20 7.39 33.31 40.70 OK
r-release-windows-ix86+x86_64 0.10.20 44.00 146.00 190.00 NOTE
r-oldrel-macos-x86_64 0.10.20 OK
r-oldrel-windows-ix86+x86_64 0.10.20 49.00 176.00 225.00 NOTE

Check Details

Version: 0.10.20
Check: installed package size
Result: NOTE
     installed size is 6.6Mb
     sub-directories of 1Mb or more:
     libs 6.2Mb
Flavors: r-devel-windows-ix86+x86_64, r-release-windows-ix86+x86_64, r-oldrel-windows-ix86+x86_64