CRAN Package Check Results for Package RMySQL

Last updated on 2014-11-24 05:47:41.

Flavor Version Tinstall Tcheck Ttotal Status Flags
r-devel-linux-x86_64-debian-clang 0.9-3 3.44 20.29 23.72 OK
r-devel-linux-x86_64-debian-gcc 0.9-3 3.92 19.67 23.59 OK
r-devel-linux-x86_64-fedora-clang 0.9-3 49.39 OK
r-devel-linux-x86_64-fedora-gcc 0.9-3 46.00 OK
r-patched-linux-x86_64 0.9-3 4.17 20.50 24.67 OK
r-release-linux-ix86 0.9-3 6.11 25.83 31.94 OK
r-release-linux-x86_64 0.9-3 4.08 21.50 25.59 OK
r-release-osx-x86_64-mavericks 0.9-3 ERROR

Check Details

Version: 0.9-3
Check: whether package can be installed
Result: ERROR
    Installation failed.
    See ‘/Builds/CRAN-QA-Simon/packages/mavericks-x86_64/results/3.1/RMySQL.Rcheck/00install.out’ for details.
    * pre-conf. environment: (PKG_CFLAGS=, PKG_CPPFLAGS=-I/usr/local/mysql/include, PKG_LIBS=-L/usr/local/mysql/lib -lmysqlclient)
Flavor: r-release-osx-x86_64-mavericks