CRAN Package Check Results for Package RMySQL

Last updated on 2019-10-16 18:49:09 CEST.

Flavor Version Tinstall Tcheck Ttotal Status Flags
r-devel-linux-x86_64-debian-clang 0.10.17 6.32 28.13 34.45 OK
r-devel-linux-x86_64-debian-gcc 0.10.17 4.47 23.35 27.82 OK
r-devel-linux-x86_64-fedora-clang 0.10.17 44.36 OK
r-devel-linux-x86_64-fedora-gcc 0.10.17 43.73 OK
r-devel-windows-ix86+x86_64 0.10.17 61.00 148.00 209.00 NOTE
r-patched-linux-x86_64 0.10.17 4.98 28.36 33.34 OK
r-patched-solaris-x86 0.10.17 62.60 OK
r-release-linux-x86_64 0.10.17 6.04 28.60 34.64 OK
r-release-windows-ix86+x86_64 0.10.17 38.00 190.00 228.00 NOTE
r-release-osx-x86_64 0.10.17 OK
r-oldrel-windows-ix86+x86_64 0.10.17 76.00 154.00 230.00 NOTE
r-oldrel-osx-x86_64 0.10.17 OK

Check Details

Version: 0.10.17
Check: installed package size
Result: NOTE
     installed size is 6.6Mb
     sub-directories of 1Mb or more:
     libs 6.2Mb
Flavors: r-devel-windows-ix86+x86_64, r-release-windows-ix86+x86_64, r-oldrel-windows-ix86+x86_64