CRAN Package Check Results for Package RMySQL

Last updated on 2019-04-18 18:50:03 CEST.

Flavor Version Tinstall Tcheck Ttotal Status Flags
r-devel-linux-x86_64-debian-clang 0.10.17 6.13 29.21 35.34 OK
r-devel-linux-x86_64-debian-gcc 0.10.17 4.65 23.74 28.39 OK
r-devel-linux-x86_64-fedora-clang 0.10.17 42.81 OK
r-devel-linux-x86_64-fedora-gcc 0.10.17 40.81 OK
r-devel-windows-ix86+x86_64 0.10.17 58.00 151.00 209.00 NOTE
r-patched-linux-x86_64 0.10.17 5.36 29.62 34.98 OK
r-patched-solaris-x86 0.10.17 66.90 OK
r-release-linux-x86_64 0.10.17 4.89 27.87 32.76 OK
r-release-windows-ix86+x86_64 0.10.17 77.00 185.00 262.00 NOTE
r-release-osx-x86_64 0.10.17 OK
r-oldrel-windows-ix86+x86_64 0.10.17 36.00 176.00 212.00 NOTE
r-oldrel-osx-x86_64 0.10.17 OK

Check Details

Version: 0.10.17
Check: installed package size
Result: NOTE
     installed size is 6.6Mb
     sub-directories of 1Mb or more:
     libs 6.2Mb
Flavors: r-devel-windows-ix86+x86_64, r-release-windows-ix86+x86_64, r-oldrel-windows-ix86+x86_64