CRAN Package Check Results for Package RMySQL

Last updated on 2014-07-24 11:53:29.

Flavor Version Tinstall Tcheck Ttotal Status Flags
r-devel-linux-x86_64-debian-clang 0.9-3 3.29 17.12 20.41 OK
r-devel-linux-x86_64-debian-gcc 0.9-3 3.54 16.66 20.20 OK
r-devel-linux-x86_64-fedora-clang 0.9-3 45.40 OK
r-devel-linux-x86_64-fedora-gcc 0.9-3 43.85 OK
r-patched-linux-x86_64 0.9-3 3.66 16.67 20.32 OK
r-release-linux-ix86 0.9-3 5.82 26.22 32.04 OK
r-release-linux-x86_64 0.9-3 3.57 17.35 20.92 OK
r-release-osx-x86_64-mavericks 0.9-3 ERROR

Check Details

Version: 0.9-3
Check: whether package can be installed
Result: ERROR
    Installation failed.
    See ‘/Builds/CRAN-QA-Simon/packages/mavericks-x86_64/results/3.1/RMySQL.Rcheck/00install.out’ for details.
    * pre-conf. environment: (PKG_CFLAGS=, PKG_CPPFLAGS=-I/usr/local/mysql/include, PKG_LIBS=-L/usr/local/mysql/lib -lmysqlclient)
Flavor: r-release-osx-x86_64-mavericks