CRAN Package Check Results for Package RMySQL

Last updated on 2014-08-22 13:47:02.

Flavor Version Tinstall Tcheck Ttotal Status Flags
r-devel-linux-x86_64-debian-clang 0.9-3 3.36 16.76 20.12 OK
r-devel-linux-x86_64-debian-gcc 0.9-3 3.74 17.26 21.00 OK
r-devel-linux-x86_64-fedora-clang 0.9-3 44.57 OK
r-devel-linux-x86_64-fedora-gcc 0.9-3 42.34 OK
r-patched-linux-x86_64 0.9-3 3.57 17.02 20.58 OK
r-release-linux-ix86 0.9-3 5.82 24.60 30.42 OK
r-release-linux-x86_64 0.9-3 3.60 17.97 21.57 OK
r-release-osx-x86_64-mavericks 0.9-3 ERROR

Check Details

Version: 0.9-3
Check: whether package can be installed
Result: ERROR
    Installation failed.
    See ‘/Builds/CRAN-QA-Simon/packages/mavericks-x86_64/results/3.1/RMySQL.Rcheck/00install.out’ for details.
    * pre-conf. environment: (PKG_CFLAGS=, PKG_CPPFLAGS=-I/usr/local/mysql/include, PKG_LIBS=-L/usr/local/mysql/lib -lmysqlclient)
Flavor: r-release-osx-x86_64-mavericks