CRAN Package Check Results for Package RMySQL

Last updated on 2020-04-04 04:50:11 CEST.

Flavor Version Tinstall Tcheck Ttotal Status Flags
r-devel-linux-x86_64-debian-clang 0.10.20 7.34 33.76 41.10 OK
r-devel-linux-x86_64-debian-gcc 0.10.20 5.67 26.13 31.80 OK
r-devel-linux-x86_64-fedora-clang 0.10.20 50.06 OK
r-devel-linux-x86_64-fedora-gcc 0.10.20 49.01 OK
r-devel-windows-ix86+x86_64 0.10.20 45.00 156.00 201.00 NOTE
r-devel-windows-ix86+x86_64-gcc8 0.10.20 44.00 153.00 197.00 NOTE
r-patched-linux-x86_64 0.10.20 6.46 32.71 39.17 OK
r-patched-solaris-x86 0.10.20 75.30 OK
r-release-linux-x86_64 0.10.20 4.97 30.44 35.41 OK
r-release-windows-ix86+x86_64 0.10.20 38.00 159.00 197.00 NOTE
r-release-osx-x86_64 0.10.20 OK
r-oldrel-windows-ix86+x86_64 0.10.20 49.00 151.00 200.00 NOTE
r-oldrel-osx-x86_64 0.10.20 OK

Check Details

Version: 0.10.20
Check: installed package size
Result: NOTE
     installed size is 6.6Mb
     sub-directories of 1Mb or more:
     libs 6.2Mb
Flavors: r-devel-windows-ix86+x86_64, r-devel-windows-ix86+x86_64-gcc8, r-release-windows-ix86+x86_64, r-oldrel-windows-ix86+x86_64