CRAN Package Check Results for Package RMySQL

Last updated on 2018-04-23 10:50:29 CEST.

Flavor Version Tinstall Tcheck Ttotal Status Flags
r-devel-linux-x86_64-debian-clang 0.10.14 5.42 25.83 31.25 OK
r-devel-linux-x86_64-debian-gcc 0.10.14 3.50 21.74 25.24 OK
r-devel-linux-x86_64-fedora-clang 0.10.14 39.98 OK
r-devel-linux-x86_64-fedora-gcc 0.10.14 38.57 OK
r-devel-windows-ix86+x86_64 0.10.14 37.00 134.00 171.00 NOTE
r-devel-osx-x86_64 0.10.14 OK
r-patched-linux-x86_64 0.10.14 4.76 27.23 31.99 OK
r-patched-solaris-x86 0.10.14 63.30 OK
r-release-linux-x86_64 0.10.14 3.47 27.90 31.37 OK
r-release-windows-ix86+x86_64 0.10.14 34.00 125.00 159.00 ERROR
r-release-osx-x86_64 0.10.14 OK
r-oldrel-windows-ix86+x86_64 0.10.14 31.00 137.00 168.00 NOTE

Check Details

Version: 0.10.14
Check: installed package size
Result: NOTE
     installed size is 5.2Mb
     sub-directories of 1Mb or more:
     libs 4.8Mb
Flavors: r-devel-windows-ix86+x86_64, r-oldrel-windows-ix86+x86_64

Version: 0.10.14
Check: whether package can be installed
Result: ERROR
    Installation failed.
Flavor: r-release-windows-ix86+x86_64