CRAN Package Check Results for Package RMySQL

Last updated on 2020-02-17 15:48:23 CET.

Flavor Version Tinstall Tcheck Ttotal Status Flags
r-devel-linux-x86_64-debian-clang 0.10.19 7.85 34.06 41.91 OK
r-devel-linux-x86_64-debian-gcc 0.10.19 5.44 26.74 32.18 OK
r-devel-linux-x86_64-fedora-clang 0.10.19 52.27 OK
r-devel-linux-x86_64-fedora-gcc 0.10.19 50.37 OK
r-devel-windows-ix86+x86_64 0.10.19 40.00 168.00 208.00 NOTE
r-devel-windows-ix86+x86_64-gcc8 0.10.18 61.00 178.00 239.00 NOTE
r-patched-linux-x86_64 0.10.19 5.35 30.33 35.68 OK
r-patched-solaris-x86 0.10.19 70.60 OK
r-release-linux-x86_64 0.10.19 5.91 29.58 35.49 OK
r-release-windows-ix86+x86_64 0.10.19 35.00 159.00 194.00 NOTE
r-release-osx-x86_64 0.10.19 OK
r-oldrel-windows-ix86+x86_64 0.10.19 38.00 150.00 188.00 NOTE
r-oldrel-osx-x86_64 0.10.19 OK

Check Details

Version: 0.10.19
Check: installed package size
Result: NOTE
     installed size is 6.6Mb
     sub-directories of 1Mb or more:
     libs 6.2Mb
Flavors: r-devel-windows-ix86+x86_64, r-release-windows-ix86+x86_64, r-oldrel-windows-ix86+x86_64

Version: 0.10.18
Check: installed package size
Result: NOTE
     installed size is 6.6Mb
     sub-directories of 1Mb or more:
     libs 6.2Mb
Flavor: r-devel-windows-ix86+x86_64-gcc8