CRAN Package Check Results for Package RMySQL

Last updated on 2015-08-28 10:49:17.

Flavor Version Tinstall Tcheck Ttotal Status Flags
r-devel-linux-x86_64-debian-clang 0.10.5 2.36 15.24 17.61 OK
r-devel-linux-x86_64-debian-gcc 0.10.5 2.46 14.81 17.27 OK
r-devel-linux-x86_64-fedora-clang 0.10.5 33.95 OK
r-devel-linux-x86_64-fedora-gcc 0.10.5 32.60 OK
r-devel-osx-x86_64-clang 0.10.5 33.14 OK
r-devel-windows-ix86+x86_64 0.10.5 50.00 135.00 185.00 OK
r-patched-linux-x86_64 0.10.5 2.45 16.31 18.76 OK
r-release-linux-x86_64 0.10.5 2.87 15.70 18.58 OK
r-release-osx-x86_64-mavericks 0.10.5 ERROR
r-release-windows-ix86+x86_64 0.10.5 38.00 136.00 174.00 OK
r-oldrel-windows-ix86+x86_64 0.10.5 40.00 117.00 157.00 OK

Check Details

Version: 0.10.5
Check: whether package can be installed
Result: ERROR
    Installation failed.
    See ‘/Builds/CRAN-QA-Simon/packages/mavericks-x86_64/results/3.2/RMySQL.Rcheck/00install.out’ for details.
    Status: 1 ERROR
    * pre-conf. environment: (PKG_CFLAGS=, PKG_CPPFLAGS=-I/usr/local/mysql/include, PKG_LIBS=-L/usr/local/mysql/lib -lmysqlclient)
Flavor: r-release-osx-x86_64-mavericks