CRAN Package Check Results for Package RMySQL

Last updated on 2014-04-24 15:50:46.

Flavor Version Tinstall Tcheck Ttotal Status Flags
r-devel-linux-x86_64-debian-clang 0.9-3 3.44 17.90 21.34 OK
r-devel-linux-x86_64-debian-gcc 0.9-3 3.70 17.65 21.35 OK
r-devel-linux-x86_64-fedora-clang 0.9-3 44.51 OK
r-devel-linux-x86_64-fedora-gcc 0.9-3 43.66 OK
r-devel-osx-x86_64-gcc 0.9-3 NOTE
r-patched-linux-x86_64 0.9-3 3.70 18.16 21.86 OK
r-release-linux-ix86 0.9-3 9.00 35.00 44.00 OK
r-release-linux-x86_64 0.9-3 4.04 17.94 21.98 OK
r-release-osx-x86_64-mavericks 0.9-3 ERROR

Check Details

Version: 0.9-3
Check: installed package size
Result: NOTE
     installed size is 5.7Mb
     sub-directories of 1Mb or more:
     libs 5.3Mb
Flavor: r-devel-osx-x86_64-gcc

Version: 0.9-3
Check: whether package can be installed
Result: ERROR
    Installation failed.
    See ‘/Builds/CRAN-QA-Simon/packages/mavericks-x86_64/results/3.1/RMySQL.Rcheck/00install.out’ for details.
    * pre-conf. environment: (PKG_CFLAGS=, PKG_CPPFLAGS=-I/usr/local/mysql/include, PKG_LIBS=-L/usr/local/mysql/lib -lmysqlclient)
Flavor: r-release-osx-x86_64-mavericks