CRAN Package Check Results for Package RMySQL

Last updated on 2015-05-24 19:48:04.

Flavor Version Tinstall Tcheck Ttotal Status Flags
r-devel-linux-x86_64-debian-clang 0.10.3 2.26 15.79 18.05 OK
r-devel-linux-x86_64-debian-gcc 0.10.3 2.36 15.21 17.58 OK
r-devel-linux-x86_64-fedora-clang 0.10.3 34.97 OK
r-devel-linux-x86_64-fedora-gcc 0.10.3 33.51 OK
r-devel-osx-x86_64-clang 0.10.3 35.92 OK
r-devel-windows-ix86+x86_64 0.10.3 37.00 112.00 149.00 OK
r-patched-linux-x86_64 0.10.3 2.55 15.14 17.68 OK
r-release-linux-x86_64 0.10.3 2.31 15.42 17.73 OK
r-release-osx-x86_64-mavericks 0.10.3 OK
r-release-osx-x86_64-snowleopard 0.10.3 ERROR
r-release-windows-ix86+x86_64 0.10.3 31.00 107.00 138.00 OK
r-oldrel-windows-ix86+x86_64 0.10.3 31.00 116.00 147.00 OK

Check Details

Version: 0.10.3
Check: installed package size
Result: NOTE
     installed size is 5.6Mb
     sub-directories of 1Mb or more:
     libs 5.3Mb
Flavor: r-release-osx-x86_64-snowleopard

Version: 0.10.3
Check: tests
Result: ERROR
    Running the tests in ‘tests/testthat.R’ failed.
    Last 13 lines of output:
     could not find function "skip"
    
     2. Error: query returns expected number of rows --------------------------------
     could not find function "skip"
    
     3. Error: correctly computes affected rows -------------------------------------
     could not find function "skip"
    
     4. Error: basic roundtrip is succesful -----------------------------------------
     could not find function "skip"
    
     Error: Test failures
     Execution halted
Flavor: r-release-osx-x86_64-snowleopard