CRAN Package Check Results for Package RMySQL

Last updated on 2020-10-25 17:50:39 CET.

Flavor Version Tinstall Tcheck Ttotal Status Flags
r-devel-linux-x86_64-debian-clang 0.10.20 6.89 34.56 41.45 OK
r-devel-linux-x86_64-debian-gcc 0.10.20 6.29 26.92 33.21 OK
r-devel-linux-x86_64-fedora-clang 0.10.20 59.74 OK
r-devel-linux-x86_64-fedora-gcc 0.10.20 50.48 OK
r-devel-windows-ix86+x86_64 0.10.20 34.00 160.00 194.00 NOTE
r-patched-linux-x86_64 0.10.20 6.52 33.09 39.61 OK
r-patched-solaris-x86 0.10.20 73.40 OK
r-release-linux-x86_64 0.10.20 6.74 33.22 39.96 OK
r-release-macos-x86_64 0.10.20 OK
r-release-windows-ix86+x86_64 0.10.20 29.00 136.00 165.00 NOTE
r-oldrel-macos-x86_64 0.10.20 OK
r-oldrel-windows-ix86+x86_64 0.10.20 28.00 161.00 189.00 NOTE

Check Details

Version: 0.10.20
Check: installed package size
Result: NOTE
     installed size is 6.6Mb
     sub-directories of 1Mb or more:
     libs 6.2Mb
Flavors: r-devel-windows-ix86+x86_64, r-release-windows-ix86+x86_64, r-oldrel-windows-ix86+x86_64