CRAN Package Check Results for Package RMySQL

Last updated on 2021-04-22 11:50:29 CEST.

Flavor Version Tinstall Tcheck Ttotal Status Flags
r-devel-linux-x86_64-debian-clang 0.10.21 7.32 35.16 42.48 OK
r-devel-linux-x86_64-debian-gcc 0.10.21 5.73 28.41 34.14 OK
r-devel-linux-x86_64-fedora-clang 0.10.21 61.33 OK
r-devel-linux-x86_64-fedora-gcc 0.10.21 52.92 OK
r-devel-windows-ix86+x86_64 0.10.21 27.00 168.00 195.00 NOTE
r-devel-windows-x86_64-gcc10-UCRT 0.10.21 OK
r-patched-linux-x86_64 0.10.21 7.49 34.06 41.55 WARN
r-patched-solaris-x86 0.10.21 74.40 OK
r-release-linux-x86_64 0.10.21 7.01 34.18 41.19 OK
r-release-macos-x86_64 0.10.21 OK
r-release-windows-ix86+x86_64 0.10.21 28.00 171.00 199.00 NOTE
r-oldrel-macos-x86_64 0.10.21 OK
r-oldrel-windows-ix86+x86_64 0.10.21 20.00 173.00 193.00 NOTE

Check Details

Version: 0.10.21
Check: installed package size
Result: NOTE
     installed size is 6.6Mb
     sub-directories of 1Mb or more:
     libs 6.3Mb
Flavors: r-devel-windows-ix86+x86_64, r-release-windows-ix86+x86_64, r-oldrel-windows-ix86+x86_64

Version: 0.10.21
Check: whether package can be installed
Result: WARN
    Found the following significant warnings:
     Rd warning: /tmp/RtmpviRySZ/R.INSTALL21e16a4864f1/RMySQL/man/MySQLDriver-class.Rd:22: file link ‘fetch’ in package ‘DBI’ does not exist and so has been treated as a topic
Flavor: r-patched-linux-x86_64