CRAN Package Check Results for Package RMySQL

Last updated on 2019-02-18 07:49:54 CET.

Flavor Version Tinstall Tcheck Ttotal Status Flags
r-devel-linux-x86_64-debian-clang 0.10.16 6.10 30.08 36.18 OK
r-devel-linux-x86_64-debian-gcc 0.10.16 4.36 23.71 28.07 OK
r-devel-linux-x86_64-fedora-clang 0.10.16 44.65 OK
r-devel-linux-x86_64-fedora-gcc 0.10.16 42.61 OK
r-devel-windows-ix86+x86_64 0.10.16 46.00 141.00 187.00 NOTE
r-patched-linux-x86_64 0.10.16 5.52 28.33 33.85 OK
r-patched-solaris-x86 0.10.16 59.60 OK
r-release-linux-x86_64 0.10.16 OK
r-release-windows-ix86+x86_64 0.10.16 26.00 177.00 203.00 NOTE
r-release-osx-x86_64 0.10.16 OK
r-oldrel-windows-ix86+x86_64 0.10.16 34.00 150.00 184.00 NOTE
r-oldrel-osx-x86_64 0.10.16 OK

Additional issues

rchk

Check Details

Version: 0.10.16
Check: installed package size
Result: NOTE
     installed size is 6.6Mb
     sub-directories of 1Mb or more:
     libs 6.2Mb
Flavors: r-devel-windows-ix86+x86_64, r-release-windows-ix86+x86_64, r-oldrel-windows-ix86+x86_64