CRAN Package Check Results for Package RMySQL

Last updated on 2019-07-19 12:55:31 CEST.

Flavor Version Tinstall Tcheck Ttotal Status Flags
r-devel-linux-x86_64-debian-clang 0.10.17 5.99 29.13 35.12 OK
r-devel-linux-x86_64-debian-gcc 0.10.17 5.02 23.89 28.91 OK
r-devel-linux-x86_64-fedora-clang 0.10.17 43.30 OK
r-devel-linux-x86_64-fedora-gcc 0.10.17 40.57 OK
r-devel-windows-ix86+x86_64 0.10.17 53.00 161.00 214.00 NOTE
r-patched-linux-x86_64 0.10.17 5.74 29.35 35.09 OK
r-patched-solaris-x86 0.10.17 65.70 OK
r-release-linux-x86_64 0.10.17 5.26 29.12 34.38 OK
r-release-windows-ix86+x86_64 0.10.17 42.00 150.00 192.00 NOTE
r-release-osx-x86_64 0.10.17 OK
r-oldrel-windows-ix86+x86_64 0.10.17 37.00 178.00 215.00 NOTE
r-oldrel-osx-x86_64 0.10.17 OK

Check Details

Version: 0.10.17
Check: installed package size
Result: NOTE
     installed size is 6.6Mb
     sub-directories of 1Mb or more:
     libs 6.2Mb
Flavors: r-devel-windows-ix86+x86_64, r-release-windows-ix86+x86_64, r-oldrel-windows-ix86+x86_64