CRAN Package Check Results for Package RNCBI

Last updated on 2014-08-21 03:48:26.

Flavor Version Tinstall Tcheck Ttotal Status Flags
r-devel-linux-x86_64-debian-clang 0.9.1 2.79 29.24 32.03 NOTE
r-devel-linux-x86_64-debian-gcc 0.9.1 2.74 28.49 31.23 NOTE
r-devel-linux-x86_64-fedora-clang 0.9.1 83.28 NOTE
r-devel-linux-x86_64-fedora-gcc 0.9.1 70.53 NOTE
r-devel-osx-x86_64-clang 0.9.1 61.46 NOTE
r-devel-windows-ix86+x86_64 0.9.1 9.00 45.00 54.00 NOTE
r-patched-linux-x86_64 0.9.1 2.82 29.34 32.15 NOTE
r-patched-solaris-sparc 0.9.1 399.40 NOTE
r-patched-solaris-x86 0.9.1 100.20 NOTE
r-release-linux-ix86 0.9.1 3.49 37.62 41.11 NOTE
r-release-linux-x86_64 0.9.1 3.02 30.48 33.51 NOTE
r-release-osx-x86_64-mavericks 0.9.1 NOTE
r-release-osx-x86_64-snowleopard 0.9.1 NOTE
r-release-windows-ix86+x86_64 0.9.1 9.00 64.00 73.00 NOTE
r-oldrel-windows-ix86+x86_64 0.9.1 12.00 60.00 72.00 NOTE

Check Details

Version: 0.9.1
Check: dependencies in R code
Result: NOTE
    Namespace in Imports field not imported from: ‘methods’
     All declared Imports should be used.
    Packages in Depends field not imported from:
     ‘RNCBIAxis2Libs’ ‘RNCBIEUtilsLibs’
     These packages need to be imported from (in the NAMESPACE file)
     for when this namespace is loaded but not attached.
    See the information on DESCRIPTION files in the chapter ‘Creating R
    packages’ of the ‘Writing R Extensions’ manual.
Flavors: r-devel-linux-x86_64-debian-clang, r-devel-linux-x86_64-debian-gcc, r-devel-linux-x86_64-fedora-clang, r-devel-linux-x86_64-fedora-gcc, r-devel-osx-x86_64-clang, r-devel-windows-ix86+x86_64, r-patched-linux-x86_64, r-patched-solaris-sparc, r-patched-solaris-x86, r-release-linux-ix86, r-release-linux-x86_64, r-release-osx-x86_64-mavericks, r-release-windows-ix86+x86_64, r-oldrel-windows-ix86+x86_64

Version: 0.9.1
Check: Rd line widths
Result: NOTE
    Rd file 'recursiveFunction.Rd':
     \usage lines wider than 90 characters:
     .recursiveFunction(opObj, xmldoc, xml_array, xml_object, xml_entry, xml_attr_name, xml_attr_length)
    
    These lines will be truncated in the PDF manual.
Flavors: r-devel-linux-x86_64-fedora-clang, r-devel-linux-x86_64-fedora-gcc

Version: 0.9.1
Check: dependencies in R code
Result: NOTE
    Namespace in Imports field not imported from: 'methods'
     All declared Imports should be used.
    Packages in Depends field not imported from:
     'RNCBIAxis2Libs' 'RNCBIEUtilsLibs'
     These packages need to be imported from for the case when
     this namespace is loaded but not attached.
    See the information on DESCRIPTION files in the chapter 'Creating R
    packages' of the 'Writing R Extensions' manual.
Flavor: r-release-osx-x86_64-snowleopard