CRAN Package Check Results for Package RNCBI

Last updated on 2014-07-25 01:48:51.

Flavor Version Tinstall Tcheck Ttotal Status Flags
r-devel-linux-x86_64-debian-clang 0.9.1 2.81 29.30 32.10 NOTE
r-devel-linux-x86_64-debian-gcc 0.9.1 3.41 28.92 32.33 NOTE
r-devel-linux-x86_64-fedora-clang 0.9.1 74.40 NOTE
r-devel-linux-x86_64-fedora-gcc 0.9.1 70.53 NOTE
r-devel-osx-x86_64-clang 0.9.1 61.12 NOTE
r-devel-windows-ix86+x86_64 0.9.1 8.00 47.00 55.00 NOTE
r-patched-linux-x86_64 0.9.1 3.09 28.97 32.06 NOTE
r-patched-solaris-sparc 0.9.1 413.00 NOTE
r-patched-solaris-x86 0.9.1 97.10 NOTE
r-release-linux-ix86 0.9.1 3.48 40.20 43.68 NOTE
r-release-linux-x86_64 0.9.1 2.82 29.48 32.30 NOTE
r-release-osx-x86_64-mavericks 0.9.1 NOTE
r-release-osx-x86_64-snowleopard 0.9.1 NOTE
r-release-windows-ix86+x86_64 0.9.1 11.00 48.00 59.00 NOTE
r-oldrel-windows-ix86+x86_64 0.9.1 8.00 48.00 56.00 NOTE

Check Details

Version: 0.9.1
Check: dependencies in R code
Result: NOTE
    Namespace in Imports field not imported from: ‘methods’
     All declared Imports should be used.
    Packages in Depends field not imported from:
     ‘RNCBIAxis2Libs’ ‘RNCBIEUtilsLibs’
     These packages need to be imported from (in the NAMESPACE file)
     for when this namespace is loaded but not attached.
    See the information on DESCRIPTION files in the chapter ‘Creating R
    packages’ of the ‘Writing R Extensions’ manual.
Flavors: r-devel-linux-x86_64-debian-clang, r-devel-linux-x86_64-debian-gcc, r-devel-linux-x86_64-fedora-clang, r-devel-linux-x86_64-fedora-gcc, r-devel-osx-x86_64-clang, r-devel-windows-ix86+x86_64, r-patched-linux-x86_64, r-patched-solaris-sparc, r-patched-solaris-x86, r-release-linux-ix86, r-release-linux-x86_64, r-release-osx-x86_64-mavericks, r-release-windows-ix86+x86_64, r-oldrel-windows-ix86+x86_64

Version: 0.9.1
Check: Rd line widths
Result: NOTE
    Rd file 'recursiveFunction.Rd':
     \usage lines wider than 90 characters:
     .recursiveFunction(opObj, xmldoc, xml_array, xml_object, xml_entry, xml_attr_name, xml_attr_length)
    
    These lines will be truncated in the PDF manual.
Flavors: r-devel-linux-x86_64-fedora-clang, r-devel-linux-x86_64-fedora-gcc

Version: 0.9.1
Check: dependencies in R code
Result: NOTE
    Namespace in Imports field not imported from: 'methods'
     All declared Imports should be used.
    Packages in Depends field not imported from:
     'RNCBIAxis2Libs' 'RNCBIEUtilsLibs'
     These packages need to be imported from for the case when
     this namespace is loaded but not attached.
    See the information on DESCRIPTION files in the chapter 'Creating R
    packages' of the 'Writing R Extensions' manual.
Flavor: r-release-osx-x86_64-snowleopard