CRAN Package Check Results for Package RNCBI

Last updated on 2014-04-24 11:48:54.

Flavor Version Tinstall Tcheck Ttotal Status Flags
r-devel-linux-x86_64-debian-clang 0.9.1 3.03 30.80 33.84 NOTE
r-devel-linux-x86_64-debian-gcc 0.9.1 2.98 31.22 34.20 NOTE
r-devel-linux-x86_64-fedora-clang 0.9.1 74.46 NOTE
r-devel-linux-x86_64-fedora-gcc 0.9.1 69.88 NOTE
r-devel-osx-x86_64-clang 0.9.1 63.16 NOTE
r-devel-osx-x86_64-gcc 0.9.1 ERROR
r-devel-windows-ix86+x86_64 0.9.1 9.00 46.00 55.00 NOTE
r-patched-linux-x86_64 0.9.1 3.08 30.46 33.54 NOTE
r-patched-solaris-sparc 0.9.1 413.00 NOTE
r-patched-solaris-x86 0.9.1 94.00 NOTE
r-release-linux-ix86 0.9.1 4.00 51.00 55.00 NOTE
r-release-linux-x86_64 0.9.1 3.31 31.76 35.07 NOTE
r-release-osx-x86_64-mavericks 0.9.1 WARN
r-release-osx-x86_64-snowleopard 0.9.1 NOTE
r-release-windows-ix86+x86_64 0.9.1 12.00 61.00 73.00 NOTE
r-oldrel-windows-ix86+x86_64 0.9.1 8.00 48.00 56.00 NOTE

Check Details

Version: 0.9.1
Check: dependencies in R code
Result: NOTE
    Namespace in Imports field not imported from: ‘methods’
     All declared Imports should be used.
    Packages in Depends field not imported from:
     ‘RNCBIAxis2Libs’ ‘RNCBIEUtilsLibs’
     These packages need to be imported from (in the NAMESPACE file)
     for when this namespace is loaded but not attached.
    See the information on DESCRIPTION files in the chapter ‘Creating R
    packages’ of the ‘Writing R Extensions’ manual.
Flavors: r-devel-linux-x86_64-debian-clang, r-devel-linux-x86_64-debian-gcc, r-devel-linux-x86_64-fedora-clang, r-devel-linux-x86_64-fedora-gcc, r-devel-osx-x86_64-clang, r-devel-windows-ix86+x86_64, r-patched-linux-x86_64, r-patched-solaris-sparc, r-patched-solaris-x86, r-release-linux-ix86, r-release-linux-x86_64, r-release-osx-x86_64-mavericks, r-release-windows-ix86+x86_64, r-oldrel-windows-ix86+x86_64

Version: 0.9.1
Check: Rd line widths
Result: NOTE
    Rd file 'recursiveFunction.Rd':
     \usage lines wider than 90 characters:
     .recursiveFunction(opObj, xmldoc, xml_array, xml_object, xml_entry, xml_attr_name, xml_attr_length)
    
    These lines will be truncated in the PDF manual.
Flavors: r-devel-linux-x86_64-fedora-clang, r-devel-linux-x86_64-fedora-gcc

Version: 0.9.1
Check: package dependencies
Result: ERROR
    Package required but not available: ‘XML’
    
    See the information on DESCRIPTION files in the chapter ‘Creating R
    packages’ of the ‘Writing R Extensions’ manual.
Flavor: r-devel-osx-x86_64-gcc

Version: 0.9.1
Check: PDF version of manual
Result: WARNING
    LaTeX errors when creating PDF version.
    This typically indicates Rd problems.
    LaTeX errors found:
    ! LaTeX Error: File `upquote.sty' not found.
    
    Type X to quit or <RETURN> to proceed,
    or enter new name. (Default extension: sty)
    
    620dfed5/Rd2.tex:8: ==> Fatal error occurred, no output PDF file produced!
Flavor: r-release-osx-x86_64-mavericks

Version: 0.9.1
Check: dependencies in R code
Result: NOTE
    Namespace in Imports field not imported from: 'methods'
     All declared Imports should be used.
    Packages in Depends field not imported from:
     'RNCBIAxis2Libs' 'RNCBIEUtilsLibs'
     These packages need to be imported from for the case when
     this namespace is loaded but not attached.
    See the information on DESCRIPTION files in the chapter 'Creating R
    packages' of the 'Writing R Extensions' manual.
Flavor: r-release-osx-x86_64-snowleopard