CRAN Package Check Results for Package RNCBIAxis2Libs

Last updated on 2014-04-19 18:47:48.

Flavor Version Tinstall Tcheck Ttotal Status Flags
r-devel-linux-x86_64-debian-clang 0.9 2.25 20.47 22.72 NOTE
r-devel-linux-x86_64-debian-gcc 0.9 2.06 20.57 22.62 NOTE
r-devel-linux-x86_64-fedora-clang 0.9 46.75 NOTE
r-devel-linux-x86_64-fedora-gcc 0.9 43.22 NOTE
r-devel-macosx-x86_64-clang 0.9 44.25 NOTE
r-devel-macosx-x86_64-gcc 0.9 NOTE
r-devel-windows-ix86+x86_64 0.9 6.00 40.00 46.00 NOTE
r-patched-linux-x86_64 0.9 2.04 20.81 22.84 NOTE
r-patched-solaris-sparc 0.9 263.70 NOTE
r-patched-solaris-x86 0.9 64.80 NOTE
r-release-linux-ix86 NOTE
r-release-linux-x86_64 0.9 2.05 20.38 22.43 NOTE
r-release-macosx-x86_64 0.9 NOTE
r-release-windows-ix86+x86_64 0.9 10.00 41.00 51.00 NOTE
r-oldrel-windows-ix86+x86_64 0.9 5.00 31.00 36.00 NOTE

Check Details

Version: 0.9
Check: installed package size
Result: NOTE
     installed size is 7.3Mb
     sub-directories of 1Mb or more:
     java 7.2Mb
Flavors: r-devel-linux-x86_64-debian-clang, r-devel-linux-x86_64-debian-gcc, r-devel-linux-x86_64-fedora-clang, r-devel-linux-x86_64-fedora-gcc, r-devel-macosx-x86_64-clang, r-devel-macosx-x86_64-gcc, r-devel-windows-ix86+x86_64, r-patched-linux-x86_64, r-patched-solaris-sparc, r-patched-solaris-x86, r-release-linux-ix86, r-release-linux-x86_64, r-release-macosx-x86_64, r-release-windows-ix86+x86_64, r-oldrel-windows-ix86+x86_64

Version: 0.9
Check: dependencies in R code
Result: NOTE
    Namespace in Imports field not imported from: ‘methods’
     All declared Imports should be used.
    See the information on DESCRIPTION files in the chapter ‘Creating R
    packages’ of the ‘Writing R Extensions’ manual.
Flavors: r-devel-linux-x86_64-debian-clang, r-devel-linux-x86_64-debian-gcc, r-devel-linux-x86_64-fedora-clang, r-devel-linux-x86_64-fedora-gcc, r-devel-macosx-x86_64-clang, r-devel-macosx-x86_64-gcc, r-devel-windows-ix86+x86_64, r-patched-linux-x86_64, r-patched-solaris-sparc, r-patched-solaris-x86, r-release-linux-ix86, r-release-linux-x86_64, r-release-macosx-x86_64, r-release-windows-ix86+x86_64, r-oldrel-windows-ix86+x86_64