CRAN Package Check Results for Package RNCBIAxis2Libs

Last updated on 2014-09-01 23:46:51.

Flavor Version Tinstall Tcheck Ttotal Status Flags
r-release-linux-ix86 0.9 2.46 26.22 28.68 NOTE

Check Details

Version: 0.9
Check: installed package size
Result: NOTE
     installed size is 7.4Mb
     sub-directories of 1Mb or more:
     java 7.3Mb
Flavor: r-release-linux-ix86

Version: 0.9
Check: dependencies in R code
Result: NOTE
    Namespace in Imports field not imported from: ‘methods’
     All declared Imports should be used.
    See the information on DESCRIPTION files in the chapter ‘Creating R
    packages’ of the ‘Writing R Extensions’ manual.
Flavor: r-release-linux-ix86