CRAN Package Check Results for Package RNCBIAxis2Libs

Last updated on 2014-07-22 10:47:25.

Flavor Version Tinstall Tcheck Ttotal Status Flags
r-devel-linux-x86_64-debian-clang 0.9 1.94 19.58 21.52 NOTE
r-devel-linux-x86_64-debian-gcc 0.9 1.85 20.02 21.87 NOTE
r-devel-linux-x86_64-fedora-clang 0.9 46.15 NOTE
r-devel-linux-x86_64-fedora-gcc 0.9 43.46 NOTE
r-devel-osx-x86_64-clang 0.9 42.97 NOTE
r-devel-windows-ix86+x86_64 0.9 6.00 30.00 36.00 NOTE
r-patched-linux-x86_64 0.9 1.94 20.11 22.05 NOTE
r-patched-solaris-sparc 0.9 263.70 NOTE
r-patched-solaris-x86 0.9 71.00 NOTE
r-release-linux-ix86 0.9 2.66 28.06 30.71 NOTE
r-release-linux-x86_64 0.9 1.98 19.88 21.86 NOTE
r-release-osx-x86_64-mavericks 0.9 NOTE
r-release-osx-x86_64-snowleopard 0.9 NOTE
r-release-windows-ix86+x86_64 0.9 9.00 30.00 39.00 NOTE
r-oldrel-windows-ix86+x86_64 0.9 5.00 31.00 36.00 NOTE

Check Details

Version: 0.9
Check: installed package size
Result: NOTE
     installed size is 7.3Mb
     sub-directories of 1Mb or more:
     java 7.2Mb
Flavors: r-devel-linux-x86_64-debian-clang, r-devel-linux-x86_64-debian-gcc, r-devel-linux-x86_64-fedora-clang, r-devel-linux-x86_64-fedora-gcc, r-devel-osx-x86_64-clang, r-devel-windows-ix86+x86_64, r-patched-linux-x86_64, r-patched-solaris-sparc, r-patched-solaris-x86, r-release-linux-ix86, r-release-linux-x86_64, r-release-osx-x86_64-mavericks, r-release-osx-x86_64-snowleopard, r-release-windows-ix86+x86_64, r-oldrel-windows-ix86+x86_64

Version: 0.9
Check: dependencies in R code
Result: NOTE
    Namespace in Imports field not imported from: ‘methods’
     All declared Imports should be used.
    See the information on DESCRIPTION files in the chapter ‘Creating R
    packages’ of the ‘Writing R Extensions’ manual.
Flavors: r-devel-linux-x86_64-debian-clang, r-devel-linux-x86_64-debian-gcc, r-devel-linux-x86_64-fedora-clang, r-devel-linux-x86_64-fedora-gcc, r-devel-osx-x86_64-clang, r-devel-windows-ix86+x86_64, r-patched-linux-x86_64, r-patched-solaris-sparc, r-patched-solaris-x86, r-release-linux-ix86, r-release-linux-x86_64, r-release-osx-x86_64-mavericks, r-release-osx-x86_64-snowleopard, r-release-windows-ix86+x86_64, r-oldrel-windows-ix86+x86_64