CRAN Package Check Results for Package RNCBIAxis2Libs

Last updated on 2014-08-21 01:47:52.

Flavor Version Tinstall Tcheck Ttotal Status Flags
r-devel-linux-x86_64-debian-clang 0.9 2.01 19.78 21.80 NOTE
r-devel-linux-x86_64-debian-gcc 0.9 1.85 19.68 21.53 NOTE
r-devel-linux-x86_64-fedora-clang 0.9 51.62 NOTE
r-devel-linux-x86_64-fedora-gcc 0.9 43.42 NOTE
r-devel-osx-x86_64-clang 0.9 44.24 NOTE
r-devel-windows-ix86+x86_64 0.9 6.00 30.00 36.00 NOTE
r-patched-linux-x86_64 0.9 1.92 19.60 21.52 NOTE
r-patched-solaris-sparc 0.9 266.50 NOTE
r-patched-solaris-x86 0.9 65.70 NOTE
r-release-linux-ix86 0.9 2.45 26.24 28.69 NOTE
r-release-linux-x86_64 0.9 1.97 20.52 22.49 NOTE
r-release-osx-x86_64-mavericks 0.9 NOTE
r-release-osx-x86_64-snowleopard 0.9 NOTE
r-release-windows-ix86+x86_64 0.9 9.00 30.00 39.00 NOTE
r-oldrel-windows-ix86+x86_64 0.9 5.00 31.00 36.00 NOTE

Check Details

Version: 0.9
Check: installed package size
Result: NOTE
     installed size is 7.3Mb
     sub-directories of 1Mb or more:
     java 7.2Mb
Flavors: r-devel-linux-x86_64-debian-clang, r-devel-linux-x86_64-debian-gcc, r-devel-linux-x86_64-fedora-clang, r-devel-linux-x86_64-fedora-gcc, r-devel-osx-x86_64-clang, r-devel-windows-ix86+x86_64, r-patched-linux-x86_64, r-patched-solaris-sparc, r-patched-solaris-x86, r-release-linux-ix86, r-release-linux-x86_64, r-release-osx-x86_64-mavericks, r-release-osx-x86_64-snowleopard, r-release-windows-ix86+x86_64, r-oldrel-windows-ix86+x86_64

Version: 0.9
Check: dependencies in R code
Result: NOTE
    Namespace in Imports field not imported from: ‘methods’
     All declared Imports should be used.
    See the information on DESCRIPTION files in the chapter ‘Creating R
    packages’ of the ‘Writing R Extensions’ manual.
Flavors: r-devel-linux-x86_64-debian-clang, r-devel-linux-x86_64-debian-gcc, r-devel-linux-x86_64-fedora-clang, r-devel-linux-x86_64-fedora-gcc, r-devel-osx-x86_64-clang, r-devel-windows-ix86+x86_64, r-patched-linux-x86_64, r-patched-solaris-sparc, r-patched-solaris-x86, r-release-linux-ix86, r-release-linux-x86_64, r-release-osx-x86_64-mavericks, r-release-osx-x86_64-snowleopard, r-release-windows-ix86+x86_64, r-oldrel-windows-ix86+x86_64