CRAN Package Check Results for Package RNCBIEUtilsLibs

Last updated on 2016-12-10 08:47:49.

Flavor Version Tinstall Tcheck Ttotal Status Flags
r-devel-linux-x86_64-debian-clang 0.9 1.74 18.74 20.49 NOTE
r-devel-linux-x86_64-debian-gcc 0.9 1.74 18.78 20.52 NOTE
r-devel-linux-x86_64-fedora-clang 0.9 36.91 NOTE --no-stop-on-test-error
r-devel-linux-x86_64-fedora-gcc 0.9 34.58 NOTE --no-stop-on-test-error
r-devel-macos-x86_64-clang 0.9 30.56 NOTE --no-stop-on-test-error
r-devel-windows-ix86+x86_64 0.9 11.00 52.00 63.00 NOTE
r-patched-linux-x86_64 0.9 1.70 16.34 18.04 NOTE
r-patched-solaris-sparc 0.9 187.20 NOTE
r-patched-solaris-x86 0.9 40.90 NOTE
r-release-linux-x86_64 0.9 1.54 16.25 17.79 NOTE
r-release-osx-x86_64-mavericks 0.9 NOTE
r-release-windows-ix86+x86_64 0.9 6.00 34.00 40.00 NOTE
r-oldrel-windows-ix86+x86_64 0.9 5.00 33.00 38.00 NOTE

Check Details

Version: 0.9
Check: DESCRIPTION meta-information
Result: NOTE
    Malformed Title field: should not end in a period.
Flavors: r-devel-linux-x86_64-debian-clang, r-devel-linux-x86_64-debian-gcc, r-devel-windows-ix86+x86_64, r-patched-linux-x86_64, r-patched-solaris-sparc, r-patched-solaris-x86, r-release-linux-x86_64, r-release-osx-x86_64-mavericks, r-release-windows-ix86+x86_64, r-oldrel-windows-ix86+x86_64

Version: 0.9
Flags: --no-stop-on-test-error
Check: installed package size
Result: NOTE
     installed size is 12.2Mb
     sub-directories of 1Mb or more:
     java 12.1Mb
Flavors: r-devel-linux-x86_64-fedora-clang, r-devel-linux-x86_64-fedora-gcc, r-devel-macos-x86_64-clang

Version: 0.9
Flags: --no-stop-on-test-error
Check: DESCRIPTION meta-information
Result: NOTE
    Malformed Title field: should not end in a period.
Flavors: r-devel-linux-x86_64-fedora-clang, r-devel-linux-x86_64-fedora-gcc, r-devel-macos-x86_64-clang

Version: 0.9
Flags: --no-stop-on-test-error
Check: dependencies in R code
Result: NOTE
    Namespace in Imports field not imported from: ‘methods’
     All declared Imports should be used.
Flavors: r-devel-linux-x86_64-fedora-clang, r-devel-linux-x86_64-fedora-gcc, r-devel-macos-x86_64-clang

Version: 0.9
Check: installed package size
Result: NOTE
     installed size is 12.1Mb
     sub-directories of 1Mb or more:
     java 12.1Mb
Flavors: r-devel-windows-ix86+x86_64, r-patched-solaris-sparc, r-patched-solaris-x86, r-release-osx-x86_64-mavericks, r-release-windows-ix86+x86_64, r-oldrel-windows-ix86+x86_64

Version: 0.9
Check: dependencies in R code
Result: NOTE
    Namespace in Imports field not imported from: ‘methods’
     All declared Imports should be used.
Flavors: r-patched-solaris-sparc, r-patched-solaris-x86, r-release-osx-x86_64-mavericks, r-oldrel-windows-ix86+x86_64