CRAN Package Check Results for Package RNCBIEUtilsLibs

Last updated on 2015-09-03 03:48:41.

Flavor Version Tinstall Tcheck Ttotal Status Flags
r-devel-linux-x86_64-debian-clang 0.9 1.58 15.06 16.64 NOTE
r-devel-linux-x86_64-debian-gcc 0.9 1.54 14.82 16.36 NOTE
r-devel-linux-x86_64-fedora-clang 0.9 31.57 NOTE
r-devel-linux-x86_64-fedora-gcc 0.9 30.14 NOTE
r-devel-osx-x86_64-clang 0.9 30.86 NOTE
r-devel-windows-ix86+x86_64 0.9 6.00 28.00 34.00 NOTE
r-patched-linux-x86_64 0.9 1.68 16.04 17.72 NOTE
r-patched-solaris-sparc 0.9 229.00 NOTE
r-patched-solaris-x86 0.9 56.30 NOTE
r-release-linux-x86_64 0.9 1.85 15.94 17.80 NOTE
r-release-osx-x86_64-mavericks 0.9 NOTE
r-release-windows-ix86+x86_64 0.9 6.00 39.00 45.00 NOTE
r-oldrel-windows-ix86+x86_64 0.9 10.00 38.00 48.00 NOTE

Check Details

Version: 0.9
Check: installed package size
Result: NOTE
     installed size is 12.2Mb
     sub-directories of 1Mb or more:
     java 12.1Mb
Flavors: r-devel-linux-x86_64-debian-clang, r-devel-linux-x86_64-debian-gcc, r-devel-linux-x86_64-fedora-clang, r-devel-linux-x86_64-fedora-gcc, r-devel-osx-x86_64-clang, r-devel-windows-ix86+x86_64, r-patched-linux-x86_64, r-patched-solaris-sparc, r-patched-solaris-x86, r-release-linux-x86_64, r-release-osx-x86_64-mavericks, r-release-windows-ix86+x86_64, r-oldrel-windows-ix86+x86_64

Version: 0.9
Check: DESCRIPTION meta-information
Result: NOTE
    Malformed Title field: should not end in a period.
Flavors: r-devel-linux-x86_64-debian-clang, r-devel-linux-x86_64-debian-gcc, r-devel-linux-x86_64-fedora-clang, r-devel-linux-x86_64-fedora-gcc, r-devel-osx-x86_64-clang, r-devel-windows-ix86+x86_64, r-patched-linux-x86_64, r-patched-solaris-sparc, r-patched-solaris-x86, r-release-linux-x86_64, r-release-osx-x86_64-mavericks, r-release-windows-ix86+x86_64

Version: 0.9
Check: dependencies in R code
Result: NOTE
    Namespace in Imports field not imported from: ‘methods’
     All declared Imports should be used.
Flavors: r-devel-linux-x86_64-fedora-clang, r-devel-linux-x86_64-fedora-gcc, r-devel-osx-x86_64-clang, r-patched-linux-x86_64, r-patched-solaris-sparc, r-patched-solaris-x86, r-release-linux-x86_64, r-release-osx-x86_64-mavericks, r-release-windows-ix86+x86_64, r-oldrel-windows-ix86+x86_64