CRAN Package Check Results for Package RNCBIEUtilsLibs

Last updated on 2018-02-23 01:46:41 CET.

Flavor Version Tinstall Tcheck Ttotal Status Flags
r-devel-linux-x86_64-debian-clang 0.9 2.54 25.47 28.01 NOTE
r-devel-linux-x86_64-debian-gcc 0.9 1.97 21.53 23.50 NOTE
r-devel-linux-x86_64-fedora-clang 0.9 34.87 NOTE
r-devel-linux-x86_64-fedora-gcc 0.9 34.24 NOTE
r-devel-windows-ix86+x86_64 0.9 7.00 48.00 55.00 NOTE
r-patched-linux-x86_64 0.9 2.13 28.89 31.02 NOTE
r-patched-solaris-x86 0.9 51.20 NOTE
r-release-linux-x86_64 0.9 2.60 28.61 31.21 NOTE
r-release-windows-ix86+x86_64 0.9 7.00 52.00 59.00 NOTE
r-release-osx-x86_64 0.9 NOTE
r-oldrel-windows-ix86+x86_64 0.9 7.00 46.00 53.00 NOTE
r-oldrel-osx-x86_64 0.9 NOTE

Check Details

Version: 0.9
Check: DESCRIPTION meta-information
Result: NOTE
    Malformed Title field: should not end in a period.
Flavors: r-devel-linux-x86_64-debian-clang, r-devel-linux-x86_64-debian-gcc, r-devel-linux-x86_64-fedora-clang, r-devel-linux-x86_64-fedora-gcc, r-devel-windows-ix86+x86_64, r-patched-linux-x86_64, r-patched-solaris-x86, r-release-linux-x86_64, r-release-windows-ix86+x86_64, r-release-osx-x86_64, r-oldrel-windows-ix86+x86_64, r-oldrel-osx-x86_64

Version: 0.9
Check: installed package size
Result: NOTE
     installed size is 12.2Mb
     sub-directories of 1Mb or more:
     java 12.1Mb
Flavors: r-devel-linux-x86_64-fedora-clang, r-devel-linux-x86_64-fedora-gcc, r-devel-windows-ix86+x86_64, r-patched-solaris-x86, r-release-windows-ix86+x86_64, r-release-osx-x86_64, r-oldrel-windows-ix86+x86_64, r-oldrel-osx-x86_64

Version: 0.9
Check: dependencies in R code
Result: NOTE
    Namespace in Imports field not imported from: ‘methods’
     All declared Imports should be used.
Flavors: r-devel-linux-x86_64-fedora-clang, r-devel-linux-x86_64-fedora-gcc, r-patched-solaris-x86, r-release-osx-x86_64, r-oldrel-osx-x86_64