CRAN Package Check Results for Package RNCBIEUtilsLibs

Last updated on 2018-04-26 06:47:48 CEST.

Flavor Version Tinstall Tcheck Ttotal Status Flags
r-devel-linux-x86_64-debian-clang 0.9 2.06 27.12 29.18 NOTE
r-devel-linux-x86_64-debian-gcc 0.9 1.89 24.00 25.89 NOTE
r-devel-linux-x86_64-fedora-clang 0.9 34.81 NOTE
r-devel-linux-x86_64-fedora-gcc 0.9 33.52 NOTE
r-devel-windows-ix86+x86_64 0.9 7.00 38.00 45.00 NOTE
r-patched-linux-x86_64 0.9 2.58 29.92 32.50 NOTE
r-patched-solaris-x86 0.9 61.10 NOTE
r-release-linux-x86_64 0.9 2.41 29.76 32.17 NOTE
r-release-windows-ix86+x86_64 0.9 7.00 38.00 45.00 NOTE
r-release-osx-x86_64 0.9 NOTE
r-oldrel-windows-ix86+x86_64 0.9 7.00 52.00 59.00 NOTE
r-oldrel-osx-x86_64 0.9 NOTE

Check Details

Version: 0.9
Check: DESCRIPTION meta-information
Result: NOTE
    Malformed Title field: should not end in a period.
Flavors: r-devel-linux-x86_64-debian-clang, r-devel-linux-x86_64-debian-gcc, r-devel-linux-x86_64-fedora-clang, r-devel-linux-x86_64-fedora-gcc, r-devel-windows-ix86+x86_64, r-patched-linux-x86_64, r-patched-solaris-x86, r-release-linux-x86_64, r-release-windows-ix86+x86_64, r-release-osx-x86_64, r-oldrel-windows-ix86+x86_64, r-oldrel-osx-x86_64

Version: 0.9
Check: installed package size
Result: NOTE
     installed size is 12.2Mb
     sub-directories of 1Mb or more:
     java 12.1Mb
Flavors: r-devel-linux-x86_64-fedora-clang, r-devel-linux-x86_64-fedora-gcc, r-devel-windows-ix86+x86_64, r-patched-solaris-x86, r-release-windows-ix86+x86_64, r-release-osx-x86_64, r-oldrel-windows-ix86+x86_64, r-oldrel-osx-x86_64

Version: 0.9
Check: dependencies in R code
Result: NOTE
    Namespace in Imports field not imported from: ‘methods’
     All declared Imports should be used.
Flavors: r-devel-linux-x86_64-fedora-clang, r-devel-linux-x86_64-fedora-gcc, r-patched-solaris-x86, r-release-osx-x86_64, r-oldrel-osx-x86_64