CRAN Package Check Results for Package RNCBIEUtilsLibs

Last updated on 2018-06-22 00:46:45 CEST.

Flavor Version Tinstall Tcheck Ttotal Status Flags
r-devel-linux-x86_64-debian-clang 0.9 2.81 32.09 34.90 NOTE
r-devel-linux-x86_64-debian-gcc 0.9 2.42 27.95 30.37 NOTE
r-devel-linux-x86_64-fedora-clang 0.9 40.25 NOTE
r-devel-linux-x86_64-fedora-gcc 0.9 38.39 NOTE
r-devel-windows-ix86+x86_64 0.9 8.00 52.00 60.00 NOTE
r-patched-linux-x86_64 0.9 2.51 29.71 32.22 NOTE
r-patched-solaris-x86 0.9 56.60 NOTE
r-release-linux-x86_64 0.9 2.14 30.01 32.15 NOTE
r-release-windows-ix86+x86_64 0.9 6.00 39.00 45.00 NOTE
r-release-osx-x86_64 0.9 NOTE
r-oldrel-windows-ix86+x86_64 0.9 8.00 50.00 58.00 NOTE
r-oldrel-osx-x86_64 0.9 NOTE

Check Details

Version: 0.9
Check: DESCRIPTION meta-information
Result: NOTE
    Malformed Title field: should not end in a period.
Flavors: r-devel-linux-x86_64-debian-clang, r-devel-linux-x86_64-debian-gcc, r-devel-linux-x86_64-fedora-clang, r-devel-linux-x86_64-fedora-gcc, r-devel-windows-ix86+x86_64, r-patched-linux-x86_64, r-patched-solaris-x86, r-release-linux-x86_64, r-release-windows-ix86+x86_64, r-release-osx-x86_64, r-oldrel-windows-ix86+x86_64, r-oldrel-osx-x86_64

Version: 0.9
Check: installed package size
Result: NOTE
     installed size is 12.2Mb
     sub-directories of 1Mb or more:
     java 12.1Mb
Flavors: r-devel-linux-x86_64-fedora-clang, r-devel-windows-ix86+x86_64, r-patched-solaris-x86, r-release-windows-ix86+x86_64, r-release-osx-x86_64, r-oldrel-windows-ix86+x86_64, r-oldrel-osx-x86_64

Version: 0.9
Check: dependencies in R code
Result: NOTE
    Namespace in Imports field not imported from: ‘methods’
     All declared Imports should be used.
Flavors: r-devel-linux-x86_64-fedora-clang, r-devel-linux-x86_64-fedora-gcc, r-patched-solaris-x86, r-release-osx-x86_64, r-oldrel-osx-x86_64