CRAN Package Check Results for Package RNCBIEUtilsLibs

Last updated on 2015-06-30 09:47:10.

Flavor Version Tinstall Tcheck Ttotal Status Flags
r-devel-linux-x86_64-debian-clang 0.9 1.87 16.12 17.99 NOTE
r-devel-linux-x86_64-debian-gcc 0.9 1.59 15.78 17.37 NOTE
r-devel-linux-x86_64-fedora-clang 0.9 33.72 NOTE
r-devel-linux-x86_64-fedora-gcc 0.9 31.10 NOTE
r-devel-osx-x86_64-clang 0.9 34.78 NOTE
r-devel-windows-ix86+x86_64 0.9 7.00 27.00 34.00 NOTE
r-patched-linux-x86_64 0.9 1.60 16.09 17.69 NOTE
r-patched-solaris-sparc 0.9 232.70 NOTE
r-patched-solaris-x86 0.9 55.00 NOTE
r-release-linux-x86_64 0.9 1.62 16.01 17.62 NOTE
r-release-osx-x86_64-mavericks 0.9 NOTE
r-release-windows-ix86+x86_64 0.9 4.00 30.00 34.00 NOTE
r-oldrel-windows-ix86+x86_64 0.9 9.00 34.00 43.00 NOTE

Check Details

Version: 0.9
Check: installed package size
Result: NOTE
     installed size is 12.2Mb
     sub-directories of 1Mb or more:
     java 12.1Mb
Flavors: r-devel-linux-x86_64-debian-clang, r-devel-linux-x86_64-debian-gcc, r-devel-linux-x86_64-fedora-clang, r-devel-linux-x86_64-fedora-gcc, r-devel-osx-x86_64-clang, r-devel-windows-ix86+x86_64, r-patched-linux-x86_64, r-patched-solaris-sparc, r-patched-solaris-x86, r-release-linux-x86_64, r-release-osx-x86_64-mavericks, r-release-windows-ix86+x86_64, r-oldrel-windows-ix86+x86_64

Version: 0.9
Check: DESCRIPTION meta-information
Result: NOTE
    Malformed Title field: should not end in a period.
Flavors: r-devel-linux-x86_64-debian-clang, r-devel-linux-x86_64-debian-gcc, r-devel-linux-x86_64-fedora-clang, r-devel-linux-x86_64-fedora-gcc, r-devel-osx-x86_64-clang, r-devel-windows-ix86+x86_64, r-patched-linux-x86_64, r-patched-solaris-sparc, r-patched-solaris-x86, r-release-linux-x86_64, r-release-osx-x86_64-mavericks, r-release-windows-ix86+x86_64

Version: 0.9
Check: dependencies in R code
Result: NOTE
    Namespace in Imports field not imported from: ‘methods’
     All declared Imports should be used.
Flavors: r-devel-linux-x86_64-debian-clang, r-devel-linux-x86_64-debian-gcc, r-devel-linux-x86_64-fedora-clang, r-devel-linux-x86_64-fedora-gcc, r-devel-osx-x86_64-clang, r-devel-windows-ix86+x86_64, r-patched-linux-x86_64, r-patched-solaris-sparc, r-patched-solaris-x86, r-release-linux-x86_64, r-release-osx-x86_64-mavericks, r-release-windows-ix86+x86_64, r-oldrel-windows-ix86+x86_64