CRAN Package Check Results for Package RNCBIEUtilsLibs

Last updated on 2015-01-29 12:48:14.

Flavor Version Tinstall Tcheck Ttotal Status Flags
r-devel-linux-x86_64-debian-clang 0.9 2.09 17.90 19.99 NOTE
r-devel-linux-x86_64-debian-gcc 0.9 1.91 17.67 19.58 NOTE
r-devel-linux-x86_64-fedora-clang 0.9 44.09 NOTE
r-devel-linux-x86_64-fedora-gcc 0.9 40.02 NOTE
r-devel-osx-x86_64-clang 0.9 42.99 NOTE
r-devel-windows-ix86+x86_64 0.9 7.00 30.00 37.00 NOTE
r-patched-linux-x86_64 0.9 2.15 19.74 21.90 NOTE
r-patched-solaris-sparc 0.9 284.90 NOTE
r-patched-solaris-x86 0.9 63.80 NOTE
r-release-linux-ix86 0.9 2.62 24.64 27.26 NOTE
r-release-linux-x86_64 0.9 2.14 20.00 22.14 NOTE
r-release-osx-x86_64-mavericks 0.9 NOTE
r-release-osx-x86_64-snowleopard 0.9 NOTE
r-release-windows-ix86+x86_64 0.9 8.00 29.00 37.00 NOTE
r-oldrel-windows-ix86+x86_64 0.9 5.00 31.00 36.00 NOTE

Check Details

Version: 0.9
Check: installed package size
Result: NOTE
     installed size is 12.2Mb
     sub-directories of 1Mb or more:
     java 12.1Mb
Flavors: r-devel-linux-x86_64-debian-clang, r-devel-linux-x86_64-debian-gcc, r-devel-linux-x86_64-fedora-clang, r-devel-linux-x86_64-fedora-gcc, r-devel-osx-x86_64-clang, r-devel-windows-ix86+x86_64, r-patched-linux-x86_64, r-patched-solaris-sparc, r-patched-solaris-x86, r-release-linux-ix86, r-release-linux-x86_64, r-release-osx-x86_64-mavericks, r-release-osx-x86_64-snowleopard, r-release-windows-ix86+x86_64, r-oldrel-windows-ix86+x86_64

Version: 0.9
Check: dependencies in R code
Result: NOTE
    Namespace in Imports field not imported from: ‘methods’
     All declared Imports should be used.
Flavors: r-devel-linux-x86_64-debian-clang, r-devel-linux-x86_64-debian-gcc, r-devel-linux-x86_64-fedora-clang, r-devel-linux-x86_64-fedora-gcc, r-devel-osx-x86_64-clang, r-devel-windows-ix86+x86_64

Version: 0.9
Check: dependencies in R code
Result: NOTE
    Namespace in Imports field not imported from: ‘methods’
     All declared Imports should be used.
    See the information on DESCRIPTION files in the chapter ‘Creating R
    packages’ of the ‘Writing R Extensions’ manual.
Flavors: r-patched-linux-x86_64, r-patched-solaris-sparc, r-patched-solaris-x86, r-release-linux-ix86, r-release-linux-x86_64, r-release-osx-x86_64-mavericks, r-release-osx-x86_64-snowleopard, r-release-windows-ix86+x86_64, r-oldrel-windows-ix86+x86_64