CRAN Package Check Results for Package RNCBIEUtilsLibs

Last updated on 2016-08-29 03:47:12.

Flavor Version Tinstall Tcheck Ttotal Status Flags
r-devel-linux-x86_64-debian-clang 0.9 1.60 16.46 18.06 NOTE
r-devel-linux-x86_64-debian-gcc 0.9 1.74 15.92 17.66 NOTE
r-devel-linux-x86_64-fedora-clang 0.9 30.57 NOTE
r-devel-linux-x86_64-fedora-gcc 0.9 28.86 NOTE
r-devel-osx-x86_64-clang 0.9 27.06 NOTE
r-devel-windows-ix86+x86_64 0.9 8.00 54.00 62.00 NOTE
r-patched-linux-x86_64 0.9 1.56 15.18 16.73 NOTE
r-patched-solaris-sparc 0.9 187.20 NOTE
r-patched-solaris-x86 0.9 41.80 NOTE
r-release-linux-x86_64 0.9 1.65 16.66 18.31 NOTE
r-release-osx-x86_64-mavericks 0.9 NOTE
r-release-windows-ix86+x86_64 0.9 8.00 47.00 55.00 NOTE
r-oldrel-windows-ix86+x86_64 0.9 7.00 29.00 36.00 NOTE

Check Details

Version: 0.9
Check: installed package size
Result: NOTE
     installed size is 12.2Mb
     sub-directories of 1Mb or more:
     java 12.1Mb
Flavors: r-devel-linux-x86_64-debian-clang, r-devel-linux-x86_64-debian-gcc, r-devel-linux-x86_64-fedora-clang, r-devel-linux-x86_64-fedora-gcc, r-devel-osx-x86_64-clang, r-devel-windows-ix86+x86_64, r-patched-linux-x86_64, r-patched-solaris-sparc, r-patched-solaris-x86, r-release-linux-x86_64, r-release-osx-x86_64-mavericks, r-release-windows-ix86+x86_64, r-oldrel-windows-ix86+x86_64

Version: 0.9
Check: DESCRIPTION meta-information
Result: NOTE
    Malformed Title field: should not end in a period.
Flavors: r-devel-linux-x86_64-debian-clang, r-devel-linux-x86_64-debian-gcc, r-devel-linux-x86_64-fedora-clang, r-devel-linux-x86_64-fedora-gcc, r-devel-osx-x86_64-clang, r-devel-windows-ix86+x86_64, r-patched-linux-x86_64, r-patched-solaris-sparc, r-patched-solaris-x86, r-release-linux-x86_64, r-release-osx-x86_64-mavericks, r-release-windows-ix86+x86_64, r-oldrel-windows-ix86+x86_64

Version: 0.9
Check: dependencies in R code
Result: NOTE
    Namespace in Imports field not imported from: ‘methods’
     All declared Imports should be used.
Flavors: r-devel-linux-x86_64-fedora-clang, r-devel-linux-x86_64-fedora-gcc, r-devel-osx-x86_64-clang, r-patched-solaris-sparc, r-patched-solaris-x86, r-release-osx-x86_64-mavericks, r-oldrel-windows-ix86+x86_64