CRAN Package Check Results for Package RNCEP

Last updated on 2016-12-08 12:48:22.

Flavor Version Tinstall Tcheck Ttotal Status Flags
r-devel-linux-x86_64-debian-clang 1.0.7 2.68 48.25 50.93 NOTE
r-devel-linux-x86_64-debian-gcc 1.0.7 2.89 47.11 50.00 NOTE
r-devel-linux-x86_64-fedora-clang 1.0.7 84.75 NOTE --no-stop-on-test-error
r-devel-linux-x86_64-fedora-gcc 1.0.7 80.20 NOTE --no-stop-on-test-error
r-devel-macos-x86_64-clang 1.0.7 68.35 NOTE
r-devel-windows-ix86+x86_64 1.0.7 9.00 103.00 112.00 NOTE
r-patched-linux-x86_64 1.0.7 2.58 45.81 48.38 NOTE
r-patched-solaris-sparc 1.0.7 487.10 NOTE
r-patched-solaris-x86 1.0.7 95.40 NOTE --no-examples
r-release-linux-x86_64 1.0.7 2.52 45.77 48.29 NOTE
r-release-osx-x86_64-mavericks 1.0.7 WARN
r-release-windows-ix86+x86_64 1.0.7 7.00 64.00 71.00 NOTE
r-oldrel-windows-ix86+x86_64 1.0.7 13.00 69.00 82.00 OK

Check Details

Version: 1.0.7
Check: R code for possible problems
Result: NOTE
    NCEP.aggregate: no visible global function definition for ‘aggregate’
    NCEP.gather.gaussian: no visible global function definition for
     ‘download.file’
    NCEP.gather.gaussian: no visible global function definition for
     ‘read.table’
    NCEP.gather.pressure: no visible global function definition for
     ‘download.file’
    NCEP.gather.pressure: no visible global function definition for
     ‘read.table’
    NCEP.gather.surface: no visible global function definition for
     ‘download.file’
    NCEP.gather.surface: no visible global function definition for
     ‘read.table’
    NCEP.interp.gaussian: no visible global function definition for
     ‘download.file’
    NCEP.interp.gaussian: no visible global function definition for
     ‘read.table’
    NCEP.interp.gaussian: no visible global function definition for ‘sd’
    NCEP.interp.pressure: no visible global function definition for
     ‘download.file’
    NCEP.interp.pressure: no visible global function definition for
     ‘read.table’
    NCEP.interp.pressure: no visible global function definition for ‘sd’
    NCEP.interp.surface: no visible global function definition for
     ‘download.file’
    NCEP.interp.surface: no visible global function definition for
     ‘read.table’
    NCEP.interp.surface: no visible global function definition for ‘sd’
    NCEP.track2kml: no visible global function definition for ‘rgb’
    NCEP.track2kml: no visible global function definition for ‘col2rgb’
    NCEP.track2kml : <anonymous>: no visible global function definition for
     ‘rgb’
    NCEP.vis.area: no visible global function definition for ‘heat.colors’
    NCEP.vis.area: no visible global function definition for ‘par’
    NCEP.vis.area: no visible global function definition for ‘dev.off’
    NCEP.vis.area: no visible global function definition for ‘rgb’
    NCEP.vis.area: no visible global function definition for ‘rect’
    NCEP.vis.points: no visible global function definition for
     ‘heat.colors’
    NCEP.vis.points: no visible global function definition for ‘par’
    NCEP.vis.points: no visible global function definition for ‘dev.off’
    NCEP.vis.points: no visible global function definition for ‘rect’
    NCEP.vis.points: no visible global function definition for ‘rgb’
    robust.NCEP.interp.gaussian: no visible global function definition for
     ‘download.file’
    robust.NCEP.interp.gaussian: no visible global function definition for
     ‘read.table’
    robust.NCEP.interp.gaussian: no visible global function definition for
     ‘sd’
    robust.NCEP.interp.pressure: no visible global function definition for
     ‘download.file’
    robust.NCEP.interp.pressure: no visible global function definition for
     ‘read.table’
    robust.NCEP.interp.pressure: no visible global function definition for
     ‘sd’
    robust.NCEP.interp.surface: no visible global function definition for
     ‘download.file’
    robust.NCEP.interp.surface: no visible global function definition for
     ‘read.table’
    robust.NCEP.interp.surface: no visible global function definition for
     ‘sd’
    Undefined global functions or variables:
     aggregate col2rgb dev.off download.file heat.colors par read.table
     rect rgb sd
    Consider adding
     importFrom("grDevices", "col2rgb", "dev.off", "heat.colors", "rgb")
     importFrom("graphics", "par", "rect")
     importFrom("stats", "aggregate", "sd")
     importFrom("utils", "download.file", "read.table")
    to your NAMESPACE file.
Flavors: r-devel-linux-x86_64-debian-clang, r-devel-linux-x86_64-debian-gcc, r-devel-macos-x86_64-clang, r-devel-windows-ix86+x86_64, r-patched-linux-x86_64, r-patched-solaris-sparc, r-release-linux-x86_64, r-release-windows-ix86+x86_64

Version: 1.0.7
Flags: --no-stop-on-test-error
Check: R code for possible problems
Result: NOTE
    NCEP.aggregate: no visible global function definition for ‘aggregate’
    NCEP.gather.gaussian: no visible global function definition for
     ‘download.file’
    NCEP.gather.gaussian: no visible global function definition for
     ‘read.table’
    NCEP.gather.pressure: no visible global function definition for
     ‘download.file’
    NCEP.gather.pressure: no visible global function definition for
     ‘read.table’
    NCEP.gather.surface: no visible global function definition for
     ‘download.file’
    NCEP.gather.surface: no visible global function definition for
     ‘read.table’
    NCEP.interp.gaussian: no visible global function definition for
     ‘download.file’
    NCEP.interp.gaussian: no visible global function definition for
     ‘read.table’
    NCEP.interp.gaussian: no visible global function definition for ‘sd’
    NCEP.interp.pressure: no visible global function definition for
     ‘download.file’
    NCEP.interp.pressure: no visible global function definition for
     ‘read.table’
    NCEP.interp.pressure: no visible global function definition for ‘sd’
    NCEP.interp.surface: no visible global function definition for
     ‘download.file’
    NCEP.interp.surface: no visible global function definition for
     ‘read.table’
    NCEP.interp.surface: no visible global function definition for ‘sd’
    NCEP.track2kml: no visible global function definition for ‘rgb’
    NCEP.track2kml: no visible global function definition for ‘col2rgb’
    NCEP.track2kml : <anonymous>: no visible global function definition for
     ‘rgb’
    NCEP.vis.area: no visible global function definition for ‘heat.colors’
    NCEP.vis.area: no visible global function definition for ‘par’
    NCEP.vis.area: no visible global function definition for ‘dev.off’
    NCEP.vis.area: no visible global function definition for ‘rgb’
    NCEP.vis.area: no visible global function definition for ‘rect’
    NCEP.vis.points: no visible global function definition for
     ‘heat.colors’
    NCEP.vis.points: no visible global function definition for ‘par’
    NCEP.vis.points: no visible global function definition for ‘dev.off’
    NCEP.vis.points: no visible global function definition for ‘rect’
    NCEP.vis.points: no visible global function definition for ‘rgb’
    robust.NCEP.interp.gaussian: no visible global function definition for
     ‘download.file’
    robust.NCEP.interp.gaussian: no visible global function definition for
     ‘read.table’
    robust.NCEP.interp.gaussian: no visible global function definition for
     ‘sd’
    robust.NCEP.interp.pressure: no visible global function definition for
     ‘download.file’
    robust.NCEP.interp.pressure: no visible global function definition for
     ‘read.table’
    robust.NCEP.interp.pressure: no visible global function definition for
     ‘sd’
    robust.NCEP.interp.surface: no visible global function definition for
     ‘download.file’
    robust.NCEP.interp.surface: no visible global function definition for
     ‘read.table’
    robust.NCEP.interp.surface: no visible global function definition for
     ‘sd’
    Undefined global functions or variables:
     aggregate col2rgb dev.off download.file heat.colors par read.table
     rect rgb sd
    Consider adding
     importFrom("grDevices", "col2rgb", "dev.off", "heat.colors", "rgb")
     importFrom("graphics", "par", "rect")
     importFrom("stats", "aggregate", "sd")
     importFrom("utils", "download.file", "read.table")
    to your NAMESPACE file.
Flavors: r-devel-linux-x86_64-fedora-clang, r-devel-linux-x86_64-fedora-gcc

Version: 1.0.7
Flags: --no-examples
Check: R code for possible problems
Result: NOTE
    NCEP.aggregate: no visible global function definition for ‘aggregate’
    NCEP.gather.gaussian: no visible global function definition for
     ‘download.file’
    NCEP.gather.gaussian: no visible global function definition for
     ‘read.table’
    NCEP.gather.pressure: no visible global function definition for
     ‘download.file’
    NCEP.gather.pressure: no visible global function definition for
     ‘read.table’
    NCEP.gather.surface: no visible global function definition for
     ‘download.file’
    NCEP.gather.surface: no visible global function definition for
     ‘read.table’
    NCEP.interp.gaussian: no visible global function definition for
     ‘download.file’
    NCEP.interp.gaussian: no visible global function definition for
     ‘read.table’
    NCEP.interp.gaussian: no visible global function definition for ‘sd’
    NCEP.interp.pressure: no visible global function definition for
     ‘download.file’
    NCEP.interp.pressure: no visible global function definition for
     ‘read.table’
    NCEP.interp.pressure: no visible global function definition for ‘sd’
    NCEP.interp.surface: no visible global function definition for
     ‘download.file’
    NCEP.interp.surface: no visible global function definition for
     ‘read.table’
    NCEP.interp.surface: no visible global function definition for ‘sd’
    NCEP.track2kml: no visible global function definition for ‘rgb’
    NCEP.track2kml: no visible global function definition for ‘col2rgb’
    NCEP.track2kml : <anonymous>: no visible global function definition for
     ‘rgb’
    NCEP.vis.area: no visible global function definition for ‘heat.colors’
    NCEP.vis.area: no visible global function definition for ‘par’
    NCEP.vis.area: no visible global function definition for ‘dev.off’
    NCEP.vis.area: no visible global function definition for ‘rgb’
    NCEP.vis.area: no visible global function definition for ‘rect’
    NCEP.vis.points: no visible global function definition for
     ‘heat.colors’
    NCEP.vis.points: no visible global function definition for ‘par’
    NCEP.vis.points: no visible global function definition for ‘dev.off’
    NCEP.vis.points: no visible global function definition for ‘rect’
    NCEP.vis.points: no visible global function definition for ‘rgb’
    robust.NCEP.interp.gaussian: no visible global function definition for
     ‘download.file’
    robust.NCEP.interp.gaussian: no visible global function definition for
     ‘read.table’
    robust.NCEP.interp.gaussian: no visible global function definition for
     ‘sd’
    robust.NCEP.interp.pressure: no visible global function definition for
     ‘download.file’
    robust.NCEP.interp.pressure: no visible global function definition for
     ‘read.table’
    robust.NCEP.interp.pressure: no visible global function definition for
     ‘sd’
    robust.NCEP.interp.surface: no visible global function definition for
     ‘download.file’
    robust.NCEP.interp.surface: no visible global function definition for
     ‘read.table’
    robust.NCEP.interp.surface: no visible global function definition for
     ‘sd’
    Undefined global functions or variables:
     aggregate col2rgb dev.off download.file heat.colors par read.table
     rect rgb sd
    Consider adding
     importFrom("grDevices", "col2rgb", "dev.off", "heat.colors", "rgb")
     importFrom("graphics", "par", "rect")
     importFrom("stats", "aggregate", "sd")
     importFrom("utils", "download.file", "read.table")
    to your NAMESPACE file.
Flavor: r-patched-solaris-x86

Version: 1.0.7
Check: dependencies in R code
Result: NOTE
    Invalid MIT-MAGIC-COOKIE-1 key
Flavor: r-release-osx-x86_64-mavericks

Version: 1.0.7
Check: S3 generic/method consistency
Result: WARN
    Invalid MIT-MAGIC-COOKIE-1 key
    See section ‘Generic functions and methods’ in the ‘Writing R
    Extensions’ manual.
Flavor: r-release-osx-x86_64-mavericks

Version: 1.0.7
Check: replacement functions
Result: WARN
    Invalid MIT-MAGIC-COOKIE-1 key
    The argument of a replacement function which corresponds to the right
    hand side must be named ‘value’.
Flavor: r-release-osx-x86_64-mavericks

Version: 1.0.7
Check: foreign function calls
Result: NOTE
    Invalid MIT-MAGIC-COOKIE-1 key
    See chapter ‘System and foreign language interfaces’ in the ‘Writing R
    Extensions’ manual.
Flavor: r-release-osx-x86_64-mavericks

Version: 1.0.7
Check: R code for possible problems
Result: NOTE
    Invalid MIT-MAGIC-COOKIE-1 keyNCEP.aggregate: no visible global function definition for ‘aggregate’
    NCEP.gather.gaussian: no visible global function definition for
     ‘download.file’
    NCEP.gather.gaussian: no visible global function definition for
     ‘read.table’
    NCEP.gather.pressure: no visible global function definition for
     ‘download.file’
    NCEP.gather.pressure: no visible global function definition for
     ‘read.table’
    NCEP.gather.surface: no visible global function definition for
     ‘download.file’
    NCEP.gather.surface: no visible global function definition for
     ‘read.table’
    NCEP.interp.gaussian: no visible global function definition for
     ‘download.file’
    NCEP.interp.gaussian: no visible global function definition for
     ‘read.table’
    NCEP.interp.gaussian: no visible global function definition for ‘sd’
    NCEP.interp.pressure: no visible global function definition for
     ‘download.file’
    NCEP.interp.pressure: no visible global function definition for
     ‘read.table’
    NCEP.interp.pressure: no visible global function definition for ‘sd’
    NCEP.interp.surface: no visible global function definition for
     ‘download.file’
    NCEP.interp.surface: no visible global function definition for
     ‘read.table’
    NCEP.interp.surface: no visible global function definition for ‘sd’
    NCEP.track2kml: no visible global function definition for ‘rgb’
    NCEP.track2kml: no visible global function definition for ‘col2rgb’
    NCEP.track2kml : <anonymous>: no visible global function definition for
     ‘rgb’
    NCEP.vis.area: no visible global function definition for ‘heat.colors’
    NCEP.vis.area: no visible global function definition for ‘par’
    NCEP.vis.area: no visible global function definition for ‘dev.off’
    NCEP.vis.area: no visible global function definition for ‘rgb’
    NCEP.vis.area: no visible global function definition for ‘rect’
    NCEP.vis.points: no visible global function definition for
     ‘heat.colors’
    NCEP.vis.points: no visible global function definition for ‘par’
    NCEP.vis.points: no visible global function definition for ‘dev.off’
    NCEP.vis.points: no visible global function definition for ‘rect’
    NCEP.vis.points: no visible global function definition for ‘rgb’
    robust.NCEP.interp.gaussian: no visible global function definition for
     ‘download.file’
    robust.NCEP.interp.gaussian: no visible global function definition for
     ‘read.table’
    robust.NCEP.interp.gaussian: no visible global function definition for
     ‘sd’
    robust.NCEP.interp.pressure: no visible global function definition for
     ‘download.file’
    robust.NCEP.interp.pressure: no visible global function definition for
     ‘read.table’
    robust.NCEP.interp.pressure: no visible global function definition for
     ‘sd’
    robust.NCEP.interp.surface: no visible global function definition for
     ‘download.file’
    robust.NCEP.interp.surface: no visible global function definition for
     ‘read.table’
    robust.NCEP.interp.surface: no visible global function definition for
     ‘sd’
    Undefined global functions or variables:
     aggregate col2rgb dev.off download.file heat.colors par read.table
     rect rgb sd
    Consider adding
     importFrom("grDevices", "col2rgb", "dev.off", "heat.colors", "rgb")
     importFrom("graphics", "par", "rect")
     importFrom("stats", "aggregate", "sd")
     importFrom("utils", "download.file", "read.table")
    to your NAMESPACE file.
Flavor: r-release-osx-x86_64-mavericks

Version: 1.0.7
Check: for missing documentation entries
Result: WARN
    Invalid MIT-MAGIC-COOKIE-1 key
    All user-level objects in a package should have documentation entries.
    See chapter ‘Writing R documentation files’ in the ‘Writing R
    Extensions’ manual.
Flavor: r-release-osx-x86_64-mavericks

Version: 1.0.7
Check: for code/documentation mismatches
Result: WARN
    Invalid MIT-MAGIC-COOKIE-1 key
    Invalid MIT-MAGIC-COOKIE-1 key
    Invalid MIT-MAGIC-COOKIE-1 key
Flavor: r-release-osx-x86_64-mavericks

Version: 1.0.7
Check: Rd \usage sections
Result: NOTE
    Invalid MIT-MAGIC-COOKIE-1 key
    The \usage entries for S3 methods should use the \method markup and not
    their full name.
    See chapter ‘Writing R documentation files’ in the ‘Writing R
    Extensions’ manual.
Flavor: r-release-osx-x86_64-mavericks