CRAN Package Check Results for Package RNCEP

Last updated on 2015-09-01 23:48:39.

Flavor Version Tinstall Tcheck Ttotal Status Flags
r-devel-linux-x86_64-debian-clang 1.0.7 2.26 39.38 41.64 NOTE
r-devel-linux-x86_64-debian-gcc 1.0.7 2.28 38.28 40.56 NOTE
r-devel-linux-x86_64-fedora-clang 1.0.7 78.37 NOTE
r-devel-linux-x86_64-fedora-gcc 1.0.7 73.21 NOTE
r-devel-osx-x86_64-clang 1.0.7 74.88 OK
r-devel-windows-ix86+x86_64 1.0.7 10.00 83.00 93.00 NOTE
r-patched-linux-x86_64 1.0.7 2.45 40.38 42.83 OK
r-patched-solaris-sparc 1.0.7 521.90 OK
r-patched-solaris-x86 1.0.7 112.80 OK --no-examples
r-release-linux-x86_64 1.0.7 2.69 41.05 43.74 OK
r-release-osx-x86_64-mavericks 1.0.7 OK
r-release-windows-ix86+x86_64 1.0.7 12.00 87.00 99.00 OK
r-oldrel-windows-ix86+x86_64 1.0.7 17.00 84.00 101.00 OK

Check Details

Version: 1.0.7
Check: R code for possible problems
Result: NOTE
    NCEP.aggregate: no visible global function definition for ‘aggregate’
    NCEP.gather.gaussian: no visible global function definition for
     ‘download.file’
    NCEP.gather.gaussian: no visible global function definition for
     ‘read.table’
    NCEP.gather.pressure: no visible global function definition for
     ‘download.file’
    NCEP.gather.pressure: no visible global function definition for
     ‘read.table’
    NCEP.gather.surface: no visible global function definition for
     ‘download.file’
    NCEP.gather.surface: no visible global function definition for
     ‘read.table’
    NCEP.interp.gaussian: no visible global function definition for
     ‘download.file’
    NCEP.interp.gaussian: no visible global function definition for
     ‘read.table’
    NCEP.interp.gaussian: no visible global function definition for ‘sd’
    NCEP.interp.pressure: no visible global function definition for
     ‘download.file’
    NCEP.interp.pressure: no visible global function definition for
     ‘read.table’
    NCEP.interp.pressure: no visible global function definition for ‘sd’
    NCEP.interp.surface: no visible global function definition for
     ‘download.file’
    NCEP.interp.surface: no visible global function definition for
     ‘read.table’
    NCEP.interp.surface: no visible global function definition for ‘sd’
    NCEP.track2kml: no visible global function definition for ‘rgb’
    NCEP.track2kml: no visible global function definition for ‘col2rgb’
    NCEP.track2kml : <anonymous>: no visible global function definition for
     ‘rgb’
    NCEP.vis.area: no visible global function definition for ‘heat.colors’
    NCEP.vis.area: no visible global function definition for ‘par’
    NCEP.vis.area: no visible global function definition for ‘dev.off’
    NCEP.vis.area: no visible global function definition for ‘rgb’
    NCEP.vis.area: no visible global function definition for ‘rect’
    NCEP.vis.points: no visible global function definition for
     ‘heat.colors’
    NCEP.vis.points: no visible global function definition for ‘par’
    NCEP.vis.points: no visible global function definition for ‘dev.off’
    NCEP.vis.points: no visible global function definition for ‘rect’
    NCEP.vis.points: no visible global function definition for ‘rgb’
    robust.NCEP.interp.gaussian: no visible global function definition for
     ‘download.file’
    robust.NCEP.interp.gaussian: no visible global function definition for
     ‘read.table’
    robust.NCEP.interp.gaussian: no visible global function definition for
     ‘sd’
    robust.NCEP.interp.pressure: no visible global function definition for
     ‘download.file’
    robust.NCEP.interp.pressure: no visible global function definition for
     ‘read.table’
    robust.NCEP.interp.pressure: no visible global function definition for
     ‘sd’
    robust.NCEP.interp.surface: no visible global function definition for
     ‘download.file’
    robust.NCEP.interp.surface: no visible global function definition for
     ‘read.table’
    robust.NCEP.interp.surface: no visible global function definition for
     ‘sd’
    Undefined global functions or variables:
     aggregate col2rgb dev.off download.file heat.colors par read.table
     rect rgb sd
    Consider adding
     importFrom("grDevices", "col2rgb", "dev.off", "heat.colors", "rgb")
     importFrom("graphics", "par", "rect")
     importFrom("stats", "aggregate", "sd")
     importFrom("utils", "download.file", "read.table")
    to your NAMESPACE.
Flavors: r-devel-linux-x86_64-debian-clang, r-devel-linux-x86_64-debian-gcc, r-devel-linux-x86_64-fedora-clang, r-devel-linux-x86_64-fedora-gcc, r-devel-windows-ix86+x86_64