CRAN Package Check Results for Package RNCEP

Last updated on 2014-08-22 13:47:02.

Flavor Version Tinstall Tcheck Ttotal Status Flags
r-devel-linux-x86_64-debian-clang 1.0.6 3.20 47.88 51.08 NOTE
r-devel-linux-x86_64-debian-gcc 1.0.6 3.01 46.68 49.69 NOTE
r-devel-linux-x86_64-fedora-clang 1.0.6 97.90 NOTE --no-examples
r-devel-linux-x86_64-fedora-gcc 1.0.6 91.58 NOTE --no-examples
r-devel-osx-x86_64-clang 1.0.6 86.19 NOTE --no-examples
r-devel-windows-ix86+x86_64 1.0.6 9.00 68.00 77.00 NOTE
r-patched-linux-x86_64 1.0.6 3.36 48.49 51.85 NOTE
r-patched-solaris-sparc 1.0.6 634.20 NOTE
r-patched-solaris-x86 1.0.6 132.40 NOTE --no-examples
r-release-linux-ix86 1.0.6 3.88 62.99 66.88 NOTE
r-release-linux-x86_64 1.0.6 3.95 49.37 53.32 NOTE
r-release-osx-x86_64-mavericks 1.0.6 NOTE
r-release-osx-x86_64-snowleopard 1.0.6 NOTE
r-release-windows-ix86+x86_64 1.0.6 12.00 69.00 81.00 NOTE
r-oldrel-windows-ix86+x86_64 1.0.6 10.00 73.00 83.00 NOTE

Check Details

Version: 1.0.6
Check: package dependencies
Result: NOTE
    Depends: includes the non-default packages:
     ‘abind’ ‘maps’ ‘fields’ ‘tgp’ ‘fossil’ ‘tcltk’ ‘RColorBrewer’
    Adding so many packages to the search path is excessive and importing
    selectively is preferable.
Flavors: r-devel-linux-x86_64-debian-clang, r-devel-linux-x86_64-debian-gcc, r-devel-windows-ix86+x86_64, r-patched-linux-x86_64, r-patched-solaris-sparc, r-release-linux-ix86, r-release-linux-x86_64, r-release-windows-ix86+x86_64

Version: 1.0.6
Check: dependencies in R code
Result: NOTE
    'library' or 'require' calls to packages already attached by Depends:
     ‘RColorBrewer’ ‘abind’ ‘fields’ ‘fossil’ ‘maps’ ‘tcltk’ ‘tgp’
     Please remove these calls from your code.
    See the information on DESCRIPTION files in the chapter ‘Creating R
    packages’ of the ‘Writing R Extensions’ manual.
Flavors: r-devel-linux-x86_64-debian-clang, r-devel-linux-x86_64-debian-gcc, r-devel-windows-ix86+x86_64, r-patched-linux-x86_64, r-patched-solaris-sparc, r-release-linux-ix86, r-release-linux-x86_64, r-release-osx-x86_64-mavericks, r-release-osx-x86_64-snowleopard, r-release-windows-ix86+x86_64, r-oldrel-windows-ix86+x86_64

Version: 1.0.6
Flags: --no-examples
Check: package dependencies
Result: NOTE
    Depends: includes the non-default packages:
     ‘abind’ ‘maps’ ‘fields’ ‘tgp’ ‘fossil’ ‘tcltk’ ‘RColorBrewer’
    Adding so many packages to the search path is excessive and importing
    selectively is preferable.
Flavors: r-devel-linux-x86_64-fedora-clang, r-devel-linux-x86_64-fedora-gcc, r-devel-osx-x86_64-clang, r-patched-solaris-x86

Version: 1.0.6
Flags: --no-examples
Check: dependencies in R code
Result: NOTE
    'library' or 'require' calls to packages already attached by Depends:
     ‘RColorBrewer’ ‘abind’ ‘fields’ ‘fossil’ ‘maps’ ‘tcltk’ ‘tgp’
     Please remove these calls from your code.
    See the information on DESCRIPTION files in the chapter ‘Creating R
    packages’ of the ‘Writing R Extensions’ manual.
Flavors: r-devel-linux-x86_64-fedora-clang, r-devel-linux-x86_64-fedora-gcc, r-devel-osx-x86_64-clang, r-patched-solaris-x86

Version: 1.0.6
Check: package dependencies
Result: NOTE
    Package suggested but not available for checking: ‘RSAGA’
    
    Depends: includes the non-default packages:
     ‘abind’ ‘maps’ ‘fields’ ‘tgp’ ‘fossil’ ‘tcltk’ ‘RColorBrewer’
    Adding so many packages to the search path is excessive and importing
    selectively is preferable.
Flavors: r-release-osx-x86_64-mavericks, r-release-osx-x86_64-snowleopard