CRAN Package Check Results for Package RNCEP

Last updated on 2015-07-07 06:46:49.

Flavor Version Tinstall Tcheck Ttotal Status Flags
r-devel-linux-x86_64-debian-clang 1.0.7 3.08 39.54 42.62 NOTE
r-devel-linux-x86_64-debian-gcc 1.0.7 2.33 37.81 40.14 NOTE
r-devel-linux-x86_64-fedora-clang 1.0.7 78.96 NOTE
r-devel-linux-x86_64-fedora-gcc 1.0.7 74.51 NOTE
r-devel-osx-x86_64-clang 1.0.7 78.94 OK
r-devel-windows-ix86+x86_64 1.0.7 13.00 60.00 73.00 NOTE
r-patched-linux-x86_64 1.0.7 2.56 40.11 42.67 OK
r-patched-solaris-sparc 1.0.7 518.40 OK
r-patched-solaris-x86 1.0.7 105.80 OK --no-examples
r-release-linux-x86_64 1.0.7 2.57 38.22 40.79 OK
r-release-osx-x86_64-mavericks 1.0.7 OK
r-release-windows-ix86+x86_64 1.0.7 10.00 60.00 70.00 OK
r-oldrel-windows-ix86+x86_64 1.0.7 12.00 123.00 135.00 OK

Check Details

Version: 1.0.7
Check: R code for possible problems
Result: NOTE
    NCEP.aggregate: no visible global function definition for ‘aggregate’
    NCEP.gather.gaussian: no visible global function definition for
     ‘download.file’
    NCEP.gather.gaussian: no visible global function definition for
     ‘read.table’
    NCEP.gather.pressure: no visible global function definition for
     ‘download.file’
    NCEP.gather.pressure: no visible global function definition for
     ‘read.table’
    NCEP.gather.surface: no visible global function definition for
     ‘download.file’
    NCEP.gather.surface: no visible global function definition for
     ‘read.table’
    NCEP.interp.gaussian: no visible global function definition for
     ‘download.file’
    NCEP.interp.gaussian: no visible global function definition for
     ‘read.table’
    NCEP.interp.gaussian: no visible global function definition for ‘sd’
    NCEP.interp.pressure: no visible global function definition for
     ‘download.file’
    NCEP.interp.pressure: no visible global function definition for
     ‘read.table’
    NCEP.interp.pressure: no visible global function definition for ‘sd’
    NCEP.interp.surface: no visible global function definition for
     ‘download.file’
    NCEP.interp.surface: no visible global function definition for
     ‘read.table’
    NCEP.interp.surface: no visible global function definition for ‘sd’
    NCEP.track2kml: no visible global function definition for ‘rgb’
    NCEP.track2kml: no visible global function definition for ‘col2rgb’
    NCEP.track2kml : <anonymous>: no visible global function definition for
     ‘rgb’
    NCEP.vis.area: no visible global function definition for ‘heat.colors’
    NCEP.vis.area: no visible global function definition for ‘par’
    NCEP.vis.area: no visible global function definition for ‘dev.off’
    NCEP.vis.area: no visible global function definition for ‘rgb’
    NCEP.vis.area: no visible global function definition for ‘rect’
    NCEP.vis.points: no visible global function definition for
     ‘heat.colors’
    NCEP.vis.points: no visible global function definition for ‘par’
    NCEP.vis.points: no visible global function definition for ‘dev.off’
    NCEP.vis.points: no visible global function definition for ‘rect’
    NCEP.vis.points: no visible global function definition for ‘rgb’
    robust.NCEP.interp.gaussian: no visible global function definition for
     ‘download.file’
    robust.NCEP.interp.gaussian: no visible global function definition for
     ‘read.table’
    robust.NCEP.interp.gaussian: no visible global function definition for
     ‘sd’
    robust.NCEP.interp.pressure: no visible global function definition for
     ‘download.file’
    robust.NCEP.interp.pressure: no visible global function definition for
     ‘read.table’
    robust.NCEP.interp.pressure: no visible global function definition for
     ‘sd’
    robust.NCEP.interp.surface: no visible global function definition for
     ‘download.file’
    robust.NCEP.interp.surface: no visible global function definition for
     ‘read.table’
    robust.NCEP.interp.surface: no visible global function definition for
     ‘sd’
    Undefined global functions or variables:
     aggregate col2rgb dev.off download.file heat.colors par read.table
     rect rgb sd
Flavors: r-devel-linux-x86_64-debian-clang, r-devel-linux-x86_64-debian-gcc, r-devel-linux-x86_64-fedora-clang, r-devel-linux-x86_64-fedora-gcc, r-devel-windows-ix86+x86_64