CRAN Package Check Results for Package RNCEP

Last updated on 2015-05-22 11:48:09.

Flavor Version Tinstall Tcheck Ttotal Status Flags
r-devel-linux-x86_64-debian-clang 1.0.7 2.42 39.71 42.13 OK
r-devel-linux-x86_64-debian-gcc 1.0.7 2.35 39.00 41.34 OK
r-devel-linux-x86_64-fedora-clang 1.0.7 82.98 OK
r-devel-linux-x86_64-fedora-gcc 1.0.7 78.95 OK
r-devel-osx-x86_64-clang 1.0.7 79.43 OK
r-devel-windows-ix86+x86_64 1.0.7 10.00 56.00 66.00 OK
r-patched-linux-x86_64 1.0.7 2.39 38.55 40.94 OK
r-patched-solaris-sparc 1.0.7 505.30 OK
r-patched-solaris-x86 1.0.7 109.70 OK --no-examples
r-release-linux-x86_64 1.0.7 2.35 38.55 40.90 OK
r-release-osx-x86_64-mavericks 1.0.7 OK
r-release-osx-x86_64-snowleopard 1.0.7 ERROR
r-release-windows-ix86+x86_64 1.0.7 7.00 51.00 58.00 OK
r-oldrel-windows-ix86+x86_64 1.0.7 14.00 77.00 91.00 OK

Check Details

Version: 1.0.7
Check: package dependencies
Result: ERROR
    Package required but not available: ‘fields’
    
    See section ‘The DESCRIPTION file’ in the ‘Writing R Extensions’
    manual.
Flavor: r-release-osx-x86_64-snowleopard