CRAN Package Check Results for Package RNCEP

Last updated on 2016-02-09 05:48:20.

Flavor Version Tinstall Tcheck Ttotal Status Flags
r-devel-linux-x86_64-debian-gcc 1.0.7 2.47 44.05 46.53 NOTE
r-devel-linux-x86_64-fedora-clang 1.0.7 57.92 NOTE
r-devel-linux-x86_64-fedora-gcc 1.0.7 43.05 NOTE
r-devel-osx-x86_64-clang 1.0.7 150.37 NOTE
r-devel-windows-ix86+x86_64 1.0.7 9.00 59.00 68.00 NOTE
r-patched-linux-x86_64 1.0.7 2.80 45.76 48.57 OK
r-patched-solaris-sparc 1.0.7 493.60 OK
r-patched-solaris-x86 1.0.7 100.80 OK --no-examples
r-release-linux-x86_64 1.0.7 2.79 46.31 49.10 OK
r-release-osx-x86_64-mavericks 1.0.7 OK
r-release-windows-ix86+x86_64 1.0.7 9.00 89.00 98.00 OK
r-oldrel-windows-ix86+x86_64 1.0.7 19.00 91.00 110.00 OK

Check Details

Version: 1.0.7
Check: R code for possible problems
Result: NOTE
    NCEP.aggregate: no visible global function definition for ‘aggregate’
    NCEP.gather.gaussian: no visible global function definition for
     ‘download.file’
    NCEP.gather.gaussian: no visible global function definition for
     ‘read.table’
    NCEP.gather.pressure: no visible global function definition for
     ‘download.file’
    NCEP.gather.pressure: no visible global function definition for
     ‘read.table’
    NCEP.gather.surface: no visible global function definition for
     ‘download.file’
    NCEP.gather.surface: no visible global function definition for
     ‘read.table’
    NCEP.interp.gaussian: no visible global function definition for
     ‘download.file’
    NCEP.interp.gaussian: no visible global function definition for
     ‘read.table’
    NCEP.interp.gaussian: no visible global function definition for ‘sd’
    NCEP.interp.pressure: no visible global function definition for
     ‘download.file’
    NCEP.interp.pressure: no visible global function definition for
     ‘read.table’
    NCEP.interp.pressure: no visible global function definition for ‘sd’
    NCEP.interp.surface: no visible global function definition for
     ‘download.file’
    NCEP.interp.surface: no visible global function definition for
     ‘read.table’
    NCEP.interp.surface: no visible global function definition for ‘sd’
    NCEP.track2kml: no visible global function definition for ‘rgb’
    NCEP.track2kml: no visible global function definition for ‘col2rgb’
    NCEP.track2kml : <anonymous>: no visible global function definition for
     ‘rgb’
    NCEP.vis.area: no visible global function definition for ‘heat.colors’
    NCEP.vis.area: no visible global function definition for ‘par’
    NCEP.vis.area: no visible global function definition for ‘dev.off’
    NCEP.vis.area: no visible global function definition for ‘rgb’
    NCEP.vis.area: no visible global function definition for ‘rect’
    NCEP.vis.points: no visible global function definition for
     ‘heat.colors’
    NCEP.vis.points: no visible global function definition for ‘par’
    NCEP.vis.points: no visible global function definition for ‘dev.off’
    NCEP.vis.points: no visible global function definition for ‘rect’
    NCEP.vis.points: no visible global function definition for ‘rgb’
    robust.NCEP.interp.gaussian: no visible global function definition for
     ‘download.file’
    robust.NCEP.interp.gaussian: no visible global function definition for
     ‘read.table’
    robust.NCEP.interp.gaussian: no visible global function definition for
     ‘sd’
    robust.NCEP.interp.pressure: no visible global function definition for
     ‘download.file’
    robust.NCEP.interp.pressure: no visible global function definition for
     ‘read.table’
    robust.NCEP.interp.pressure: no visible global function definition for
     ‘sd’
    robust.NCEP.interp.surface: no visible global function definition for
     ‘download.file’
    robust.NCEP.interp.surface: no visible global function definition for
     ‘read.table’
    robust.NCEP.interp.surface: no visible global function definition for
     ‘sd’
    Undefined global functions or variables:
     aggregate col2rgb dev.off download.file heat.colors par read.table
     rect rgb sd
    Consider adding
     importFrom("grDevices", "col2rgb", "dev.off", "heat.colors", "rgb")
     importFrom("graphics", "par", "rect")
     importFrom("stats", "aggregate", "sd")
     importFrom("utils", "download.file", "read.table")
    to your NAMESPACE file.
Flavors: r-devel-linux-x86_64-debian-gcc, r-devel-linux-x86_64-fedora-clang, r-devel-linux-x86_64-fedora-gcc, r-devel-osx-x86_64-clang, r-devel-windows-ix86+x86_64