CRAN Package Check Results for Package RNCEP

Last updated on 2015-08-05 06:47:57.

Flavor Version Tinstall Tcheck Ttotal Status Flags
r-devel-linux-x86_64-debian-clang 1.0.7 2.64 41.12 43.76 NOTE
r-devel-linux-x86_64-debian-gcc 1.0.7 2.55 40.00 42.55 NOTE
r-devel-linux-x86_64-fedora-clang 1.0.7 82.66 NOTE
r-devel-linux-x86_64-fedora-gcc 1.0.7 76.61 NOTE
r-devel-osx-x86_64-clang 1.0.7 76.43 OK
r-devel-windows-ix86+x86_64 1.0.7 11.00 55.00 66.00 NOTE
r-patched-linux-x86_64 1.0.7 2.41 37.65 40.06 OK
r-patched-solaris-sparc 1.0.7 521.90 OK
r-patched-solaris-x86 1.0.7 110.40 OK --no-examples
r-release-linux-x86_64 1.0.7 2.48 40.59 43.07 OK
r-release-osx-x86_64-mavericks 1.0.7 OK
r-release-windows-ix86+x86_64 1.0.7 11.00 59.00 70.00 OK
r-oldrel-windows-ix86+x86_64 1.0.7 18.00 93.00 111.00 OK

Check Details

Version: 1.0.7
Check: R code for possible problems
Result: NOTE
    NCEP.aggregate: no visible global function definition for ‘aggregate’
    NCEP.gather.gaussian: no visible global function definition for
     ‘download.file’
    NCEP.gather.gaussian: no visible global function definition for
     ‘read.table’
    NCEP.gather.pressure: no visible global function definition for
     ‘download.file’
    NCEP.gather.pressure: no visible global function definition for
     ‘read.table’
    NCEP.gather.surface: no visible global function definition for
     ‘download.file’
    NCEP.gather.surface: no visible global function definition for
     ‘read.table’
    NCEP.interp.gaussian: no visible global function definition for
     ‘download.file’
    NCEP.interp.gaussian: no visible global function definition for
     ‘read.table’
    NCEP.interp.gaussian: no visible global function definition for ‘sd’
    NCEP.interp.pressure: no visible global function definition for
     ‘download.file’
    NCEP.interp.pressure: no visible global function definition for
     ‘read.table’
    NCEP.interp.pressure: no visible global function definition for ‘sd’
    NCEP.interp.surface: no visible global function definition for
     ‘download.file’
    NCEP.interp.surface: no visible global function definition for
     ‘read.table’
    NCEP.interp.surface: no visible global function definition for ‘sd’
    NCEP.track2kml: no visible global function definition for ‘rgb’
    NCEP.track2kml: no visible global function definition for ‘col2rgb’
    NCEP.track2kml : <anonymous>: no visible global function definition for
     ‘rgb’
    NCEP.vis.area: no visible global function definition for ‘heat.colors’
    NCEP.vis.area: no visible global function definition for ‘par’
    NCEP.vis.area: no visible global function definition for ‘dev.off’
    NCEP.vis.area: no visible global function definition for ‘rgb’
    NCEP.vis.area: no visible global function definition for ‘rect’
    NCEP.vis.points: no visible global function definition for
     ‘heat.colors’
    NCEP.vis.points: no visible global function definition for ‘par’
    NCEP.vis.points: no visible global function definition for ‘dev.off’
    NCEP.vis.points: no visible global function definition for ‘rect’
    NCEP.vis.points: no visible global function definition for ‘rgb’
    robust.NCEP.interp.gaussian: no visible global function definition for
     ‘download.file’
    robust.NCEP.interp.gaussian: no visible global function definition for
     ‘read.table’
    robust.NCEP.interp.gaussian: no visible global function definition for
     ‘sd’
    robust.NCEP.interp.pressure: no visible global function definition for
     ‘download.file’
    robust.NCEP.interp.pressure: no visible global function definition for
     ‘read.table’
    robust.NCEP.interp.pressure: no visible global function definition for
     ‘sd’
    robust.NCEP.interp.surface: no visible global function definition for
     ‘download.file’
    robust.NCEP.interp.surface: no visible global function definition for
     ‘read.table’
    robust.NCEP.interp.surface: no visible global function definition for
     ‘sd’
    Undefined global functions or variables:
     aggregate col2rgb dev.off download.file heat.colors par read.table
     rect rgb sd
    Consider adding
     importFrom("grDevices", "col2rgb", "dev.off", "heat.colors", "rgb")
     importFrom("graphics", "par", "rect")
     importFrom("stats", "aggregate", "sd")
     importFrom("utils", "download.file", "read.table")
    to your NAMESPACE.
Flavors: r-devel-linux-x86_64-debian-clang, r-devel-linux-x86_64-debian-gcc, r-devel-linux-x86_64-fedora-clang, r-devel-linux-x86_64-fedora-gcc, r-devel-windows-ix86+x86_64