CRAN Package Check Results for Package RNCEP

Last updated on 2014-04-23 12:48:26.

Flavor Version Tinstall Tcheck Ttotal Status Flags
r-devel-linux-x86_64-debian-clang 1.0.6 3.25 51.42 54.68 NOTE
r-devel-linux-x86_64-debian-gcc 1.0.6 3.42 50.81 54.24 NOTE
r-devel-linux-x86_64-fedora-clang 1.0.6 106.92 NOTE --no-examples
r-devel-linux-x86_64-fedora-gcc 1.0.6 101.24 NOTE --no-examples
r-devel-osx-x86_64-clang 1.0.6 96.49 NOTE --no-examples
r-devel-osx-x86_64-gcc 1.0.6 ERROR
r-devel-windows-ix86+x86_64 1.0.6 9.00 69.00 78.00 NOTE
r-patched-linux-x86_64 1.0.6 3.10 50.88 53.98 NOTE
r-patched-solaris-sparc 1.0.6 630.90 NOTE
r-patched-solaris-x86 1.0.6 143.90 NOTE --no-examples
r-release-linux-ix86 1.0.6 5.00 84.00 89.00 NOTE
r-release-linux-x86_64 1.0.6 3.36 51.23 54.59 NOTE
r-release-osx-x86_64-mavericks 1.0.6 WARN
r-release-osx-x86_64-snowleopard 1.0.6 NOTE
r-release-windows-ix86+x86_64 1.0.6 10.00 68.00 78.00 NOTE
r-oldrel-windows-ix86+x86_64 1.0.6 11.00 71.00 82.00 NOTE

Check Details

Version: 1.0.6
Check: package dependencies
Result: NOTE
    Depends: includes the non-default packages:
     ‘abind’ ‘maps’ ‘fields’ ‘tgp’ ‘fossil’ ‘tcltk’ ‘RColorBrewer’
    Adding so many packages to the search path is excessive and importing
    selectively is preferable.
Flavors: r-devel-linux-x86_64-debian-clang, r-devel-linux-x86_64-debian-gcc, r-devel-windows-ix86+x86_64, r-patched-linux-x86_64, r-patched-solaris-sparc, r-release-linux-ix86, r-release-linux-x86_64, r-release-windows-ix86+x86_64

Version: 1.0.6
Check: dependencies in R code
Result: NOTE
    'library' or 'require' calls to packages already attached by Depends:
     ‘RColorBrewer’ ‘abind’ ‘fields’ ‘fossil’ ‘maps’ ‘tcltk’ ‘tgp’
     Please remove these calls from your code.
    See the information on DESCRIPTION files in the chapter ‘Creating R
    packages’ of the ‘Writing R Extensions’ manual.
Flavors: r-devel-linux-x86_64-debian-clang, r-devel-linux-x86_64-debian-gcc, r-devel-windows-ix86+x86_64, r-patched-linux-x86_64, r-patched-solaris-sparc, r-release-linux-ix86, r-release-linux-x86_64, r-release-osx-x86_64-mavericks, r-release-osx-x86_64-snowleopard, r-release-windows-ix86+x86_64, r-oldrel-windows-ix86+x86_64

Version: 1.0.6
Flags: --no-examples
Check: package dependencies
Result: NOTE
    Depends: includes the non-default packages:
     ‘abind’ ‘maps’ ‘fields’ ‘tgp’ ‘fossil’ ‘tcltk’ ‘RColorBrewer’
    Adding so many packages to the search path is excessive and importing
    selectively is preferable.
Flavors: r-devel-linux-x86_64-fedora-clang, r-devel-linux-x86_64-fedora-gcc, r-devel-osx-x86_64-clang, r-patched-solaris-x86

Version: 1.0.6
Flags: --no-examples
Check: dependencies in R code
Result: NOTE
    'library' or 'require' calls to packages already attached by Depends:
     ‘RColorBrewer’ ‘abind’ ‘fields’ ‘fossil’ ‘maps’ ‘tcltk’ ‘tgp’
     Please remove these calls from your code.
    See the information on DESCRIPTION files in the chapter ‘Creating R
    packages’ of the ‘Writing R Extensions’ manual.
Flavors: r-devel-linux-x86_64-fedora-clang, r-devel-linux-x86_64-fedora-gcc, r-devel-osx-x86_64-clang, r-patched-solaris-x86

Version: 1.0.6
Check: package dependencies
Result: ERROR
    Package required but not available: ‘fields’
    
    Packages suggested but not available for checking: ‘raster’ ‘RSAGA’
    
    Depends: includes the non-default packages:
     ‘abind’ ‘maps’ ‘fields’ ‘tgp’ ‘fossil’ ‘tcltk’ ‘RColorBrewer’
    Adding so many packages to the search path is excessive and importing
    selectively is preferable.
    
    See the information on DESCRIPTION files in the chapter ‘Creating R
    packages’ of the ‘Writing R Extensions’ manual.
Flavor: r-devel-osx-x86_64-gcc

Version: 1.0.6
Check: package dependencies
Result: NOTE
    Package suggested but not available for checking: ‘RSAGA’
    
    Depends: includes the non-default packages:
     ‘abind’ ‘maps’ ‘fields’ ‘tgp’ ‘fossil’ ‘tcltk’ ‘RColorBrewer’
    Adding so many packages to the search path is excessive and importing
    selectively is preferable.
Flavors: r-release-osx-x86_64-mavericks, r-release-osx-x86_64-snowleopard

Version: 1.0.6
Check: PDF version of manual
Result: WARNING
    LaTeX errors when creating PDF version.
    This typically indicates Rd problems.
    LaTeX errors found:
    ! LaTeX Error: File `upquote.sty' not found.
    
    Type X to quit or <RETURN> to proceed,
    or enter new name. (Default extension: sty)
    
    56fb640b/Rd2.tex:8: ==> Fatal error occurred, no output PDF file produced!
Flavor: r-release-osx-x86_64-mavericks