CRAN Package Check Results for Package RNCEP

Last updated on 2014-11-28 12:46:57.

Flavor Version Tinstall Tcheck Ttotal Status Flags
r-devel-linux-x86_64-debian-clang 1.0.7 3.44 47.18 50.61 OK
r-devel-linux-x86_64-debian-gcc 1.0.7 3.28 46.10 49.38 OK
r-devel-linux-x86_64-fedora-clang 1.0.7 99.95 OK --no-examples
r-devel-linux-x86_64-fedora-gcc 1.0.7 99.63 OK --no-examples
r-devel-osx-x86_64-clang 1.0.7 102.55 OK --no-examples
r-devel-windows-ix86+x86_64 1.0.7 8.00 65.00 73.00 OK
r-patched-linux-x86_64 1.0.7 3.50 48.72 52.23 OK
r-patched-solaris-sparc 1.0.7 574.40 OK
r-patched-solaris-x86 1.0.7 133.10 OK --no-examples
r-release-linux-ix86 1.0.6 4.08 61.45 65.53 NOTE
r-release-linux-x86_64 1.0.7 3.62 49.36 52.98 OK
r-release-osx-x86_64-mavericks 1.0.7 OK
r-release-osx-x86_64-snowleopard 1.0.7 OK
r-release-windows-ix86+x86_64 1.0.7 11.00 68.00 79.00 OK
r-oldrel-windows-ix86+x86_64 1.0.7 10.00 65.00 75.00 OK

Check Details

Version: 1.0.6
Check: package dependencies
Result: NOTE
    Depends: includes the non-default packages:
     ‘abind’ ‘maps’ ‘fields’ ‘tgp’ ‘fossil’ ‘tcltk’ ‘RColorBrewer’
    Adding so many packages to the search path is excessive and importing
    selectively is preferable.
Flavor: r-release-linux-ix86

Version: 1.0.6
Check: dependencies in R code
Result: NOTE
    'library' or 'require' calls to packages already attached by Depends:
     ‘RColorBrewer’ ‘abind’ ‘fields’ ‘fossil’ ‘maps’ ‘tcltk’ ‘tgp’
     Please remove these calls from your code.
    See the information on DESCRIPTION files in the chapter ‘Creating R
    packages’ of the ‘Writing R Extensions’ manual.
Flavor: r-release-linux-ix86