CRAN Package Check Results for Package RNCEP

Last updated on 2014-07-22 19:47:57.

Flavor Version Tinstall Tcheck Ttotal Status Flags
r-devel-linux-x86_64-debian-clang 1.0.6 3.03 48.41 51.44 NOTE
r-devel-linux-x86_64-debian-gcc 1.0.6 3.00 47.61 50.61 NOTE
r-devel-linux-x86_64-fedora-clang 1.0.6 106.94 NOTE --no-examples
r-devel-linux-x86_64-fedora-gcc 1.0.6 100.25 NOTE --no-examples
r-devel-osx-x86_64-clang 1.0.6 90.94 NOTE --no-examples
r-devel-windows-ix86+x86_64 1.0.6 9.00 71.00 80.00 NOTE
r-patched-linux-x86_64 1.0.6 3.22 48.50 51.72 NOTE
r-patched-solaris-sparc 1.0.6 630.90 NOTE
r-patched-solaris-x86 1.0.6 131.20 NOTE --no-examples
r-release-linux-ix86 1.0.6 3.91 66.11 70.02 NOTE
r-release-linux-x86_64 1.0.6 3.04 49.51 52.54 NOTE
r-release-osx-x86_64-mavericks 1.0.6 NOTE
r-release-osx-x86_64-snowleopard 1.0.6 NOTE
r-release-windows-ix86+x86_64 1.0.6 10.00 74.00 84.00 NOTE
r-oldrel-windows-ix86+x86_64 1.0.6 11.00 72.00 83.00 NOTE

Check Details

Version: 1.0.6
Check: package dependencies
Result: NOTE
    Depends: includes the non-default packages:
     ‘abind’ ‘maps’ ‘fields’ ‘tgp’ ‘fossil’ ‘tcltk’ ‘RColorBrewer’
    Adding so many packages to the search path is excessive and importing
    selectively is preferable.
Flavors: r-devel-linux-x86_64-debian-clang, r-devel-linux-x86_64-debian-gcc, r-devel-windows-ix86+x86_64, r-patched-linux-x86_64, r-patched-solaris-sparc, r-release-linux-ix86, r-release-linux-x86_64, r-release-windows-ix86+x86_64

Version: 1.0.6
Check: dependencies in R code
Result: NOTE
    'library' or 'require' calls to packages already attached by Depends:
     ‘RColorBrewer’ ‘abind’ ‘fields’ ‘fossil’ ‘maps’ ‘tcltk’ ‘tgp’
     Please remove these calls from your code.
    See the information on DESCRIPTION files in the chapter ‘Creating R
    packages’ of the ‘Writing R Extensions’ manual.
Flavors: r-devel-linux-x86_64-debian-clang, r-devel-linux-x86_64-debian-gcc, r-devel-windows-ix86+x86_64, r-patched-linux-x86_64, r-patched-solaris-sparc, r-release-linux-ix86, r-release-linux-x86_64, r-release-osx-x86_64-mavericks, r-release-osx-x86_64-snowleopard, r-release-windows-ix86+x86_64, r-oldrel-windows-ix86+x86_64

Version: 1.0.6
Flags: --no-examples
Check: package dependencies
Result: NOTE
    Depends: includes the non-default packages:
     ‘abind’ ‘maps’ ‘fields’ ‘tgp’ ‘fossil’ ‘tcltk’ ‘RColorBrewer’
    Adding so many packages to the search path is excessive and importing
    selectively is preferable.
Flavors: r-devel-linux-x86_64-fedora-clang, r-devel-linux-x86_64-fedora-gcc, r-devel-osx-x86_64-clang, r-patched-solaris-x86

Version: 1.0.6
Flags: --no-examples
Check: dependencies in R code
Result: NOTE
    'library' or 'require' calls to packages already attached by Depends:
     ‘RColorBrewer’ ‘abind’ ‘fields’ ‘fossil’ ‘maps’ ‘tcltk’ ‘tgp’
     Please remove these calls from your code.
    See the information on DESCRIPTION files in the chapter ‘Creating R
    packages’ of the ‘Writing R Extensions’ manual.
Flavors: r-devel-linux-x86_64-fedora-clang, r-devel-linux-x86_64-fedora-gcc, r-devel-osx-x86_64-clang, r-patched-solaris-x86

Version: 1.0.6
Check: package dependencies
Result: NOTE
    Package suggested but not available for checking: ‘RSAGA’
    
    Depends: includes the non-default packages:
     ‘abind’ ‘maps’ ‘fields’ ‘tgp’ ‘fossil’ ‘tcltk’ ‘RColorBrewer’
    Adding so many packages to the search path is excessive and importing
    selectively is preferable.
Flavors: r-release-osx-x86_64-mavericks, r-release-osx-x86_64-snowleopard