CRAN Package Check Results for Package RNetCDF

Last updated on 2019-01-18 18:48:40 CET.

Flavor Version Tinstall Tcheck Ttotal Status Flags
r-devel-linux-x86_64-debian-clang 1.9-1 6.39 23.57 29.96 OK
r-devel-linux-x86_64-debian-gcc 1.9-1 4.74 18.73 23.47 OK
r-devel-linux-x86_64-fedora-clang 1.9-1 34.59 OK
r-devel-linux-x86_64-fedora-gcc 1.9-1 33.00 OK
r-devel-windows-ix86+x86_64 1.9-1 21.00 82.00 103.00 NOTE
r-patched-linux-x86_64 1.9-1 5.22 22.18 27.40 OK
r-patched-solaris-x86 1.9-1 57.40 OK
r-release-linux-x86_64 1.9-1 5.46 21.88 27.34 OK
r-release-windows-ix86+x86_64 1.9-1 21.00 79.00 100.00 NOTE
r-release-osx-x86_64 1.9-1 NOTE
r-oldrel-windows-ix86+x86_64 1.9-1 25.00 82.00 107.00 NOTE
r-oldrel-osx-x86_64 1.9-1 NOTE

Check Details

Version: 1.9-1
Check: installed package size
Result: NOTE
     installed size is 9.3Mb
     sub-directories of 1Mb or more:
     libs 8.9Mb
Flavors: r-devel-windows-ix86+x86_64, r-release-windows-ix86+x86_64, r-release-osx-x86_64, r-oldrel-windows-ix86+x86_64, r-oldrel-osx-x86_64