CRAN Package Check Results for Package RNetCDF

Last updated on 2017-11-24 18:50:51 CET.

Flavor Version Tinstall Tcheck Ttotal Status Flags
r-devel-linux-x86_64-debian-clang 1.9-1 5.56 39.17 44.73 OK
r-devel-linux-x86_64-debian-gcc 1.9-1 4.70 37.40 42.10 OK
r-devel-linux-x86_64-fedora-clang 1.9-1 29.67 OK
r-devel-linux-x86_64-fedora-gcc 1.9-1 28.62 OK
r-devel-windows-ix86+x86_64 1.9-1 28.00 78.00 106.00 NOTE
r-patched-linux-x86_64 1.9-1 6.13 40.70 46.83 OK
r-patched-solaris-x86 1.9-1 42.80 OK
r-release-linux-x86_64 1.9-1 4.20 40.65 44.85 OK
r-release-windows-ix86+x86_64 1.9-1 21.00 81.00 102.00 NOTE
r-release-osx-x86_64 1.9-1 NOTE
r-oldrel-windows-ix86+x86_64 1.9-1 21.00 58.00 79.00 NOTE
r-oldrel-osx-x86_64 1.9-1 NOTE

Check Details

Version: 1.9-1
Check: installed package size
Result: NOTE
     installed size is 9.3Mb
     sub-directories of 1Mb or more:
     libs 8.9Mb
Flavors: r-devel-windows-ix86+x86_64, r-release-windows-ix86+x86_64, r-release-osx-x86_64, r-oldrel-windows-ix86+x86_64, r-oldrel-osx-x86_64