CRAN Package Check Results for Package RNetCDF

Last updated on 2018-09-21 03:49:01 CEST.

Flavor Version Tinstall Tcheck Ttotal Status Flags
r-devel-linux-x86_64-debian-clang 1.9-1 6.58 23.50 30.08 OK
r-devel-linux-x86_64-debian-gcc 1.9-1 4.70 18.70 23.40 OK
r-devel-linux-x86_64-fedora-clang 1.9-1 35.07 OK
r-devel-linux-x86_64-fedora-gcc 1.9-1 33.06 OK
r-devel-windows-ix86+x86_64 1.9-1 29.00 75.00 104.00 NOTE
r-patched-linux-x86_64 1.9-1 4.65 22.02 26.67 OK
r-patched-solaris-x86 1.9-1 46.80 OK
r-release-linux-x86_64 1.9-1 4.82 22.54 27.36 OK
r-release-windows-ix86+x86_64 1.9-1 28.00 72.00 100.00 NOTE
r-release-osx-x86_64 1.9-1 NOTE
r-oldrel-windows-ix86+x86_64 1.9-1 21.00 81.00 102.00 NOTE
r-oldrel-osx-x86_64 1.9-1 NOTE

Check Details

Version: 1.9-1
Check: installed package size
Result: NOTE
     installed size is 9.3Mb
     sub-directories of 1Mb or more:
     libs 8.9Mb
Flavors: r-devel-windows-ix86+x86_64, r-release-windows-ix86+x86_64, r-release-osx-x86_64, r-oldrel-windows-ix86+x86_64, r-oldrel-osx-x86_64