CRAN Package Check Results for Package RNetCDF

Last updated on 2016-09-29 23:47:47.

Flavor Version Tinstall Tcheck Ttotal Status Flags
r-devel-linux-x86_64-debian-clang 1.8-2 3.86 12.65 16.51 OK
r-devel-linux-x86_64-debian-gcc 1.8-2 3.31 13.03 16.34 OK
r-devel-linux-x86_64-fedora-clang 1.8-2 29.05 OK
r-devel-linux-x86_64-fedora-gcc 1.8-2 24.44 OK
r-devel-macos-x86_64-clang 1.8-2 24.55 OK
r-devel-windows-ix86+x86_64 1.8-2 14.00 30.00 44.00 OK
r-patched-linux-x86_64 1.8-2 2.89 12.57 15.46 OK
r-patched-solaris-sparc 1.8-2 149.10 OK
r-patched-solaris-x86 1.8-2 34.00 OK
r-release-linux-x86_64 1.8-2 3.01 12.56 15.57 OK
r-release-osx-x86_64-mavericks 1.8-2 NOTE
r-release-windows-ix86+x86_64 1.8-2 9.00 33.00 42.00 OK
r-oldrel-windows-ix86+x86_64 1.8-2 12.00 41.00 53.00 OK

Check Details

Version: 1.8-2
Check: installed package size
Result: NOTE
     installed size is 6.3Mb
     sub-directories of 1Mb or more:
     libs 6.1Mb
Flavor: r-release-osx-x86_64-mavericks