CRAN Package Check Results for Package RNetCDF

Last updated on 2016-12-03 23:47:55.

Flavor Version Tinstall Tcheck Ttotal Status Flags
r-devel-linux-x86_64-debian-clang 1.8-2 4.01 14.91 18.92 OK
r-devel-linux-x86_64-debian-gcc 1.8-2 3.22 14.81 18.03 OK
r-devel-linux-x86_64-fedora-clang 1.8-2 31.11 OK
r-devel-linux-x86_64-fedora-gcc 1.8-2 29.69 OK
r-devel-macos-x86_64-clang 1.8-2 28.40 OK
r-devel-windows-ix86+x86_64 1.8-2 18.00 47.00 65.00 OK
r-patched-linux-x86_64 1.8-2 3.03 12.31 15.35 OK
r-patched-solaris-sparc 1.8-2 149.10 OK
r-patched-solaris-x86 1.8-2 34.60 OK
r-release-linux-x86_64 1.8-2 3.12 12.51 15.63 OK
r-release-osx-x86_64-mavericks 1.8-2 NOTE
r-release-windows-ix86+x86_64 1.8-2 9.00 30.00 39.00 OK
r-oldrel-windows-ix86+x86_64 1.8-2 9.00 41.00 50.00 OK

Check Details

Version: 1.8-2
Check: installed package size
Result: NOTE
     installed size is 6.3Mb
     sub-directories of 1Mb or more:
     libs 6.1Mb
Flavor: r-release-osx-x86_64-mavericks