CRAN Package Check Results for Package RNetCDF

Last updated on 2017-02-23 05:49:24.

Flavor Version Tinstall Tcheck Ttotal Status Flags
r-devel-linux-x86_64-debian-clang 1.8-2 3.88 15.32 19.20 NOTE
r-devel-linux-x86_64-debian-gcc 1.8-2 3.14 15.74 18.89 NOTE
r-devel-linux-x86_64-fedora-clang 1.8-2 29.78 NOTE --no-stop-on-test-error
r-devel-linux-x86_64-fedora-gcc 1.8-2 28.76 NOTE --no-stop-on-test-error
r-devel-macos-x86_64-clang 1.8-2 28.52 NOTE --no-stop-on-test-error
r-devel-windows-ix86+x86_64 1.8-2 9.00 57.00 66.00 OK
r-patched-linux-x86_64 1.8-2 2.95 13.63 16.57 OK
r-patched-solaris-sparc 1.8-2 160.20 OK
r-patched-solaris-x86 1.8-2 33.80 OK
r-release-linux-x86_64 1.8-2 2.94 12.96 15.89 OK
r-release-osx-x86_64-mavericks 1.8-2 NOTE
r-release-windows-ix86+x86_64 1.8-2 9.00 30.00 39.00 OK
r-oldrel-windows-ix86+x86_64 1.8-2 9.00 41.00 50.00 OK

Check Details

Version: 1.8-2
Check: compiled code
Result: NOTE
    File ‘RNetCDF/libs/RNetCDF.so’:
     Found no calls to: ‘R_registerRoutines’, ‘R_useDynamicSymbols’
    
    It is good practice to register native routines and to disable symbol
    search.
    
    See ‘Writing portable packages’ in the ‘Writing R Extensions’ manual.
Flavors: r-devel-linux-x86_64-debian-clang, r-devel-linux-x86_64-debian-gcc

Version: 1.8-2
Flags: --no-stop-on-test-error
Check: compiled code
Result: NOTE
    File ‘RNetCDF/libs/RNetCDF.so’:
     Found no calls to: ‘R_registerRoutines’, ‘R_useDynamicSymbols’
    
    It is good practice to register native routines and to disable symbol
    search.
    
    See ‘Writing portable packages’ in the ‘Writing R Extensions’ manual.
Flavors: r-devel-linux-x86_64-fedora-clang, r-devel-linux-x86_64-fedora-gcc, r-devel-macos-x86_64-clang

Version: 1.8-2
Check: installed package size
Result: NOTE
     installed size is 6.3Mb
     sub-directories of 1Mb or more:
     libs 6.1Mb
Flavor: r-release-osx-x86_64-mavericks