CRAN Package Check Results for Package RNetCDF

Last updated on 2014-11-24 15:47:23.

Flavor Version Tinstall Tcheck Ttotal Status Flags
r-devel-linux-x86_64-debian-clang 1.6.3-1 2.75 12.92 15.67 OK
r-devel-linux-x86_64-debian-gcc 1.6.3-1 2.65 12.89 15.54 OK
r-devel-linux-x86_64-fedora-clang 1.6.3-1 31.62 OK
r-devel-linux-x86_64-fedora-gcc 1.6.3-1 29.25 OK
r-devel-osx-x86_64-clang 1.6.3-1 35.87 OK
r-devel-windows-ix86+x86_64 1.6.3-1 9.00 30.00 39.00 OK
r-patched-linux-x86_64 1.6.3-1 2.72 13.30 16.01 OK
r-patched-solaris-sparc 1.6.3-1 151.20 OK
r-patched-solaris-x86 1.6.3-1 46.00 OK
r-release-linux-ix86 1.6.3-1 4.58 18.96 23.54 OK
r-release-linux-x86_64 1.6.3-1 2.70 12.77 15.47 OK
r-release-osx-x86_64-mavericks 1.6.3-1 NOTE
r-release-osx-x86_64-snowleopard 1.6.3-1 NOTE
r-release-windows-ix86+x86_64 1.6.3-1 8.00 31.00 39.00 OK
r-oldrel-windows-ix86+x86_64 1.6.3-1 6.00 32.00 38.00 OK

Memtest notes: valgrind valgrind

Check Details

Version: 1.6.3-1
Check: installed package size
Result: NOTE
     installed size is 6.2Mb
     sub-directories of 1Mb or more:
     libs 6.1Mb
Flavors: r-release-osx-x86_64-mavericks, r-release-osx-x86_64-snowleopard