CRAN Package Check Results for Package RNetCDF

Last updated on 2016-02-05 21:47:54.

Flavor Version Tinstall Tcheck Ttotal Status Flags
r-devel-linux-x86_64-debian-gcc 1.7-3 3.01 11.49 14.50 OK
r-devel-linux-x86_64-fedora-clang 1.7-3 25.00 OK
r-devel-linux-x86_64-fedora-gcc 1.7-3 24.02 OK
r-devel-osx-x86_64-clang 1.7-3 33.66 OK
r-devel-windows-ix86+x86_64 1.7-3 12.00 46.00 58.00 OK
r-patched-linux-x86_64 1.7-3 3.13 12.78 15.91 OK
r-patched-solaris-sparc 1.7-3 156.40 OK
r-patched-solaris-x86 1.7-3 34.60 OK
r-release-linux-x86_64 1.7-3 3.01 12.38 15.39 OK
r-release-osx-x86_64-mavericks 1.7-3 NOTE
r-release-windows-ix86+x86_64 1.7-3 8.00 33.00 41.00 OK
r-oldrel-windows-ix86+x86_64 1.7-3 9.00 36.00 45.00 OK

Check Details

Version: 1.7-3
Check: installed package size
Result: NOTE
     installed size is 6.3Mb
     sub-directories of 1Mb or more:
     libs 6.1Mb
Flavor: r-release-osx-x86_64-mavericks