CRAN Package Check Results for Package RNetCDF

Last updated on 2015-04-28 05:48:00.

Flavor Version Tinstall Tcheck Ttotal Status Flags
r-devel-linux-x86_64-debian-clang 1.6.3-1 2.87 12.26 15.13 OK
r-devel-linux-x86_64-debian-gcc 1.6.3-1 2.70 12.14 14.83 OK
r-devel-linux-x86_64-fedora-clang 1.6.3-1 28.20 OK
r-devel-linux-x86_64-fedora-gcc 1.6.3-1 26.91 OK
r-devel-osx-x86_64-clang 1.6.3-1 33.50 OK
r-devel-windows-ix86+x86_64 1.6.3-1 8.00 33.00 41.00 OK
r-patched-linux-x86_64 1.6.3-1 2.69 12.18 14.87 OK
r-patched-solaris-sparc 1.6.3-1 174.20 OK
r-patched-solaris-x86 1.6.3-1 31.10 OK
r-release-linux-x86_64 1.6.3-1 2.69 12.22 14.91 OK
r-release-osx-x86_64-mavericks 1.6.3-1 NOTE
r-release-osx-x86_64-snowleopard 1.6.3-1 NOTE
r-release-windows-ix86+x86_64 1.6.3-1 6.00 38.00 44.00 OK
r-oldrel-windows-ix86+x86_64 1.6.3-1 11.00 37.00 48.00 OK

Memtest notes: valgrind valgrind

Check Details

Version: 1.6.3-1
Check: installed package size
Result: NOTE
     installed size is 6.2Mb
     sub-directories of 1Mb or more:
     libs 6.1Mb
Flavors: r-release-osx-x86_64-mavericks, r-release-osx-x86_64-snowleopard