CRAN Package Check Results for Package RNetCDF

Last updated on 2015-03-02 19:52:26.

Flavor Version Tinstall Tcheck Ttotal Status Flags
r-devel-linux-x86_64-debian-clang 1.6.3-1 2.81 12.39 15.20 OK
r-devel-linux-x86_64-debian-gcc 1.6.3-1 2.64 11.90 14.54 OK
r-devel-linux-x86_64-fedora-clang 1.6.3-1 28.60 OK
r-devel-linux-x86_64-fedora-gcc 1.6.3-1 26.91 OK
r-devel-osx-x86_64-clang 1.6.3-1 34.66 OK
r-devel-windows-ix86+x86_64 1.6.3-1 12.00 36.00 48.00 OK
r-patched-linux-x86_64 1.6.3-1 2.91 13.12 16.03 OK
r-patched-solaris-sparc 1.6.3-1 190.20 OK
r-patched-solaris-x86 1.6.3-1 44.80 OK
r-release-linux-ix86 1.6.3-1 4.42 20.00 24.42 OK
r-release-linux-x86_64 1.6.3-1 2.82 13.38 16.20 OK
r-release-osx-x86_64-mavericks 1.6.3-1 NOTE
r-release-osx-x86_64-snowleopard 1.6.3-1 NOTE
r-release-windows-ix86+x86_64 1.6.3-1 8.00 31.00 39.00 OK
r-oldrel-windows-ix86+x86_64 1.6.3-1 6.00 32.00 38.00 OK

Memtest notes: valgrind valgrind

Check Details

Version: 1.6.3-1
Check: installed package size
Result: NOTE
     installed size is 6.2Mb
     sub-directories of 1Mb or more:
     libs 6.1Mb
Flavors: r-release-osx-x86_64-mavericks, r-release-osx-x86_64-snowleopard