CRAN Package Check Results for Package RNetCDF

Last updated on 2015-07-04 11:50:00.

Flavor Version Tinstall Tcheck Ttotal Status Flags
r-devel-linux-x86_64-debian-clang 1.7-3 3.47 12.05 15.52 OK
r-devel-linux-x86_64-debian-gcc 1.7-3 2.94 11.22 14.16 OK
r-devel-linux-x86_64-fedora-clang 1.7-3 26.42 OK
r-devel-linux-x86_64-fedora-gcc 1.7-3 25.73 OK
r-devel-osx-x86_64-clang 1.7-3 32.17 OK
r-devel-windows-ix86+x86_64 1.7-3 13.00 33.00 46.00 OK
r-patched-linux-x86_64 1.7-3 2.93 11.96 14.89 OK
r-patched-solaris-sparc 1.7-3 192.80 OK
r-patched-solaris-x86 1.7-3 42.90 OK
r-release-linux-x86_64 1.7-3 2.98 11.84 14.82 OK
r-release-osx-x86_64-mavericks 1.7-3 ERROR
r-release-windows-ix86+x86_64 1.7-3 9.00 33.00 42.00 OK
r-oldrel-windows-ix86+x86_64 1.7-3 9.00 36.00 45.00 OK

Check Details

Version: 1.7-3
Check: whether package can be installed
Result: ERROR
    Installation failed.
Flavor: r-release-osx-x86_64-mavericks