CRAN Package Check Results for Package RNetCDF

Last updated on 2015-08-30 21:46:58.

Flavor Version Tinstall Tcheck Ttotal Status Flags
r-devel-linux-x86_64-debian-clang 1.7-3 3.10 11.29 14.39 OK
r-devel-linux-x86_64-debian-gcc 1.7-3 3.13 11.39 14.52 OK
r-devel-linux-x86_64-fedora-clang 1.7-3 26.25 OK
r-devel-linux-x86_64-fedora-gcc 1.7-3 25.53 OK
r-devel-osx-x86_64-clang 1.7-3 30.76 OK
r-devel-windows-ix86+x86_64 1.7-3 13.00 36.00 49.00 OK
r-patched-linux-x86_64 1.7-3 2.90 12.21 15.12 OK
r-patched-solaris-sparc 1.7-3 177.10 OK
r-patched-solaris-x86 1.7-3 42.70 OK
r-release-linux-x86_64 1.7-3 3.02 12.23 15.25 OK
r-release-osx-x86_64-mavericks 1.7-3 NOTE
r-release-windows-ix86+x86_64 1.7-3 10.00 47.00 57.00 OK
r-oldrel-windows-ix86+x86_64 1.7-3 9.00 36.00 45.00 OK

Check Details

Version: 1.7-3
Check: installed package size
Result: NOTE
     installed size is 6.3Mb
     sub-directories of 1Mb or more:
     libs 6.1Mb
Flavor: r-release-osx-x86_64-mavericks