CRAN Package Check Results for Package RNetCDF

Last updated on 2014-08-31 11:47:16.

Flavor Version Tinstall Tcheck Ttotal Status Flags
r-devel-linux-x86_64-debian-clang 1.6.2-3 2.59 11.88 14.47 OK
r-devel-linux-x86_64-debian-gcc 1.6.2-3 2.65 11.75 14.40 OK
r-devel-linux-x86_64-fedora-clang 1.6.2-3 31.55 OK
r-devel-linux-x86_64-fedora-gcc 1.6.2-3 27.59 OK
r-devel-osx-x86_64-clang 1.6.2-3 32.40 OK
r-devel-windows-ix86+x86_64 1.6.2-3 8.00 29.00 37.00 OK
r-patched-linux-x86_64 1.6.2-3 2.65 12.15 14.80 OK
r-patched-solaris-sparc 1.6.2-3 178.60 OK
r-patched-solaris-x86 1.6.2-3 46.40 OK
r-release-linux-ix86 1.6.2-3 4.43 19.02 23.45 OK
r-release-linux-x86_64 1.6.2-3 2.82 13.04 15.87 OK
r-release-osx-x86_64-mavericks 1.6.2-3 NOTE
r-release-osx-x86_64-snowleopard 1.6.2-3 NOTE
r-release-windows-ix86+x86_64 1.6.2-3 11.00 31.00 42.00 OK
r-oldrel-windows-ix86+x86_64 1.6.2-3 7.00 31.00 38.00 OK

Memtest notes: valgrind valgrind

Check Details

Version: 1.6.2-3
Check: installed package size
Result: NOTE
     installed size is 6.2Mb
     sub-directories of 1Mb or more:
     libs 6.1Mb
Flavors: r-release-osx-x86_64-mavericks, r-release-osx-x86_64-snowleopard