CRAN Package Check Results for Package RNetCDF

Last updated on 2017-01-20 10:48:13.

Flavor Version Tinstall Tcheck Ttotal Status Flags
r-devel-linux-x86_64-debian-clang 1.8-2 4.10 14.70 18.80 OK
r-devel-linux-x86_64-debian-gcc 1.8-2 3.09 14.59 17.69 OK
r-devel-linux-x86_64-fedora-clang 1.8-2 30.00 OK --no-stop-on-test-error
r-devel-linux-x86_64-fedora-gcc 1.8-2 29.03 OK --no-stop-on-test-error
r-devel-macos-x86_64-clang 1.8-2 27.62 OK --no-stop-on-test-error
r-devel-windows-ix86+x86_64 1.8-2 15.00 37.00 52.00 OK
r-patched-linux-x86_64 1.8-2 2.82 12.34 15.16 OK
r-patched-solaris-sparc 1.8-2 160.20 OK
r-patched-solaris-x86 1.8-2 33.80 OK
r-release-linux-x86_64 1.8-2 2.98 11.69 14.67 OK
r-release-osx-x86_64-mavericks 1.8-2 NOTE
r-release-windows-ix86+x86_64 1.8-2 9.00 30.00 39.00 OK
r-oldrel-windows-ix86+x86_64 1.8-2 9.00 41.00 50.00 OK

Check Details

Version: 1.8-2
Check: installed package size
Result: NOTE
     installed size is 6.3Mb
     sub-directories of 1Mb or more:
     libs 6.1Mb
Flavor: r-release-osx-x86_64-mavericks