CRAN Package Check Results for Package RNetCDF

Last updated on 2017-05-26 19:48:07.

Flavor Version Tinstall Tcheck Ttotal Status Flags
r-devel-linux-x86_64-debian-clang 1.8-2 4.14 15.17 19.30 NOTE
r-devel-linux-x86_64-debian-gcc 1.8-2 3.32 15.54 18.86 NOTE
r-devel-linux-x86_64-fedora-clang 1.8-2 30.42 NOTE
r-devel-linux-x86_64-fedora-gcc 1.8-2 29.74 NOTE
r-devel-windows-ix86+x86_64 1.8-2 16.00 53.00 69.00 OK
r-patched-linux-x86_64 1.8-2 3.56 16.16 19.73 NOTE
r-patched-solaris-sparc 1.8-2 183.60 OK
r-patched-solaris-x86 1.8-2 41.30 OK
r-release-linux-x86_64 1.8-2 8.90 14.99 23.90 NOTE
r-release-windows-ix86+x86_64 1.8-2 8.00 43.00 51.00 OK
r-release-osx-x86_64 1.8-2 NOTE
r-oldrel-windows-ix86+x86_64 1.8-2 9.00 30.00 39.00 OK
r-oldrel-osx-x86_64 1.8-2 NOTE

Check Details

Version: 1.8-2
Check: compiled code
Result: NOTE
    File ‘RNetCDF/libs/RNetCDF.so’:
     Found no calls to: ‘R_registerRoutines’, ‘R_useDynamicSymbols’
    
    It is good practice to register native routines and to disable symbol
    search.
    
    See ‘Writing portable packages’ in the ‘Writing R Extensions’ manual.
Flavors: r-devel-linux-x86_64-debian-clang, r-devel-linux-x86_64-debian-gcc, r-devel-linux-x86_64-fedora-clang, r-devel-linux-x86_64-fedora-gcc, r-patched-linux-x86_64, r-release-linux-x86_64

Version: 1.8-2
Check: installed package size
Result: NOTE
     installed size is 7.2Mb
     sub-directories of 1Mb or more:
     libs 6.9Mb
Flavors: r-release-osx-x86_64, r-oldrel-osx-x86_64