CRAN Package Check Results for Package RNetCDF

Last updated on 2019-03-24 18:49:40 CET.

Flavor Version Tinstall Tcheck Ttotal Status Flags
r-devel-linux-x86_64-debian-clang 1.9-1 6.84 30.84 37.68 OK
r-devel-linux-x86_64-debian-gcc 1.9-1 5.14 24.77 29.91 OK
r-devel-linux-x86_64-fedora-clang 1.9-1 45.19 OK
r-devel-linux-x86_64-fedora-gcc 1.9-1 42.92 OK
r-devel-windows-ix86+x86_64 1.9-1 32.00 114.00 146.00 NOTE
r-patched-linux-x86_64 1.9-1 5.38 27.79 33.17 OK
r-patched-solaris-x86 1.9-1 48.30 OK
r-release-linux-x86_64 1.9-1 5.11 27.58 32.69 OK
r-release-windows-ix86+x86_64 1.9-1 21.00 79.00 100.00 NOTE
r-release-osx-x86_64 1.9-1 NOTE
r-oldrel-windows-ix86+x86_64 1.9-1 25.00 82.00 107.00 NOTE
r-oldrel-osx-x86_64 1.9-1 NOTE

Check Details

Version: 1.9-1
Check: installed package size
Result: NOTE
     installed size is 9.3Mb
     sub-directories of 1Mb or more:
     libs 8.9Mb
Flavors: r-devel-windows-ix86+x86_64, r-release-windows-ix86+x86_64, r-release-osx-x86_64, r-oldrel-windows-ix86+x86_64, r-oldrel-osx-x86_64