CRAN Package Check Results for Package RNetCDF

Last updated on 2014-12-19 20:48:25.

Flavor Version Tinstall Tcheck Ttotal Status Flags
r-devel-linux-x86_64-debian-clang 1.6.3-1 2.76 12.96 15.72 OK
r-devel-linux-x86_64-debian-gcc 1.6.3-1 2.68 12.93 15.60 OK
r-devel-linux-x86_64-fedora-clang 1.6.3-1 32.75 OK
r-devel-linux-x86_64-fedora-gcc 1.6.3-1 29.55 OK
r-devel-osx-x86_64-clang 1.6.3-1 35.36 OK
r-devel-windows-ix86+x86_64 1.6.3-1 12.00 41.00 53.00 OK
r-patched-linux-x86_64 1.6.3-1 2.72 12.72 15.45 OK
r-patched-solaris-sparc 1.6.3-1 151.20 OK
r-patched-solaris-x86 1.6.3-1 45.30 OK
r-release-linux-ix86 1.6.3-1 4.30 18.92 23.22 OK
r-release-linux-x86_64 1.6.3-1 2.72 12.56 15.28 OK
r-release-osx-x86_64-mavericks 1.6.3-1 NOTE
r-release-osx-x86_64-snowleopard 1.6.3-1 NOTE
r-release-windows-ix86+x86_64 1.6.3-1 8.00 31.00 39.00 OK
r-oldrel-windows-ix86+x86_64 1.6.3-1 6.00 32.00 38.00 OK

Memtest notes: valgrind valgrind

Check Details

Version: 1.6.3-1
Check: installed package size
Result: NOTE
     installed size is 6.2Mb
     sub-directories of 1Mb or more:
     libs 6.1Mb
Flavors: r-release-osx-x86_64-mavericks, r-release-osx-x86_64-snowleopard