CRAN Package Check Results for Package RNetCDF

Last updated on 2017-09-19 23:48:18.

Flavor Version Tinstall Tcheck Ttotal Status Flags
r-devel-linux-x86_64-debian-clang 1.8-2 3.58 15.84 19.42 NOTE
r-devel-linux-x86_64-debian-gcc 1.8-2 3.36 16.30 19.67 NOTE
r-devel-linux-x86_64-fedora-clang 1.8-2 31.58 NOTE
r-devel-linux-x86_64-fedora-gcc 1.8-2 30.93 NOTE
r-devel-windows-ix86+x86_64 1.8-2 9.00 43.00 52.00 OK
r-patched-linux-x86_64 1.8-2 10.51 15.48 26.00 NOTE
r-patched-solaris-x86 1.8-2 42.00 OK
r-release-linux-x86_64 1.8-2 3.33 15.51 18.85 NOTE
r-release-windows-ix86+x86_64 1.8-2 10.00 45.00 55.00 OK
r-release-osx-x86_64 1.8-2 NOTE
r-oldrel-windows-ix86+x86_64 1.8-2 9.00 30.00 39.00 OK
r-oldrel-osx-x86_64 1.8-2 NOTE

Check Details

Version: 1.8-2
Check: compiled code
Result: NOTE
    File ‘RNetCDF/libs/RNetCDF.so’:
     Found no calls to: ‘R_registerRoutines’, ‘R_useDynamicSymbols’
    
    It is good practice to register native routines and to disable symbol
    search.
    
    See ‘Writing portable packages’ in the ‘Writing R Extensions’ manual.
Flavors: r-devel-linux-x86_64-debian-clang, r-devel-linux-x86_64-debian-gcc, r-devel-linux-x86_64-fedora-clang, r-devel-linux-x86_64-fedora-gcc, r-patched-linux-x86_64, r-release-linux-x86_64

Version: 1.8-2
Check: installed package size
Result: NOTE
     installed size is 7.2Mb
     sub-directories of 1Mb or more:
     libs 6.9Mb
Flavors: r-release-osx-x86_64, r-oldrel-osx-x86_64