CRAN Package Check Results for Package RNetCDF

Last updated on 2016-08-26 23:49:07.

Flavor Version Tinstall Tcheck Ttotal Status Flags
r-devel-linux-x86_64-debian-clang 1.8-2 3.92 12.26 16.18 OK
r-devel-linux-x86_64-debian-gcc 1.8-2 4.02 15.99 20.02 OK
r-devel-linux-x86_64-fedora-clang 1.8-2 25.51 OK
r-devel-linux-x86_64-fedora-gcc 1.8-2 24.61 OK
r-devel-osx-x86_64-clang 1.8-2 24.09 OK
r-devel-windows-ix86+x86_64 1.8-2 15.00 32.00 47.00 OK
r-patched-linux-x86_64 1.8-2 3.11 12.09 15.19 OK
r-patched-solaris-sparc 1.8-2 149.10 OK
r-patched-solaris-x86 1.8-2 34.70 OK
r-release-linux-x86_64 1.8-2 2.98 12.75 15.73 OK
r-release-osx-x86_64-mavericks 1.8-2 NOTE
r-release-windows-ix86+x86_64 1.8-2 9.00 43.00 52.00 OK
r-oldrel-windows-ix86+x86_64 1.8-2 12.00 41.00 53.00 OK

Check Details

Version: 1.8-2
Check: installed package size
Result: NOTE
     installed size is 6.3Mb
     sub-directories of 1Mb or more:
     libs 6.1Mb
Flavor: r-release-osx-x86_64-mavericks