CRAN Package Check Results for Package RNetCDF

Last updated on 2014-04-24 23:48:11.

Flavor Version Tinstall Tcheck Ttotal Status Flags
r-devel-linux-x86_64-debian-clang 1.6.1-2 2.74 12.66 15.40 NOTE
r-devel-linux-x86_64-debian-gcc 1.6.1-2 2.66 12.90 15.56 NOTE
r-devel-linux-x86_64-fedora-clang 1.6.1-2 28.81 NOTE
r-devel-linux-x86_64-fedora-gcc 1.6.1-2 28.42 NOTE
r-devel-osx-x86_64-clang 1.6.1-2 34.33 NOTE
r-devel-osx-x86_64-gcc 1.6.1-2 NOTE
r-devel-windows-ix86+x86_64 1.6.1-2 7.00 29.00 36.00 NOTE
r-patched-linux-x86_64 1.6.1-2 2.72 12.72 15.44 NOTE
r-patched-solaris-sparc 1.6.1-2 167.20 NOTE
r-patched-solaris-x86 1.6.1-2 41.20 NOTE
r-release-linux-ix86 1.6.1-2 7.00 27.00 34.00 NOTE
r-release-linux-x86_64 1.6.1-2 2.69 12.79 15.48 NOTE
r-release-osx-x86_64-mavericks 1.6.1-2 ERROR
r-release-windows-ix86+x86_64 1.6.1-2 14.00 36.00 50.00 NOTE
r-oldrel-windows-ix86+x86_64 1.6.1-2 6.00 30.00 36.00 NOTE

Memtest notes: valgrind valgrind

Check Details

Version: 1.6.1-2
Check: top-level files
Result: NOTE
    File
     LICENSE
    is not mentioned in the DESCRIPTION file.
Flavors: r-devel-linux-x86_64-debian-clang, r-devel-linux-x86_64-debian-gcc, r-devel-linux-x86_64-fedora-clang, r-devel-linux-x86_64-fedora-gcc, r-devel-osx-x86_64-clang, r-devel-osx-x86_64-gcc, r-devel-windows-ix86+x86_64, r-patched-linux-x86_64, r-patched-solaris-sparc, r-patched-solaris-x86, r-release-linux-ix86, r-release-linux-x86_64, r-release-windows-ix86+x86_64, r-oldrel-windows-ix86+x86_64

Version: 1.6.1-2
Check: installed package size
Result: NOTE
     installed size is 6.1Mb
     sub-directories of 1Mb or more:
     libs 6.0Mb
Flavor: r-devel-osx-x86_64-gcc

Version: 1.6.1-2
Check: whether package can be installed
Result: ERROR
    Installation failed.
    See ‘/Builds/CRAN-QA-Simon/packages/mavericks-x86_64/results/3.1/RNetCDF.Rcheck/00install.out’ for details.
Flavor: r-release-osx-x86_64-mavericks