CRAN Package Check Results for Package RNetCDF

Last updated on 2014-09-23 01:48:37.

Flavor Version Tinstall Tcheck Ttotal Status Flags
r-devel-linux-x86_64-debian-clang 1.6.3-1 2.80 12.31 15.11 OK
r-devel-linux-x86_64-debian-gcc 1.6.3-1 2.64 12.12 14.77 OK
r-devel-linux-x86_64-fedora-clang 1.6.3-1 28.83 OK
r-devel-linux-x86_64-fedora-gcc 1.6.3-1 28.84 OK
r-devel-osx-x86_64-clang 1.6.3-1 36.49 OK
r-devel-windows-ix86+x86_64 1.6.3-1 8.00 32.00 40.00 OK
r-patched-linux-x86_64 1.6.3-1 2.80 12.43 15.24 OK
r-patched-solaris-sparc 1.6.3-1 151.20 OK
r-patched-solaris-x86 1.6.3-1 45.50 OK
r-release-linux-ix86 1.6.3-1 4.48 19.31 23.79 OK
r-release-linux-x86_64 1.6.3-1 2.84 12.67 15.51 OK
r-release-osx-x86_64-mavericks 1.6.3-1 NOTE
r-release-osx-x86_64-snowleopard 1.6.3-1 NOTE
r-release-windows-ix86+x86_64 1.6.3-1 6.00 30.00 36.00 OK
r-oldrel-windows-ix86+x86_64 1.6.3-1 6.00 32.00 38.00 OK

Memtest notes: valgrind valgrind

Check Details

Version: 1.6.3-1
Check: installed package size
Result: NOTE
     installed size is 6.2Mb
     sub-directories of 1Mb or more:
     libs 6.1Mb
Flavors: r-release-osx-x86_64-mavericks, r-release-osx-x86_64-snowleopard