CRAN Package Check Results for Package RNetCDF

Last updated on 2016-05-29 23:47:50.

Flavor Version Tinstall Tcheck Ttotal Status Flags
r-devel-linux-x86_64-debian-gcc 1.8-2 3.32 12.63 15.95 OK
r-devel-linux-x86_64-fedora-clang 1.8-2 25.21 OK
r-devel-linux-x86_64-fedora-gcc 1.8-2 24.79 OK
r-devel-osx-x86_64-clang 1.8-2 33.73 OK
r-devel-windows-ix86+x86_64 1.8-2 8.00 32.00 40.00 OK
r-patched-linux-x86_64 1.8-2 2.90 12.46 15.36 OK
r-patched-solaris-sparc 1.8-2 155.50 OK
r-patched-solaris-x86 1.8-2 35.80 OK
r-release-linux-x86_64 1.8-2 2.91 12.72 15.63 OK
r-release-osx-x86_64-mavericks 1.8-2 NOTE
r-release-windows-ix86+x86_64 1.8-2 9.00 43.00 52.00 OK
r-oldrel-windows-ix86+x86_64 1.8-2 12.00 41.00 53.00 OK

Check Details

Version: 1.8-2
Check: installed package size
Result: NOTE
     installed size is 6.3Mb
     sub-directories of 1Mb or more:
     libs 6.1Mb
Flavor: r-release-osx-x86_64-mavericks