CRAN Package Check Results for Package RNetCDF

Last updated on 2014-07-26 10:48:31.

Flavor Version Tinstall Tcheck Ttotal Status Flags
r-devel-linux-x86_64-debian-clang 1.6.2-3 2.65 12.78 15.44 OK
r-devel-linux-x86_64-debian-gcc 1.6.2-3 2.61 12.19 14.80 OK
r-devel-linux-x86_64-fedora-clang 1.6.2-3 29.76 OK
r-devel-linux-x86_64-fedora-gcc 1.6.2-3 28.17 OK
r-devel-osx-x86_64-clang 1.6.2-3 33.79 OK
r-devel-windows-ix86+x86_64 1.6.2-3 8.00 31.00 39.00 OK
r-patched-linux-x86_64 1.6.2-3 2.61 12.30 14.91 OK
r-patched-solaris-sparc 1.6.2-3 167.50 OK
r-patched-solaris-x86 1.6.2-3 44.40 OK
r-release-linux-ix86 1.6.2-3 4.40 18.82 23.22 OK
r-release-linux-x86_64 1.6.2-3 2.70 12.48 15.17 OK
r-release-osx-x86_64-mavericks 1.6.2-3 NOTE
r-release-osx-x86_64-snowleopard 1.6.2-3 NOTE
r-release-windows-ix86+x86_64 1.6.2-3 11.00 31.00 42.00 OK
r-oldrel-windows-ix86+x86_64 1.6.2-3 7.00 31.00 38.00 OK

Memtest notes: valgrind valgrind

Check Details

Version: 1.6.2-3
Check: installed package size
Result: NOTE
     installed size is 6.2Mb
     sub-directories of 1Mb or more:
     libs 6.1Mb
Flavors: r-release-osx-x86_64-mavericks, r-release-osx-x86_64-snowleopard