CRAN Package Check Results for Package RNetCDF

Last updated on 2015-05-27 02:47:21.

Flavor Version Tinstall Tcheck Ttotal Status Flags
r-devel-linux-x86_64-debian-clang 1.7-3 3.20 12.55 15.75 OK
r-devel-linux-x86_64-debian-gcc 1.7-3 2.95 11.68 14.63 OK
r-devel-linux-x86_64-fedora-clang 1.7-3 28.84 OK
r-devel-linux-x86_64-fedora-gcc 1.7-3 28.32 OK
r-devel-osx-x86_64-clang 1.7-3 34.36 OK
r-devel-windows-ix86+x86_64 1.7-3 8.00 33.00 41.00 OK
r-patched-linux-x86_64 1.7-3 2.91 11.96 14.86 OK
r-patched-solaris-sparc 1.7-3 192.80 OK
r-patched-solaris-x86 1.7-3 44.60 OK
r-release-linux-x86_64 1.7-3 2.96 12.12 15.07 OK
r-release-osx-x86_64-mavericks 1.7-3 ERROR
r-release-osx-x86_64-snowleopard 1.7-3 NOTE
r-release-windows-ix86+x86_64 1.7-3 9.00 33.00 42.00 OK
r-oldrel-windows-ix86+x86_64 1.7-3 9.00 36.00 45.00 OK

Check Details

Version: 1.7-3
Check: whether package can be installed
Result: ERROR
    Installation failed.
Flavor: r-release-osx-x86_64-mavericks

Version: 1.7-3
Check: installed package size
Result: NOTE
     installed size is 5.8Mb
     sub-directories of 1Mb or more:
     libs 5.6Mb
Flavor: r-release-osx-x86_64-snowleopard