CRAN Package Check Results for Package RNetCDF

Last updated on 2017-03-27 05:48:13.

Flavor Version Tinstall Tcheck Ttotal Status Flags
r-devel-linux-x86_64-debian-clang 1.8-2 4.20 15.31 19.51 NOTE
r-devel-linux-x86_64-debian-gcc 1.8-2 3.16 15.50 18.66 NOTE
r-devel-linux-x86_64-fedora-clang 1.8-2 30.46 NOTE --no-stop-on-test-error
r-devel-linux-x86_64-fedora-gcc 1.8-2 29.50 NOTE --no-stop-on-test-error
r-devel-macos-x86_64-clang 1.8-2 28.03 NOTE --no-stop-on-test-error
r-devel-windows-ix86+x86_64 1.8-2 9.00 44.00 53.00 OK
r-patched-linux-x86_64 1.8-2 3.24 15.28 18.52 NOTE
r-patched-solaris-sparc 1.8-2 183.60 OK
r-patched-solaris-x86 1.8-2 42.20 OK
r-release-linux-x86_64 1.8-2 3.01 13.11 16.11 OK
r-release-osx-x86_64-mavericks 1.8-2 NOTE
r-release-windows-ix86+x86_64 1.8-2 9.00 30.00 39.00 OK
r-oldrel-windows-ix86+x86_64 1.8-2 9.00 41.00 50.00 OK

Check Details

Version: 1.8-2
Check: compiled code
Result: NOTE
    File ‘RNetCDF/libs/RNetCDF.so’:
     Found no calls to: ‘R_registerRoutines’, ‘R_useDynamicSymbols’
    
    It is good practice to register native routines and to disable symbol
    search.
    
    See ‘Writing portable packages’ in the ‘Writing R Extensions’ manual.
Flavors: r-devel-linux-x86_64-debian-clang, r-devel-linux-x86_64-debian-gcc, r-patched-linux-x86_64

Version: 1.8-2
Flags: --no-stop-on-test-error
Check: compiled code
Result: NOTE
    File ‘RNetCDF/libs/RNetCDF.so’:
     Found no calls to: ‘R_registerRoutines’, ‘R_useDynamicSymbols’
    
    It is good practice to register native routines and to disable symbol
    search.
    
    See ‘Writing portable packages’ in the ‘Writing R Extensions’ manual.
Flavors: r-devel-linux-x86_64-fedora-clang, r-devel-linux-x86_64-fedora-gcc, r-devel-macos-x86_64-clang

Version: 1.8-2
Check: installed package size
Result: NOTE
     installed size is 6.3Mb
     sub-directories of 1Mb or more:
     libs 6.1Mb
Flavor: r-release-osx-x86_64-mavericks