CRAN Package Check Results for Package RNetCDF

Last updated on 2017-04-24 12:47:57.

Flavor Version Tinstall Tcheck Ttotal Status Flags
r-devel-linux-x86_64-debian-clang 1.8-2 4.01 14.89 18.90 NOTE
r-devel-linux-x86_64-debian-gcc 1.8-2 3.00 15.39 18.39 NOTE
r-devel-linux-x86_64-fedora-clang 1.8-2 30.42 NOTE --no-stop-on-test-error
r-devel-linux-x86_64-fedora-gcc 1.8-2 29.08 NOTE --no-stop-on-test-error
r-devel-windows-ix86+x86_64 1.8-2 8.00 43.00 51.00 OK
r-patched-linux-x86_64 1.8-2 2.92 15.06 17.98 NOTE
r-patched-solaris-sparc 1.8-2 183.60 OK
r-patched-solaris-x86 1.8-2 42.00 OK
r-release-linux-x86_64 1.8-2 2.97 14.80 17.77 NOTE
r-release-windows-ix86+x86_64 1.8-2 8.00 43.00 51.00 OK
r-release-osx-x86_64 1.8-2 ERROR
r-oldrel-windows-ix86+x86_64 1.8-2 9.00 30.00 39.00 OK
r-oldrel-osx-x86_64 1.8-2 NOTE

Check Details

Version: 1.8-2
Check: compiled code
Result: NOTE
    File ‘RNetCDF/libs/RNetCDF.so’:
     Found no calls to: ‘R_registerRoutines’, ‘R_useDynamicSymbols’
    
    It is good practice to register native routines and to disable symbol
    search.
    
    See ‘Writing portable packages’ in the ‘Writing R Extensions’ manual.
Flavors: r-devel-linux-x86_64-debian-clang, r-devel-linux-x86_64-debian-gcc, r-patched-linux-x86_64, r-release-linux-x86_64

Version: 1.8-2
Flags: --no-stop-on-test-error
Check: compiled code
Result: NOTE
    File ‘RNetCDF/libs/RNetCDF.so’:
     Found no calls to: ‘R_registerRoutines’, ‘R_useDynamicSymbols’
    
    It is good practice to register native routines and to disable symbol
    search.
    
    See ‘Writing portable packages’ in the ‘Writing R Extensions’ manual.
Flavors: r-devel-linux-x86_64-fedora-clang, r-devel-linux-x86_64-fedora-gcc

Version: 1.8-2
Check: whether package can be installed
Result: ERROR
    Installation failed.
Flavor: r-release-osx-x86_64

Version: 1.8-2
Check: installed package size
Result: NOTE
     installed size is 6.3Mb
     sub-directories of 1Mb or more:
     libs 6.1Mb
Flavor: r-oldrel-osx-x86_64