CRAN Package Check Results for Package RNetCDF

Last updated on 2015-01-29 20:49:04.

Flavor Version Tinstall Tcheck Ttotal Status Flags
r-devel-linux-x86_64-debian-clang 1.6.3-1 2.74 12.47 15.21 OK
r-devel-linux-x86_64-debian-gcc 1.6.3-1 2.67 12.16 14.82 OK
r-devel-linux-x86_64-fedora-clang 1.6.3-1 30.48 OK
r-devel-linux-x86_64-fedora-gcc 1.6.3-1 29.39 OK
r-devel-osx-x86_64-clang 1.6.3-1 36.70 OK
r-devel-windows-ix86+x86_64 1.6.3-1 9.00 34.00 43.00 OK
r-patched-linux-x86_64 1.6.3-1 2.78 13.36 16.14 OK
r-patched-solaris-sparc 1.6.3-1 190.20 OK
r-patched-solaris-x86 1.6.3-1 44.70 OK
r-release-linux-ix86 1.6.3-1 4.44 19.57 24.01 OK
r-release-linux-x86_64 1.6.3-1 2.95 13.10 16.05 OK
r-release-osx-x86_64-mavericks 1.6.3-1 NOTE
r-release-osx-x86_64-snowleopard 1.6.3-1 NOTE
r-release-windows-ix86+x86_64 1.6.3-1 8.00 31.00 39.00 OK
r-oldrel-windows-ix86+x86_64 1.6.3-1 6.00 32.00 38.00 OK

Memtest notes: valgrind valgrind

Check Details

Version: 1.6.3-1
Check: installed package size
Result: NOTE
     installed size is 6.2Mb
     sub-directories of 1Mb or more:
     libs 6.1Mb
Flavors: r-release-osx-x86_64-mavericks, r-release-osx-x86_64-snowleopard