CRAN Package Check Results for Package RNetLogo

Last updated on 2014-08-30 17:47:15.

Flavor Version Tinstall Tcheck Ttotal Status Flags
r-devel-linux-x86_64-debian-clang 1.0-0 1.88 24.14 26.02 NOTE
r-devel-linux-x86_64-debian-gcc 1.0-0 1.76 23.33 25.09 NOTE
r-devel-windows-ix86+x86_64 1.0-0 8.00 40.00 48.00 NOTE
r-patched-linux-x86_64 1.0-0 1.87 24.16 26.03 OK
r-release-linux-ix86 1.0-0 2.32 34.00 36.33 OK
r-release-linux-x86_64 1.0-0 1.90 24.98 26.87 OK
r-release-osx-x86_64-mavericks 1.0-0 OK
r-release-osx-x86_64-snowleopard 1.0-0 OK
r-release-windows-ix86+x86_64 1.0-0 6.00 43.00 49.00 OK
r-oldrel-windows-ix86+x86_64 1.0-0 7.00 41.00 48.00 OK

Check Details

Version: 1.0-0
Check: R code for possible problems
Result: NOTE
    NLCommand: no visible global function definition for ‘.jgetEx’
    NLCommand: no visible global function definition for ‘.jcheck’
    NLDoCommand: no visible global function definition for ‘.jgetEx’
    NLDoCommand: no visible global function definition for ‘.jcheck’
    NLDoCommandWhile: no visible global function definition for ‘.jgetEx’
    NLDoCommandWhile: no visible global function definition for ‘.jcheck’
    NLDoReport: no visible global function definition for ‘.jgetEx’
    NLDoReport: no visible global function definition for ‘.jcheck’
    NLDoReportWhile: no visible global function definition for ‘.jgetEx’
    NLDoReportWhile: no visible global function definition for ‘.jcheck’
    NLGetGraph: no visible global function definition for
     ‘graph.data.frame’
    NLLoadModel: no visible global function definition for ‘.jgetEx’
    NLLoadModel: no visible global function definition for ‘.jcheck’
    NLQuit: no visible global function definition for ‘.jgetEx’
    NLQuit: no visible global function definition for ‘.jcheck’
    NLReport: no visible global function definition for ‘.jgetEx’
    NLReport: no visible global function definition for ‘.jcheck’
    NLSourceFromString: no visible global function definition for ‘.jgetEx’
    NLSourceFromString: no visible global function definition for ‘.jcheck’
    NLStart: no visible global function definition for ‘.jgetEx’
    NLStart: no visible global function definition for ‘.jcheck’
Flavors: r-devel-linux-x86_64-debian-clang, r-devel-linux-x86_64-debian-gcc, r-devel-windows-ix86+x86_64