CRAN Package Check Results for Package RNetLogo

Last updated on 2015-05-30 11:50:33.

Flavor Version Tinstall Tcheck Ttotal Status Flags
r-devel-linux-x86_64-debian-clang 1.0-1 1.39 20.79 22.18 NOTE
r-devel-linux-x86_64-debian-gcc 1.0-1 1.35 20.03 21.38 NOTE
r-devel-linux-x86_64-fedora-clang 1.0-1 44.17 NOTE
r-devel-linux-x86_64-fedora-gcc 1.0-1 39.47 NOTE
r-devel-osx-x86_64-clang 1.0-1 47.44 NOTE
r-devel-windows-ix86+x86_64 1.0-1 5.00 36.00 41.00 NOTE
r-patched-linux-x86_64 1.0-1 1.33 20.62 21.95 NOTE
r-patched-solaris-sparc 1.0-1 304.60 NOTE
r-patched-solaris-x86 1.0-1 69.90 NOTE
r-release-linux-x86_64 1.0-1 1.33 20.28 21.61 NOTE
r-release-osx-x86_64-mavericks 1.0-1 NOTE
r-release-osx-x86_64-snowleopard 1.0-1 ERROR
r-release-windows-ix86+x86_64 1.0-1 6.00 34.00 40.00 NOTE
r-oldrel-windows-ix86+x86_64 1.0-1 7.00 38.00 45.00 OK

Check Details

Version: 1.0-1
Check: DESCRIPTION meta-information
Result: NOTE
    Malformed Description field: should contain one or more complete sentences.
Flavors: r-devel-linux-x86_64-debian-clang, r-devel-linux-x86_64-debian-gcc, r-devel-linux-x86_64-fedora-clang, r-devel-linux-x86_64-fedora-gcc, r-devel-osx-x86_64-clang, r-devel-windows-ix86+x86_64, r-patched-linux-x86_64, r-patched-solaris-sparc, r-patched-solaris-x86, r-release-linux-x86_64, r-release-osx-x86_64-mavericks, r-release-windows-ix86+x86_64

Version: 1.0-1
Check: package dependencies
Result: ERROR
    Package required but not available: ‘igraph’
    
    See section ‘The DESCRIPTION file’ in the ‘Writing R Extensions’
    manual.
Flavor: r-release-osx-x86_64-snowleopard