CRAN Package Check Results for Package RNetLogo

Last updated on 2018-08-15 03:50:14 CEST.

Flavor Version Tinstall Tcheck Ttotal Status Flags
r-devel-linux-x86_64-debian-clang 1.0-4 3.44 40.84 44.28 OK
r-devel-linux-x86_64-debian-gcc 1.0-4 2.47 32.57 35.04 OK
r-devel-linux-x86_64-fedora-clang 1.0-4 50.67 OK
r-devel-linux-x86_64-fedora-gcc 1.0-4 50.37 OK
r-devel-windows-ix86+x86_64 1.0-4 6.00 58.00 64.00 OK
r-patched-linux-x86_64 1.0-4 2.65 35.59 38.24 NOTE
r-patched-solaris-x86 1.0-4 73.10 OK
r-release-linux-x86_64 1.0-4 1.96 35.12 37.08 NOTE
r-release-windows-ix86+x86_64 1.0-4 6.00 61.00 67.00 OK
r-release-osx-x86_64 1.0-4 OK
r-oldrel-windows-ix86+x86_64 1.0-4 7.00 54.00 61.00 OK
r-oldrel-osx-x86_64 1.0-4 OK

Check Details

Version: 1.0-4
Check: DESCRIPTION meta-information
Result: NOTE
    Dependence on R version ‘3.3.2’ not with patchlevel 0
Flavors: r-patched-linux-x86_64, r-release-linux-x86_64