CRAN Package Check Results for Package RNetLogo

Last updated on 2014-04-24 21:47:49.

Flavor Version Tinstall Tcheck Ttotal Status Flags
r-devel-linux-x86_64-debian-clang 0.9-7 2.24 24.61 26.85 OK
r-devel-linux-x86_64-debian-gcc 0.9-7 2.08 26.71 28.78 OK
r-devel-linux-x86_64-fedora-clang 0.9-7 59.30 OK
r-devel-linux-x86_64-fedora-gcc 0.9-7 55.72 OK
r-devel-osx-x86_64-clang 0.9-7 54.90 OK
r-devel-osx-x86_64-gcc 0.9-7 NOTE
r-devel-windows-ix86+x86_64 0.9-7 6.00 42.00 48.00 OK
r-patched-linux-x86_64 0.9-7 2.03 25.66 27.69 OK
r-patched-solaris-sparc 0.9-7 323.70 OK
r-patched-solaris-x86 0.9-7 77.20 OK
r-release-linux-ix86 0.9-7 3.00 48.00 51.00 OK
r-release-linux-x86_64 0.9-7 2.06 26.16 28.22 OK
r-release-osx-x86_64-mavericks 0.9-7 WARN
r-release-osx-x86_64-snowleopard 0.9-7 OK
r-release-windows-ix86+x86_64 0.9-7 6.00 43.00 49.00 OK
r-oldrel-windows-ix86+x86_64 0.9-7 6.00 39.00 45.00 OK

Check Details

Version: 0.9-7
Check: package dependencies
Result: NOTE
    Package suggested but not available for checking: ‘igraph’
Flavor: r-devel-osx-x86_64-gcc

Version: 0.9-7
Check: R code for possible problems
Result: NOTE
    NLGetGraph: no visible global function definition for
     ‘graph.data.frame’
Flavor: r-devel-osx-x86_64-gcc

Version: 0.9-7
Check: PDF version of manual
Result: WARNING
    LaTeX errors when creating PDF version.
    This typically indicates Rd problems.
    LaTeX errors found:
    ! LaTeX Error: File `upquote.sty' not found.
    
    Type X to quit or <RETURN> to proceed,
    or enter new name. (Default extension: sty)
    
    24c9f205/Rd2.tex:8: ==> Fatal error occurred, no output PDF file produced!
Flavor: r-release-osx-x86_64-mavericks