CRAN Package Check Results for Package RNetLogo

Last updated on 2017-07-21 01:50:58.

Flavor Version Tinstall Tcheck Ttotal Status Flags
r-devel-linux-x86_64-debian-clang 1.0-4 1.42 35.87 37.29 OK
r-devel-linux-x86_64-debian-gcc 1.0-4 1.46 35.95 37.40 OK
r-devel-linux-x86_64-fedora-clang 1.0-4 45.61 OK
r-devel-linux-x86_64-fedora-gcc 1.0-4 42.41 OK
r-devel-windows-ix86+x86_64 1.0-4 10.00 69.00 79.00 OK
r-patched-linux-x86_64 1.0-4 1.44 35.74 37.18 OK
r-patched-solaris-x86 1.0-4 3.20 ERROR
r-release-linux-x86_64 1.0-4 1.57 35.68 37.25 OK
r-release-windows-ix86+x86_64 1.0-4 6.00 70.00 76.00 OK
r-release-osx-x86_64 1.0-4 OK
r-oldrel-windows-ix86+x86_64 1.0-4 7.00 66.00 73.00 OK
r-oldrel-osx-x86_64 1.0-4 OK

Check Details

Version: 1.0-4
Check: package dependencies
Result: ERROR
    Package required but not available: ‘igraph’
    
    See section ‘The DESCRIPTION file’ in the ‘Writing R Extensions’
    manual.
Flavor: r-patched-solaris-x86