CRAN Package Check Results for Package RNetLogo

Last updated on 2015-03-28 05:49:39.

Flavor Version Tinstall Tcheck Ttotal Status Flags
r-devel-linux-x86_64-debian-clang 1.0-1 1.36 20.64 22.00 NOTE
r-devel-linux-x86_64-debian-gcc 1.0-1 1.41 20.22 21.63 NOTE
r-devel-linux-x86_64-fedora-clang 1.0-1 42.94 NOTE
r-devel-linux-x86_64-fedora-gcc 1.0-1 40.91 NOTE
r-devel-osx-x86_64-clang 1.0-1 49.44 NOTE
r-prerel-windows-ix86+x86_64 1.0-1 6.00 34.00 40.00 NOTE
r-prerel-linux-x86_64 1.0-1 1.99 20.25 22.24 NOTE
r-prerel-solaris-sparc 1.0-1 286.20 NOTE
r-prerel-solaris-x86 1.0-1 67.40 NOTE
r-release-linux-x86_64 1.0-1 2.78 25.93 28.71 OK
r-release-osx-x86_64-mavericks 1.0-1 OK
r-release-osx-x86_64-snowleopard 1.0-1 OK
r-release-windows-ix86+x86_64 1.0-1 7.00 43.00 50.00 OK
r-oldrel-windows-ix86+x86_64 1.0-1 6.00 55.00 61.00 OK

Check Details

Version: 1.0-1
Check: DESCRIPTION meta-information
Result: NOTE
    Malformed Description field: should contain one or more complete sentences.
Flavors: r-devel-linux-x86_64-debian-clang, r-devel-linux-x86_64-debian-gcc, r-devel-linux-x86_64-fedora-clang, r-devel-linux-x86_64-fedora-gcc, r-devel-osx-x86_64-clang, r-prerel-windows-ix86+x86_64, r-prerel-linux-x86_64, r-prerel-solaris-sparc, r-prerel-solaris-x86