CRAN Package Check Results for Package RNetLogo

Last updated on 2015-09-02 11:48:40.

Flavor Version Tinstall Tcheck Ttotal Status Flags
r-devel-linux-x86_64-debian-clang 1.0-1 1.41 20.40 21.82 NOTE
r-devel-linux-x86_64-debian-gcc 1.0-1 1.42 19.46 20.88 NOTE
r-devel-linux-x86_64-fedora-clang 1.0-1 41.10 NOTE
r-devel-linux-x86_64-fedora-gcc 1.0-1 38.87 NOTE
r-devel-osx-x86_64-clang 1.0-1 39.56 NOTE
r-devel-windows-ix86+x86_64 1.0-1 9.00 41.00 50.00 NOTE
r-patched-linux-x86_64 1.0-1 1.55 21.02 22.58 NOTE
r-patched-solaris-sparc 1.0-1 294.50 NOTE
r-patched-solaris-x86 1.0-1 84.70 NOTE
r-release-linux-x86_64 1.0-1 1.80 21.37 23.17 NOTE
r-release-osx-x86_64-mavericks 1.0-1 NOTE
r-release-windows-ix86+x86_64 1.0-1 7.00 37.00 44.00 NOTE
r-oldrel-windows-ix86+x86_64 1.0-1 12.00 69.00 81.00 OK

Check Details

Version: 1.0-1
Check: DESCRIPTION meta-information
Result: NOTE
    Malformed Description field: should contain one or more complete sentences.
Flavors: r-devel-linux-x86_64-debian-clang, r-devel-linux-x86_64-debian-gcc, r-devel-linux-x86_64-fedora-clang, r-devel-linux-x86_64-fedora-gcc, r-devel-osx-x86_64-clang, r-devel-windows-ix86+x86_64, r-patched-linux-x86_64, r-patched-solaris-sparc, r-patched-solaris-x86, r-release-linux-x86_64, r-release-osx-x86_64-mavericks, r-release-windows-ix86+x86_64