CRAN Package Check Results for Package RNetLogo

Last updated on 2018-06-18 17:49:02 CEST.

Flavor Version Tinstall Tcheck Ttotal Status Flags
r-devel-linux-x86_64-debian-clang 1.0-4 3.46 37.10 40.56 OK
r-devel-linux-x86_64-debian-gcc 1.0-4 2.62 31.95 34.57 OK
r-devel-linux-x86_64-fedora-clang 1.0-4 50.41 OK
r-devel-linux-x86_64-fedora-gcc 1.0-4 47.86 OK
r-devel-windows-ix86+x86_64 1.0-4 8.00 74.00 82.00 OK
r-patched-linux-x86_64 1.0-4 2.87 35.24 38.11 NOTE
r-patched-solaris-x86 1.0-4 67.10 OK
r-release-linux-x86_64 1.0-4 2.52 35.33 37.85 NOTE
r-release-windows-ix86+x86_64 1.0-4 8.00 55.00 63.00 OK
r-release-osx-x86_64 1.0-4 OK
r-oldrel-windows-ix86+x86_64 1.0-4 4.00 71.00 75.00 OK
r-oldrel-osx-x86_64 1.0-4 OK

Check Details

Version: 1.0-4
Check: DESCRIPTION meta-information
Result: NOTE
    Dependence on R version ‘3.3.2’ not with patchlevel 0
Flavors: r-patched-linux-x86_64, r-release-linux-x86_64