CRAN Package Check Results for Package RNetLogo

Last updated on 2015-07-05 22:47:43.

Flavor Version Tinstall Tcheck Ttotal Status Flags
r-devel-linux-x86_64-debian-clang 1.0-1 1.43 20.49 21.92 NOTE
r-devel-linux-x86_64-debian-gcc 1.0-1 1.50 21.29 22.78 NOTE
r-devel-linux-x86_64-fedora-clang 1.0-1 41.38 NOTE
r-devel-linux-x86_64-fedora-gcc 1.0-1 39.55 NOTE
r-devel-osx-x86_64-clang 1.0-1 42.13 NOTE
r-devel-windows-ix86+x86_64 1.0-1 11.00 39.00 50.00 NOTE
r-patched-linux-x86_64 1.0-1 1.47 20.66 22.13 NOTE
r-patched-solaris-sparc 1.0-1 304.60 NOTE
r-patched-solaris-x86 1.0-1 74.00 NOTE
r-release-linux-x86_64 1.0-1 1.48 21.63 23.10 NOTE
r-release-osx-x86_64-mavericks 1.0-1 NOTE
r-release-windows-ix86+x86_64 1.0-1 7.00 37.00 44.00 NOTE
r-oldrel-windows-ix86+x86_64 1.0-1 10.00 72.00 82.00 OK

Check Details

Version: 1.0-1
Check: DESCRIPTION meta-information
Result: NOTE
    Malformed Description field: should contain one or more complete sentences.
Flavors: r-devel-linux-x86_64-debian-clang, r-devel-linux-x86_64-debian-gcc, r-devel-linux-x86_64-fedora-clang, r-devel-linux-x86_64-fedora-gcc, r-devel-osx-x86_64-clang, r-devel-windows-ix86+x86_64, r-patched-linux-x86_64, r-patched-solaris-sparc, r-patched-solaris-x86, r-release-linux-x86_64, r-release-osx-x86_64-mavericks, r-release-windows-ix86+x86_64