CRAN Package Check Results for Package RNetLogo

Last updated on 2018-10-15 12:50:52 CEST.

Flavor Version Tinstall Tcheck Ttotal Status Flags
r-devel-linux-x86_64-debian-clang 1.0-4 2.98 41.16 44.14 OK
r-devel-linux-x86_64-debian-gcc 1.0-4 2.18 32.80 34.98 OK
r-devel-linux-x86_64-fedora-clang 1.0-4 51.98 OK
r-devel-linux-x86_64-fedora-gcc 1.0-4 50.87 OK
r-devel-windows-ix86+x86_64 1.0-4 7.00 75.00 82.00 OK
r-patched-linux-x86_64 1.0-4 2.52 35.15 37.67 NOTE
r-patched-solaris-x86 1.0-4 67.70 OK
r-release-linux-x86_64 1.0-4 2.70 34.93 37.63 NOTE
r-release-windows-ix86+x86_64 1.0-4 9.00 48.00 57.00 OK
r-release-osx-x86_64 1.0-4 OK
r-oldrel-windows-ix86+x86_64 1.0-4 7.00 68.00 75.00 OK
r-oldrel-osx-x86_64 1.0-4 OK

Check Details

Version: 1.0-4
Check: DESCRIPTION meta-information
Result: NOTE
    Dependence on R version ‘3.3.2’ not with patchlevel 0
Flavors: r-patched-linux-x86_64, r-release-linux-x86_64