CRAN Package Check Results for Package RNetLogo

Last updated on 2018-04-21 20:47:09 CEST.

Flavor Version Tinstall Tcheck Ttotal Status Flags
r-devel-linux-x86_64-debian-clang 1.0-4 2.47 34.52 36.99 OK
r-devel-linux-x86_64-debian-gcc 1.0-4 2.06 27.69 29.75 OK
r-devel-linux-x86_64-fedora-clang 1.0-4 46.47 OK
r-devel-linux-x86_64-fedora-gcc 1.0-4 43.20 OK
r-devel-windows-ix86+x86_64 1.0-4 6.00 76.00 82.00 OK
r-devel-osx-x86_64 1.0-4 OK
r-patched-linux-x86_64 1.0-4 3.11 34.44 37.55 NOTE
r-patched-solaris-x86 1.0-4 70.30 OK
r-release-linux-x86_64 1.0-4 1.83 35.45 37.28 OK
r-release-windows-ix86+x86_64 1.0-4 5.00 58.00 63.00 OK
r-release-osx-x86_64 1.0-4 OK
r-oldrel-windows-ix86+x86_64 1.0-4 7.00 51.00 58.00 OK

Check Details

Version: 1.0-4
Check: DESCRIPTION meta-information
Result: NOTE
    Dependence on R version ‘3.3.2’ not with patchlevel 0
Flavor: r-patched-linux-x86_64