CRAN Package Check Results for Package RNetLogo

Last updated on 2019-01-20 09:47:50 CET.

Flavor Version Tinstall Tcheck Ttotal Status Flags
r-devel-linux-x86_64-debian-clang 1.0-4 3.10 38.01 41.11 OK
r-devel-linux-x86_64-debian-gcc 1.0-4 2.39 29.67 32.06 OK
r-devel-linux-x86_64-fedora-clang 1.0-4 48.69 OK
r-devel-linux-x86_64-fedora-gcc 1.0-4 45.15 OK
r-devel-windows-ix86+x86_64 1.0-4 8.00 77.00 85.00 OK
r-patched-linux-x86_64 1.0-4 2.18 35.10 37.28 NOTE
r-patched-solaris-x86 1.0-4 86.10 OK
r-release-linux-x86_64 1.0-4 2.09 35.23 37.32 NOTE
r-release-windows-ix86+x86_64 1.0-4 6.00 71.00 77.00 OK
r-release-osx-x86_64 1.0-4 OK
r-oldrel-windows-ix86+x86_64 1.0-4 9.00 52.00 61.00 OK
r-oldrel-osx-x86_64 1.0-4 OK

Check Details

Version: 1.0-4
Check: DESCRIPTION meta-information
Result: NOTE
    Dependence on R version ‘3.3.2’ not with patchlevel 0
Flavors: r-patched-linux-x86_64, r-release-linux-x86_64