CRAN Package Check Results for Package RNetLogo

Last updated on 2018-01-21 07:47:33 CET.

Flavor Version Tinstall Tcheck Ttotal Status Flags
r-devel-linux-x86_64-debian-clang 1.0-4 2.11 35.40 37.51 NOTE
r-devel-linux-x86_64-debian-gcc 1.0-4 1.35 27.79 29.14 NOTE
r-devel-linux-x86_64-fedora-clang 1.0-4 43.53 NOTE
r-devel-linux-x86_64-fedora-gcc 1.0-4 43.92 NOTE
r-devel-windows-ix86+x86_64 1.0-4 5.00 55.00 60.00 OK
r-patched-linux-x86_64 1.0-4 2.20 34.73 36.93 OK
r-patched-solaris-x86 1.0-4 68.20 OK
r-release-linux-x86_64 1.0-4 1.89 35.09 36.98 OK
r-release-windows-ix86+x86_64 1.0-4 7.00 68.00 75.00 OK
r-release-osx-x86_64 1.0-4 OK
r-oldrel-windows-ix86+x86_64 1.0-4 6.00 53.00 59.00 OK
r-oldrel-osx-x86_64 1.0-4 OK

Check Details

Version: 1.0-4
Check: DESCRIPTION meta-information
Result: NOTE
    Dependence on R version ‘3.3.2’ not with patchlevel 0
Flavors: r-devel-linux-x86_64-debian-clang, r-devel-linux-x86_64-debian-gcc, r-devel-linux-x86_64-fedora-clang, r-devel-linux-x86_64-fedora-gcc