CRAN Package Check Results for Package RNetLogo

Last updated on 2015-02-28 19:51:17.

Flavor Version Tinstall Tcheck Ttotal Status Flags
r-devel-linux-x86_64-debian-clang 1.0-1 1.39 20.71 22.10 NOTE
r-devel-linux-x86_64-debian-gcc 1.0-1 1.34 20.40 21.74 NOTE
r-devel-linux-x86_64-fedora-clang 1.0-1 43.09 NOTE
r-devel-linux-x86_64-fedora-gcc 1.0-1 40.43 NOTE
r-devel-osx-x86_64-clang 1.0-1 47.28 NOTE
r-devel-windows-ix86+x86_64 1.0-1 7.00 32.00 39.00 NOTE
r-patched-linux-x86_64 1.0-1 1.95 25.96 27.90 OK
r-patched-solaris-sparc 1.0-1 353.30 OK
r-patched-solaris-x86 1.0-1 84.70 OK
r-release-linux-ix86 1.0-1 2.30 34.30 36.59 OK
r-release-linux-x86_64 1.0-1 1.96 26.41 28.38 OK
r-release-osx-x86_64-mavericks 1.0-1 OK
r-release-osx-x86_64-snowleopard 1.0-1 OK
r-release-windows-ix86+x86_64 1.0-1 7.00 40.00 47.00 OK
r-oldrel-windows-ix86+x86_64 1.0-1 7.00 45.00 52.00 OK

Check Details

Version: 1.0-1
Check: DESCRIPTION meta-information
Result: NOTE
    Malformed Description field: should contain one or more complete sentences.
Flavors: r-devel-linux-x86_64-debian-clang, r-devel-linux-x86_64-debian-gcc, r-devel-linux-x86_64-fedora-clang, r-devel-linux-x86_64-fedora-gcc, r-devel-osx-x86_64-clang, r-devel-windows-ix86+x86_64