CRAN Package Check Results for Package RNetLogo

Last updated on 2015-04-26 03:47:37.

Flavor Version Tinstall Tcheck Ttotal Status Flags
r-devel-linux-x86_64-debian-clang 1.0-1 1.41 20.88 22.29 NOTE
r-devel-linux-x86_64-debian-gcc 1.0-1 1.41 21.12 22.53 NOTE
r-devel-linux-x86_64-fedora-clang 1.0-1 43.02 NOTE
r-devel-linux-x86_64-fedora-gcc 1.0-1 44.27 NOTE
r-devel-osx-x86_64-clang 1.0-1 44.99 NOTE
r-devel-windows-ix86+x86_64 1.0-1 6.00 37.00 43.00 NOTE
r-patched-linux-x86_64 1.0-1 1.36 19.97 21.33 NOTE
r-patched-solaris-sparc 1.0-1 286.20 NOTE
r-patched-solaris-x86 1.0-1 74.00 NOTE
r-release-linux-x86_64 1.0-1 1.48 20.68 22.16 NOTE
r-release-osx-x86_64-mavericks 1.0-1 NOTE
r-release-osx-x86_64-snowleopard 1.0-1 ERROR
r-release-windows-ix86+x86_64 1.0-1 5.00 37.00 42.00 NOTE
r-oldrel-windows-ix86+x86_64 1.0-1 5.00 46.00 51.00 OK

Check Details

Version: 1.0-1
Check: DESCRIPTION meta-information
Result: NOTE
    Malformed Description field: should contain one or more complete sentences.
Flavors: r-devel-windows-ix86+x86_64, r-release-windows-ix86+x86_64