CRAN Package Check Results for Package RNiftyReg

Last updated on 2020-01-20 01:50:33 CET.

Flavor Version Tinstall Tcheck Ttotal Status Flags
r-devel-linux-x86_64-debian-clang 2.6.7 473.40 49.88 523.28 OK
r-devel-linux-x86_64-debian-gcc 2.6.7 364.00 42.48 406.48 OK
r-devel-linux-x86_64-fedora-clang 2.6.7 777.47 NOTE
r-devel-linux-x86_64-fedora-gcc 2.6.7 757.10 OK
r-devel-windows-ix86+x86_64 2.6.7 1191.00 133.00 1324.00 NOTE
r-devel-windows-ix86+x86_64-gcc8 2.6.7 925.00 126.00 1051.00 NOTE
r-patched-linux-x86_64 2.6.7 455.24 49.79 505.03 OK
r-patched-solaris-x86 2.6.7 589.80 OK
r-release-linux-x86_64 2.6.7 436.93 49.25 486.18 OK
r-release-windows-ix86+x86_64 2.6.7 1221.00 131.00 1352.00 NOTE
r-release-osx-x86_64 2.6.7 NOTE
r-oldrel-windows-ix86+x86_64 2.6.7 746.00 90.00 836.00 NOTE
r-oldrel-osx-x86_64 2.6.7 NOTE

Check Details

Version: 2.6.7
Check: installed package size
Result: NOTE
     installed size is 90.5Mb
     sub-directories of 1Mb or more:
     extdata 2.0Mb
     libs 88.4Mb
Flavors: r-devel-linux-x86_64-fedora-clang, r-devel-windows-ix86+x86_64, r-devel-windows-ix86+x86_64-gcc8, r-release-windows-ix86+x86_64, r-release-osx-x86_64, r-oldrel-windows-ix86+x86_64, r-oldrel-osx-x86_64