CRAN Package Check Results for Package RNiftyReg

Last updated on 2016-09-25 23:47:03.

Flavor Version Tinstall Tcheck Ttotal Status Flags
r-devel-linux-x86_64-debian-clang 2.4.0 243.21 18.71 261.91 NOTE
r-devel-linux-x86_64-debian-gcc 2.4.0 259.32 18.92 278.24 NOTE
r-devel-linux-x86_64-fedora-clang 2.4.0 558.68 NOTE
r-devel-linux-x86_64-fedora-gcc 2.4.0 534.76 NOTE
r-devel-macos-x86_64-clang 2.4.0 358.85 OK
r-devel-windows-ix86+x86_64 2.4.0 678.00 53.00 731.00 NOTE
r-patched-linux-x86_64 2.4.0 221.02 20.31 241.34 NOTE
r-patched-solaris-sparc 2.4.0 2101.30 OK
r-patched-solaris-x86 2.4.0 429.30 OK
r-release-linux-x86_64 2.4.0 224.25 19.49 243.75 NOTE
r-release-osx-x86_64-mavericks 2.4.0 NOTE
r-release-windows-ix86+x86_64 2.4.0 1066.00 64.00 1130.00 NOTE
r-oldrel-windows-ix86+x86_64 2.4.0 687.00 89.00 776.00 NOTE

Memtest notes: valgrind

Check Details

Version: 2.4.0
Check: installed package size
Result: NOTE
     installed size is 82.1Mb
     sub-directories of 1Mb or more:
     extdata 2.0Mb
     libs 79.9Mb
Flavors: r-devel-linux-x86_64-debian-clang, r-devel-linux-x86_64-debian-gcc, r-devel-linux-x86_64-fedora-clang, r-devel-linux-x86_64-fedora-gcc, r-devel-windows-ix86+x86_64, r-patched-linux-x86_64, r-release-linux-x86_64, r-release-osx-x86_64-mavericks, r-release-windows-ix86+x86_64, r-oldrel-windows-ix86+x86_64