CRAN Package Check Results for Package RNiftyReg

Last updated on 2016-05-03 06:48:23.

Flavor Version Tinstall Tcheck Ttotal Status Flags
r-devel-linux-x86_64-debian-gcc 2.2.0 227.42 21.20 248.63 NOTE
r-devel-linux-x86_64-fedora-clang 2.2.0 566.76 NOTE
r-devel-linux-x86_64-fedora-gcc 2.2.0 518.75 NOTE
r-devel-osx-x86_64-clang 2.2.0 294.07 OK
r-devel-windows-ix86+x86_64 2.2.0 855.00 53.00 908.00 NOTE
r-patched-linux-x86_64 2.2.0 225.05 21.05 246.11 NOTE
r-patched-solaris-sparc 2.2.0 2246.70 OK
r-patched-solaris-x86 2.2.0 436.00 OK
r-release-linux-x86_64 2.2.0 227.71 22.96 250.68 NOTE
r-release-osx-x86_64-mavericks 2.2.0 NOTE
r-release-windows-ix86+x86_64 2.2.0 711.00 102.00 813.00 NOTE
r-oldrel-windows-ix86+x86_64 2.2.0 919.00 96.00 1015.00 NOTE

Memtest notes: valgrind

Check Details

Version: 2.2.0
Check: installed package size
Result: NOTE
     installed size is 84.9Mb
     sub-directories of 1Mb or more:
     extdata 2.0Mb
     libs 82.8Mb
Flavors: r-devel-linux-x86_64-debian-gcc, r-devel-linux-x86_64-fedora-clang, r-devel-linux-x86_64-fedora-gcc, r-devel-windows-ix86+x86_64, r-patched-linux-x86_64, r-release-linux-x86_64, r-release-osx-x86_64-mavericks, r-release-windows-ix86+x86_64, r-oldrel-windows-ix86+x86_64