CRAN Package Check Results for Package RNiftyReg

Last updated on 2020-08-15 15:47:03 CEST.

Flavor Version Tinstall Tcheck Ttotal Status Flags
r-devel-linux-x86_64-debian-clang 2.6.8 514.55 49.13 563.68 OK
r-devel-linux-x86_64-debian-gcc 2.6.8 412.27 43.68 455.95 OK
r-devel-linux-x86_64-fedora-clang 2.6.8 831.11 NOTE
r-devel-linux-x86_64-fedora-gcc 2.6.8 758.73 OK
r-devel-windows-ix86+x86_64 2.6.8 1288.00 128.00 1416.00 NOTE
r-patched-linux-x86_64 2.6.8 423.18 54.34 477.52 OK
r-patched-solaris-x86 2.6.8 579.60 OK
r-release-linux-x86_64 2.6.8 415.10 53.69 468.79 OK
r-release-macos-x86_64 2.6.8 NOTE
r-release-windows-ix86+x86_64 2.6.8 1251.00 111.00 1362.00 NOTE
r-oldrel-macos-x86_64 2.6.8 NOTE
r-oldrel-windows-ix86+x86_64 2.6.8 842.00 113.00 955.00 NOTE

Check Details

Version: 2.6.8
Check: installed package size
Result: NOTE
     installed size is 92.7Mb
     sub-directories of 1Mb or more:
     extdata 2.0Mb
     libs 90.5Mb
Flavors: r-devel-linux-x86_64-fedora-clang, r-devel-windows-ix86+x86_64, r-release-macos-x86_64, r-release-windows-ix86+x86_64, r-oldrel-macos-x86_64, r-oldrel-windows-ix86+x86_64