CRAN Package Check Results for Package RNiftyReg

Last updated on 2015-04-21 06:47:38.

Flavor Version Tinstall Tcheck Ttotal Status Flags
r-devel-linux-x86_64-debian-clang 1.1.3 29.15 17.58 46.72 NOTE
r-devel-linux-x86_64-debian-gcc 1.1.3 39.66 16.57 56.24 NOTE
r-devel-linux-x86_64-fedora-clang 1.1.3 103.72 NOTE
r-devel-linux-x86_64-fedora-gcc 1.1.3 107.36 NOTE
r-devel-osx-x86_64-clang 1.1.3 78.65 NOTE
r-devel-windows-ix86+x86_64 1.1.3 196.00 62.00 258.00 NOTE
r-patched-linux-x86_64 1.1.3 39.74 17.12 56.86 NOTE
r-patched-solaris-sparc 1.1.3 765.10 OK
r-patched-solaris-x86 1.1.3 397.80 OK
r-release-linux-x86_64 1.1.3 40.79 16.50 57.29 NOTE
r-release-osx-x86_64-mavericks 1.1.3 NOTE
r-release-osx-x86_64-snowleopard 1.1.3 NOTE
r-release-windows-ix86+x86_64 1.1.3 185.00 55.00 240.00 NOTE
r-oldrel-windows-ix86+x86_64 1.1.3 172.00 56.00 228.00 NOTE

Check Details

Version: 1.1.3
Check: compiled code
Result: NOTE
    File ‘RNiftyReg/libs/RNiftyReg.so’:
     Found ‘stderr’, possibly from ‘stderr’ (C)
     Objects: ‘niftyreg.o’, ‘print.o’, ‘_reg_blockMatching.o’,
     ‘_reg_KLdivergence.o’, ‘_reg_globalTransformation.o’,
     ‘_reg_localTransformation.o’, ‘_reg_maths.o’,
     ‘_reg_mutualinformation.o’, ‘_reg_ssd.o’, ‘_reg_tools.o’,
     ‘nifti1_io.o’, ‘znzlib.o’
     Found ‘stdout’, possibly from ‘stdout’ (C)
     Objects: ‘print.o’, ‘nifti1_io.o’
    
    Compiled code should not call entry points which might terminate R nor
    write to stdout/stderr instead of to the console, nor the system RNG.
    
    See ‘Writing portable packages’ in the ‘Writing R Extensions’ manual.
Flavors: r-devel-linux-x86_64-debian-clang, r-devel-linux-x86_64-debian-gcc, r-devel-linux-x86_64-fedora-clang, r-devel-linux-x86_64-fedora-gcc, r-patched-linux-x86_64, r-release-linux-x86_64

Version: 1.1.3
Check: installed package size
Result: NOTE
     installed size is 6.3Mb
     sub-directories of 1Mb or more:
     libs 5.8Mb
Flavors: r-devel-linux-x86_64-debian-gcc, r-devel-linux-x86_64-fedora-gcc, r-devel-windows-ix86+x86_64, r-patched-linux-x86_64, r-release-linux-x86_64, r-release-windows-ix86+x86_64, r-oldrel-windows-ix86+x86_64

Version: 1.1.3
Check: compiled code
Result: NOTE
    File ‘RNiftyReg/libs/RNiftyReg.so’:
     Found ‘___stderrp’, possibly from ‘stderr’ (C)
     Objects: ‘niftyreg.o’, ‘print.o’, ‘_reg_blockMatching.o’,
     ‘_reg_KLdivergence.o’, ‘_reg_globalTransformation.o’,
     ‘_reg_localTransformation.o’, ‘_reg_maths.o’,
     ‘_reg_mutualinformation.o’, ‘_reg_ssd.o’, ‘_reg_tools.o’,
     ‘nifti1_io.o’, ‘znzlib.o’
     Found ‘___stdoutp’, possibly from ‘stdout’ (C)
     Objects: ‘print.o’, ‘nifti1_io.o’
    
    Compiled code should not call entry points which might terminate R nor
    write to stdout/stderr instead of to the console, nor the system RNG.
    
    See ‘Writing portable packages’ in the ‘Writing R Extensions’ manual.
Flavors: r-devel-osx-x86_64-clang, r-release-osx-x86_64-mavericks, r-release-osx-x86_64-snowleopard