CRAN Package Check Results for Package RNiftyReg

Last updated on 2016-02-08 17:49:42.

Flavor Version Tinstall Tcheck Ttotal Status Flags
r-devel-linux-x86_64-debian-gcc 2.1.0 221.34 19.88 241.22 NOTE
r-devel-linux-x86_64-fedora-clang 2.1.0 559.03 NOTE
r-devel-linux-x86_64-fedora-gcc 2.1.0 512.54 NOTE
r-devel-osx-x86_64-clang 2.1.0 298.26 OK
r-devel-windows-ix86+x86_64 2.1.0 943.00 90.00 1033.00 NOTE
r-patched-linux-x86_64 2.1.0 225.16 20.69 245.85 NOTE
r-patched-solaris-sparc 2.1.0 2272.00 ERROR
r-patched-solaris-x86 2.1.0 419.90 OK
r-release-linux-x86_64 2.1.0 225.41 20.63 246.04 ERROR
r-release-osx-x86_64-mavericks 2.1.0 NOTE
r-release-windows-ix86+x86_64 2.1.0 888.00 76.00 964.00 NOTE
r-oldrel-windows-ix86+x86_64 2.1.0 879.00 103.00 982.00 NOTE

Memtest notes: valgrind

Check Details

Version: 2.1.0
Check: installed package size
Result: NOTE
     installed size is 84.5Mb
     sub-directories of 1Mb or more:
     extdata 2.0Mb
     libs 82.4Mb
Flavors: r-devel-linux-x86_64-debian-gcc, r-devel-linux-x86_64-fedora-clang, r-devel-linux-x86_64-fedora-gcc, r-devel-windows-ix86+x86_64, r-patched-linux-x86_64, r-release-linux-x86_64, r-release-osx-x86_64-mavericks, r-release-windows-ix86+x86_64, r-oldrel-windows-ix86+x86_64

Version: 2.1.0
Check: tests
Result: ERROR
    Running the tests in ‘tests/test-all.R’ failed.
    Last 13 lines of output:
     > library(testthat)
     > test_check("RNiftyReg")
     Loading required package: RNiftyReg
     1. Failure (at test-30-multireg.R#19): Multiple registration works -------------
     forward(reg, 2)[1, 2] not equal to 0.1
     0.0795 - 0.1 == -0.0205
    
     testthat results ================================================================
     OK: 32 SKIPPED: 3 FAILED: 1
     1. Failure (at test-30-multireg.R#19): Multiple registration works
    
     Error: testthat unit tests failed
     Execution halted
Flavor: r-patched-solaris-sparc

Version: 2.1.0
Check: tests
Result: ERROR
    Running the tests in ‘tests/test-all.R’ failed.
    Last 13 lines of output:
     0.147 - 0.1 == 0.0468
    
     2. Failure (at test-30-multireg.R#19): Multiple registration works -------------
     forward(reg, 2)[1, 2] not equal to 0.1
     0.109 - 0.1 == 0.00852
    
     testthat results ================================================================
     OK: 37 SKIPPED: 2 FAILED: 2
     1. Failure (at test-20-niftyreg.R#13): Core registration functions work
     2. Failure (at test-30-multireg.R#19): Multiple registration works
    
     Error: testthat unit tests failed
     Execution halted
Flavor: r-release-linux-x86_64