CRAN Package Check Results for Package RNiftyReg

Last updated on 2016-06-27 19:49:41.

Flavor Version Tinstall Tcheck Ttotal Status Flags
r-devel-linux-x86_64-debian-gcc 2.3.0 295.37 23.29 318.66 NOTE
r-devel-linux-x86_64-fedora-clang 2.3.0 585.64 NOTE
r-devel-linux-x86_64-fedora-gcc 2.3.0 514.07 NOTE
r-devel-osx-x86_64-clang 2.3.0 366.17 OK
r-devel-windows-ix86+x86_64 2.3.0 653.00 53.00 706.00 NOTE
r-patched-linux-x86_64 2.3.0 228.42 21.72 250.14 NOTE
r-patched-solaris-sparc 2.3.0 2269.60 NOTE
r-patched-solaris-x86 2.3.0 426.40 NOTE
r-release-linux-x86_64 2.3.0 223.85 20.82 244.67 NOTE
r-release-osx-x86_64-mavericks 2.3.0 NOTE
r-release-windows-ix86+x86_64 2.3.0 920.00 69.00 989.00 NOTE
r-oldrel-windows-ix86+x86_64 2.3.0 866.00 71.00 937.00 NOTE

Check Details

Version: 2.3.0
Check: installed package size
Result: NOTE
     installed size is 87.2Mb
     sub-directories of 1Mb or more:
     extdata 2.0Mb
     libs 85.0Mb
Flavors: r-devel-linux-x86_64-debian-gcc, r-devel-linux-x86_64-fedora-clang, r-devel-linux-x86_64-fedora-gcc, r-devel-windows-ix86+x86_64, r-patched-linux-x86_64, r-patched-solaris-sparc, r-patched-solaris-x86, r-release-linux-x86_64, r-release-osx-x86_64-mavericks, r-release-windows-ix86+x86_64, r-oldrel-windows-ix86+x86_64