CRAN Package Check Results for Package RNiftyReg

Last updated on 2017-01-24 03:47:46.

Flavor Version Tinstall Tcheck Ttotal Status Flags
r-devel-linux-x86_64-debian-clang 2.4.1 241.64 21.37 263.01 OK
r-devel-linux-x86_64-debian-gcc 2.4.1 262.03 22.84 284.87 OK
r-devel-linux-x86_64-fedora-clang 2.4.1 615.19 NOTE --no-stop-on-test-error
r-devel-linux-x86_64-fedora-gcc 2.4.1 569.23 NOTE --no-stop-on-test-error
r-devel-macos-x86_64-clang 2.4.1 364.32 OK --no-stop-on-test-error
r-devel-windows-ix86+x86_64 2.4.1 692.00 62.00 754.00 NOTE
r-patched-linux-x86_64 2.4.1 229.25 19.92 249.16 OK
r-patched-solaris-sparc 2.4.1 2196.10 OK
r-patched-solaris-x86 2.4.1 438.80 OK
r-release-linux-x86_64 2.4.1 224.88 20.28 245.16 OK
r-release-osx-x86_64-mavericks 2.4.1 NOTE
r-release-windows-ix86+x86_64 2.4.1 1222.00 66.00 1288.00 NOTE
r-oldrel-windows-ix86+x86_64 2.4.1 1089.00 117.00 1206.00 NOTE

Memtest notes: valgrind

Check Details

Version: 2.4.1
Flags: --no-stop-on-test-error
Check: installed package size
Result: NOTE
     installed size is 83.5Mb
     sub-directories of 1Mb or more:
     extdata 2.0Mb
     libs 81.3Mb
Flavors: r-devel-linux-x86_64-fedora-clang, r-devel-linux-x86_64-fedora-gcc

Version: 2.4.1
Check: installed package size
Result: NOTE
     installed size is 7.3Mb
     sub-directories of 1Mb or more:
     extdata 2.0Mb
     libs 5.2Mb
Flavors: r-devel-windows-ix86+x86_64, r-release-osx-x86_64-mavericks, r-release-windows-ix86+x86_64, r-oldrel-windows-ix86+x86_64