CRAN Package Check Results for Package RNiftyReg

Last updated on 2016-07-24 15:46:55.

Flavor Version Tinstall Tcheck Ttotal Status Flags
r-devel-linux-x86_64-debian-clang 2.3.0 315.88 22.33 338.21 NOTE
r-devel-linux-x86_64-debian-gcc 2.3.0 330.09 26.94 357.03 NOTE
r-devel-linux-x86_64-fedora-clang 2.3.0 587.67 NOTE
r-devel-linux-x86_64-fedora-gcc 2.3.0 512.61 NOTE
r-devel-osx-x86_64-clang 2.3.0 368.37 OK
r-devel-windows-ix86+x86_64 2.3.0 714.00 56.00 770.00 NOTE
r-patched-linux-x86_64 2.3.0 260.94 23.82 284.77 NOTE
r-patched-solaris-sparc 2.3.0 2269.60 NOTE
r-patched-solaris-x86 2.3.0 447.40 OK
r-release-linux-x86_64 2.3.0 257.18 23.55 280.72 NOTE
r-release-osx-x86_64-mavericks 2.3.0 NOTE
r-release-windows-ix86+x86_64 2.3.0 716.00 54.00 770.00 NOTE
r-oldrel-windows-ix86+x86_64 2.3.0 853.00 81.00 934.00 NOTE

Check Details

Version: 2.3.0
Check: installed package size
Result: NOTE
     installed size is 83.3Mb
     sub-directories of 1Mb or more:
     extdata 2.0Mb
     libs 81.2Mb
Flavors: r-devel-linux-x86_64-debian-clang, r-devel-linux-x86_64-debian-gcc, r-devel-linux-x86_64-fedora-clang, r-devel-linux-x86_64-fedora-gcc, r-devel-windows-ix86+x86_64, r-patched-linux-x86_64, r-patched-solaris-sparc, r-release-linux-x86_64, r-release-osx-x86_64-mavericks, r-release-windows-ix86+x86_64, r-oldrel-windows-ix86+x86_64