CRAN Package Check Results for Package RNiftyReg

Last updated on 2017-10-23 14:48:57.

Flavor Version Tinstall Tcheck Ttotal Status Flags
r-devel-linux-x86_64-debian-clang 2.6.0 272.07 21.98 294.05 OK
r-devel-linux-x86_64-debian-gcc 2.6.0 321.93 32.62 354.55 OK
r-devel-linux-x86_64-fedora-clang 2.6.0 635.41 NOTE
r-devel-linux-x86_64-fedora-gcc 2.6.0 699.64 NOTE
r-devel-windows-ix86+x86_64 2.6.0 1017.00 85.00 1102.00 NOTE
r-patched-linux-x86_64 2.6.0 304.08 24.38 328.46 OK
r-patched-solaris-x86 2.6.0 511.20 OK
r-release-linux-x86_64 2.6.0 309.46 23.29 332.76 OK
r-release-windows-ix86+x86_64 2.6.0 1013.00 103.00 1116.00 NOTE
r-release-osx-x86_64 2.6.0 NOTE
r-oldrel-windows-ix86+x86_64 2.6.0 722.00 70.00 792.00 NOTE
r-oldrel-osx-x86_64 2.6.0 NOTE

Additional issues

clang-UBSAN

Check Details

Version: 2.6.0
Check: installed package size
Result: NOTE
     installed size is 96.6Mb
     sub-directories of 1Mb or more:
     extdata 2.0Mb
     libs 94.4Mb
Flavors: r-devel-linux-x86_64-fedora-clang, r-devel-linux-x86_64-fedora-gcc, r-devel-windows-ix86+x86_64, r-release-windows-ix86+x86_64, r-release-osx-x86_64, r-oldrel-windows-ix86+x86_64, r-oldrel-osx-x86_64