CRAN Package Check Results for Package RNiftyReg

Last updated on 2016-08-25 03:47:21.

Flavor Version Tinstall Tcheck Ttotal Status Flags
r-devel-linux-x86_64-debian-clang 2.3.0 248.10 19.92 268.03 NOTE
r-devel-linux-x86_64-debian-gcc 2.3.0 269.01 20.85 289.86 NOTE
r-devel-linux-x86_64-fedora-clang 2.3.0 590.35 NOTE
r-devel-linux-x86_64-fedora-gcc 2.3.0 569.20 NOTE
r-devel-osx-x86_64-clang 2.3.0 367.03 OK
r-devel-windows-ix86+x86_64 2.3.0 908.00 53.00 961.00 NOTE
r-patched-linux-x86_64 2.3.0 229.06 20.73 249.80 NOTE
r-patched-solaris-sparc 2.3.0 2381.60 OK
r-patched-solaris-x86 2.3.0 443.80 OK
r-release-linux-x86_64 2.3.0 230.38 21.63 252.02 NOTE
r-release-osx-x86_64-mavericks 2.3.0 NOTE
r-release-windows-ix86+x86_64 2.3.0 919.00 73.00 992.00 NOTE
r-oldrel-windows-ix86+x86_64 2.3.0 603.00 104.00 707.00 NOTE

Check Details

Version: 2.3.0
Check: installed package size
Result: NOTE
     installed size is 83.2Mb
     sub-directories of 1Mb or more:
     extdata 2.0Mb
     libs 81.0Mb
Flavors: r-devel-linux-x86_64-debian-clang, r-devel-linux-x86_64-debian-gcc, r-devel-linux-x86_64-fedora-clang, r-devel-linux-x86_64-fedora-gcc, r-devel-windows-ix86+x86_64, r-patched-linux-x86_64, r-release-linux-x86_64, r-release-osx-x86_64-mavericks, r-release-windows-ix86+x86_64, r-oldrel-windows-ix86+x86_64