CRAN Package Check Results for Package RNiftyReg

Last updated on 2015-01-30 09:54:31.

Flavor Version Tinstall Tcheck Ttotal Status Flags
r-devel-linux-x86_64-debian-clang 1.1.2 26.41 18.95 45.36 WARN
r-devel-linux-x86_64-debian-gcc 1.1.2 39.94 18.44 58.38 WARN
r-devel-linux-x86_64-fedora-clang 1.1.2 99.90 WARN
r-devel-linux-x86_64-fedora-gcc 1.1.2 109.68 WARN
r-devel-osx-x86_64-clang 1.1.2 84.86 WARN
r-devel-windows-ix86+x86_64 1.1.2 151.00 55.00 206.00 WARN
r-patched-linux-x86_64 1.1.2 41.20 21.96 63.16 WARN
r-patched-solaris-sparc 1.1.2 821.30 OK
r-patched-solaris-x86 1.1.2 389.60 OK
r-release-linux-ix86 1.1.2 50.88 27.05 77.92 WARN
r-release-linux-x86_64 1.1.2 40.87 22.14 63.01 WARN
r-release-osx-x86_64-mavericks 1.1.2 WARN
r-release-osx-x86_64-snowleopard 1.1.2 NOTE
r-release-windows-ix86+x86_64 1.1.2 164.00 59.00 223.00 WARN
r-oldrel-windows-ix86+x86_64 1.1.2 158.00 58.00 216.00 NOTE

Check Details

Version: 1.1.2
Check: whether package can be installed
Result: WARN
    Found the following significant warnings:
     ./_reg_localTransformation_jac.cpp:846:1: warning: control may reach end of non-void function [-Wreturn-type]
     ./_reg_localTransformation_jac.cpp:3049:1: warning: control may reach end of non-void function [-Wreturn-type]
     ./_reg_localTransformation_be.cpp:237:1: warning: control may reach end of non-void function [-Wreturn-type]
     ./_reg_localTransformation_be.cpp:753:1: warning: control may reach end of non-void function [-Wreturn-type]
     _reg_tools.cpp:1886:1: warning: control may reach end of non-void function [-Wreturn-type]
     _reg_tools.cpp:2085:1: warning: control may reach end of non-void function [-Wreturn-type]
     _reg_tools.cpp:2128:1: warning: control may reach end of non-void function [-Wreturn-type]
     _reg_tools.cpp:2171:1: warning: control may reach end of non-void function [-Wreturn-type]
     _reg_tools.cpp:1861:1: warning: control may reach end of non-void function [-Wreturn-type]
     _reg_tools.cpp:2042:1: warning: control may reach end of non-void function [-Wreturn-type]
    Found the following additional warnings:
     ./_reg_localTransformation_jac.cpp:846:1: warning: control may reach end of non-void function [-Wreturn-type]
     ./_reg_localTransformation_jac.cpp:3049:1: warning: control may reach end of non-void function [-Wreturn-type]
     ./_reg_localTransformation_be.cpp:237:1: warning: control may reach end of non-void function [-Wreturn-type]
     ./_reg_localTransformation_be.cpp:753:1: warning: control may reach end of non-void function [-Wreturn-type]
     _reg_tools.cpp:1886:1: warning: control may reach end of non-void function [-Wreturn-type]
     _reg_tools.cpp:2085:1: warning: control may reach end of non-void function [-Wreturn-type]
     _reg_tools.cpp:2128:1: warning: control may reach end of non-void function [-Wreturn-type]
     _reg_tools.cpp:2171:1: warning: control may reach end of non-void function [-Wreturn-type]
     _reg_tools.cpp:1861:1: warning: control may reach end of non-void function [-Wreturn-type]
     _reg_tools.cpp:2042:1: warning: control may reach end of non-void function [-Wreturn-type]
Flavors: r-devel-linux-x86_64-debian-clang, r-devel-linux-x86_64-fedora-clang, r-devel-osx-x86_64-clang, r-release-osx-x86_64-mavericks

Version: 1.1.2
Check: dependencies in R code
Result: NOTE
    'library' or 'require' call to ‘splines’ in package code.
     Please use :: or requireNamespace() instead.
     See section 'Suggested packages' in the 'Writing R Extensions' manual.
Flavors: r-devel-linux-x86_64-debian-clang, r-devel-linux-x86_64-debian-gcc, r-devel-linux-x86_64-fedora-clang, r-devel-linux-x86_64-fedora-gcc, r-devel-osx-x86_64-clang, r-devel-windows-ix86+x86_64

Version: 1.1.2
Check: compiled code
Result: NOTE
    File ‘RNiftyReg/libs/RNiftyReg.so’:
     Found ‘stderr’, possibly from ‘stderr’ (C)
     Objects: ‘niftyreg.o’, ‘print.o’, ‘_reg_blockMatching.o’,
     ‘_reg_KLdivergence.o’, ‘_reg_globalTransformation.o’,
     ‘_reg_localTransformation.o’, ‘_reg_maths.o’,
     ‘_reg_mutualinformation.o’, ‘_reg_ssd.o’, ‘_reg_tools.o’,
     ‘nifti1_io.o’, ‘znzlib.o’
     Found ‘stdout’, possibly from ‘stdout’ (C)
     Objects: ‘print.o’, ‘nifti1_io.o’
    
    Compiled code should not call entry points which might terminate R nor
    write to stdout/stderr instead of to the console, nor the system RNG.
    
    See ‘Writing portable packages’ in the ‘Writing R Extensions’ manual.
Flavors: r-devel-linux-x86_64-debian-clang, r-devel-linux-x86_64-debian-gcc, r-devel-linux-x86_64-fedora-clang, r-devel-linux-x86_64-fedora-gcc, r-patched-linux-x86_64

Version: 1.1.2
Check: whether package can be installed
Result: WARN
    Found the following significant warnings:
     _reg_localTransformation_jac.cpp:846:1: warning: control reaches end of non-void function [-Wreturn-type]
     _reg_localTransformation_jac.cpp:3049:1: warning: control reaches end of non-void function [-Wreturn-type]
     _reg_localTransformation_be.cpp:237:1: warning: control reaches end of non-void function [-Wreturn-type]
     _reg_localTransformation_be.cpp:753:1: warning: control reaches end of non-void function [-Wreturn-type]
     _reg_tools.cpp:1886:1: warning: control reaches end of non-void function [-Wreturn-type]
     _reg_tools.cpp:1861:1: warning: control reaches end of non-void function [-Wreturn-type]
     _reg_tools.cpp:2085:1: warning: control reaches end of non-void function [-Wreturn-type]
     _reg_tools.cpp:2042:1: warning: control reaches end of non-void function [-Wreturn-type]
     _reg_tools.cpp:2128:1: warning: control reaches end of non-void function [-Wreturn-type]
     _reg_tools.cpp:2171:1: warning: control reaches end of non-void function [-Wreturn-type]
Flavors: r-devel-linux-x86_64-debian-gcc, r-devel-linux-x86_64-fedora-gcc, r-patched-linux-x86_64, r-release-linux-ix86, r-release-linux-x86_64

Version: 1.1.2
Check: installed package size
Result: NOTE
     installed size is 6.3Mb
     sub-directories of 1Mb or more:
     libs 5.8Mb
Flavors: r-devel-linux-x86_64-debian-gcc, r-devel-linux-x86_64-fedora-gcc, r-devel-windows-ix86+x86_64, r-patched-linux-x86_64, r-release-linux-x86_64, r-release-windows-ix86+x86_64, r-oldrel-windows-ix86+x86_64

Version: 1.1.2
Check: compiled code
Result: NOTE
    File ‘RNiftyReg/libs/RNiftyReg.so’:
     Found ‘___stderrp’, possibly from ‘stderr’ (C)
     Objects: ‘niftyreg.o’, ‘print.o’, ‘_reg_blockMatching.o’,
     ‘_reg_KLdivergence.o’, ‘_reg_globalTransformation.o’,
     ‘_reg_localTransformation.o’, ‘_reg_maths.o’,
     ‘_reg_mutualinformation.o’, ‘_reg_ssd.o’, ‘_reg_tools.o’,
     ‘nifti1_io.o’, ‘znzlib.o’
     Found ‘___stdoutp’, possibly from ‘stdout’ (C)
     Objects: ‘print.o’, ‘nifti1_io.o’
    
    Compiled code should not call entry points which might terminate R nor
    write to stdout/stderr instead of to the console, nor the system RNG.
    
    See ‘Writing portable packages’ in the ‘Writing R Extensions’ manual.
Flavors: r-devel-osx-x86_64-clang, r-release-osx-x86_64-mavericks

Version: 1.1.2
Check: whether package can be installed
Result: WARN
    Found the following significant warnings:
     _reg_localTransformation_be.cpp:753:1: warning: control reaches end of non-void function [-Wreturn-type]
     _reg_localTransformation_be.cpp:237:1: warning: control reaches end of non-void function [-Wreturn-type]
     _reg_localTransformation_jac.cpp:3049:1: warning: control reaches end of non-void function [-Wreturn-type]
     _reg_localTransformation_jac.cpp:846:1: warning: control reaches end of non-void function [-Wreturn-type]
     _reg_tools.cpp:2171:1: warning: control reaches end of non-void function [-Wreturn-type]
     _reg_tools.cpp:2128:1: warning: control reaches end of non-void function [-Wreturn-type]
     _reg_tools.cpp:2085:1: warning: control reaches end of non-void function [-Wreturn-type]
     _reg_tools.cpp:2042:1: warning: control reaches end of non-void function [-Wreturn-type]
     _reg_tools.cpp:1886:1: warning: control reaches end of non-void function [-Wreturn-type]
     _reg_tools.cpp:1861:1: warning: control reaches end of non-void function [-Wreturn-type]
Flavors: r-devel-windows-ix86+x86_64, r-release-windows-ix86+x86_64

Version: 1.1.2
Check: compiled code
Result: NOTE
    File ‘RNiftyReg/libs/RNiftyReg.so’:
     Found ‘stderr’, possibly from ‘stderr’ (C)
     Objects: ‘niftyreg.o’, ‘print.o’, ‘_reg_blockMatching.o’,
     ‘_reg_KLdivergence.o’, ‘_reg_globalTransformation.o’,
     ‘_reg_localTransformation.o’, ‘_reg_maths.o’,
     ‘_reg_mutualinformation.o’, ‘_reg_ssd.o’, ‘_reg_tools.o’,
     ‘nifti1_io.o’, ‘znzlib.o’
     Found ‘stdout’, possibly from ‘stdout’ (C)
     Objects: ‘print.o’, ‘nifti1_io.o’
    
    Compiled code should not call entry points which might terminate R nor
    write to stdout/stderr instead of to the console, nor the C RNG.
    
    See ‘Writing portable packages’ in the ‘Writing R Extensions’ manual.
Flavors: r-release-linux-ix86, r-release-linux-x86_64

Version: 1.1.2
Check: compiled code
Result: NOTE
    File '/Volumes/XT3/Builds/R-dev-web/QA/Simon/packages/snowleopard-x86_64/results/3.1/RNiftyReg.Rcheck/RNiftyReg/libs/RNiftyReg.so':
     Found '___stderrp', possibly from 'stderr' (C)
     Objects: 'niftyreg.o', 'print.o', '_reg_blockMatching.o',
     '_reg_KLdivergence.o', '_reg_globalTransformation.o',
     '_reg_localTransformation.o', '_reg_maths.o',
     '_reg_mutualinformation.o', '_reg_ssd.o', '_reg_tools.o',
     'nifti1_io.o', 'znzlib.o'
     Found '___stdoutp', possibly from 'stdout' (C)
     Objects: 'print.o', 'nifti1_io.o'
    
    Compiled code should not call entry points which might terminate R nor
    write to stdout/stderr instead of to the console.
    
    See 'Writing portable packages' in the 'Writing R Extensions' manual.
Flavor: r-release-osx-x86_64-snowleopard