CRAN Package Check Results for Package RNiftyReg

Last updated on 2018-01-16 19:49:22 CET.

Flavor Version Tinstall Tcheck Ttotal Status Flags
r-devel-linux-x86_64-debian-clang 2.6.1 371.13 53.81 424.94 OK
r-devel-linux-x86_64-debian-gcc 2.6.1 346.31 50.48 396.79 OK
r-devel-linux-x86_64-fedora-clang 2.6.1 672.42 NOTE
r-devel-linux-x86_64-fedora-gcc 2.6.1 664.09 NOTE
r-devel-windows-ix86+x86_64 2.6.1 1028.00 77.00 1105.00 NOTE
r-patched-linux-x86_64 2.6.1 406.42 47.68 454.10 OK
r-patched-solaris-x86 2.6.1 543.20 OK
r-release-linux-x86_64 2.6.1 421.80 46.14 467.94 OK
r-release-windows-ix86+x86_64 2.6.1 998.00 108.00 1106.00 NOTE
r-release-osx-x86_64 2.6.1 NOTE
r-oldrel-windows-ix86+x86_64 2.6.1 993.00 85.00 1078.00 NOTE
r-oldrel-osx-x86_64 2.6.1 NOTE

Additional issues

clang-UBSAN

Check Details

Version: 2.6.1
Check: installed package size
Result: NOTE
     installed size is 96.7Mb
     sub-directories of 1Mb or more:
     extdata 2.0Mb
     libs 94.5Mb
Flavors: r-devel-linux-x86_64-fedora-clang, r-devel-linux-x86_64-fedora-gcc, r-devel-windows-ix86+x86_64, r-release-windows-ix86+x86_64, r-release-osx-x86_64, r-oldrel-windows-ix86+x86_64, r-oldrel-osx-x86_64