CRAN Package Check Results for Package RNiftyReg

Last updated on 2015-05-28 07:49:05.

Flavor Version Tinstall Tcheck Ttotal Status Flags
r-devel-linux-x86_64-debian-clang 1.1.3 30.20 20.05 50.25 NOTE
r-devel-linux-x86_64-debian-gcc 1.1.3 40.94 19.15 60.08 NOTE
r-devel-linux-x86_64-fedora-clang 1.1.3 109.80 NOTE
r-devel-linux-x86_64-fedora-gcc 1.1.3 115.86 NOTE
r-devel-osx-x86_64-clang 1.1.3 78.25 NOTE
r-devel-windows-ix86+x86_64 1.1.3 172.00 53.00 225.00 NOTE
r-patched-linux-x86_64 1.1.3 40.86 19.53 60.39 NOTE
r-patched-solaris-sparc 1.1.3 806.70 OK
r-patched-solaris-x86 1.1.3 392.70 OK
r-release-linux-x86_64 1.1.3 40.69 19.30 60.00 NOTE
r-release-osx-x86_64-mavericks 1.1.3 NOTE
r-release-osx-x86_64-snowleopard 1.1.3 NOTE
r-release-windows-ix86+x86_64 1.1.3 165.00 51.00 216.00 NOTE
r-oldrel-windows-ix86+x86_64 1.1.3 157.00 65.00 222.00 NOTE

Check Details

Version: 1.1.3
Check: compiled code
Result: NOTE
    File ‘RNiftyReg/libs/RNiftyReg.so’:
     Found ‘stderr’, possibly from ‘stderr’ (C)
     Objects: ‘niftyreg.o’, ‘print.o’, ‘_reg_blockMatching.o’,
     ‘_reg_KLdivergence.o’, ‘_reg_globalTransformation.o’,
     ‘_reg_localTransformation.o’, ‘_reg_maths.o’,
     ‘_reg_mutualinformation.o’, ‘_reg_ssd.o’, ‘_reg_tools.o’,
     ‘nifti1_io.o’, ‘znzlib.o’
     Found ‘stdout’, possibly from ‘stdout’ (C)
     Objects: ‘print.o’, ‘nifti1_io.o’
    
    Compiled code should not call entry points which might terminate R nor
    write to stdout/stderr instead of to the console, nor the system RNG.
    
    See ‘Writing portable packages’ in the ‘Writing R Extensions’ manual.
Flavors: r-devel-linux-x86_64-debian-clang, r-devel-linux-x86_64-debian-gcc, r-devel-linux-x86_64-fedora-clang, r-devel-linux-x86_64-fedora-gcc, r-patched-linux-x86_64, r-release-linux-x86_64

Version: 1.1.3
Check: installed package size
Result: NOTE
     installed size is 6.3Mb
     sub-directories of 1Mb or more:
     libs 5.8Mb
Flavors: r-devel-linux-x86_64-debian-gcc, r-devel-linux-x86_64-fedora-gcc, r-devel-windows-ix86+x86_64, r-patched-linux-x86_64, r-release-linux-x86_64, r-release-windows-ix86+x86_64, r-oldrel-windows-ix86+x86_64

Version: 1.1.3
Check: compiled code
Result: NOTE
    File ‘RNiftyReg/libs/RNiftyReg.so’:
     Found ‘___stderrp’, possibly from ‘stderr’ (C)
     Objects: ‘niftyreg.o’, ‘print.o’, ‘_reg_blockMatching.o’,
     ‘_reg_KLdivergence.o’, ‘_reg_globalTransformation.o’,
     ‘_reg_localTransformation.o’, ‘_reg_maths.o’,
     ‘_reg_mutualinformation.o’, ‘_reg_ssd.o’, ‘_reg_tools.o’,
     ‘nifti1_io.o’, ‘znzlib.o’
     Found ‘___stdoutp’, possibly from ‘stdout’ (C)
     Objects: ‘print.o’, ‘nifti1_io.o’
    
    Compiled code should not call entry points which might terminate R nor
    write to stdout/stderr instead of to the console, nor the system RNG.
    
    See ‘Writing portable packages’ in the ‘Writing R Extensions’ manual.
Flavors: r-devel-osx-x86_64-clang, r-release-osx-x86_64-mavericks, r-release-osx-x86_64-snowleopard