CRAN Package Check Results for Package RNiftyReg

Last updated on 2017-04-29 23:50:45.

Flavor Version Tinstall Tcheck Ttotal Status Flags
r-devel-linux-x86_64-debian-clang 2.5.0 243.09 21.77 264.86 NOTE
r-devel-linux-x86_64-debian-gcc 2.5.0 259.72 23.31 283.03 NOTE
r-devel-linux-x86_64-fedora-clang 2.5.0 563.31 NOTE --no-stop-on-test-error
r-devel-linux-x86_64-fedora-gcc 2.5.0 540.51 NOTE --no-stop-on-test-error
r-devel-windows-ix86+x86_64 2.5.0 908.00 108.00 1016.00 NOTE
r-patched-linux-x86_64 2.5.0 218.39 22.52 240.91 NOTE
r-patched-solaris-sparc 2.5.0 2097.50 OK
r-patched-solaris-x86 2.5.0 433.90 OK
r-release-linux-x86_64 2.5.0 219.27 22.63 241.90 NOTE
r-release-windows-ix86+x86_64 2.5.0 825.00 102.00 927.00 NOTE
r-release-osx-x86_64 2.5.0 NOTE
r-oldrel-windows-ix86+x86_64 2.5.0 894.00 95.00 989.00 NOTE
r-oldrel-osx-x86_64 2.5.0 NOTE

Memtest notes: clang-UBSAN

Check Details

Version: 2.5.0
Check: compiled code
Result: NOTE
    File ‘RNiftyReg/libs/RNiftyReg.so’:
     Found no calls to: ‘R_registerRoutines’, ‘R_useDynamicSymbols’
    
    It is good practice to register native routines and to disable symbol
    search.
    
    See ‘Writing portable packages’ in the ‘Writing R Extensions’ manual.
Flavors: r-devel-linux-x86_64-debian-clang, r-devel-linux-x86_64-debian-gcc, r-patched-linux-x86_64, r-release-linux-x86_64

Version: 2.5.0
Flags: --no-stop-on-test-error
Check: installed package size
Result: NOTE
     installed size is 82.2Mb
     sub-directories of 1Mb or more:
     extdata 2.0Mb
     libs 80.0Mb
Flavors: r-devel-linux-x86_64-fedora-clang, r-devel-linux-x86_64-fedora-gcc

Version: 2.5.0
Flags: --no-stop-on-test-error
Check: compiled code
Result: NOTE
    File ‘RNiftyReg/libs/RNiftyReg.so’:
     Found no calls to: ‘R_registerRoutines’, ‘R_useDynamicSymbols’
    
    It is good practice to register native routines and to disable symbol
    search.
    
    See ‘Writing portable packages’ in the ‘Writing R Extensions’ manual.
Flavors: r-devel-linux-x86_64-fedora-clang, r-devel-linux-x86_64-fedora-gcc

Version: 2.5.0
Check: installed package size
Result: NOTE
     installed size is 7.4Mb
     sub-directories of 1Mb or more:
     extdata 2.0Mb
     libs 5.3Mb
Flavors: r-devel-windows-ix86+x86_64, r-release-windows-ix86+x86_64, r-release-osx-x86_64, r-oldrel-windows-ix86+x86_64, r-oldrel-osx-x86_64