CRAN Package Check Results for Package RNiftyReg

Last updated on 2018-07-21 01:46:52 CEST.

Flavor Version Tinstall Tcheck Ttotal Status Flags
r-devel-linux-x86_64-debian-clang 2.6.1 395.32 53.54 448.86 OK
r-devel-linux-x86_64-debian-gcc 2.6.1 372.30 53.52 425.82 OK
r-devel-linux-x86_64-fedora-clang 2.6.1 680.49 NOTE
r-devel-linux-x86_64-fedora-gcc 2.6.1 726.09 OK
r-devel-windows-ix86+x86_64 2.6.1 728.00 113.00 841.00 NOTE
r-patched-linux-x86_64 2.6.1 OK
r-patched-solaris-x86 2.6.1 510.10 OK
r-release-linux-x86_64 2.6.1 453.04 65.78 518.82 OK
r-release-windows-ix86+x86_64 2.6.1 1063.00 110.00 1173.00 NOTE
r-release-osx-x86_64 2.6.1 NOTE
r-oldrel-windows-ix86+x86_64 2.6.1 790.00 100.00 890.00 NOTE
r-oldrel-osx-x86_64 2.6.1 NOTE

Additional issues

clang-UBSAN

Check Details

Version: 2.6.1
Check: installed package size
Result: NOTE
     installed size is 97.6Mb
     sub-directories of 1Mb or more:
     extdata 2.0Mb
     libs 95.4Mb
Flavors: r-devel-linux-x86_64-fedora-clang, r-devel-windows-ix86+x86_64, r-release-windows-ix86+x86_64, r-release-osx-x86_64, r-oldrel-windows-ix86+x86_64, r-oldrel-osx-x86_64