CRAN Package Check Results for Package RNiftyReg

Last updated on 2014-08-20 06:48:22.

Flavor Version Tinstall Tcheck Ttotal Status Flags
r-devel-linux-x86_64-debian-clang 1.1.2 23.57 20.74 44.30 NOTE
r-devel-linux-x86_64-debian-gcc 1.1.2 40.27 20.30 60.57 WARN
r-devel-linux-x86_64-fedora-clang 1.1.2 102.99 NOTE
r-devel-linux-x86_64-fedora-gcc 1.1.2 118.43 WARN
r-devel-osx-x86_64-clang 1.1.2 66.04 NOTE
r-devel-windows-ix86+x86_64 1.1.2 150.00 57.00 207.00 WARN
r-patched-linux-x86_64 1.1.2 40.75 20.86 61.61 WARN
r-patched-solaris-sparc 1.1.2 835.60 OK
r-patched-solaris-x86 1.1.2 375.40 OK
r-release-linux-ix86 1.1.2 53.85 28.12 81.96 WARN
r-release-linux-x86_64 1.1.2 40.07 20.86 60.93 WARN
r-release-osx-x86_64-mavericks 1.1.2 NOTE
r-release-osx-x86_64-snowleopard 1.1.2 NOTE
r-release-windows-ix86+x86_64 1.1.2 162.00 75.00 237.00 WARN
r-oldrel-windows-ix86+x86_64 1.1.2 199.00 78.00 277.00 NOTE

Check Details

Version: 1.1.2
Check: whether package can be installed
Result: NOTE
    Found the following warnings:
     ./_reg_localTransformation_jac.cpp:846:1: warning: control may reach end of non-void function [-Wreturn-type]
     ./_reg_localTransformation_jac.cpp:3049:1: warning: control may reach end of non-void function [-Wreturn-type]
     ./_reg_localTransformation_be.cpp:237:1: warning: control may reach end of non-void function [-Wreturn-type]
     ./_reg_localTransformation_be.cpp:753:1: warning: control may reach end of non-void function [-Wreturn-type]
     _reg_tools.cpp:1886:1: warning: control may reach end of non-void function [-Wreturn-type]
     _reg_tools.cpp:2085:1: warning: control may reach end of non-void function [-Wreturn-type]
     _reg_tools.cpp:2128:1: warning: control may reach end of non-void function [-Wreturn-type]
     _reg_tools.cpp:2171:1: warning: control may reach end of non-void function [-Wreturn-type]
     _reg_tools.cpp:1861:1: warning: control may reach end of non-void function [-Wreturn-type]
     _reg_tools.cpp:2042:1: warning: control may reach end of non-void function [-Wreturn-type]
Flavors: r-devel-linux-x86_64-debian-clang, r-devel-linux-x86_64-fedora-clang, r-devel-osx-x86_64-clang

Version: 1.1.2
Check: compiled code
Result: NOTE
    File ‘/home/hornik/tmp/R.check/r-devel-clang/Work/build/Packages/RNiftyReg/libs/RNiftyReg.so’:
     Found ‘stderr’, possibly from ‘stderr’ (C)
     Objects: ‘niftyreg.o’, ‘print.o’, ‘_reg_blockMatching.o’,
     ‘_reg_KLdivergence.o’, ‘_reg_globalTransformation.o’,
     ‘_reg_localTransformation.o’, ‘_reg_maths.o’,
     ‘_reg_mutualinformation.o’, ‘_reg_ssd.o’, ‘_reg_tools.o’,
     ‘nifti1_io.o’, ‘znzlib.o’
     Found ‘stdout’, possibly from ‘stdout’ (C)
     Objects: ‘print.o’, ‘nifti1_io.o’
    
    Compiled code should not call entry points which might terminate R nor
    write to stdout/stderr instead of to the console.
    
    See ‘Writing portable packages’ in the ‘Writing R Extensions’ manual.
Flavor: r-devel-linux-x86_64-debian-clang

Version: 1.1.2
Check: whether package can be installed
Result: WARNING
    Found the following significant warnings:
     _reg_localTransformation_jac.cpp:846:1: warning: control reaches end of non-void function [-Wreturn-type]
     _reg_localTransformation_jac.cpp:3049:1: warning: control reaches end of non-void function [-Wreturn-type]
     _reg_localTransformation_be.cpp:237:1: warning: control reaches end of non-void function [-Wreturn-type]
     _reg_localTransformation_be.cpp:753:1: warning: control reaches end of non-void function [-Wreturn-type]
     _reg_tools.cpp:1886:1: warning: control reaches end of non-void function [-Wreturn-type]
     _reg_tools.cpp:1861:1: warning: control reaches end of non-void function [-Wreturn-type]
     _reg_tools.cpp:2085:1: warning: control reaches end of non-void function [-Wreturn-type]
     _reg_tools.cpp:2042:1: warning: control reaches end of non-void function [-Wreturn-type]
     _reg_tools.cpp:2128:1: warning: control reaches end of non-void function [-Wreturn-type]
     _reg_tools.cpp:2171:1: warning: control reaches end of non-void function [-Wreturn-type]
Flavors: r-devel-linux-x86_64-debian-gcc, r-devel-linux-x86_64-fedora-gcc, r-patched-linux-x86_64, r-release-linux-ix86, r-release-linux-x86_64

Version: 1.1.2
Check: installed package size
Result: NOTE
     installed size is 6.3Mb
     sub-directories of 1Mb or more:
     libs 5.8Mb
Flavors: r-devel-linux-x86_64-debian-gcc, r-devel-linux-x86_64-fedora-gcc, r-devel-windows-ix86+x86_64, r-patched-linux-x86_64, r-release-linux-x86_64, r-release-windows-ix86+x86_64, r-oldrel-windows-ix86+x86_64

Version: 1.1.2
Check: compiled code
Result: NOTE
    File ‘/home/hornik/tmp/R.check/r-devel-gcc/Work/build/Packages/RNiftyReg/libs/RNiftyReg.so’:
     Found ‘stderr’, possibly from ‘stderr’ (C)
     Objects: ‘niftyreg.o’, ‘print.o’, ‘_reg_blockMatching.o’,
     ‘_reg_KLdivergence.o’, ‘_reg_globalTransformation.o’,
     ‘_reg_localTransformation.o’, ‘_reg_maths.o’,
     ‘_reg_mutualinformation.o’, ‘_reg_ssd.o’, ‘_reg_tools.o’,
     ‘nifti1_io.o’, ‘znzlib.o’
     Found ‘stdout’, possibly from ‘stdout’ (C)
     Objects: ‘print.o’, ‘nifti1_io.o’
    
    Compiled code should not call entry points which might terminate R nor
    write to stdout/stderr instead of to the console.
    
    See ‘Writing portable packages’ in the ‘Writing R Extensions’ manual.
Flavor: r-devel-linux-x86_64-debian-gcc

Version: 1.1.2
Check: compiled code
Result: NOTE
    File ‘/data/gannet/ripley/R/packages/tests-clang/RNiftyReg.Rcheck/RNiftyReg/libs/RNiftyReg.so’:
     Found ‘stderr’, possibly from ‘stderr’ (C)
     Objects: ‘niftyreg.o’, ‘print.o’, ‘_reg_blockMatching.o’,
     ‘_reg_KLdivergence.o’, ‘_reg_globalTransformation.o’,
     ‘_reg_localTransformation.o’, ‘_reg_maths.o’,
     ‘_reg_mutualinformation.o’, ‘_reg_ssd.o’, ‘_reg_tools.o’,
     ‘nifti1_io.o’, ‘znzlib.o’
     Found ‘stdout’, possibly from ‘stdout’ (C)
     Objects: ‘print.o’, ‘nifti1_io.o’
    
    Compiled code should not call entry points which might terminate R nor
    write to stdout/stderr instead of to the console.
    
    See ‘Writing portable packages’ in the ‘Writing R Extensions’ manual.
Flavor: r-devel-linux-x86_64-fedora-clang

Version: 1.1.2
Check: compiled code
Result: NOTE
    File ‘/data/gannet/ripley/R/packages/tests-devel/RNiftyReg.Rcheck/RNiftyReg/libs/RNiftyReg.so’:
     Found ‘stderr’, possibly from ‘stderr’ (C)
     Objects: ‘niftyreg.o’, ‘print.o’, ‘_reg_blockMatching.o’,
     ‘_reg_KLdivergence.o’, ‘_reg_globalTransformation.o’,
     ‘_reg_localTransformation.o’, ‘_reg_maths.o’,
     ‘_reg_mutualinformation.o’, ‘_reg_ssd.o’, ‘_reg_tools.o’,
     ‘nifti1_io.o’, ‘znzlib.o’
     Found ‘stdout’, possibly from ‘stdout’ (C)
     Objects: ‘print.o’, ‘nifti1_io.o’
    
    Compiled code should not call entry points which might terminate R nor
    write to stdout/stderr instead of to the console.
    
    See ‘Writing portable packages’ in the ‘Writing R Extensions’ manual.
Flavor: r-devel-linux-x86_64-fedora-gcc

Version: 1.1.2
Check: compiled code
Result: NOTE
    File ‘/Users/ripley/R/packages/tests-devel/RNiftyReg.Rcheck/RNiftyReg/libs/RNiftyReg.so’:
     Found ‘___stderrp’, possibly from ‘stderr’ (C)
     Objects: ‘niftyreg.o’, ‘print.o’, ‘_reg_blockMatching.o’,
     ‘_reg_KLdivergence.o’, ‘_reg_globalTransformation.o’,
     ‘_reg_localTransformation.o’, ‘_reg_maths.o’,
     ‘_reg_mutualinformation.o’, ‘_reg_ssd.o’, ‘_reg_tools.o’,
     ‘nifti1_io.o’, ‘znzlib.o’
     Found ‘___stdoutp’, possibly from ‘stdout’ (C)
     Objects: ‘print.o’, ‘nifti1_io.o’
    
    Compiled code should not call entry points which might terminate R nor
    write to stdout/stderr instead of to the console.
    
    See ‘Writing portable packages’ in the ‘Writing R Extensions’ manual.
Flavor: r-devel-osx-x86_64-clang

Version: 1.1.2
Check: whether package can be installed
Result: WARNING
    Found the following significant warnings:
     _reg_localTransformation_be.cpp:753:1: warning: control reaches end of non-void function [-Wreturn-type]
     _reg_localTransformation_be.cpp:237:1: warning: control reaches end of non-void function [-Wreturn-type]
     _reg_localTransformation_jac.cpp:3049:1: warning: control reaches end of non-void function [-Wreturn-type]
     _reg_localTransformation_jac.cpp:846:1: warning: control reaches end of non-void function [-Wreturn-type]
     _reg_tools.cpp:2171:1: warning: control reaches end of non-void function [-Wreturn-type]
     _reg_tools.cpp:2128:1: warning: control reaches end of non-void function [-Wreturn-type]
     _reg_tools.cpp:2085:1: warning: control reaches end of non-void function [-Wreturn-type]
     _reg_tools.cpp:2042:1: warning: control reaches end of non-void function [-Wreturn-type]
     _reg_tools.cpp:1886:1: warning: control reaches end of non-void function [-Wreturn-type]
     _reg_tools.cpp:1861:1: warning: control reaches end of non-void function [-Wreturn-type]
Flavors: r-devel-windows-ix86+x86_64, r-release-windows-ix86+x86_64

Version: 1.1.2
Check: compiled code
Result: NOTE
    File ‘/home/hornik/tmp/R.check/r-patched-gcc/Work/build/Packages/RNiftyReg/libs/RNiftyReg.so’:
     Found ‘stderr’, possibly from ‘stderr’ (C)
     Objects: ‘niftyreg.o’, ‘print.o’, ‘_reg_blockMatching.o’,
     ‘_reg_KLdivergence.o’, ‘_reg_globalTransformation.o’,
     ‘_reg_localTransformation.o’, ‘_reg_maths.o’,
     ‘_reg_mutualinformation.o’, ‘_reg_ssd.o’, ‘_reg_tools.o’,
     ‘nifti1_io.o’, ‘znzlib.o’
     Found ‘stdout’, possibly from ‘stdout’ (C)
     Objects: ‘print.o’, ‘nifti1_io.o’
    
    Compiled code should not call entry points which might terminate R nor
    write to stdout/stderr instead of to the console.
    
    See ‘Writing portable packages’ in the ‘Writing R Extensions’ manual.
Flavor: r-patched-linux-x86_64

Version: 1.1.2
Check: compiled code
Result: NOTE
    File ‘/home/hornik/tmp/R.check/r-release-gcc/Work/build/Packages/RNiftyReg/libs/RNiftyReg.so’:
     Found ‘stderr’, possibly from ‘stderr’ (C)
     Objects: ‘niftyreg.o’, ‘print.o’, ‘_reg_blockMatching.o’,
     ‘_reg_KLdivergence.o’, ‘_reg_globalTransformation.o’,
     ‘_reg_localTransformation.o’, ‘_reg_maths.o’,
     ‘_reg_mutualinformation.o’, ‘_reg_ssd.o’, ‘_reg_tools.o’,
     ‘nifti1_io.o’, ‘znzlib.o’
     Found ‘stdout’, possibly from ‘stdout’ (C)
     Objects: ‘print.o’, ‘nifti1_io.o’
    
    Compiled code should not call entry points which might terminate R nor
    write to stdout/stderr instead of to the console.
    
    See ‘Writing portable packages’ in the ‘Writing R Extensions’ manual.
Flavors: r-release-linux-ix86, r-release-linux-x86_64

Version: 1.1.2
Check: compiled code
Result: NOTE
    File ‘/Builds/CRAN-QA-Simon/packages/mavericks-x86_64/results/3.1/RNiftyReg.Rcheck/RNiftyReg/libs/RNiftyReg.so’:
     Found ‘___stderrp’, possibly from ‘stderr’ (C)
     Objects: ‘niftyreg.o’, ‘print.o’, ‘_reg_blockMatching.o’,
     ‘_reg_KLdivergence.o’, ‘_reg_globalTransformation.o’,
     ‘_reg_localTransformation.o’, ‘_reg_maths.o’,
     ‘_reg_mutualinformation.o’, ‘_reg_ssd.o’, ‘_reg_tools.o’,
     ‘nifti1_io.o’, ‘znzlib.o’
     Found ‘___stdoutp’, possibly from ‘stdout’ (C)
     Objects: ‘print.o’, ‘nifti1_io.o’
    
    Compiled code should not call entry points which might terminate R nor
    write to stdout/stderr instead of to the console.
    
    See ‘Writing portable packages’ in the ‘Writing R Extensions’ manual.
Flavor: r-release-osx-x86_64-mavericks

Version: 1.1.2
Check: compiled code
Result: NOTE
    File '/Volumes/XT3/Builds/R-dev-web/QA/Simon/packages/snowleopard-x86_64/results/3.1/RNiftyReg.Rcheck/RNiftyReg/libs/RNiftyReg.so':
     Found '___stderrp', possibly from 'stderr' (C)
     Objects: 'niftyreg.o', 'print.o', '_reg_blockMatching.o',
     '_reg_KLdivergence.o', '_reg_globalTransformation.o',
     '_reg_localTransformation.o', '_reg_maths.o',
     '_reg_mutualinformation.o', '_reg_ssd.o', '_reg_tools.o',
     'nifti1_io.o', 'znzlib.o'
     Found '___stdoutp', possibly from 'stdout' (C)
     Objects: 'print.o', 'nifti1_io.o'
    
    Compiled code should not call entry points which might terminate R nor
    write to stdout/stderr instead of to the console.
    
    See 'Writing portable packages' in the 'Writing R Extensions' manual.
Flavor: r-release-osx-x86_64-snowleopard