CRAN Package Check Results for Package RNiftyReg

Last updated on 2017-06-23 20:48:48.

Flavor Version Tinstall Tcheck Ttotal Status Flags
r-devel-linux-x86_64-debian-clang 2.5.0 271.27 22.96 294.23 NOTE
r-devel-linux-x86_64-debian-gcc 2.5.0 297.28 23.31 320.59 NOTE
r-devel-linux-x86_64-fedora-clang 2.5.0 646.53 NOTE
r-devel-linux-x86_64-fedora-gcc 2.5.0 709.96 NOTE
r-devel-windows-ix86+x86_64 2.5.0 1075.00 99.00 1174.00 NOTE
r-patched-linux-x86_64 2.5.0 249.01 22.68 271.69 NOTE
r-patched-solaris-sparc 2.5.0 2097.50 OK
r-patched-solaris-x86 2.5.0 485.10 OK
r-release-linux-x86_64 2.5.0 264.09 23.22 287.31 NOTE
r-release-windows-ix86+x86_64 2.5.0 709.00 106.00 815.00 NOTE
r-release-osx-x86_64 2.5.0 NOTE
r-oldrel-windows-ix86+x86_64 2.5.0 1075.00 90.00 1165.00 NOTE
r-oldrel-osx-x86_64 2.5.0 NOTE

Additional issues

clang-UBSAN

Check Details

Version: 2.5.0
Check: compiled code
Result: NOTE
    File ‘RNiftyReg/libs/RNiftyReg.so’:
     Found no calls to: ‘R_registerRoutines’, ‘R_useDynamicSymbols’
    
    It is good practice to register native routines and to disable symbol
    search.
    
    See ‘Writing portable packages’ in the ‘Writing R Extensions’ manual.
Flavors: r-devel-linux-x86_64-debian-clang, r-devel-linux-x86_64-debian-gcc, r-devel-linux-x86_64-fedora-clang, r-devel-linux-x86_64-fedora-gcc, r-patched-linux-x86_64, r-release-linux-x86_64

Version: 2.5.0
Check: installed package size
Result: NOTE
     installed size is 95.8Mb
     sub-directories of 1Mb or more:
     extdata 2.0Mb
     libs 93.7Mb
Flavors: r-devel-linux-x86_64-fedora-clang, r-devel-linux-x86_64-fedora-gcc, r-devel-windows-ix86+x86_64, r-release-windows-ix86+x86_64, r-release-osx-x86_64, r-oldrel-windows-ix86+x86_64, r-oldrel-osx-x86_64