CRAN Package Check Results for Package RNiftyReg

Last updated on 2017-08-22 23:47:43.

Flavor Version Tinstall Tcheck Ttotal Status Flags
r-devel-linux-x86_64-debian-clang 2.6.0 273.37 22.99 296.37 OK
r-devel-linux-x86_64-debian-gcc 2.6.0 313.50 30.92 344.42 OK
r-devel-linux-x86_64-fedora-clang 2.6.0 621.24 NOTE
r-devel-linux-x86_64-fedora-gcc 2.6.0 705.66 NOTE
r-devel-windows-ix86+x86_64 2.6.0 757.00 99.00 856.00 NOTE
r-patched-linux-x86_64 2.6.0 306.71 24.03 330.74 OK
r-patched-solaris-x86 2.6.0 514.60 OK
r-release-linux-x86_64 2.6.0 314.77 23.84 338.60 OK
r-release-windows-ix86+x86_64 2.6.0 702.00 112.00 814.00 NOTE
r-release-osx-x86_64 2.6.0 NOTE
r-oldrel-windows-ix86+x86_64 2.6.0 694.00 72.00 766.00 NOTE
r-oldrel-osx-x86_64 2.6.0 NOTE

Additional issues

clang-UBSAN

Check Details

Version: 2.6.0
Check: installed package size
Result: NOTE
     installed size is 96.6Mb
     sub-directories of 1Mb or more:
     extdata 2.0Mb
     libs 94.5Mb
Flavors: r-devel-linux-x86_64-fedora-clang, r-devel-linux-x86_64-fedora-gcc, r-devel-windows-ix86+x86_64, r-release-windows-ix86+x86_64, r-release-osx-x86_64, r-oldrel-windows-ix86+x86_64, r-oldrel-osx-x86_64