CRAN Package Check Results for Package RNiftyReg

Last updated on 2017-02-20 20:48:14.

Flavor Version Tinstall Tcheck Ttotal Status Flags
r-devel-linux-x86_64-debian-clang 2.5.0 228.83 21.30 250.14 NOTE
r-devel-linux-x86_64-debian-gcc 2.5.0 255.70 22.46 278.16 NOTE
r-devel-linux-x86_64-fedora-clang 2.5.0 542.33 NOTE --no-stop-on-test-error
r-devel-linux-x86_64-fedora-gcc 2.5.0 549.58 NOTE --no-stop-on-test-error
r-devel-macos-x86_64-clang 2.5.0 341.76 NOTE --no-stop-on-test-error
r-devel-windows-ix86+x86_64 2.5.0 887.00 103.00 990.00 NOTE
r-patched-linux-x86_64 2.5.0 215.66 20.07 235.73 OK
r-patched-solaris-sparc 2.5.0 1963.00 OK
r-patched-solaris-x86 2.5.0 482.60 OK
r-release-linux-x86_64 2.5.0 214.83 19.65 234.48 OK
r-release-osx-x86_64-mavericks 2.5.0 NOTE
r-release-windows-ix86+x86_64 2.5.0 615.00 69.00 684.00 NOTE
r-oldrel-windows-ix86+x86_64 2.5.0 589.00 72.00 661.00 NOTE

Memtest notes: clang-UBSAN

Check Details

Version: 2.5.0
Check: compiled code
Result: NOTE
    File ‘RNiftyReg/libs/RNiftyReg.so’:
     Found no calls to: ‘R_registerRoutines’, ‘R_useDynamicSymbols’
    
    It is good practice to register native routines and to disable symbol
    search.
    
    See ‘Writing portable packages’ in the ‘Writing R Extensions’ manual.
Flavors: r-devel-linux-x86_64-debian-clang, r-devel-linux-x86_64-debian-gcc

Version: 2.5.0
Flags: --no-stop-on-test-error
Check: installed package size
Result: NOTE
     installed size is 82.1Mb
     sub-directories of 1Mb or more:
     extdata 2.0Mb
     libs 80.0Mb
Flavors: r-devel-linux-x86_64-fedora-clang, r-devel-linux-x86_64-fedora-gcc

Version: 2.5.0
Flags: --no-stop-on-test-error
Check: compiled code
Result: NOTE
    File ‘RNiftyReg/libs/RNiftyReg.so’:
     Found no calls to: ‘R_registerRoutines’, ‘R_useDynamicSymbols’
    
    It is good practice to register native routines and to disable symbol
    search.
    
    See ‘Writing portable packages’ in the ‘Writing R Extensions’ manual.
Flavors: r-devel-linux-x86_64-fedora-clang, r-devel-linux-x86_64-fedora-gcc, r-devel-macos-x86_64-clang

Version: 2.5.0
Check: installed package size
Result: NOTE
     installed size is 7.3Mb
     sub-directories of 1Mb or more:
     extdata 2.0Mb
     libs 5.2Mb
Flavors: r-devel-windows-ix86+x86_64, r-release-osx-x86_64-mavericks, r-release-windows-ix86+x86_64, r-oldrel-windows-ix86+x86_64