CRAN Package Check Results for Package ROAuth

Last updated on 2014-04-23 17:47:53.

Flavor Version Tinstall Tcheck Ttotal Status Flags
r-devel-linux-x86_64-debian-clang 0.9.3 1.32 15.58 16.90 NOTE
r-devel-linux-x86_64-debian-gcc 0.9.3 1.21 15.46 16.66 NOTE
r-devel-linux-x86_64-fedora-clang 0.9.3 34.72 NOTE
r-devel-linux-x86_64-fedora-gcc 0.9.3 32.59 NOTE
r-devel-osx-x86_64-clang 0.9.3 34.31 NOTE
r-devel-osx-x86_64-gcc 0.9.3 NOTE
r-devel-windows-ix86+x86_64 0.9.3 4.00 24.00 28.00 NOTE
r-patched-linux-x86_64 0.9.3 1.20 15.20 16.40 NOTE
r-patched-solaris-sparc 0.9.3 177.60 NOTE
r-patched-solaris-x86 0.9.3 46.80 NOTE
r-release-linux-ix86 0.9.3 2.00 31.00 33.00 NOTE
r-release-linux-x86_64 0.9.3 1.22 15.59 16.80 NOTE
r-release-osx-x86_64-mavericks 0.9.3 WARN
r-release-osx-x86_64-snowleopard 0.9.3 NOTE
r-release-windows-ix86+x86_64 0.9.3 7.00 33.00 40.00 NOTE
r-oldrel-windows-ix86+x86_64 0.9.3 4.00 25.00 29.00 NOTE

Check Details

Version: 0.9.3
Check: DESCRIPTION meta-information
Result: NOTE
    Package listed in more than one of Depends, Imports, Suggests, Enhances:
     ‘methods’
    A package should be listed in only one of these fields.
Flavors: r-devel-linux-x86_64-debian-clang, r-devel-linux-x86_64-debian-gcc, r-devel-linux-x86_64-fedora-clang, r-devel-linux-x86_64-fedora-gcc, r-devel-osx-x86_64-clang, r-devel-osx-x86_64-gcc, r-devel-windows-ix86+x86_64, r-patched-linux-x86_64, r-patched-solaris-sparc, r-patched-solaris-x86, r-release-linux-ix86, r-release-linux-x86_64, r-release-osx-x86_64-mavericks, r-release-osx-x86_64-snowleopard, r-release-windows-ix86+x86_64, r-oldrel-windows-ix86+x86_64

Version: 0.9.3
Check: dependencies in R code
Result: NOTE
    Packages in Depends field not imported from:
     ‘RCurl’ ‘digest’
     These packages need to be imported from (in the NAMESPACE file)
     for when this namespace is loaded but not attached.
    See the information on DESCRIPTION files in the chapter ‘Creating R
    packages’ of the ‘Writing R Extensions’ manual.
Flavors: r-devel-linux-x86_64-debian-clang, r-devel-linux-x86_64-debian-gcc, r-devel-linux-x86_64-fedora-clang, r-devel-linux-x86_64-fedora-gcc, r-devel-osx-x86_64-clang, r-devel-osx-x86_64-gcc, r-devel-windows-ix86+x86_64, r-patched-linux-x86_64, r-patched-solaris-sparc, r-patched-solaris-x86, r-release-linux-ix86, r-release-linux-x86_64, r-release-osx-x86_64-mavericks, r-release-windows-ix86+x86_64, r-oldrel-windows-ix86+x86_64

Version: 0.9.3
Check: PDF version of manual
Result: WARNING
    LaTeX errors when creating PDF version.
    This typically indicates Rd problems.
    LaTeX errors found:
    ! LaTeX Error: File `upquote.sty' not found.
    
    Type X to quit or <RETURN> to proceed,
    or enter new name. (Default extension: sty)
    
    3673859f/Rd2.tex:8: ==> Fatal error occurred, no output PDF file produced!
Flavor: r-release-osx-x86_64-mavericks

Version: 0.9.3
Check: dependencies in R code
Result: NOTE
    Packages in Depends field not imported from:
     'RCurl' 'digest'
     These packages need to be imported from for the case when
     this namespace is loaded but not attached.
    See the information on DESCRIPTION files in the chapter 'Creating R
    packages' of the 'Writing R Extensions' manual.
Flavor: r-release-osx-x86_64-snowleopard