CRAN Package Check Results for Package ROAuth

Last updated on 2014-10-22 15:55:03.

Flavor Version Tinstall Tcheck Ttotal Status Flags
r-devel-linux-x86_64-debian-clang 0.9.3 1.16 15.06 16.23 NOTE
r-devel-linux-x86_64-debian-gcc 0.9.3 1.49 14.84 16.33 NOTE
r-devel-linux-x86_64-fedora-clang 0.9.3 34.94 NOTE
r-devel-linux-x86_64-fedora-gcc 0.9.3 30.73 NOTE
r-devel-osx-x86_64-clang 0.9.3 34.03 NOTE
r-devel-windows-ix86+x86_64 0.9.3 4.00 24.00 28.00 NOTE
r-patched-linux-x86_64 0.9.3 1.14 15.04 16.18 NOTE
r-patched-solaris-sparc 0.9.3 187.10 NOTE
r-patched-solaris-x86 0.9.3 46.70 NOTE
r-release-linux-ix86 0.9.3 1.55 21.75 23.30 NOTE
r-release-linux-x86_64 0.9.3 1.17 15.27 16.44 NOTE
r-release-osx-x86_64-mavericks 0.9.3 NOTE
r-release-osx-x86_64-snowleopard 0.9.3 NOTE
r-release-windows-ix86+x86_64 0.9.3 5.00 36.00 41.00 NOTE
r-oldrel-windows-ix86+x86_64 0.9.3 7.00 28.00 35.00 NOTE

Check Details

Version: 0.9.3
Check: DESCRIPTION meta-information
Result: NOTE
    Package listed in more than one of Depends, Imports, Suggests, Enhances:
     ‘methods’
    A package should be listed in only one of these fields.
Flavors: r-devel-linux-x86_64-debian-clang, r-devel-linux-x86_64-debian-gcc, r-devel-linux-x86_64-fedora-clang, r-devel-linux-x86_64-fedora-gcc, r-devel-osx-x86_64-clang, r-devel-windows-ix86+x86_64, r-patched-linux-x86_64, r-patched-solaris-sparc, r-patched-solaris-x86, r-release-linux-ix86, r-release-linux-x86_64, r-release-osx-x86_64-mavericks, r-release-osx-x86_64-snowleopard, r-release-windows-ix86+x86_64, r-oldrel-windows-ix86+x86_64

Version: 0.9.3
Check: dependencies in R code
Result: NOTE
    Packages in Depends field not imported from:
     ‘RCurl’ ‘digest’
     These packages need to be imported from (in the NAMESPACE file)
     for when this namespace is loaded but not attached.
    See the information on DESCRIPTION files in the chapter ‘Creating R
    packages’ of the ‘Writing R Extensions’ manual.
Flavors: r-devel-linux-x86_64-debian-clang, r-devel-linux-x86_64-debian-gcc, r-devel-linux-x86_64-fedora-clang, r-devel-linux-x86_64-fedora-gcc, r-devel-osx-x86_64-clang, r-devel-windows-ix86+x86_64, r-patched-linux-x86_64, r-patched-solaris-sparc, r-patched-solaris-x86, r-release-linux-ix86, r-release-linux-x86_64, r-release-osx-x86_64-mavericks, r-release-windows-ix86+x86_64, r-oldrel-windows-ix86+x86_64

Version: 0.9.3
Check: R code for possible problems
Result: NOTE
    oauthGET: no visible global function definition for ‘getCurlHandle’
    oauthGET: no visible global function definition for ‘getForm’
    oauthPOST: no visible global function definition for ‘getCurlHandle’
    oauthPOST: no visible global function definition for ‘postForm’
    signWithHMAC : mac: no visible global function definition for ‘digest’
    signWithHMAC: no visible global function definition for ‘digest’
    signWithHMAC: no visible global function definition for ‘base64’
Flavors: r-devel-linux-x86_64-debian-clang, r-devel-linux-x86_64-debian-gcc, r-devel-linux-x86_64-fedora-clang, r-devel-linux-x86_64-fedora-gcc, r-devel-osx-x86_64-clang, r-devel-windows-ix86+x86_64, r-patched-linux-x86_64, r-patched-solaris-sparc, r-patched-solaris-x86

Version: 0.9.3
Check: dependencies in R code
Result: NOTE
    Packages in Depends field not imported from:
     'RCurl' 'digest'
     These packages need to be imported from for the case when
     this namespace is loaded but not attached.
    See the information on DESCRIPTION files in the chapter 'Creating R
    packages' of the 'Writing R Extensions' manual.
Flavor: r-release-osx-x86_64-snowleopard