CRAN Package Check Results for Package ROAuth

Last updated on 2014-07-22 15:51:57.

Flavor Version Tinstall Tcheck Ttotal Status Flags
r-devel-linux-x86_64-debian-clang 0.9.3 1.15 15.23 16.38 NOTE
r-devel-linux-x86_64-debian-gcc 0.9.3 1.12 14.39 15.51 NOTE
r-devel-linux-x86_64-fedora-clang 0.9.3 34.71 NOTE
r-devel-linux-x86_64-fedora-gcc 0.9.3 31.49 NOTE
r-devel-osx-x86_64-clang 0.9.3 32.96 NOTE
r-devel-windows-ix86+x86_64 0.9.3 4.00 25.00 29.00 NOTE
r-patched-linux-x86_64 0.9.3 1.14 14.60 15.75 NOTE
r-patched-solaris-sparc 0.9.3 177.60 NOTE
r-patched-solaris-x86 0.9.3 45.00 NOTE
r-release-linux-ix86 0.9.3 1.64 21.83 23.46 NOTE
r-release-linux-x86_64 0.9.3 1.58 14.88 16.46 NOTE
r-release-osx-x86_64-mavericks 0.9.3 NOTE
r-release-osx-x86_64-snowleopard 0.9.3 NOTE
r-release-windows-ix86+x86_64 0.9.3 7.00 24.00 31.00 NOTE
r-oldrel-windows-ix86+x86_64 0.9.3 4.00 25.00 29.00 NOTE

Check Details

Version: 0.9.3
Check: DESCRIPTION meta-information
Result: NOTE
    Package listed in more than one of Depends, Imports, Suggests, Enhances:
     ‘methods’
    A package should be listed in only one of these fields.
Flavors: r-devel-linux-x86_64-debian-clang, r-devel-linux-x86_64-debian-gcc, r-devel-linux-x86_64-fedora-clang, r-devel-linux-x86_64-fedora-gcc, r-devel-osx-x86_64-clang, r-devel-windows-ix86+x86_64, r-patched-linux-x86_64, r-patched-solaris-sparc, r-patched-solaris-x86, r-release-linux-ix86, r-release-linux-x86_64, r-release-osx-x86_64-mavericks, r-release-osx-x86_64-snowleopard, r-release-windows-ix86+x86_64, r-oldrel-windows-ix86+x86_64

Version: 0.9.3
Check: dependencies in R code
Result: NOTE
    Packages in Depends field not imported from:
     ‘RCurl’ ‘digest’
     These packages need to be imported from (in the NAMESPACE file)
     for when this namespace is loaded but not attached.
    See the information on DESCRIPTION files in the chapter ‘Creating R
    packages’ of the ‘Writing R Extensions’ manual.
Flavors: r-devel-linux-x86_64-debian-clang, r-devel-linux-x86_64-debian-gcc, r-devel-linux-x86_64-fedora-clang, r-devel-linux-x86_64-fedora-gcc, r-devel-osx-x86_64-clang, r-devel-windows-ix86+x86_64, r-patched-linux-x86_64, r-patched-solaris-sparc, r-patched-solaris-x86, r-release-linux-ix86, r-release-linux-x86_64, r-release-osx-x86_64-mavericks, r-release-windows-ix86+x86_64, r-oldrel-windows-ix86+x86_64

Version: 0.9.3
Check: dependencies in R code
Result: NOTE
    Packages in Depends field not imported from:
     'RCurl' 'digest'
     These packages need to be imported from for the case when
     this namespace is loaded but not attached.
    See the information on DESCRIPTION files in the chapter 'Creating R
    packages' of the 'Writing R Extensions' manual.
Flavor: r-release-osx-x86_64-snowleopard