CRAN Package Check Results for Package ROCR

Last updated on 2014-04-24 03:47:53.

Flavor Version Tinstall Tcheck Ttotal Status Flags
r-devel-linux-x86_64-debian-clang 1.0-5 0.96 18.01 18.97 OK
r-devel-linux-x86_64-debian-gcc 1.0-5 1.06 18.02 19.08 OK
r-devel-linux-x86_64-fedora-clang 1.0-5 38.53 NOTE
r-devel-linux-x86_64-fedora-gcc 1.0-5 35.81 NOTE
r-devel-osx-x86_64-clang 1.0-5 39.30 OK
r-devel-osx-x86_64-gcc 1.0-5 OK
r-devel-windows-ix86+x86_64 1.0-5 3.00 31.00 34.00 OK
r-patched-linux-x86_64 1.0-5 0.97 18.34 19.31 OK
r-patched-solaris-sparc 1.0-5 207.80 OK
r-patched-solaris-x86 1.0-5 50.30 OK
r-release-linux-ix86 1.0-5 1.00 35.00 36.00 OK
r-release-linux-x86_64 1.0-5 0.99 18.43 19.42 OK
r-release-osx-x86_64-mavericks 1.0-5 OK
r-release-osx-x86_64-snowleopard 1.0-5 OK
r-release-windows-ix86+x86_64 1.0-5 4.00 28.00 32.00 OK
r-oldrel-windows-ix86+x86_64 1.0-5 4.00 29.00 33.00 OK

Check Details

Version: 1.0-5
Check: top-level files
Result: NOTE
    Non-standard files/directories found at top level:
     ‘README.unittests’ ‘unittests’
Flavors: r-devel-linux-x86_64-fedora-clang, r-devel-linux-x86_64-fedora-gcc