CRAN Package Check Results for Package ROCR

Last updated on 2014-09-23 17:47:54.

Flavor Version Tinstall Tcheck Ttotal Status Flags
r-devel-linux-x86_64-debian-clang 1.0-5 0.95 17.08 18.03 NOTE
r-devel-linux-x86_64-debian-gcc 1.0-5 0.87 16.87 17.74 NOTE
r-devel-linux-x86_64-fedora-clang 1.0-5 36.73 NOTE
r-devel-linux-x86_64-fedora-gcc 1.0-5 37.26 NOTE
r-devel-osx-x86_64-clang 1.0-5 37.61 OK
r-devel-windows-ix86+x86_64 1.0-5 3.00 31.00 34.00 OK
r-patched-linux-x86_64 1.0-5 0.90 17.98 18.88 NOTE
r-patched-solaris-sparc 1.0-5 233.70 OK
r-patched-solaris-x86 1.0-5 50.10 OK
r-release-linux-ix86 1.0-5 1.32 24.64 25.96 OK
r-release-linux-x86_64 1.0-5 0.94 17.74 18.69 NOTE
r-release-osx-x86_64-mavericks 1.0-5 OK
r-release-osx-x86_64-snowleopard 1.0-5 OK
r-release-windows-ix86+x86_64 1.0-5 4.00 29.00 33.00 OK
r-oldrel-windows-ix86+x86_64 1.0-5 5.00 32.00 37.00 OK

Check Details

Version: 1.0-5
Check: top-level files
Result: NOTE
    Non-standard files/directories found at top level:
     ‘README.unittests’ ‘unittests’
Flavors: r-devel-linux-x86_64-debian-clang, r-devel-linux-x86_64-debian-gcc, r-devel-linux-x86_64-fedora-clang, r-devel-linux-x86_64-fedora-gcc, r-patched-linux-x86_64, r-release-linux-x86_64