CRAN Package Check Results for Package ROCR

Last updated on 2015-04-18 11:25:42.

Flavor Version Tinstall Tcheck Ttotal Status Flags
r-devel-linux-x86_64-debian-clang 1.0-7 0.97 14.82 15.79 OK
r-devel-linux-x86_64-debian-gcc 1.0-7 0.78 15.39 16.18 OK
r-devel-linux-x86_64-fedora-clang 1.0-7 30.05 OK
r-devel-linux-x86_64-fedora-gcc 1.0-7 28.23 OK
r-devel-osx-x86_64-clang 1.0-7 32.64 OK
r-patched-linux-x86_64 1.0-5 0.73 15.18 15.91 NOTE
r-patched-solaris-sparc 1.0-7 198.00 OK
r-patched-solaris-x86 1.0-7 42.10 OK
r-release-linux-x86_64 1.0-7 0.75 15.13 15.88 OK
r-release-osx-x86_64-mavericks 1.0-7 OK
r-release-osx-x86_64-snowleopard 1.0-7 OK
r-release-windows-ix86+x86_64 1.0-7 4.00 39.00 43.00 OK
r-oldrel-windows-ix86+x86_64 1.0-7 5.00 42.00 47.00 OK

Check Details

Version: 1.0-5
Check: DESCRIPTION meta-information
Result: NOTE
    Malformed Title field: should not end in a period.
Flavor: r-patched-linux-x86_64