CRAN Package Check Results for Package ROCR

Last updated on 2015-02-27 15:47:50.

Flavor Version Tinstall Tcheck Ttotal Status Flags
r-devel-linux-x86_64-debian-clang 1.0-5 0.85 15.28 16.13 NOTE
r-devel-linux-x86_64-debian-gcc 1.0-5 0.73 14.97 15.70 NOTE
r-devel-linux-x86_64-fedora-clang 1.0-5 31.35 NOTE
r-devel-linux-x86_64-fedora-gcc 1.0-5 27.97 NOTE
r-devel-osx-x86_64-clang 1.0-5 36.26 NOTE
r-devel-windows-ix86+x86_64 1.0-5 3.00 24.00 27.00 NOTE
r-patched-linux-x86_64 1.0-5 1.53 18.83 20.36 OK
r-patched-solaris-sparc 1.0-5 225.70 OK
r-patched-solaris-x86 OK
r-release-linux-ix86 1.0-5 1.28 25.02 26.30 OK
r-release-linux-x86_64 1.0-5 1.37 18.50 19.87 OK
r-release-osx-x86_64-mavericks 1.0-5 OK
r-release-osx-x86_64-snowleopard 1.0-5 OK
r-release-windows-ix86+x86_64 1.0-5 5.00 31.00 36.00 OK
r-oldrel-windows-ix86+x86_64 1.0-5 4.00 52.00 56.00 OK

Check Details

Version: 1.0-5
Check: DESCRIPTION meta-information
Result: NOTE
    Malformed Title field: should not end in a period.
Flavors: r-devel-linux-x86_64-debian-clang, r-devel-linux-x86_64-debian-gcc, r-devel-linux-x86_64-fedora-clang, r-devel-linux-x86_64-fedora-gcc, r-devel-osx-x86_64-clang, r-devel-windows-ix86+x86_64