Last updated on 2023-10-04 04:09:46 CEST.
Flavor | Version | Tinstall | Tcheck | Ttotal | Status | Flags |
---|---|---|---|---|---|---|
r-devel-linux-x86_64-debian-clang | 1.0-11 | 5.82 | 128.24 | 134.06 | NOTE | |
r-devel-linux-x86_64-debian-gcc | 1.0-11 | 4.50 | 93.85 | 98.35 | NOTE | |
r-devel-linux-x86_64-fedora-clang | 1.0-11 | 166.19 | NOTE | |||
r-devel-linux-x86_64-fedora-gcc | 1.0-11 | 173.75 | NOTE | |||
r-devel-windows-x86_64 | 1.0-11 | 6.00 | 111.00 | 117.00 | NOTE | |
r-patched-linux-x86_64 | 1.0-11 | 6.40 | 129.32 | 135.72 | NOTE | |
r-release-linux-x86_64 | 1.0-11 | 4.94 | 133.02 | 137.96 | NOTE | |
r-release-macos-arm64 | 1.0-11 | 52.00 | NOTE | |||
r-release-macos-x86_64 | 1.0-11 | 93.00 | NOTE | |||
r-release-windows-x86_64 | 1.0-11 | 7.00 | 145.00 | 152.00 | NOTE | |
r-oldrel-macos-arm64 | 1.0-11 | 49.00 | OK | |||
r-oldrel-macos-x86_64 | 1.0-11 | 78.00 | OK | |||
r-oldrel-windows-x86_64 | 1.0-11 | 10.00 | 139.00 | 149.00 | OK |
Version: 1.0-11
Check: Rd files
Result: NOTE
checkRd: (-1) performance.Rd:35: Escaped LaTeX specials: \#
checkRd: (-1) performance.Rd:36: Escaped LaTeX specials: \# \# \#
checkRd: (-1) performance.Rd:37: Escaped LaTeX specials: \# \#
Flavors: r-devel-linux-x86_64-debian-clang, r-devel-linux-x86_64-debian-gcc, r-devel-linux-x86_64-fedora-clang, r-devel-linux-x86_64-fedora-gcc, r-devel-windows-x86_64, r-patched-linux-x86_64, r-release-linux-x86_64, r-release-macos-arm64, r-release-macos-x86_64, r-release-windows-x86_64