CRAN Package Check Results for Package ROCR

Last updated on 2015-07-06 10:47:18.

Flavor Version Tinstall Tcheck Ttotal Status Flags
r-devel-linux-x86_64-debian-clang 1.0-7 0.74 14.67 15.40 NOTE
r-devel-linux-x86_64-debian-gcc 1.0-7 0.78 14.57 15.36 NOTE
r-devel-linux-x86_64-fedora-clang 1.0-7 28.51 NOTE
r-devel-linux-x86_64-fedora-gcc 1.0-7 27.12 NOTE
r-devel-osx-x86_64-clang 1.0-7 29.30 OK
r-devel-windows-ix86+x86_64 1.0-7 4.00 41.00 45.00 NOTE
r-patched-linux-x86_64 1.0-7 0.74 14.97 15.71 OK
r-patched-solaris-sparc 1.0-7 202.70 OK
r-patched-solaris-x86 1.0-7 42.60 OK
r-release-linux-x86_64 1.0-7 0.74 14.80 15.54 OK
r-release-osx-x86_64-mavericks 1.0-7 OK
r-release-windows-ix86+x86_64 1.0-7 4.00 28.00 32.00 OK
r-oldrel-windows-ix86+x86_64 1.0-7 7.00 50.00 57.00 OK

Check Details

Version: 1.0-7
Check: R code for possible problems
Result: NOTE
    .combine.performance.objects: no visible global function definition for
     ‘approxfun’
    .get.arglist: no visible binding for global variable ‘plot.default’
    .get.arglist: no visible global function definition for ‘par’
    .get.arglist: no visible binding for global variable ‘plot.xy’
    .intersection.point: no visible global function definition for
     ‘uniroot’
    .performance.auc: no visible global function definition for ‘approxfun’
    .performance.calibration.error: no visible global function definition
     for ‘median’
    .performance.chisq: no visible global function definition for
     ‘chisq.test’
    .performance.plot.canvas: no visible global function definition for
     ‘axTicks’
    .performance.plot.canvas: no visible global function definition for
     ‘approxfun’
    .performance.plot.canvas: no visible global function definition for
     ‘rect’
    .performance.plot.horizontal.avg: no visible global function definition
     for ‘approxfun’
    .performance.plot.horizontal.avg : <anonymous>: no visible global
     function definition for ‘approxfun’
    .performance.plot.horizontal.avg: no visible binding for global
     variable ‘sd’
    .performance.plot.no.avg: no visible global function definition for
     ‘xy.coords’
    .performance.plot.no.avg: no visible global function definition for
     ‘approxfun’
    .performance.plot.threshold.avg: no visible global function definition
     for ‘approxfun’
    .performance.plot.threshold.avg : <anonymous>: no visible global
     function definition for ‘approxfun’
    .performance.plot.threshold.avg: no visible binding for global variable
     ‘sd’
    .performance.plot.vertical.avg: no visible global function definition
     for ‘approxfun’
    .performance.plot.vertical.avg : <anonymous>: no visible global
     function definition for ‘approxfun’
    .performance.plot.vertical.avg: no visible binding for global variable
     ‘sd’
    .performance.precision.recall.break.even.point: no visible global
     function definition for ‘uniroot’
    .performance.precision.recall.break.even.point: no visible global
     function definition for ‘approxfun’
    .performance.rocconvexhull: no visible global function definition for
     ‘chull’
    .plot.performance: no visible global function definition for ‘rainbow’
    plot,performance-missing: no visible global function definition for
     ‘rainbow’
    Undefined global functions or variables:
     approxfun axTicks chisq.test chull median par plot.default plot.xy
     rainbow rect sd uniroot xy.coords
Flavors: r-devel-linux-x86_64-debian-clang, r-devel-linux-x86_64-debian-gcc, r-devel-linux-x86_64-fedora-clang, r-devel-linux-x86_64-fedora-gcc, r-devel-windows-ix86+x86_64