CRAN Package Check Results for Package ROCR

Last updated on 2014-11-01 07:48:59.

Flavor Version Tinstall Tcheck Ttotal Status Flags
r-devel-linux-x86_64-debian-clang 1.0-5 0.99 17.52 18.51 NOTE
r-devel-linux-x86_64-debian-gcc 1.0-5 0.90 17.12 18.02 NOTE
r-devel-linux-x86_64-fedora-clang 1.0-5 37.21 NOTE
r-devel-linux-x86_64-fedora-gcc 1.0-5 35.81 NOTE
r-devel-osx-x86_64-clang 1.0-5 37.17 OK
r-devel-windows-ix86+x86_64 1.0-5 4.00 26.00 30.00 OK
r-patched-linux-x86_64 1.0-5 0.94 17.51 18.46 NOTE
r-patched-solaris-sparc 1.0-5 233.70 OK
r-patched-solaris-x86 1.0-5 50.50 OK
r-release-linux-ix86 1.0-5 1.46 24.55 26.00 OK
r-release-linux-x86_64 1.0-5 0.99 18.19 19.18 NOTE
r-release-osx-x86_64-mavericks 1.0-5 OK
r-release-osx-x86_64-snowleopard 1.0-5 OK
r-release-windows-ix86+x86_64 1.0-5 4.00 30.00 34.00 OK
r-oldrel-windows-ix86+x86_64 1.0-5 5.00 31.00 36.00 OK

Check Details

Version: 1.0-5
Check: top-level files
Result: NOTE
    Non-standard files/directories found at top level:
     ‘README.unittests’ ‘unittests’
Flavors: r-devel-linux-x86_64-debian-clang, r-devel-linux-x86_64-debian-gcc, r-devel-linux-x86_64-fedora-clang, r-devel-linux-x86_64-fedora-gcc, r-patched-linux-x86_64, r-release-linux-x86_64