CRAN Package Check Results for Package ROCR

Last updated on 2014-07-25 10:52:05.

Flavor Version Tinstall Tcheck Ttotal Status Flags
r-devel-linux-x86_64-debian-clang 1.0-5 0.90 17.20 18.10 OK
r-devel-linux-x86_64-debian-gcc 1.0-5 0.88 17.06 17.94 OK
r-devel-linux-x86_64-fedora-clang 1.0-5 38.01 NOTE
r-devel-linux-x86_64-fedora-gcc 1.0-5 35.41 NOTE
r-devel-osx-x86_64-clang 1.0-5 36.83 OK
r-devel-windows-ix86+x86_64 1.0-5 4.00 30.00 34.00 OK
r-patched-linux-x86_64 1.0-5 0.90 17.13 18.03 OK
r-patched-solaris-sparc 1.0-5 207.80 OK
r-patched-solaris-x86 1.0-5 49.90 OK
r-release-linux-ix86 1.0-5 1.43 24.04 25.47 OK
r-release-linux-x86_64 1.0-5 1.08 17.40 18.48 OK
r-release-osx-x86_64-mavericks 1.0-5 OK
r-release-osx-x86_64-snowleopard 1.0-5 OK
r-release-windows-ix86+x86_64 1.0-5 4.00 28.00 32.00 OK
r-oldrel-windows-ix86+x86_64 1.0-5 4.00 31.00 35.00 OK

Check Details

Version: 1.0-5
Check: top-level files
Result: NOTE
    Non-standard files/directories found at top level:
     ‘README.unittests’ ‘unittests’
Flavors: r-devel-linux-x86_64-fedora-clang, r-devel-linux-x86_64-fedora-gcc