CRAN Package Check Results for Package ROCR

Last updated on 2014-08-23 06:48:42.

Flavor Version Tinstall Tcheck Ttotal Status Flags
r-devel-linux-x86_64-debian-clang 1.0-5 1.25 16.93 18.18 OK
r-devel-linux-x86_64-debian-gcc 1.0-5 0.86 16.77 17.63 OK
r-devel-linux-x86_64-fedora-clang 1.0-5 36.88 NOTE
r-devel-linux-x86_64-fedora-gcc 1.0-5 34.99 NOTE
r-devel-osx-x86_64-clang 1.0-5 36.11 OK
r-devel-windows-ix86+x86_64 1.0-5 4.00 29.00 33.00 OK
r-patched-linux-x86_64 1.0-5 1.10 17.13 18.23 OK
r-patched-solaris-sparc 1.0-5 233.70 OK
r-patched-solaris-x86 1.0-5 49.50 OK
r-release-linux-ix86 1.0-5 1.32 24.27 25.59 OK
r-release-linux-x86_64 1.0-5 0.93 17.60 18.54 OK
r-release-osx-x86_64-mavericks 1.0-5 OK
r-release-osx-x86_64-snowleopard 1.0-5 OK
r-release-windows-ix86+x86_64 1.0-5 4.00 28.00 32.00 OK
r-oldrel-windows-ix86+x86_64 1.0-5 4.00 31.00 35.00 OK

Check Details

Version: 1.0-5
Check: top-level files
Result: NOTE
    Non-standard files/directories found at top level:
     ‘README.unittests’ ‘unittests’
Flavors: r-devel-linux-x86_64-fedora-clang, r-devel-linux-x86_64-fedora-gcc