CRAN Package Check Results for Package ROCR

Last updated on 2015-08-31 19:47:56.

Flavor Version Tinstall Tcheck Ttotal Status Flags
r-devel-linux-x86_64-debian-clang 1.0-7 0.94 14.55 15.48 NOTE
r-devel-linux-x86_64-debian-gcc 1.0-7 0.67 14.39 15.06 NOTE
r-devel-linux-x86_64-fedora-clang 1.0-7 29.24 NOTE
r-devel-linux-x86_64-fedora-gcc 1.0-7 26.75 NOTE
r-devel-osx-x86_64-clang 1.0-7 27.84 OK
r-devel-windows-ix86+x86_64 1.0-7 5.00 40.00 45.00 NOTE
r-patched-linux-x86_64 1.0-7 0.76 14.98 15.75 OK
r-patched-solaris-sparc 1.0-7 193.10 OK
r-patched-solaris-x86 1.0-7 45.10 OK
r-release-linux-x86_64 1.0-7 0.77 15.99 16.76 OK
r-release-osx-x86_64-mavericks 1.0-7 OK
r-release-windows-ix86+x86_64 1.0-7 5.00 31.00 36.00 OK
r-oldrel-windows-ix86+x86_64 1.0-7 6.00 34.00 40.00 OK

Check Details

Version: 1.0-7
Check: R code for possible problems
Result: NOTE
    .combine.performance.objects: no visible global function definition for
     ‘approxfun’
    .get.arglist: no visible binding for global variable ‘plot.default’
    .get.arglist: no visible global function definition for ‘par’
    .get.arglist: no visible binding for global variable ‘plot.xy’
    .intersection.point: no visible global function definition for
     ‘uniroot’
    .performance.auc: no visible global function definition for ‘approxfun’
    .performance.calibration.error: no visible global function definition
     for ‘median’
    .performance.chisq: no visible global function definition for
     ‘chisq.test’
    .performance.plot.canvas: no visible global function definition for
     ‘axTicks’
    .performance.plot.canvas: no visible global function definition for
     ‘approxfun’
    .performance.plot.canvas: no visible global function definition for
     ‘rect’
    .performance.plot.horizontal.avg: no visible global function definition
     for ‘approxfun’
    .performance.plot.horizontal.avg : <anonymous>: no visible global
     function definition for ‘approxfun’
    .performance.plot.horizontal.avg: no visible binding for global
     variable ‘sd’
    .performance.plot.no.avg: no visible global function definition for
     ‘xy.coords’
    .performance.plot.no.avg: no visible global function definition for
     ‘approxfun’
    .performance.plot.threshold.avg: no visible global function definition
     for ‘approxfun’
    .performance.plot.threshold.avg : <anonymous>: no visible global
     function definition for ‘approxfun’
    .performance.plot.threshold.avg: no visible binding for global variable
     ‘sd’
    .performance.plot.vertical.avg: no visible global function definition
     for ‘approxfun’
    .performance.plot.vertical.avg : <anonymous>: no visible global
     function definition for ‘approxfun’
    .performance.plot.vertical.avg: no visible binding for global variable
     ‘sd’
    .performance.precision.recall.break.even.point: no visible global
     function definition for ‘uniroot’
    .performance.precision.recall.break.even.point: no visible global
     function definition for ‘approxfun’
    .performance.rocconvexhull: no visible global function definition for
     ‘chull’
    .plot.performance: no visible global function definition for ‘rainbow’
    plot,performance-missing: no visible global function definition for
     ‘rainbow’
    Undefined global functions or variables:
     approxfun axTicks chisq.test chull median par plot.default plot.xy
     rainbow rect sd uniroot xy.coords
    Consider adding
     importFrom("grDevices", "chull", "rainbow", "xy.coords")
     importFrom("graphics", "axTicks", "par", "plot.default", "plot.xy",
     "rect")
     importFrom("stats", "approxfun", "chisq.test", "median", "sd",
     "uniroot")
    to your NAMESPACE.
Flavors: r-devel-linux-x86_64-debian-clang, r-devel-linux-x86_64-debian-gcc, r-devel-linux-x86_64-fedora-clang, r-devel-linux-x86_64-fedora-gcc, r-devel-windows-ix86+x86_64