CRAN Package Check Results for Package RODBC

Last updated on 2015-03-01 03:48:46.

Flavor Version Tinstall Tcheck Ttotal Status Flags
r-devel-linux-x86_64-debian-clang 1.3-11 3.18 16.06 19.25 OK
r-devel-linux-x86_64-debian-gcc 1.3-11 2.84 16.05 18.89 OK
r-devel-linux-x86_64-fedora-clang 1.3-11 36.31 OK
r-devel-linux-x86_64-fedora-gcc 1.3-11 34.57 OK
r-devel-osx-x86_64-clang 1.3-11 26.23 OK
r-devel-windows-ix86+x86_64 1.3-11 10.00 44.00 54.00 OK
r-patched-linux-x86_64 1.3-11 3.22 17.08 20.30 OK
r-patched-solaris-sparc 1.3-11 194.20 OK
r-patched-solaris-x86 1.3-11 51.80 OK
r-release-linux-ix86 1.3-10 5.17 26.24 31.40 OK
r-release-linux-x86_64 1.3-11 2.94 16.87 19.81 OK
r-release-osx-x86_64-mavericks 1.3-11 ERROR
r-release-osx-x86_64-snowleopard 1.3-11 OK
r-release-windows-ix86+x86_64 1.3-11 10.00 36.00 46.00 OK
r-oldrel-windows-ix86+x86_64 1.3-11 9.00 40.00 49.00 OK

Check Details

Version: 1.3-11
Check: whether package can be installed
Result: ERROR
    Installation failed.
Flavor: r-release-osx-x86_64-mavericks