CRAN Package Check Results for Package RODBC

Last updated on 2016-09-28 18:50:10.

Flavor Version Tinstall Tcheck Ttotal Status Flags
r-devel-linux-x86_64-debian-clang 1.3-14 4.11 17.67 21.78 OK
r-devel-linux-x86_64-debian-gcc 1.3-14 3.02 17.40 20.42 OK
r-devel-linux-x86_64-fedora-clang 1.3-14 33.95 OK
r-devel-linux-x86_64-fedora-gcc 1.3-14 32.77 OK
r-devel-macos-x86_64-clang 1.3-14 30.30 OK
r-devel-windows-ix86+x86_64 1.3-14 12.00 49.00 61.00 OK
r-patched-linux-x86_64 1.3-14 2.94 17.20 20.14 OK
r-patched-solaris-sparc 1.3-14 191.80 OK
r-patched-solaris-x86 1.3-14 35.10 OK
r-release-linux-x86_64 1.3-13 3.16 17.36 20.52 OK
r-release-osx-x86_64-mavericks 1.3-14 ERROR
r-release-windows-ix86+x86_64 1.3-14 12.00 63.00 75.00 OK
r-oldrel-windows-ix86+x86_64 1.3-14 20.00 67.00 87.00 OK

Check Details

Version: 1.3-14
Check: whether package can be installed
Result: ERROR
    Installation failed.
Flavor: r-release-osx-x86_64-mavericks