CRAN Package Check Results for Package RODBC

Last updated on 2015-01-26 01:48:55.

Flavor Version Tinstall Tcheck Ttotal Status Flags
r-devel-linux-x86_64-debian-clang 1.3-10 3.04 16.15 19.20 OK
r-devel-linux-x86_64-debian-gcc 1.3-10 2.88 17.01 19.89 OK
r-devel-linux-x86_64-fedora-clang 1.3-10 39.78 OK
r-devel-linux-x86_64-fedora-gcc 1.3-10 38.18 OK
r-devel-osx-x86_64-clang 1.3-10 45.89 OK
r-devel-windows-ix86+x86_64 1.3-10 11.00 35.00 46.00 OK
r-patched-linux-x86_64 1.3-10 3.08 17.15 20.23 OK
r-patched-solaris-sparc 1.3-10 223.80 OK
r-patched-solaris-x86 1.3-10 51.30 OK
r-release-linux-ix86 1.3-10 5.13 22.78 27.90 OK
r-release-linux-x86_64 1.3-10 2.92 17.14 20.06 OK
r-release-osx-x86_64-mavericks 1.3-10 ERROR
r-release-osx-x86_64-snowleopard 1.3-10 OK
r-release-windows-ix86+x86_64 1.3-10 9.00 31.00 40.00 OK
r-oldrel-windows-ix86+x86_64 1.3-10 9.00 41.00 50.00 OK

Check Details

Version: 1.3-10
Check: whether package can be installed
Result: ERROR
    Installation failed.
Flavor: r-release-osx-x86_64-mavericks