CRAN Package Check Results for Package RODBC

Last updated on 2014-04-24 19:54:07.

Flavor Version Tinstall Tcheck Ttotal Status Flags
r-devel-linux-x86_64-debian-clang 1.3-10 3.01 107.64 110.65 OK
r-devel-linux-x86_64-debian-gcc 1.3-10 3.01 15.79 18.80 OK
r-devel-linux-x86_64-fedora-clang 1.3-10 39.25 OK
r-devel-linux-x86_64-fedora-gcc 1.3-10 38.13 OK
r-devel-osx-x86_64-clang 1.3-10 40.70 OK
r-devel-osx-x86_64-gcc 1.3-10 OK
r-devel-windows-ix86+x86_64 1.3-10 8.00 32.00 40.00 OK
r-patched-linux-x86_64 1.3-10 3.08 15.93 19.01 OK
r-patched-solaris-sparc 1.3-10 201.30 OK
r-patched-solaris-x86 1.3-10 49.80 OK
r-release-linux-ix86 1.3-10 8.00 33.00 41.00 OK
r-release-linux-x86_64 1.3-10 2.97 16.26 19.23 OK
r-release-osx-x86_64-mavericks 1.3-10 ERROR
r-release-osx-x86_64-snowleopard 1.3-10 OK
r-release-windows-ix86+x86_64 1.3-10 15.00 44.00 59.00 OK
r-oldrel-windows-ix86+x86_64 1.3-10 8.00 33.00 41.00 OK

Check Details

Version: 1.3-10
Check: whether package can be installed
Result: ERROR
    Installation failed.
    See ‘/Builds/CRAN-QA-Simon/packages/mavericks-x86_64/results/3.1/RODBC.Rcheck/00install.out’ for details.
Flavor: r-release-osx-x86_64-mavericks