CRAN Package Check Results for Package RODBC

Last updated on 2015-07-05 10:47:06.

Flavor Version Tinstall Tcheck Ttotal Status Flags
r-devel-linux-x86_64-debian-clang 1.3-12 3.02 15.63 18.64 OK
r-devel-linux-x86_64-debian-gcc 1.3-12 2.96 15.55 18.51 OK
r-devel-linux-x86_64-fedora-clang 1.3-12 34.10 OK
r-devel-linux-x86_64-fedora-gcc 1.3-12 32.97 OK
r-devel-osx-x86_64-clang 1.3-12 38.46 OK
r-devel-windows-ix86+x86_64 1.3-12 17.00 34.00 51.00 OK
r-patched-linux-x86_64 1.3-12 2.89 16.00 18.89 OK
r-patched-solaris-sparc 1.3-12 181.80 OK
r-patched-solaris-x86 1.3-12 46.70 OK
r-release-linux-x86_64 1.3-12 2.92 16.02 18.94 OK
r-release-osx-x86_64-mavericks 1.3-12 ERROR
r-release-windows-ix86+x86_64 1.3-12 9.00 35.00 44.00 OK
r-oldrel-windows-ix86+x86_64 1.3-12 12.00 55.00 67.00 OK

Check Details

Version: 1.3-12
Check: whether package can be installed
Result: ERROR
    Installation failed.
Flavor: r-release-osx-x86_64-mavericks