CRAN Package Check Results for Package RODBC

Last updated on 2014-12-22 14:48:50.

Flavor Version Tinstall Tcheck Ttotal Status Flags
r-devel-linux-x86_64-debian-clang 1.3-10 3.03 16.90 19.93 OK
r-devel-linux-x86_64-debian-gcc 1.3-10 2.93 16.68 19.61 OK
r-devel-linux-x86_64-fedora-clang 1.3-10 39.12 OK
r-devel-linux-x86_64-fedora-gcc 1.3-10 38.24 OK
r-devel-osx-x86_64-clang 1.3-10 42.69 OK
r-devel-windows-ix86+x86_64 1.3-10 16.00 45.00 61.00 OK
r-patched-linux-x86_64 1.3-10 2.92 16.86 19.78 OK
r-patched-solaris-sparc 1.3-10 223.80 OK
r-patched-solaris-x86 1.3-10 50.90 OK
r-release-linux-ix86 1.3-10 5.10 22.62 27.73 OK
r-release-linux-x86_64 1.3-10 3.26 17.12 20.37 OK
r-release-osx-x86_64-mavericks 1.3-10 ERROR
r-release-osx-x86_64-snowleopard 1.3-10 OK
r-release-windows-ix86+x86_64 1.3-10 9.00 31.00 40.00 OK
r-oldrel-windows-ix86+x86_64 1.3-10 9.00 41.00 50.00 OK

Check Details

Version: 1.3-10
Check: whether package can be installed
Result: ERROR
    Installation failed.
Flavor: r-release-osx-x86_64-mavericks