CRAN Package Check Results for Package RODBC

Last updated on 2015-05-24 23:47:36.

Flavor Version Tinstall Tcheck Ttotal Status Flags
r-devel-linux-x86_64-debian-clang 1.3-11 2.98 16.44 19.42 OK
r-devel-linux-x86_64-debian-gcc 1.3-11 2.84 16.81 19.65 OK
r-devel-linux-x86_64-fedora-clang 1.3-11 35.88 OK
r-devel-linux-x86_64-fedora-gcc 1.3-11 34.68 OK
r-devel-osx-x86_64-clang 1.3-11 41.91 OK
r-devel-windows-ix86+x86_64 1.3-11 16.00 34.00 50.00 OK
r-patched-linux-x86_64 1.3-11 2.98 16.02 19.01 OK
r-patched-solaris-sparc 1.3-11 199.00 OK
r-patched-solaris-x86 1.3-11 46.80 OK
r-release-linux-x86_64 1.3-11 3.12 16.75 19.87 OK
r-release-osx-x86_64-mavericks 1.3-11 ERROR
r-release-osx-x86_64-snowleopard 1.3-11 OK
r-release-windows-ix86+x86_64 1.3-11 6.00 35.00 41.00 OK
r-oldrel-windows-ix86+x86_64 1.3-11 13.00 38.00 51.00 OK

Check Details

Version: 1.3-11
Check: whether package can be installed
Result: ERROR
    Installation failed.
Flavor: r-release-osx-x86_64-mavericks