CRAN Package Check Results for Package RODBC

Last updated on 2016-02-09 21:47:16.

Flavor Version Tinstall Tcheck Ttotal Status Flags
r-devel-linux-x86_64-debian-gcc 1.3-12 3.14 15.24 18.38 OK
r-devel-linux-x86_64-fedora-clang 1.3-12 31.88 OK
r-devel-linux-x86_64-fedora-gcc 1.3-12 30.63 OK
r-devel-osx-x86_64-clang 1.3-12 41.88 OK
r-devel-windows-ix86+x86_64 1.3-12 13.00 56.00 69.00 OK
r-patched-linux-x86_64 1.3-12 3.12 16.36 19.48 OK
r-patched-solaris-sparc 1.3-12 193.00 OK
r-patched-solaris-x86 1.3-12 42.70 OK
r-release-linux-x86_64 1.3-12 3.18 16.90 20.07 OK
r-release-osx-x86_64-mavericks 1.3-12 ERROR
r-release-windows-ix86+x86_64 1.3-12 8.00 37.00 45.00 OK
r-oldrel-windows-ix86+x86_64 1.3-12 12.00 55.00 67.00 OK

Check Details

Version: 1.3-12
Check: whether package can be installed
Result: ERROR
    Installation failed.
Flavor: r-release-osx-x86_64-mavericks