CRAN Package Check Results for Package RODBC

Last updated on 2017-01-18 10:48:52.

Flavor Version Tinstall Tcheck Ttotal Status Flags
r-devel-linux-x86_64-debian-clang 1.3-14 3.94 19.25 23.19 OK
r-devel-linux-x86_64-debian-gcc 1.3-14 3.08 18.87 21.95 OK
r-devel-linux-x86_64-fedora-clang 1.3-14 37.05 OK --no-stop-on-test-error
r-devel-linux-x86_64-fedora-gcc 1.3-14 35.90 OK --no-stop-on-test-error
r-devel-macos-x86_64-clang 1.3-14 34.05 OK --no-stop-on-test-error
r-devel-windows-ix86+x86_64 1.3-14 20.00 46.00 66.00 OK
r-patched-linux-x86_64 1.3-14 3.17 17.15 20.32 OK
r-patched-solaris-sparc 1.3-14 200.20 OK
r-patched-solaris-x86 1.3-14 44.40 OK
r-release-linux-x86_64 1.3-14 3.02 16.92 19.94 OK
r-release-osx-x86_64-mavericks 1.3-14 ERROR
r-release-windows-ix86+x86_64 1.3-14 10.00 42.00 52.00 OK
r-oldrel-windows-ix86+x86_64 1.3-14 9.00 43.00 52.00 OK

Check Details

Version: 1.3-14
Check: whether package can be installed
Result: ERROR
    Installation failed.
Flavor: r-release-osx-x86_64-mavericks