CRAN Package Check Results for Package RODBC

Last updated on 2014-09-18 17:47:00.

Flavor Version Tinstall Tcheck Ttotal Status Flags
r-devel-linux-x86_64-debian-clang 1.3-10 3.06 17.10 20.16 OK
r-devel-linux-x86_64-debian-gcc 1.3-10 2.86 16.87 19.73 OK
r-devel-linux-x86_64-fedora-clang 1.3-10 38.32 OK
r-devel-linux-x86_64-fedora-gcc 1.3-10 36.57 OK
r-devel-osx-x86_64-clang 1.3-10 39.16 OK
r-devel-windows-ix86+x86_64 1.3-10 8.00 33.00 41.00 OK
r-patched-linux-x86_64 1.3-10 3.01 17.23 20.24 OK
r-patched-solaris-sparc 1.3-10 206.30 OK
r-patched-solaris-x86 1.3-10 47.60 OK
r-release-linux-ix86 1.3-10 5.15 22.78 27.93 OK
r-release-linux-x86_64 1.3-10 3.32 17.12 20.43 OK
r-release-osx-x86_64-mavericks 1.3-10 ERROR
r-release-osx-x86_64-snowleopard 1.3-10 OK
r-release-windows-ix86+x86_64 1.3-10 13.00 33.00 46.00 OK
r-oldrel-windows-ix86+x86_64 1.3-10 8.00 33.00 41.00 OK

Check Details

Version: 1.3-10
Check: whether package can be installed
Result: ERROR
    Installation failed.
Flavor: r-release-osx-x86_64-mavericks