CRAN Package Check Results for Package RODBC

Last updated on 2016-12-03 05:47:24.

Flavor Version Tinstall Tcheck Ttotal Status Flags
r-devel-linux-x86_64-debian-clang 1.3-14 3.95 18.73 22.68 OK
r-devel-linux-x86_64-debian-gcc 1.3-14 3.17 18.72 21.89 OK
r-devel-linux-x86_64-fedora-clang 1.3-14 38.29 OK
r-devel-linux-x86_64-fedora-gcc 1.3-14 36.90 OK
r-devel-macos-x86_64-clang 1.3-14 33.82 OK
r-devel-windows-ix86+x86_64 1.3-14 21.00 63.00 84.00 OK
r-patched-linux-x86_64 1.3-14 2.87 16.93 19.80 OK
r-patched-solaris-sparc 1.3-14 191.80 OK
r-patched-solaris-x86 1.3-14 41.30 OK
r-release-linux-x86_64 1.3-14 3.24 17.15 20.38 OK
r-release-osx-x86_64-mavericks 1.3-14 ERROR
r-release-windows-ix86+x86_64 1.3-14 10.00 42.00 52.00 OK
r-oldrel-windows-ix86+x86_64 1.3-14 9.00 43.00 52.00 OK

Check Details

Version: 1.3-14
Check: whether package can be installed
Result: ERROR
    Installation failed.
Flavor: r-release-osx-x86_64-mavericks