CRAN Package Check Results for Package RODBC

Last updated on 2014-08-30 07:48:51.

Flavor Version Tinstall Tcheck Ttotal Status Flags
r-devel-linux-x86_64-debian-clang 1.3-10 2.89 14.95 17.84 OK
r-devel-linux-x86_64-debian-gcc 1.3-10 2.85 14.62 17.47 OK
r-devel-linux-x86_64-fedora-clang 1.3-10 43.31 OK
r-devel-linux-x86_64-fedora-gcc 1.3-10 39.73 OK
r-devel-osx-x86_64-clang 1.3-10 39.31 OK
r-devel-windows-ix86+x86_64 1.3-10 9.00 33.00 42.00 OK
r-patched-linux-x86_64 1.3-10 2.96 15.22 18.18 OK
r-patched-solaris-sparc 1.3-10 206.30 OK
r-patched-solaris-x86 1.3-10 56.60 OK
r-release-linux-ix86 1.3-10 5.11 22.84 27.95 OK
r-release-linux-x86_64 1.3-10 2.94 15.34 18.28 OK
r-release-osx-x86_64-mavericks 1.3-10 ERROR
r-release-osx-x86_64-snowleopard 1.3-10 OK
r-release-windows-ix86+x86_64 1.3-10 13.00 33.00 46.00 OK
r-oldrel-windows-ix86+x86_64 1.3-10 8.00 33.00 41.00 OK

Check Details

Version: 1.3-10
Check: whether package can be installed
Result: ERROR
    Installation failed.
Flavor: r-release-osx-x86_64-mavericks