CRAN Package Check Results for Package RODBC

Last updated on 2015-08-01 08:52:00.

Flavor Version Tinstall Tcheck Ttotal Status Flags
r-devel-linux-x86_64-debian-clang 1.3-12 2.97 15.97 18.94 OK
r-devel-linux-x86_64-debian-gcc 1.3-12 2.86 15.55 18.41 OK
r-devel-linux-x86_64-fedora-clang 1.3-12 34.82 OK
r-devel-linux-x86_64-fedora-gcc 1.3-12 36.74 OK
r-devel-osx-x86_64-clang 1.3-12 36.98 OK
r-devel-windows-ix86+x86_64 1.3-12 10.00 34.00 44.00 OK
r-patched-linux-x86_64 1.3-12 3.10 15.98 19.08 OK
r-patched-solaris-sparc 1.3-12 209.30 OK
r-patched-solaris-x86 1.3-12 46.80 OK
r-release-linux-x86_64 1.3-12 3.02 16.38 19.41 OK
r-release-osx-x86_64-mavericks 1.3-12 ERROR
r-release-windows-ix86+x86_64 1.3-12 9.00 35.00 44.00 OK
r-oldrel-windows-ix86+x86_64 1.3-12 12.00 55.00 67.00 OK

Check Details

Version: 1.3-12
Check: whether package can be installed
Result: ERROR
    Installation failed.
Flavor: r-release-osx-x86_64-mavericks