CRAN Package Check Results for Package RODBC

Last updated on 2017-02-22 07:48:39.

Flavor Version Tinstall Tcheck Ttotal Status Flags
r-devel-linux-x86_64-debian-clang 1.3-14 3.92 19.55 23.47 OK
r-devel-linux-x86_64-debian-gcc 1.3-14 3.08 19.92 22.99 OK
r-devel-linux-x86_64-fedora-clang 1.3-14 36.47 OK --no-stop-on-test-error
r-devel-linux-x86_64-fedora-gcc 1.3-14 36.14 OK --no-stop-on-test-error
r-devel-macos-x86_64-clang 1.3-14 35.03 OK --no-stop-on-test-error
r-devel-windows-ix86+x86_64 1.3-14 11.00 61.00 72.00 OK
r-patched-linux-x86_64 1.3-14 3.06 17.09 20.15 OK
r-patched-solaris-sparc 1.3-14 200.20 OK
r-patched-solaris-x86 1.3-14 41.90 OK
r-release-linux-x86_64 1.3-14 2.88 16.97 19.85 OK
r-release-osx-x86_64-mavericks 1.3-14 ERROR
r-release-windows-ix86+x86_64 1.3-14 10.00 42.00 52.00 OK
r-oldrel-windows-ix86+x86_64 1.3-14 9.00 43.00 52.00 OK

Check Details

Version: 1.3-14
Check: whether package can be installed
Result: ERROR
    Installation failed.
Flavor: r-release-osx-x86_64-mavericks