CRAN Package Check Results for Package RODBC

Last updated on 2014-07-23 17:49:04.

Flavor Version Tinstall Tcheck Ttotal Status Flags
r-devel-linux-x86_64-debian-clang 1.3-10 3.08 15.03 18.11 OK
r-devel-linux-x86_64-debian-gcc 1.3-10 3.02 14.52 17.54 OK
r-devel-linux-x86_64-fedora-clang 1.3-10 40.51 OK
r-devel-linux-x86_64-fedora-gcc 1.3-10 38.44 OK
r-devel-osx-x86_64-clang 1.3-10 40.09 OK
r-devel-windows-ix86+x86_64 1.3-10 9.00 35.00 44.00 OK
r-patched-linux-x86_64 1.3-10 2.96 14.76 17.73 OK
r-patched-solaris-sparc 1.3-10 201.30 OK
r-patched-solaris-x86 1.3-10 55.60 OK
r-release-linux-ix86 1.3-10 5.27 22.09 27.36 OK
r-release-linux-x86_64 1.3-10 2.94 16.05 18.99 OK
r-release-osx-x86_64-mavericks 1.3-10 ERROR
r-release-osx-x86_64-snowleopard 1.3-10 OK
r-release-windows-ix86+x86_64 1.3-10 13.00 33.00 46.00 OK
r-oldrel-windows-ix86+x86_64 1.3-10 8.00 33.00 41.00 OK

Check Details

Version: 1.3-10
Check: whether package can be installed
Result: ERROR
    Installation failed.
    See ‘/Builds/CRAN-QA-Simon/packages/mavericks-x86_64/results/3.1/RODBC.Rcheck/00install.out’ for details.
Flavor: r-release-osx-x86_64-mavericks