CRAN Package Check Results for Package RODBC

Last updated on 2016-05-28 03:50:19.

Flavor Version Tinstall Tcheck Ttotal Status Flags
r-devel-linux-x86_64-debian-gcc 1.3-13 3.18 17.62 20.80 OK
r-devel-linux-x86_64-fedora-clang 1.3-13 32.15 OK
r-devel-linux-x86_64-fedora-gcc 1.3-13 32.60 OK
r-devel-osx-x86_64-clang 1.3-13 43.09 OK
r-devel-windows-ix86+x86_64 1.3-13 10.00 43.00 53.00 OK
r-patched-linux-x86_64 1.3-13 3.27 16.85 20.13 OK
r-patched-solaris-sparc 1.3-13 195.40 OK
r-patched-solaris-x86 1.3-13 45.30 OK
r-release-linux-x86_64 1.3-13 3.07 16.83 19.89 OK
r-release-osx-x86_64-mavericks 1.3-13 ERROR
r-release-windows-ix86+x86_64 1.3-13 11.00 62.00 73.00 OK

Check Details

Version: 1.3-13
Check: whether package can be installed
Result: ERROR
    Installation failed.
    See ‘/Builds/CRAN-QA-Simon/packages/mavericks-x86_64/results/3.3/RODBC.Rcheck/00install.out’ for details.
    * DONE
    Status: 1 ERROR
Flavor: r-release-osx-x86_64-mavericks