CRAN Package Check Results for Package RODBC

Last updated on 2016-06-24 21:47:16.

Flavor Version Tinstall Tcheck Ttotal Status Flags
r-devel-linux-x86_64-debian-gcc 1.3-13 3.74 17.39 21.12 OK
r-devel-linux-x86_64-fedora-clang 1.3-13 31.97 OK
r-devel-linux-x86_64-fedora-gcc 1.3-13 31.24 OK
r-devel-osx-x86_64-clang 1.3-13 30.12 OK
r-devel-windows-ix86+x86_64 1.3-13 10.00 46.00 56.00 OK
r-patched-linux-x86_64 1.3-13 3.56 17.78 21.34 OK
r-patched-solaris-sparc 1.3-13 195.10 OK
r-patched-solaris-x86 1.3-13 44.50 OK
r-release-linux-x86_64 1.3-13 3.28 17.62 20.90 OK
r-release-osx-x86_64-mavericks 1.3-13 ERROR
r-release-windows-ix86+x86_64 1.3-13 11.00 62.00 73.00 OK
r-oldrel-windows-ix86+x86_64 1.3-13 9.00 41.00 50.00 OK

Check Details

Version: 1.3-13
Check: whether package can be installed
Result: ERROR
    Installation failed.
Flavor: r-release-osx-x86_64-mavericks