CRAN Package Check Results for Package RODBC

Last updated on 2016-07-31 06:47:41.

Flavor Version Tinstall Tcheck Ttotal Status Flags
r-devel-linux-x86_64-debian-clang 1.3-13 3.73 16.83 20.56 OK
r-devel-linux-x86_64-debian-gcc 1.3-13 3.24 17.62 20.86 OK
r-devel-linux-x86_64-fedora-clang 1.3-13 32.99 OK
r-devel-linux-x86_64-fedora-gcc 1.3-13 30.18 OK
r-devel-osx-x86_64-clang 1.3-13 30.14 OK
r-devel-windows-ix86+x86_64 1.3-13 11.00 42.00 53.00 OK
r-patched-linux-x86_64 1.3-13 2.96 16.68 19.63 OK
r-patched-solaris-sparc 1.3-13 195.10 OK
r-patched-solaris-x86 1.3-13 41.00 OK
r-release-linux-x86_64 1.3-13 3.60 19.28 22.88 OK
r-release-osx-x86_64-mavericks 1.3-13 ERROR
r-release-windows-ix86+x86_64 1.3-13 11.00 62.00 73.00 OK
r-oldrel-windows-ix86+x86_64 1.3-13 9.00 41.00 50.00 OK

Check Details

Version: 1.3-13
Check: whether package can be installed
Result: ERROR
    Installation failed.
Flavor: r-release-osx-x86_64-mavericks