CRAN Package Check Results for Package RODBC

Last updated on 2016-08-24 16:47:03.

Flavor Version Tinstall Tcheck Ttotal Status Flags
r-devel-linux-x86_64-debian-clang 1.3-13 3.75 16.93 20.67 OK
r-devel-linux-x86_64-debian-gcc 1.3-13 3.07 17.23 20.30 OK
r-devel-linux-x86_64-fedora-clang 1.3-13 33.80 OK
r-devel-linux-x86_64-fedora-gcc 1.3-13 32.88 OK
r-devel-osx-x86_64-clang 1.3-13 30.09 OK
r-devel-windows-ix86+x86_64 1.3-13 15.00 44.00 59.00 OK
r-patched-linux-x86_64 1.3-13 3.00 16.99 19.99 OK
r-patched-solaris-sparc 1.3-13 195.10 OK
r-patched-solaris-x86 1.3-13 42.50 OK
r-release-linux-x86_64 1.3-13 2.95 16.85 19.80 OK
r-release-osx-x86_64-mavericks 1.3-13 ERROR
r-release-windows-ix86+x86_64 1.3-13 11.00 62.00 73.00 OK
r-oldrel-windows-ix86+x86_64 1.3-13 9.00 41.00 50.00 OK

Check Details

Version: 1.3-13
Check: whether package can be installed
Result: ERROR
    Installation failed.
Flavor: r-release-osx-x86_64-mavericks