CRAN Package Check Results for Package RODBC

Last updated on 2014-11-27 11:55:52.

Flavor Version Tinstall Tcheck Ttotal Status Flags
r-devel-linux-x86_64-debian-clang 1.3-10 3.52 17.69 21.21 OK
r-devel-linux-x86_64-debian-gcc 1.3-10 3.03 17.22 20.25 OK
r-devel-linux-x86_64-fedora-clang 1.3-10 40.48 OK
r-devel-linux-x86_64-fedora-gcc 1.3-10 40.04 OK
r-devel-osx-x86_64-clang 1.3-10 45.44 OK
r-devel-windows-ix86+x86_64 1.3-10 8.00 32.00 40.00 OK
r-patched-linux-x86_64 1.3-10 2.90 17.98 20.88 OK
r-patched-solaris-sparc 1.3-10 190.90 OK
r-patched-solaris-x86 1.3-10 51.30 OK
r-release-linux-ix86 1.3-10 5.06 22.15 27.21 OK
r-release-linux-x86_64 1.3-10 2.95 17.98 20.93 OK
r-release-osx-x86_64-mavericks 1.3-10 ERROR
r-release-osx-x86_64-snowleopard 1.3-10 OK
r-release-windows-ix86+x86_64 1.3-10 9.00 31.00 40.00 OK
r-oldrel-windows-ix86+x86_64 1.3-10 9.00 41.00 50.00 OK

Check Details

Version: 1.3-10
Check: whether package can be installed
Result: ERROR
    Installation failed.
Flavor: r-release-osx-x86_64-mavericks