CRAN Package Check Results for Package RODBCDBI

Last updated on 2020-04-10 05:48:41 CEST.

Flavor Version Tinstall Tcheck Ttotal Status Flags
r-devel-linux-x86_64-debian-clang 0.1.1 4.10 27.10 31.20 OK
r-devel-linux-x86_64-debian-gcc 0.1.1 3.19 21.89 25.08 OK
r-devel-linux-x86_64-fedora-clang 0.1.1 37.99 OK
r-devel-linux-x86_64-fedora-gcc 0.1.1 38.80 OK
r-devel-windows-ix86+x86_64 0.1.1 9.00 45.00 54.00 OK
r-devel-windows-ix86+x86_64-gcc8 0.1.1 10.00 39.00 49.00 OK
r-patched-linux-x86_64 0.1.1 3.64 26.66 30.30 OK
r-patched-osx-x86_64 0.1.1 ERROR
r-patched-solaris-x86 0.1.1 60.60 OK
r-release-linux-x86_64 0.1.1 2.71 24.78 27.49 OK
r-release-windows-ix86+x86_64 0.1.1 6.00 53.00 59.00 OK
r-release-osx-x86_64 0.1.1 OK
r-oldrel-windows-ix86+x86_64 0.1.1 6.00 47.00 53.00 OK
r-oldrel-osx-x86_64 0.1.1 OK

Check Details

Version: 0.1.1
Check: package dependencies
Result: ERROR
    Package required but not available: ‘RODBC’
    
    See section ‘The DESCRIPTION file’ in the ‘Writing R Extensions’
    manual.
Flavor: r-patched-osx-x86_64