CRAN Package Check Results for Package ROI

Last updated on 2017-02-21 23:51:07.

Flavor Version Tinstall Tcheck Ttotal Status Flags
r-devel-linux-x86_64-debian-clang 0.2-1 1.38 181.68 183.06 OK
r-devel-linux-x86_64-debian-gcc 0.2-1 1.26 181.98 183.23 OK
r-devel-linux-x86_64-fedora-clang 0.2-1 39.18 NOTE --no-stop-on-test-error
r-devel-linux-x86_64-fedora-gcc 0.2-1 38.24 NOTE --no-stop-on-test-error
r-devel-macos-x86_64-clang 0.2-1 34.03 NOTE --no-stop-on-test-error
r-devel-windows-ix86+x86_64 0.2-1 33.00 320.00 353.00 NOTE
r-patched-linux-x86_64 0.2-1 0.90 192.00 192.90 OK
r-patched-solaris-sparc 0.2-1 2085.50 NOTE
r-patched-solaris-x86 0.2-1 310.80 NOTE
r-release-linux-x86_64 0.2-1 0.89 192.04 192.93 OK
r-release-osx-x86_64-mavericks 0.2-1 NOTE
r-release-windows-ix86+x86_64 0.2-1 57.00 349.00 406.00 NOTE
r-oldrel-windows-ix86+x86_64 0.2-1 50.00 284.00 334.00 NOTE

Check Details

Version: 0.2-1
Flags: --no-stop-on-test-error
Check: package dependencies
Result: NOTE
    Package which this enhances but not available for checking: ‘ROI.plugin.cplex’
Flavors: r-devel-linux-x86_64-fedora-clang, r-devel-linux-x86_64-fedora-gcc, r-devel-macos-x86_64-clang

Version: 0.2-1
Check: package dependencies
Result: NOTE
    Package which this enhances but not available for checking: 'ROI.plugin.cplex'
Flavors: r-devel-windows-ix86+x86_64, r-release-windows-ix86+x86_64, r-oldrel-windows-ix86+x86_64

Version: 0.2-1
Check: package dependencies
Result: NOTE
    Package suggested but not available for checking: ‘ROI.plugin.symphony’
    
    Package which this enhances but not available for checking: ‘ROI.plugin.cplex’
Flavors: r-patched-solaris-sparc, r-patched-solaris-x86, r-release-osx-x86_64-mavericks