CRAN Package Check Results for Package ROI

Last updated on 2014-10-02 15:49:11.

Flavor Version Tinstall Tcheck Ttotal Status Flags
r-devel-linux-x86_64-debian-clang 0.1-0 1.58 37.78 39.36 NOTE
r-devel-linux-x86_64-debian-gcc 0.1-0 1.52 38.85 40.37 OK
r-devel-linux-x86_64-fedora-clang 0.1-0 29.48 OK
r-devel-linux-x86_64-fedora-gcc 0.1-0 29.63 OK
r-devel-osx-x86_64-clang 0.1-0 29.10 OK
r-devel-windows-ix86+x86_64 0.1-0 32.00 133.00 165.00 OK
r-patched-linux-x86_64 0.1-0 1.62 42.77 44.39 OK
r-patched-solaris-sparc 0.1-0 514.30 NOTE
r-patched-solaris-x86 0.1-0 113.20 NOTE
r-release-linux-ix86 0.1-0 11.51 54.99 66.50 NOTE
r-release-linux-x86_64 0.1-0 1.58 42.64 44.23 OK
r-release-osx-x86_64-mavericks 0.1-0 NOTE
r-release-osx-x86_64-snowleopard 0.1-0 OK
r-release-windows-ix86+x86_64 0.1-0 62.00 147.00 209.00 OK
r-oldrel-windows-ix86+x86_64 0.1-0 35.00 127.00 162.00 OK

Check Details

Version: 0.1-0
Check: package dependencies
Result: NOTE
    Package suggested but not available for checking: ‘ROI.plugin.symphony’
Flavors: r-devel-linux-x86_64-debian-clang, r-patched-solaris-sparc, r-patched-solaris-x86, r-release-linux-ix86, r-release-osx-x86_64-mavericks