CRAN Package Check Results for Package ROI

Last updated on 2014-07-24 19:49:09.

Flavor Version Tinstall Tcheck Ttotal Status Flags
r-devel-linux-x86_64-debian-clang 0.1-0 1.63 41.70 43.33 OK
r-devel-linux-x86_64-debian-gcc 0.1-0 1.54 40.81 42.35 OK
r-devel-linux-x86_64-fedora-clang 0.1-0 30.33 OK
r-devel-linux-x86_64-fedora-gcc 0.1-0 28.72 OK
r-devel-osx-x86_64-clang 0.1-0 30.58 OK
r-devel-windows-ix86+x86_64 0.1-0 30.00 140.00 170.00 OK
r-patched-linux-x86_64 0.1-0 1.51 41.22 42.73 OK
r-patched-solaris-sparc 0.1-0 477.70 NOTE
r-patched-solaris-x86 0.1-0 108.50 NOTE
r-release-linux-ix86 0.1-0 5.91 55.50 61.40 OK
r-release-linux-x86_64 0.1-0 1.56 41.74 43.30 OK
r-release-osx-x86_64-mavericks 0.1-0 NOTE
r-release-osx-x86_64-snowleopard 0.1-0 OK
r-release-windows-ix86+x86_64 0.1-0 62.00 147.00 209.00 OK
r-oldrel-windows-ix86+x86_64 0.1-0 35.00 127.00 162.00 OK

Check Details

Version: 0.1-0
Check: package dependencies
Result: NOTE
    Package suggested but not available for checking: ‘ROI.plugin.symphony’
Flavors: r-patched-solaris-sparc, r-patched-solaris-x86, r-release-osx-x86_64-mavericks