CRAN Package Check Results for Package ROI

Last updated on 2015-05-27 19:47:19.

Flavor Version Tinstall Tcheck Ttotal Status Flags
r-devel-linux-x86_64-debian-clang 0.1-0 1.46 39.30 40.76 OK
r-devel-linux-x86_64-debian-gcc 0.1-0 1.58 39.22 40.80 OK
r-devel-linux-x86_64-fedora-clang 0.1-0 25.20 OK
r-devel-linux-x86_64-fedora-gcc 0.1-0 25.53 OK
r-devel-osx-x86_64-clang 0.1-0 27.62 OK
r-devel-windows-ix86+x86_64 0.1-0 43.00 167.00 210.00 OK
r-patched-linux-x86_64 0.1-0 1.50 38.39 39.89 OK
r-patched-solaris-sparc 0.1-0 508.30 NOTE
r-patched-solaris-x86 0.1-0 104.60 NOTE
r-release-linux-x86_64 0.1-0 1.46 38.90 40.36 OK
r-release-osx-x86_64-mavericks 0.1-0 NOTE
r-release-osx-x86_64-snowleopard 0.1-0 OK
r-release-windows-ix86+x86_64 0.1-0 40.00 246.00 286.00 OK
r-oldrel-windows-ix86+x86_64 0.1-0 40.00 144.00 184.00 OK

Check Details

Version: 0.1-0
Check: package dependencies
Result: NOTE
    Package suggested but not available for checking: ‘ROI.plugin.symphony’
Flavors: r-patched-solaris-sparc, r-patched-solaris-x86

Version: 0.1-0
Check: package dependencies
Result: NOTE
    Packages suggested but not available for checking:
     ‘ROI.plugin.glpk’ ‘ROI.plugin.symphony’
Flavor: r-release-osx-x86_64-mavericks