CRAN Package Check Results for Package ROI

Last updated on 2014-11-01 08:48:26.

Flavor Version Tinstall Tcheck Ttotal Status Flags
r-devel-linux-x86_64-debian-clang 0.1-0 1.64 39.33 40.96 NOTE
r-devel-linux-x86_64-debian-gcc 0.1-0 1.58 39.31 40.90 OK
r-devel-linux-x86_64-fedora-clang 0.1-0 29.24 OK
r-devel-linux-x86_64-fedora-gcc 0.1-0 26.74 OK
r-devel-osx-x86_64-clang 0.1-0 30.43 OK
r-devel-windows-ix86+x86_64 0.1-0 33.00 130.00 163.00 OK
r-patched-linux-x86_64 0.1-0 1.88 40.11 41.99 OK
r-patched-solaris-sparc 0.1-0 514.30 NOTE
r-patched-solaris-x86 0.1-0 111.00 NOTE
r-release-linux-ix86 0.1-0 13.58 56.99 70.57 OK
r-release-linux-x86_64 0.1-0 1.63 42.91 44.54 OK
r-release-osx-x86_64-mavericks 0.1-0 NOTE
r-release-osx-x86_64-snowleopard 0.1-0 OK
r-release-windows-ix86+x86_64 0.1-0 62.00 147.00 209.00 OK
r-oldrel-windows-ix86+x86_64 0.1-0 35.00 127.00 162.00 OK

Check Details

Version: 0.1-0
Check: package dependencies
Result: NOTE
    Package suggested but not available for checking: ‘ROI.plugin.symphony’
Flavors: r-devel-linux-x86_64-debian-clang, r-patched-solaris-sparc, r-patched-solaris-x86, r-release-osx-x86_64-mavericks