CRAN Package Check Results for Package ROI

Last updated on 2015-07-30 11:48:52.

Flavor Version Tinstall Tcheck Ttotal Status Flags
r-devel-linux-x86_64-debian-clang 0.1-0 1.15 39.67 40.82 NOTE
r-devel-linux-x86_64-debian-gcc 0.1-0 1.11 38.58 39.68 NOTE
r-devel-linux-x86_64-fedora-clang 0.1-0 24.74 NOTE
r-devel-linux-x86_64-fedora-gcc 0.1-0 25.71 NOTE
r-devel-osx-x86_64-clang 0.1-0 25.59 OK
r-devel-windows-ix86+x86_64 0.1-0 33.00 168.00 201.00 NOTE
r-patched-linux-x86_64 0.1-0 1.08 40.98 42.06 OK
r-patched-solaris-sparc 0.1-0 532.50 NOTE
r-patched-solaris-x86 0.1-0 105.20 NOTE
r-release-linux-x86_64 0.1-0 1.09 40.48 41.58 OK
r-release-osx-x86_64-mavericks 0.1-0 NOTE
r-release-windows-ix86+x86_64 0.1-0 64.00 154.00 218.00 OK
r-oldrel-windows-ix86+x86_64 0.1-0 77.00 149.00 226.00 OK

Check Details

Version: 0.1-0
Check: R code for possible problems
Result: NOTE
    .make_box_constraints_from_bounds_in_MIP: no visible global function
     definition for ‘terms’
    .nlminb_solve_QP: no visible global function definition for ‘nlminb’
    .solve_QP_nlminb: no visible global function definition for ‘terms’
    G.L_objective: no visible global function definition for ‘terms’
    G.Q_objective: no visible global function definition for ‘terms’
    as.L_objective.Q_objective: no visible global function definition for
     ‘terms’
    as.function.L_objective: no visible global function definition for
     ‘terms’
    as.function.Q_objective: no visible global function definition for
     ‘terms’
    print.OP: no visible global function definition for ‘na.omit’
    terms.function: no visible global function definition for ‘terms’
    Undefined global functions or variables:
     na.omit nlminb terms
    Consider adding
     importFrom("stats", "na.omit", "nlminb", "terms")
    to your NAMESPACE.
Flavors: r-devel-linux-x86_64-debian-clang, r-devel-linux-x86_64-debian-gcc, r-devel-linux-x86_64-fedora-clang, r-devel-linux-x86_64-fedora-gcc, r-devel-windows-ix86+x86_64

Version: 0.1-0
Check: package dependencies
Result: NOTE
    Package suggested but not available for checking: ‘ROI.plugin.symphony’
Flavors: r-patched-solaris-sparc, r-patched-solaris-x86

Version: 0.1-0
Check: package dependencies
Result: NOTE
    Packages suggested but not available for checking:
     ‘ROI.plugin.glpk’ ‘ROI.plugin.symphony’
Flavor: r-release-osx-x86_64-mavericks