CRAN Package Check Results for Package ROI

Last updated on 2015-03-04 21:46:56.

Flavor Version Tinstall Tcheck Ttotal Status Flags
r-devel-linux-x86_64-debian-clang 0.1-0 1.50 38.21 39.71 OK
r-devel-linux-x86_64-debian-gcc 0.1-0 1.41 37.58 38.99 OK
r-devel-linux-x86_64-fedora-clang 0.1-0 25.72 OK
r-devel-linux-x86_64-fedora-gcc 0.1-0 24.05 OK
r-devel-osx-x86_64-clang 0.1-0 28.88 OK
r-devel-windows-ix86+x86_64 0.1-0 37.00 160.00 197.00 OK
r-patched-linux-x86_64 0.1-0 1.57 42.26 43.82 OK
r-patched-solaris-sparc 0.1-0 545.80 NOTE
r-patched-solaris-x86 0.1-0 116.30 NOTE
r-release-linux-ix86 0.1-0 2.06 60.05 62.10 OK
r-release-linux-x86_64 0.1-0 1.56 43.64 45.20 OK
r-release-osx-x86_64-mavericks 0.1-0 NOTE
r-release-osx-x86_64-snowleopard 0.1-0 OK
r-release-windows-ix86+x86_64 0.1-0 36.00 152.00 188.00 OK
r-oldrel-windows-ix86+x86_64 0.1-0 64.00 146.00 210.00 OK

Check Details

Version: 0.1-0
Check: package dependencies
Result: NOTE
    Package suggested but not available for checking: ‘ROI.plugin.symphony’
Flavors: r-patched-solaris-sparc, r-patched-solaris-x86, r-release-osx-x86_64-mavericks