CRAN Package Check Results for Package ROI

Last updated on 2016-10-01 08:47:46.

Flavor Version Tinstall Tcheck Ttotal Status Flags
r-devel-linux-x86_64-debian-clang 0.2-1 1.07 187.13 188.20 OK
r-devel-linux-x86_64-debian-gcc 0.2-1 1.09 181.89 182.99 OK
r-devel-linux-x86_64-fedora-clang 0.2-1 38.27 NOTE
r-devel-linux-x86_64-fedora-gcc 0.2-1 29.79 NOTE
r-devel-macos-x86_64-clang 0.2-1 26.89 NOTE
r-devel-windows-ix86+x86_64 0.2-1 46.00 317.00 363.00 NOTE
r-patched-linux-x86_64 0.2-1 0.90 178.42 179.32 OK
r-patched-solaris-sparc 0.2-1 191.80 NOTE
r-patched-solaris-x86 0.2-1 299.30 NOTE
r-release-linux-x86_64 0.2-1 0.96 178.75 179.71 OK
r-release-osx-x86_64-mavericks 0.2-1 NOTE
r-release-windows-ix86+x86_64 0.2-1 46.00 307.00 353.00 NOTE
r-oldrel-windows-ix86+x86_64 0.2-1 39.00 309.00 348.00 NOTE

Check Details

Version: 0.2-1
Check: package dependencies
Result: NOTE
    Package which this enhances but not available for checking: ‘ROI.plugin.cplex’
Flavors: r-devel-linux-x86_64-fedora-clang, r-devel-linux-x86_64-fedora-gcc, r-devel-macos-x86_64-clang, r-devel-windows-ix86+x86_64, r-release-windows-ix86+x86_64, r-oldrel-windows-ix86+x86_64

Version: 0.2-1
Check: package dependencies
Result: NOTE
    Package suggested but not available for checking: ‘ROI.plugin.symphony’
    
    Package which this enhances but not available for checking: ‘ROI.plugin.cplex’
Flavors: r-patched-solaris-sparc, r-patched-solaris-x86, r-release-osx-x86_64-mavericks