CRAN Package Check Results for Package ROI

Last updated on 2016-05-27 17:59:02.

Flavor Version Tinstall Tcheck Ttotal Status Flags
r-devel-linux-x86_64-debian-gcc 0.1-0 1.16 49.20 50.36 NOTE
r-devel-linux-x86_64-fedora-clang 0.1-0 22.61 NOTE
r-devel-linux-x86_64-fedora-gcc 0.1-0 22.58 NOTE
r-devel-osx-x86_64-clang 0.1-0 27.40 NOTE
r-devel-windows-ix86+x86_64 0.1-0 48.00 211.00 259.00 NOTE
r-patched-linux-x86_64 0.1-0 1.15 47.44 48.59 NOTE
r-patched-solaris-sparc 0.1-0 576.70 NOTE
r-patched-solaris-x86 0.1-0 115.40 NOTE
r-release-linux-x86_64 0.1-0 1.16 47.20 48.36 NOTE
r-release-osx-x86_64-mavericks 0.1-0 NOTE
r-release-windows-ix86+x86_64 0.1-0 69.00 220.00 289.00 NOTE
r-oldrel-windows-ix86+x86_64 0.1-0 64.00 453.00 517.00 OK

Check Details

Version: 0.1-0
Check: R code for possible problems
Result: NOTE
    .make_box_constraints_from_bounds_in_MIP: no visible global function
     definition for ‘terms’
    .nlminb_solve_QP: no visible global function definition for ‘nlminb’
    .solve_QP_nlminb: no visible global function definition for ‘terms’
    G.L_objective: no visible global function definition for ‘terms’
    G.Q_objective: no visible global function definition for ‘terms’
    as.L_objective.Q_objective: no visible global function definition for
     ‘terms’
    as.function.L_objective: no visible global function definition for
     ‘terms’
    as.function.Q_objective: no visible global function definition for
     ‘terms’
    print.OP: no visible global function definition for ‘na.omit’
    terms.function: no visible global function definition for ‘terms’
    Undefined global functions or variables:
     na.omit nlminb terms
    Consider adding
     importFrom("stats", "na.omit", "nlminb", "terms")
    to your NAMESPACE file.
Flavors: r-devel-linux-x86_64-debian-gcc, r-devel-linux-x86_64-fedora-clang, r-devel-linux-x86_64-fedora-gcc, r-devel-osx-x86_64-clang, r-devel-windows-ix86+x86_64, r-patched-linux-x86_64, r-patched-solaris-sparc, r-patched-solaris-x86, r-release-linux-x86_64, r-release-osx-x86_64-mavericks, r-release-windows-ix86+x86_64

Version: 0.1-0
Check: package dependencies
Result: NOTE
    Package suggested but not available for checking: ‘ROI.plugin.symphony’
Flavors: r-patched-solaris-sparc, r-patched-solaris-x86

Version: 0.1-0
Check: package dependencies
Result: NOTE
    Packages suggested but not available for checking:
     ‘ROI.plugin.glpk’ ‘ROI.plugin.symphony’
Flavor: r-release-osx-x86_64-mavericks