CRAN Package Check Results for Package ROI

Last updated on 2016-08-28 15:47:11.

Flavor Version Tinstall Tcheck Ttotal Status Flags
r-devel-linux-x86_64-debian-clang 0.2-1 0.93 182.05 182.98 OK
r-devel-linux-x86_64-debian-gcc 0.2-1 0.89 179.54 180.43 OK
r-devel-linux-x86_64-fedora-clang 0.2-1 31.05 NOTE
r-devel-linux-x86_64-fedora-gcc 0.2-1 30.07 NOTE
r-devel-osx-x86_64-clang 0.2-1 27.41 NOTE
r-devel-windows-ix86+x86_64 0.2-1 46.00 328.00 374.00 NOTE
r-patched-linux-x86_64 0.2-1 0.88 178.53 179.41 OK
r-patched-solaris-sparc 0.2-1 191.80 NOTE
r-patched-solaris-x86 0.2-1 299.30 NOTE
r-release-linux-x86_64 0.2-1 1.20 181.52 182.71 OK
r-release-osx-x86_64-mavericks 0.2-1 NOTE
r-release-windows-ix86+x86_64 0.2-1 46.00 309.00 355.00 NOTE
r-oldrel-windows-ix86+x86_64 0.2-1 46.00 316.00 362.00 NOTE

Check Details

Version: 0.2-1
Check: package dependencies
Result: NOTE
    Package which this enhances but not available for checking: ‘ROI.plugin.cplex’
Flavors: r-devel-linux-x86_64-fedora-clang, r-devel-linux-x86_64-fedora-gcc, r-devel-osx-x86_64-clang, r-devel-windows-ix86+x86_64, r-release-windows-ix86+x86_64, r-oldrel-windows-ix86+x86_64

Version: 0.2-1
Check: package dependencies
Result: NOTE
    Package suggested but not available for checking: ‘ROI.plugin.symphony’
    
    Package which this enhances but not available for checking: ‘ROI.plugin.cplex’
Flavors: r-patched-solaris-sparc, r-patched-solaris-x86, r-release-osx-x86_64-mavericks