CRAN Package Check Results for Package ROI

Last updated on 2015-01-31 05:48:55.

Flavor Version Tinstall Tcheck Ttotal Status Flags
r-devel-linux-x86_64-debian-clang 0.1-0 1.60 38.00 39.59 OK
r-devel-linux-x86_64-debian-gcc 0.1-0 1.41 35.73 37.14 OK
r-devel-linux-x86_64-fedora-clang 0.1-0 29.30 OK
r-devel-linux-x86_64-fedora-gcc 0.1-0 27.53 OK
r-devel-osx-x86_64-clang 0.1-0 32.57 OK
r-devel-windows-ix86+x86_64 0.1-0 40.00 150.00 190.00 OK
r-patched-linux-x86_64 0.1-0 1.86 42.55 44.41 OK
r-patched-solaris-sparc 0.1-0 520.70 NOTE
r-patched-solaris-x86 0.1-0 114.00 NOTE
r-release-linux-ix86 0.1-0 7.07 54.18 61.25 OK
r-release-linux-x86_64 0.1-0 1.62 42.31 43.93 OK
r-release-osx-x86_64-mavericks 0.1-0 NOTE
r-release-osx-x86_64-snowleopard 0.1-0 OK
r-release-windows-ix86+x86_64 0.1-0 37.00 158.00 195.00 OK
r-oldrel-windows-ix86+x86_64 0.1-0 36.00 165.00 201.00 OK

Check Details

Version: 0.1-0
Check: package dependencies
Result: NOTE
    Package suggested but not available for checking: ‘ROI.plugin.symphony’
Flavors: r-patched-solaris-sparc, r-patched-solaris-x86, r-release-osx-x86_64-mavericks