CRAN Package Check Results for Package ROI

Last updated on 2014-12-20 09:53:54.

Flavor Version Tinstall Tcheck Ttotal Status Flags
r-devel-linux-x86_64-debian-clang 0.1-0 1.68 39.66 41.34 OK
r-devel-linux-x86_64-debian-gcc 0.1-0 1.48 39.88 41.36 OK
r-devel-linux-x86_64-fedora-clang 0.1-0 29.70 OK
r-devel-linux-x86_64-fedora-gcc 0.1-0 27.89 OK
r-devel-osx-x86_64-clang 0.1-0 31.21 OK
r-devel-windows-ix86+x86_64 0.1-0 79.00 208.00 287.00 OK
r-patched-linux-x86_64 0.1-0 1.66 40.18 41.85 OK
r-patched-solaris-sparc 0.1-0 514.30 NOTE
r-patched-solaris-x86 0.1-0 112.50 NOTE
r-release-linux-ix86 0.1-0 6.21 53.57 59.78 OK
r-release-linux-x86_64 0.1-0 1.56 40.71 42.27 OK
r-release-osx-x86_64-mavericks 0.1-0 NOTE
r-release-osx-x86_64-snowleopard 0.1-0 OK
r-release-windows-ix86+x86_64 0.1-0 35.00 132.00 167.00 OK
r-oldrel-windows-ix86+x86_64 0.1-0 35.00 127.00 162.00 OK

Check Details

Version: 0.1-0
Check: package dependencies
Result: NOTE
    Package suggested but not available for checking: ‘ROI.plugin.symphony’
Flavors: r-patched-solaris-sparc, r-patched-solaris-x86, r-release-osx-x86_64-mavericks