CRAN Package Check Results for Package ROI

Last updated on 2016-12-08 18:47:20.

Flavor Version Tinstall Tcheck Ttotal Status Flags
r-devel-linux-x86_64-debian-clang 0.2-1 1.33 179.51 180.84 OK
r-devel-linux-x86_64-debian-gcc 0.2-1 1.32 176.63 177.94 OK
r-devel-linux-x86_64-fedora-clang 0.2-1 42.45 NOTE --no-stop-on-test-error
r-devel-linux-x86_64-fedora-gcc 0.2-1 39.33 NOTE --no-stop-on-test-error
r-devel-macos-x86_64-clang 0.2-1 34.00 NOTE
r-devel-windows-ix86+x86_64 0.2-1 34.00 236.00 270.00 NOTE
r-patched-linux-x86_64 0.2-1 1.04 180.13 181.17 OK
r-patched-solaris-sparc 0.2-1 191.80 NOTE
r-patched-solaris-x86 0.2-1 291.00 NOTE
r-release-linux-x86_64 0.2-1 0.92 176.04 176.96 OK
r-release-osx-x86_64-mavericks 0.2-1 NOTE
r-release-windows-ix86+x86_64 0.2-1 47.00 319.00 366.00 WARN
r-oldrel-windows-ix86+x86_64 0.2-1 34.00 220.00 254.00 NOTE

Check Details

Version: 0.2-1
Flags: --no-stop-on-test-error
Check: package dependencies
Result: NOTE
    Package which this enhances but not available for checking: ‘ROI.plugin.cplex’
Flavors: r-devel-linux-x86_64-fedora-clang, r-devel-linux-x86_64-fedora-gcc

Version: 0.2-1
Check: package dependencies
Result: NOTE
    Package which this enhances but not available for checking: ‘ROI.plugin.cplex’
Flavors: r-devel-macos-x86_64-clang, r-devel-windows-ix86+x86_64, r-release-windows-ix86+x86_64, r-oldrel-windows-ix86+x86_64

Version: 0.2-1
Check: package dependencies
Result: NOTE
    Package suggested but not available for checking: ‘ROI.plugin.symphony’
    
    Package which this enhances but not available for checking: ‘ROI.plugin.cplex’
Flavors: r-patched-solaris-sparc, r-patched-solaris-x86, r-release-osx-x86_64-mavericks

Version: 0.2-1
Check: whether package can be installed
Result: WARN
    Found the following significant warnings:
     Warning: S3 method 'print.MP_data_from_file' was declared in NAMESPACE but not found
Flavor: r-release-windows-ix86+x86_64