CRAN Package Check Results for Package ROI

Last updated on 2016-07-24 06:47:07.

Flavor Version Tinstall Tcheck Ttotal Status Flags
r-devel-linux-x86_64-debian-clang 0.2-1 1.23 194.31 195.54 OK
r-devel-linux-x86_64-debian-gcc 0.2-1 1.18 205.01 206.19 OK
r-devel-linux-x86_64-fedora-clang 0.2-1 30.82 NOTE
r-devel-linux-x86_64-fedora-gcc 0.2-1 28.50 NOTE
r-devel-osx-x86_64-clang 0.2-1 27.47 NOTE
r-devel-windows-ix86+x86_64 0.2-1 36.00 248.00 284.00 NOTE
r-patched-linux-x86_64 0.2-1 1.20 194.72 195.92 OK
r-patched-solaris-sparc 0.2-1 191.80 NOTE
r-patched-solaris-x86 0.2-1 299.00 NOTE
r-release-linux-x86_64 0.2-1 1.36 197.12 198.48 OK
r-release-osx-x86_64-mavericks 0.2-1 NOTE
r-release-windows-ix86+x86_64 0.2-1 25.00 182.00 207.00 NOTE
r-oldrel-windows-ix86+x86_64 0.2-1 27.00 225.00 252.00 WARN

Check Details

Version: 0.2-1
Check: package dependencies
Result: NOTE
    Package which this enhances but not available for checking: ‘ROI.plugin.cplex’
Flavors: r-devel-linux-x86_64-fedora-clang, r-devel-linux-x86_64-fedora-gcc, r-devel-osx-x86_64-clang, r-devel-windows-ix86+x86_64, r-release-windows-ix86+x86_64, r-oldrel-windows-ix86+x86_64

Version: 0.2-1
Check: package dependencies
Result: NOTE
    Package suggested but not available for checking: ‘ROI.plugin.symphony’
    
    Package which this enhances but not available for checking: ‘ROI.plugin.cplex’
Flavors: r-patched-solaris-sparc, r-patched-solaris-x86, r-release-osx-x86_64-mavericks

Version: 0.2-1
Check: whether package can be installed
Result: WARN
    Found the following significant warnings:
     Warning: S3 methods '[.shingle', 'as.data.frame.shingle', 'plot.shingle', 'print.shingle', 'summary.shingle', 'as.character.shingleLevel', 'print.shingleLevel', 'print.trellis', 'plot.trellis', 'update.trellis', 'dim.trellis', 'dimnames.trellis', 'dimnames<-.trellis', '[.trellis', 't.trellis', 'summary.trellis', 'print.summary.trellis', 'barchart.formula', 'barchart.array', 'barchart.default', 'barchart.matrix', 'barchart.numeric', 'barchart.table', 'bwplot.formula', 'bwplot.numeric', 'densityplot.formula', 'densityplot.numeric', 'dotplot.formula', 'dotplot.array', 'dotplot.default', 'dotplot.matrix', 'dotplot.numeric', 'dotplot.table', 'histogram.formula', 'histogram.factor', 'histogram.numeric', 'qqmath.formula', 'qqmath.numeric', 'stripplot.formula', 'stripplot.numeric', 'qq.formula', 'xyplot.formula', 'xyplot.ts', 'levelplot.formula', 'levelplot.table', 'levelplot.array', 'levelplot.matrix', 'contourplot.formula', 'contourplot.table', 'contourplot.array', 'contourplot.matrix', 'cloud.formul [... truncated]
Flavor: r-oldrel-windows-ix86+x86_64