CRAN Package Check Results for Package ROI

Last updated on 2017-04-27 11:53:56.

Flavor Version Tinstall Tcheck Ttotal Status Flags
r-devel-linux-x86_64-debian-clang 0.2-1 1.35 178.45 179.80 OK
r-devel-linux-x86_64-debian-gcc 0.2-1 1.28 176.57 177.85 OK
r-devel-linux-x86_64-fedora-clang 0.2-1 39.93 NOTE --no-stop-on-test-error
r-devel-linux-x86_64-fedora-gcc 0.2-1 38.41 NOTE --no-stop-on-test-error
r-devel-windows-ix86+x86_64 0.2-1 48.00 324.00 372.00 NOTE
r-patched-linux-x86_64 0.2-1 1.29 183.61 184.90 OK
r-patched-solaris-sparc 0.2-1 1909.50 NOTE
r-patched-solaris-x86 0.2-1 314.10 NOTE
r-release-linux-x86_64 0.2-1 1.55 182.13 183.68 OK
r-release-windows-ix86+x86_64 0.2-1 36.00 249.00 285.00 NOTE
r-release-osx-x86_64 0.2-1 NOTE
r-oldrel-windows-ix86+x86_64 0.2-1 57.00 349.00 406.00 NOTE
r-oldrel-osx-x86_64 0.2-1 NOTE

Check Details

Version: 0.2-1
Flags: --no-stop-on-test-error
Check: package dependencies
Result: NOTE
    Package which this enhances but not available for checking: ‘ROI.plugin.cplex’
Flavors: r-devel-linux-x86_64-fedora-clang, r-devel-linux-x86_64-fedora-gcc

Version: 0.2-1
Check: package dependencies
Result: NOTE
    Package which this enhances but not available for checking: 'ROI.plugin.cplex'
Flavors: r-devel-windows-ix86+x86_64, r-release-windows-ix86+x86_64, r-oldrel-windows-ix86+x86_64

Version: 0.2-1
Check: package dependencies
Result: NOTE
    Package suggested but not available for checking: ‘ROI.plugin.symphony’
    
    Package which this enhances but not available for checking: ‘ROI.plugin.cplex’
Flavors: r-patched-solaris-sparc, r-patched-solaris-x86, r-oldrel-osx-x86_64

Version: 0.2-1
Check: package dependencies
Result: NOTE
    Packages suggested but not available for checking:
     ‘ROI.plugin.glpk’ ‘ROI.plugin.symphony’
    
    Package which this enhances but not available for checking: ‘ROI.plugin.cplex’
Flavor: r-release-osx-x86_64