CRAN Package Check Results for Package ROI

Last updated on 2014-04-24 17:49:52.

Flavor Version Tinstall Tcheck Ttotal Status Flags
r-devel-linux-x86_64-debian-clang 0.1-0 1.63 41.79 43.42 OK
r-devel-linux-x86_64-debian-gcc 0.1-0 1.58 41.28 42.85 OK
r-devel-linux-x86_64-fedora-clang 0.1-0 29.98 OK
r-devel-linux-x86_64-fedora-gcc 0.1-0 27.84 OK
r-devel-osx-x86_64-clang 0.1-0 31.50 OK
r-devel-osx-x86_64-gcc 0.1-0 NOTE
r-devel-windows-ix86+x86_64 0.1-0 29.00 131.00 160.00 OK
r-patched-linux-x86_64 0.1-0 1.63 42.30 43.93 OK
r-patched-solaris-sparc 0.1-0 477.70 NOTE
r-patched-solaris-x86 0.1-0 105.10 NOTE
r-release-linux-ix86 0.1-0 29.00 70.00 99.00 OK
r-release-linux-x86_64 0.1-0 1.58 41.90 43.48 OK
r-release-osx-x86_64-mavericks 0.1-0 WARN
r-release-osx-x86_64-snowleopard 0.1-0 OK
r-release-windows-ix86+x86_64 0.1-0 101.00 226.00 327.00 OK
r-oldrel-windows-ix86+x86_64 0.1-0 28.00 155.00 183.00 OK

Check Details

Version: 0.1-0
Check: package dependencies
Result: NOTE
    Packages suggested but not available for checking:
     ‘ROI.plugin.glpk’ ‘ROI.plugin.symphony’ ‘ROI.plugin.quadprog’
Flavor: r-devel-osx-x86_64-gcc

Version: 0.1-0
Check: package dependencies
Result: NOTE
    Package suggested but not available for checking: ‘ROI.plugin.symphony’
Flavors: r-patched-solaris-sparc, r-patched-solaris-x86, r-release-osx-x86_64-mavericks

Version: 0.1-0
Check: PDF version of manual
Result: WARNING
    LaTeX errors when creating PDF version.
    This typically indicates Rd problems.
    LaTeX errors found:
    ! LaTeX Error: File `upquote.sty' not found.
    
    Type X to quit or <RETURN> to proceed,
    or enter new name. (Default extension: sty)
    
    7744076e/Rd2.tex:8: ==> Fatal error occurred, no output PDF file produced!
Flavor: r-release-osx-x86_64-mavericks