CRAN Package Check Results for Package ROI

Last updated on 2015-04-21 12:48:55.

Flavor Version Tinstall Tcheck Ttotal Status Flags
r-devel-linux-x86_64-debian-clang 0.1-0 1.49 38.82 40.30 OK
r-devel-linux-x86_64-debian-gcc 0.1-0 1.46 39.76 41.22 OK
r-devel-linux-x86_64-fedora-clang 0.1-0 25.49 OK
r-devel-linux-x86_64-fedora-gcc 0.1-0 22.87 OK
r-devel-osx-x86_64-clang 0.1-0 29.39 OK
r-devel-windows-ix86+x86_64 0.1-0 37.00 160.00 197.00 OK
r-patched-linux-x86_64 0.1-0 1.44 38.85 40.29 OK
r-patched-solaris-sparc 0.1-0 500.10 NOTE
r-patched-solaris-x86 0.1-0 104.30 NOTE
r-release-linux-x86_64 0.1-0 1.45 38.79 40.24 OK
r-release-osx-x86_64-mavericks 0.1-0 NOTE
r-release-osx-x86_64-snowleopard 0.1-0 OK
r-release-windows-ix86+x86_64 0.1-0 16.00 99.00 115.00 OK
r-oldrel-windows-ix86+x86_64 0.1-0 55.00 164.00 219.00 OK

Check Details

Version: 0.1-0
Check: package dependencies
Result: NOTE
    Package suggested but not available for checking: ‘ROI.plugin.symphony’
Flavors: r-patched-solaris-sparc, r-patched-solaris-x86

Version: 0.1-0
Check: package dependencies
Result: NOTE
    Packages suggested but not available for checking:
     ‘ROI.plugin.glpk’ ‘ROI.plugin.symphony’
Flavor: r-release-osx-x86_64-mavericks