CRAN Package Check Results for Package ROI

Last updated on 2017-03-27 06:48:33.

Flavor Version Tinstall Tcheck Ttotal Status Flags
r-devel-linux-x86_64-debian-clang 0.2-1 1.30 178.53 179.83 OK
r-devel-linux-x86_64-debian-gcc 0.2-1 1.38 178.70 180.09 OK
r-devel-linux-x86_64-fedora-clang 0.2-1 39.24 NOTE --no-stop-on-test-error
r-devel-linux-x86_64-fedora-gcc 0.2-1 38.13 NOTE --no-stop-on-test-error
r-devel-macos-x86_64-clang 0.2-1 33.27 NOTE --no-stop-on-test-error
r-devel-windows-ix86+x86_64 0.2-1 33.00 249.00 282.00 NOTE
r-patched-linux-x86_64 0.2-1 1.40 174.83 176.23 OK
r-patched-solaris-sparc 0.2-1 1909.50 NOTE
r-patched-solaris-x86 0.2-1 306.10 NOTE
r-release-linux-x86_64 0.2-1 0.98 190.21 191.19 OK
r-release-osx-x86_64-mavericks 0.2-1 NOTE
r-release-windows-ix86+x86_64 0.2-1 57.00 349.00 406.00 NOTE
r-oldrel-windows-ix86+x86_64 0.2-1 49.00 243.00 292.00 NOTE

Check Details

Version: 0.2-1
Flags: --no-stop-on-test-error
Check: package dependencies
Result: NOTE
    Package which this enhances but not available for checking: ‘ROI.plugin.cplex’
Flavors: r-devel-linux-x86_64-fedora-clang, r-devel-linux-x86_64-fedora-gcc, r-devel-macos-x86_64-clang

Version: 0.2-1
Check: package dependencies
Result: NOTE
    Package which this enhances but not available for checking: 'ROI.plugin.cplex'
Flavors: r-devel-windows-ix86+x86_64, r-release-windows-ix86+x86_64, r-oldrel-windows-ix86+x86_64

Version: 0.2-1
Check: package dependencies
Result: NOTE
    Package suggested but not available for checking: ‘ROI.plugin.symphony’
    
    Package which this enhances but not available for checking: ‘ROI.plugin.cplex’
Flavors: r-patched-solaris-sparc, r-patched-solaris-x86, r-release-osx-x86_64-mavericks