CRAN Package Check Results for Package ROI.plugin.glpk

Last updated on 2018-05-28 04:49:38 CEST.

Flavor Version Tinstall Tcheck Ttotal Status Flags
r-devel-linux-x86_64-debian-clang 0.3-0 1.11 18.15 19.26 OK
r-devel-linux-x86_64-debian-gcc 0.3-0 0.74 16.30 17.04 OK
r-devel-linux-x86_64-fedora-clang 0.3-0 26.65 OK
r-devel-linux-x86_64-fedora-gcc 0.3-0 25.10 OK
r-devel-windows-ix86+x86_64 0.3-0 3.00 42.00 45.00 OK
r-patched-linux-x86_64 0.3-0 1.41 19.46 20.87 OK
r-patched-solaris-x86 0.3-0 36.60 OK
r-release-linux-x86_64 0.3-0 1.20 19.45 20.65 OK
r-release-windows-ix86+x86_64 0.3-0 5.00 36.00 41.00 OK
r-release-osx-x86_64 0.3-0 ERROR
r-oldrel-windows-ix86+x86_64 0.3-0 5.00 34.00 39.00 OK
r-oldrel-osx-x86_64 0.3-0 ERROR

Check Details

Version: 0.3-0
Check: package dependencies
Result: ERROR
    Package required but not available: ‘Rglpk’
    
    See section ‘The DESCRIPTION file’ in the ‘Writing R Extensions’
    manual.
Flavors: r-release-osx-x86_64, r-oldrel-osx-x86_64