CRAN Package Check Results for Package ROI.plugin.glpk

Last updated on 2016-05-24 07:47:25.

Flavor Version Tinstall Tcheck Ttotal Status Flags
r-devel-linux-x86_64-debian-gcc 0.0-2 0.56 8.40 8.96 NOTE
r-devel-linux-x86_64-fedora-clang 0.0-2 14.81 NOTE
r-devel-linux-x86_64-fedora-gcc 0.0-2 14.39 NOTE
r-devel-osx-x86_64-clang 0.0-2 17.33 NOTE
r-devel-windows-ix86+x86_64 0.0-2 3.00 18.00 21.00 NOTE
r-patched-linux-x86_64 0.0-2 0.53 8.19 8.72 NOTE
r-patched-solaris-sparc 0.0-2 92.90 NOTE
r-patched-solaris-x86 0.0-2 21.10 NOTE
r-release-linux-x86_64 0.0-2 0.53 8.19 8.72 NOTE
r-release-osx-x86_64-mavericks 0.0-2 NOTE
r-release-windows-ix86+x86_64 0.0-2 3.00 18.00 21.00 NOTE
r-oldrel-windows-ix86+x86_64 0.0-2 5.00 28.00 33.00 OK

Check Details

Version: 0.0-2
Check: R code for possible problems
Result: NOTE
    .solve_LP: no visible global function definition for ‘terms’
    .solve_MILP: no visible global function definition for ‘terms’
    Undefined global functions or variables:
     terms
    Consider adding
     importFrom("stats", "terms")
    to your NAMESPACE file.
Flavors: r-devel-linux-x86_64-debian-gcc, r-devel-linux-x86_64-fedora-clang, r-devel-linux-x86_64-fedora-gcc, r-devel-osx-x86_64-clang, r-devel-windows-ix86+x86_64, r-patched-linux-x86_64, r-patched-solaris-sparc, r-patched-solaris-x86, r-release-linux-x86_64, r-release-osx-x86_64-mavericks, r-release-windows-ix86+x86_64