CRAN Package Check Results for Package ROI.plugin.glpk

Last updated on 2017-12-17 23:53:23 CET.

Flavor Version Tinstall Tcheck Ttotal Status Flags
r-devel-linux-x86_64-debian-clang 0.3-0 1.28 21.23 22.51 OK
r-devel-linux-x86_64-debian-gcc OK
r-devel-linux-x86_64-fedora-clang 0.3-0 28.93 OK
r-devel-linux-x86_64-fedora-gcc 0.3-0 28.42 OK
r-devel-windows-ix86+x86_64 0.3-0 3.00 29.00 32.00 OK
r-patched-linux-x86_64 0.3-0 1.35 22.58 23.93 OK
r-patched-solaris-x86 0.3-0 36.50 OK
r-release-linux-x86_64 0.3-0 1.36 22.59 23.95 OK
r-release-windows-ix86+x86_64 0.3-0 4.00 44.00 48.00 OK
r-release-osx-x86_64 0.3-0 ERROR
r-oldrel-windows-ix86+x86_64 0.3-0 5.00 35.00 40.00 OK
r-oldrel-osx-x86_64 0.3-0 OK

Check Details

Version: 0.3-0
Check: package dependencies
Result: ERROR
    Package required but not available: ‘Rglpk’
    
    See section ‘The DESCRIPTION file’ in the ‘Writing R Extensions’
    manual.
Flavor: r-release-osx-x86_64