CRAN Package Check Results for Package ROI.plugin.glpk

Last updated on 2017-06-25 22:48:23.

Flavor Version Tinstall Tcheck Ttotal Status Flags
r-devel-linux-x86_64-debian-clang 0.2-5 1.12 20.21 21.32 OK
r-devel-linux-x86_64-debian-gcc 0.2-5 1.13 20.55 21.68 OK
r-devel-linux-x86_64-fedora-clang 0.2-5 40.62 OK
r-devel-linux-x86_64-fedora-gcc 0.2-5 37.13 OK
r-devel-windows-ix86+x86_64 0.2-5 6.00 54.00 60.00 OK
r-patched-linux-x86_64 0.2-5 1.13 21.17 22.30 OK
r-patched-solaris-sparc 0.2-5 223.60 OK
r-patched-solaris-x86 0.2-5 49.50 OK
r-release-linux-x86_64 0.2-5 1.20 20.22 21.42 OK
r-release-windows-ix86+x86_64 0.2-5 8.00 55.00 63.00 OK
r-release-osx-x86_64 0.2-5 ERROR
r-oldrel-windows-ix86+x86_64 0.2-5 3.00 42.00 45.00 OK
r-oldrel-osx-x86_64 0.2-5 OK

Check Details

Version: 0.2-5
Check: package dependencies
Result: ERROR
    Package required but not available: ‘Rglpk’
    
    See section ‘The DESCRIPTION file’ in the ‘Writing R Extensions’
    manual.
Flavor: r-release-osx-x86_64