CRAN Package Check Results for Package ROI.plugin.glpk

Last updated on 2017-05-25 06:48:12.

Flavor Version Tinstall Tcheck Ttotal Status Flags
r-devel-linux-x86_64-debian-clang 0.2-5 1.15 20.61 21.76 OK
r-devel-linux-x86_64-debian-gcc 0.2-5 1.27 20.85 22.12 OK
r-devel-linux-x86_64-fedora-clang 0.2-5 39.24 OK --no-stop-on-test-error
r-devel-linux-x86_64-fedora-gcc 0.2-5 37.00 OK --no-stop-on-test-error
r-devel-windows-ix86+x86_64 0.2-5 6.00 45.00 51.00 OK
r-patched-linux-x86_64 0.2-5 1.11 20.87 21.97 OK
r-patched-solaris-sparc 0.2-5 223.60 OK
r-patched-solaris-x86 0.2-5 49.90 OK --no-stop-on-test-error
r-release-linux-x86_64 0.2-5 1.10 20.59 21.69 OK
r-release-windows-ix86+x86_64 0.2-5 6.00 34.00 40.00 OK
r-release-osx-x86_64 0.2-5 ERROR
r-oldrel-windows-ix86+x86_64 0.2-5 5.00 41.00 46.00 OK
r-oldrel-osx-x86_64 0.2-5 OK

Check Details

Version: 0.2-5
Check: package dependencies
Result: ERROR
    Package required but not available: ‘Rglpk’
    
    See section ‘The DESCRIPTION file’ in the ‘Writing R Extensions’
    manual.
Flavor: r-release-osx-x86_64