CRAN Package Check Results for Package ROI.plugin.glpk

Last updated on 2017-10-17 00:51:59.

Flavor Version Tinstall Tcheck Ttotal Status Flags
r-devel-linux-x86_64-debian-clang 0.2-5 1.10 22.85 23.94 OK
r-devel-linux-x86_64-debian-gcc 0.2-5 1.38 22.06 23.45 OK
r-devel-linux-x86_64-fedora-clang 0.2-5 39.83 OK
r-devel-linux-x86_64-fedora-gcc 0.2-5 39.44 OK
r-devel-windows-ix86+x86_64 0.2-5 3.00 37.00 40.00 OK
r-patched-linux-x86_64 0.2-5 1.16 20.34 21.49 OK
r-patched-solaris-x86 0.2-5 50.00 OK
r-release-linux-x86_64 0.2-5 1.12 19.93 21.04 OK
r-release-windows-ix86+x86_64 0.2-5 4.00 42.00 46.00 OK
r-release-osx-x86_64 0.2-5 ERROR
r-oldrel-windows-ix86+x86_64 0.2-5 4.00 47.00 51.00 OK
r-oldrel-osx-x86_64 0.2-5 OK

Check Details

Version: 0.2-5
Check: package dependencies
Result: ERROR
    Package required but not available: ‘Rglpk’
    
    See section ‘The DESCRIPTION file’ in the ‘Writing R Extensions’
    manual.
Flavor: r-release-osx-x86_64