CRAN Package Check Results for Package ROI.plugin.glpk

Last updated on 2015-07-30 15:48:27.

Flavor Version Tinstall Tcheck Ttotal Status Flags
r-devel-linux-x86_64-debian-clang 0.0-2 0.53 8.16 8.69 NOTE
r-devel-linux-x86_64-debian-gcc 0.0-2 0.53 8.07 8.60 NOTE
r-devel-linux-x86_64-fedora-clang 0.0-2 16.27 NOTE
r-devel-linux-x86_64-fedora-gcc 0.0-2 17.45 NOTE
r-devel-osx-x86_64-clang 0.0-2 16.90 OK
r-devel-windows-ix86+x86_64 0.0-2 2.00 15.00 17.00 NOTE
r-patched-linux-x86_64 0.0-2 0.56 8.02 8.58 OK
r-patched-solaris-sparc 0.0-2 104.90 OK
r-patched-solaris-x86 0.0-2 24.40 OK
r-release-linux-x86_64 0.0-2 0.60 7.92 8.52 OK
r-release-osx-x86_64-mavericks 0.0-2 OK
r-release-windows-ix86+x86_64 0.0-2 4.00 13.00 17.00 OK
r-oldrel-windows-ix86+x86_64 0.0-2 5.00 17.00 22.00 OK

Check Details

Version: 0.0-2
Check: R code for possible problems
Result: NOTE
    .solve_LP: no visible global function definition for ‘terms’
    .solve_MILP: no visible global function definition for ‘terms’
    Undefined global functions or variables:
     terms
    Consider adding
     importFrom("stats", "terms")
    to your NAMESPACE.
Flavors: r-devel-linux-x86_64-debian-clang, r-devel-linux-x86_64-debian-gcc, r-devel-linux-x86_64-fedora-clang, r-devel-linux-x86_64-fedora-gcc, r-devel-windows-ix86+x86_64