CRAN Package Check Results for Package ROI.plugin.glpk

Last updated on 2016-02-13 23:47:17.

Flavor Version Tinstall Tcheck Ttotal Status Flags
r-devel-linux-x86_64-debian-gcc 0.0-2 0.79 7.52 8.31 NOTE
r-devel-linux-x86_64-fedora-clang 0.0-2 14.33 NOTE
r-devel-linux-x86_64-fedora-gcc 0.0-2 13.87 NOTE
r-devel-osx-x86_64-clang 0.0-2 17.49 NOTE
r-devel-windows-ix86+x86_64 0.0-2 3.00 28.00 31.00 NOTE
r-patched-linux-x86_64 0.0-2 0.68 8.11 8.79 OK
r-patched-solaris-sparc 0.0-2 95.70 OK
r-patched-solaris-x86 0.0-2 20.90 OK
r-release-linux-x86_64 0.0-2 0.59 8.08 8.67 OK
r-release-osx-x86_64-mavericks 0.0-2 OK
r-release-windows-ix86+x86_64 0.0-2 2.00 16.00 18.00 OK
r-oldrel-windows-ix86+x86_64 0.0-2 5.00 17.00 22.00 OK

Check Details

Version: 0.0-2
Check: R code for possible problems
Result: NOTE
    .solve_LP: no visible global function definition for ‘terms’
    .solve_MILP: no visible global function definition for ‘terms’
    Undefined global functions or variables:
     terms
    Consider adding
     importFrom("stats", "terms")
    to your NAMESPACE file.
Flavors: r-devel-linux-x86_64-debian-gcc, r-devel-linux-x86_64-fedora-clang, r-devel-linux-x86_64-fedora-gcc, r-devel-osx-x86_64-clang, r-devel-windows-ix86+x86_64