CRAN Package Check Results for Package ROI.plugin.glpk

Last updated on 2015-04-26 23:47:00.

Flavor Version Tinstall Tcheck Ttotal Status Flags
r-devel-linux-x86_64-debian-clang 0.0-2 0.56 8.18 8.73 OK
r-devel-linux-x86_64-debian-gcc 0.0-2 0.58 8.03 8.61 OK
r-devel-linux-x86_64-fedora-clang 0.0-2 17.38 OK
r-devel-linux-x86_64-fedora-gcc 0.0-2 15.73 OK
r-devel-osx-x86_64-clang 0.0-2 17.69 OK
r-devel-windows-ix86+x86_64 0.0-2 3.00 17.00 20.00 OK
r-patched-linux-x86_64 0.0-2 0.58 8.02 8.60 OK
r-patched-solaris-sparc 0.0-2 112.80 OK
r-patched-solaris-x86 0.0-2 24.20 OK
r-release-linux-x86_64 0.0-2 0.58 8.04 8.62 OK
r-release-osx-x86_64-mavericks 0.0-2 ERROR
r-release-osx-x86_64-snowleopard 0.0-2 OK
r-release-windows-ix86+x86_64 0.0-2 2.00 15.00 17.00 OK
r-oldrel-windows-ix86+x86_64 0.0-2 5.00 19.00 24.00 OK

Check Details

Version: 0.0-2
Check: package dependencies
Result: ERROR
    Package required but not available: ‘Rglpk’
    
    See section ‘The DESCRIPTION file’ in the ‘Writing R Extensions’
    manual.
Flavor: r-release-osx-x86_64-mavericks