CRAN Package Check Results for Package ROI.plugin.glpk

Last updated on 2015-08-30 15:46:59.

Flavor Version Tinstall Tcheck Ttotal Status Flags
r-devel-linux-x86_64-debian-clang 0.0-2 0.53 7.73 8.26 NOTE
r-devel-linux-x86_64-debian-gcc 0.0-2 0.48 7.52 8.00 NOTE
r-devel-linux-x86_64-fedora-clang 0.0-2 15.60 NOTE
r-devel-linux-x86_64-fedora-gcc 0.0-2 14.68 NOTE
r-devel-osx-x86_64-clang 0.0-2 15.36 OK
r-devel-windows-ix86+x86_64 0.0-2 3.00 20.00 23.00 NOTE
r-patched-linux-x86_64 0.0-2 0.56 8.07 8.63 OK
r-patched-solaris-sparc 0.0-2 104.90 OK
r-patched-solaris-x86 0.0-2 25.50 OK
r-release-linux-x86_64 0.0-2 0.68 8.32 9.00 OK
r-release-osx-x86_64-mavericks 0.0-2 OK
r-release-windows-ix86+x86_64 0.0-2 4.00 25.00 29.00 OK
r-oldrel-windows-ix86+x86_64 0.0-2 5.00 17.00 22.00 OK

Check Details

Version: 0.0-2
Check: R code for possible problems
Result: NOTE
    .solve_LP: no visible global function definition for ‘terms’
    .solve_MILP: no visible global function definition for ‘terms’
    Undefined global functions or variables:
     terms
    Consider adding
     importFrom("stats", "terms")
    to your NAMESPACE.
Flavors: r-devel-linux-x86_64-debian-clang, r-devel-linux-x86_64-debian-gcc, r-devel-linux-x86_64-fedora-clang, r-devel-linux-x86_64-fedora-gcc, r-devel-windows-ix86+x86_64