CRAN Package Check Results for Package ROI.plugin.glpk

Last updated on 2017-08-18 17:48:07.

Flavor Version Tinstall Tcheck Ttotal Status Flags
r-devel-linux-x86_64-debian-clang 0.2-5 1.09 21.29 22.38 OK
r-devel-linux-x86_64-debian-gcc 0.2-5 1.21 19.79 20.99 OK
r-devel-linux-x86_64-fedora-clang 0.2-5 37.88 OK
r-devel-linux-x86_64-fedora-gcc 0.2-5 39.64 OK
r-devel-windows-ix86+x86_64 0.2-5 4.00 58.00 62.00 OK
r-patched-linux-x86_64 0.2-5 1.18 20.65 21.82 OK
r-patched-solaris-x86 0.2-5 49.10 OK
r-release-linux-x86_64 0.2-5 1.41 20.46 21.87 OK
r-release-windows-ix86+x86_64 0.2-5 6.00 40.00 46.00 OK
r-release-osx-x86_64 0.2-5 ERROR
r-oldrel-windows-ix86+x86_64 0.2-5 3.00 52.00 55.00 OK
r-oldrel-osx-x86_64 0.2-5 OK

Check Details

Version: 0.2-5
Check: package dependencies
Result: ERROR
    Package required but not available: ‘Rglpk’
    
    See section ‘The DESCRIPTION file’ in the ‘Writing R Extensions’
    manual.
Flavor: r-release-osx-x86_64