CRAN Package Check Results for Package ROI.plugin.quadprog

Last updated on 2016-02-12 21:47:45.

Flavor Version Tinstall Tcheck Ttotal Status Flags
r-devel-linux-x86_64-debian-gcc 0.0-2 0.48 6.96 7.43 NOTE
r-devel-linux-x86_64-fedora-clang 0.0-2 13.12 NOTE
r-devel-linux-x86_64-fedora-gcc 0.0-2 12.68 NOTE
r-devel-osx-x86_64-clang 0.0-2 16.62 NOTE
r-devel-windows-ix86+x86_64 0.0-2 4.00 27.00 31.00 NOTE
r-patched-linux-x86_64 0.0-2 0.62 7.49 8.11 OK
r-patched-solaris-sparc 0.0-2 87.10 OK
r-patched-solaris-x86 0.0-2 19.70 OK
r-release-linux-x86_64 0.0-2 0.63 7.51 8.14 OK
r-release-osx-x86_64-mavericks 0.0-2 OK
r-release-windows-ix86+x86_64 0.0-2 2.00 16.00 18.00 OK
r-oldrel-windows-ix86+x86_64 0.0-2 5.00 17.00 22.00 OK

Check Details

Version: 0.0-2
Check: R code for possible problems
Result: NOTE
    solve_QP: no visible global function definition for ‘terms’
    Undefined global functions or variables:
     terms
    Consider adding
     importFrom("stats", "terms")
    to your NAMESPACE file.
Flavors: r-devel-linux-x86_64-debian-gcc, r-devel-linux-x86_64-fedora-clang, r-devel-linux-x86_64-fedora-gcc, r-devel-osx-x86_64-clang, r-devel-windows-ix86+x86_64