CRAN Package Check Results for Package ROI.plugin.quadprog

Last updated on 2016-05-06 23:47:11.

Flavor Version Tinstall Tcheck Ttotal Status Flags
r-devel-linux-x86_64-debian-gcc 0.0-2 0.52 7.84 8.35 NOTE
r-devel-linux-x86_64-fedora-clang 0.0-2 13.83 NOTE
r-devel-linux-x86_64-fedora-gcc 0.0-2 12.38 NOTE
r-devel-osx-x86_64-clang 0.0-2 16.26 NOTE
r-devel-windows-ix86+x86_64 0.0-2 2.00 20.00 22.00 NOTE
r-patched-linux-x86_64 0.0-2 0.51 7.79 8.29 NOTE
r-patched-solaris-sparc 0.0-2 94.70 NOTE
r-patched-solaris-x86 0.0-2 19.80 NOTE
r-release-linux-x86_64 0.0-2 0.48 7.80 8.28 NOTE
r-release-osx-x86_64-mavericks 0.0-2 NOTE
r-release-windows-ix86+x86_64 0.0-2 2.00 20.00 22.00 NOTE
r-oldrel-windows-ix86+x86_64 0.0-2 5.00 27.00 32.00 OK

Check Details

Version: 0.0-2
Check: R code for possible problems
Result: NOTE
    solve_QP: no visible global function definition for ‘terms’
    Undefined global functions or variables:
     terms
    Consider adding
     importFrom("stats", "terms")
    to your NAMESPACE file.
Flavors: r-devel-linux-x86_64-debian-gcc, r-devel-linux-x86_64-fedora-clang, r-devel-linux-x86_64-fedora-gcc, r-devel-osx-x86_64-clang, r-devel-windows-ix86+x86_64, r-patched-linux-x86_64, r-patched-solaris-sparc, r-patched-solaris-x86, r-release-linux-x86_64, r-release-osx-x86_64-mavericks, r-release-windows-ix86+x86_64