CRAN Package Check Results for Package ROI.plugin.quadprog

Last updated on 2015-09-05 06:48:26.

Flavor Version Tinstall Tcheck Ttotal Status Flags
r-devel-linux-x86_64-debian-clang 0.0-2 0.45 7.22 7.67 NOTE
r-devel-linux-x86_64-debian-gcc 0.0-2 0.49 7.19 7.68 NOTE
r-devel-linux-x86_64-fedora-clang 0.0-2 14.38 NOTE
r-devel-linux-x86_64-fedora-gcc 0.0-2 13.66 NOTE
r-devel-osx-x86_64-clang 0.0-2 14.89 OK
r-devel-windows-ix86+x86_64 0.0-2 3.00 18.00 21.00 NOTE
r-patched-linux-x86_64 0.0-2 0.56 7.52 8.08 OK
r-patched-solaris-sparc 0.0-2 99.10 OK
r-patched-solaris-x86 0.0-2 23.30 OK
r-release-linux-x86_64 0.0-2 0.57 7.84 8.41 OK
r-release-osx-x86_64-mavericks 0.0-2 OK
r-release-windows-ix86+x86_64 0.0-2 3.00 23.00 26.00 OK
r-oldrel-windows-ix86+x86_64 0.0-2 5.00 17.00 22.00 OK

Check Details

Version: 0.0-2
Check: R code for possible problems
Result: NOTE
    solve_QP: no visible global function definition for ‘terms’
    Undefined global functions or variables:
     terms
    Consider adding
     importFrom("stats", "terms")
    to your NAMESPACE.
Flavors: r-devel-linux-x86_64-debian-clang, r-devel-linux-x86_64-debian-gcc, r-devel-linux-x86_64-fedora-clang, r-devel-linux-x86_64-fedora-gcc, r-devel-windows-ix86+x86_64