CRAN Package Check Results for Package ROI.plugin.quadprog

Last updated on 2015-07-30 17:47:27.

Flavor Version Tinstall Tcheck Ttotal Status Flags
r-devel-linux-x86_64-debian-clang 0.0-2 0.48 7.74 8.22 NOTE
r-devel-linux-x86_64-debian-gcc 0.0-2 0.50 7.58 8.08 NOTE
r-devel-linux-x86_64-fedora-clang 0.0-2 15.47 NOTE
r-devel-linux-x86_64-fedora-gcc 0.0-2 16.51 NOTE
r-devel-osx-x86_64-clang 0.0-2 15.93 OK
r-devel-windows-ix86+x86_64 0.0-2 3.00 15.00 18.00 NOTE
r-patched-linux-x86_64 0.0-2 0.64 7.70 8.34 OK
r-patched-solaris-sparc 0.0-2 99.10 OK
r-patched-solaris-x86 0.0-2 23.40 OK
r-release-linux-x86_64 0.0-2 0.54 7.54 8.07 OK
r-release-osx-x86_64-mavericks 0.0-2 OK
r-release-windows-ix86+x86_64 0.0-2 4.00 13.00 17.00 OK
r-oldrel-windows-ix86+x86_64 0.0-2 5.00 17.00 22.00 OK

Check Details

Version: 0.0-2
Check: R code for possible problems
Result: NOTE
    solve_QP: no visible global function definition for ‘terms’
    Undefined global functions or variables:
     terms
    Consider adding
     importFrom("stats", "terms")
    to your NAMESPACE.
Flavors: r-devel-linux-x86_64-debian-clang, r-devel-linux-x86_64-debian-gcc, r-devel-linux-x86_64-fedora-clang, r-devel-linux-x86_64-fedora-gcc, r-devel-windows-ix86+x86_64