CRAN Package Check Results for Package ROI.plugin.quadprog

Last updated on 2015-06-30 12:47:32.

Flavor Version Tinstall Tcheck Ttotal Status Flags
r-devel-linux-x86_64-debian-clang 0.0-2 0.49 7.40 7.89 NOTE
r-devel-linux-x86_64-debian-gcc 0.0-2 0.48 7.28 7.76 NOTE
r-devel-linux-x86_64-fedora-clang 0.0-2 15.09 OK
r-devel-linux-x86_64-fedora-gcc 0.0-2 13.76 OK
r-devel-osx-x86_64-clang 0.0-2 16.10 OK
r-devel-windows-ix86+x86_64 0.0-2 2.00 14.00 16.00 OK
r-patched-linux-x86_64 0.0-2 0.52 8.47 8.99 OK
r-patched-solaris-sparc 0.0-2 98.50 OK
r-patched-solaris-x86 0.0-2 23.30 OK
r-release-linux-x86_64 0.0-2 0.54 7.53 8.06 OK
r-release-osx-x86_64-mavericks 0.0-2 OK
r-release-windows-ix86+x86_64 0.0-2 3.00 15.00 18.00 OK
r-oldrel-windows-ix86+x86_64 0.0-2 4.00 19.00 23.00 OK

Check Details

Version: 0.0-2
Check: R code for possible problems
Result: NOTE
    solve_QP: no visible global function definition for ‘terms’
Flavors: r-devel-linux-x86_64-debian-clang, r-devel-linux-x86_64-debian-gcc