CRAN Package Check Results for Package ROI.plugin.symphony

Last updated on 2014-09-18 05:47:33.

Flavor Version Tinstall Tcheck Ttotal Status Flags
r-devel-linux-x86_64-debian-clang 0.0-2 0.74 9.64 10.38 OK
r-devel-linux-x86_64-debian-gcc 0.0-2 0.76 9.41 10.17 OK
r-devel-linux-x86_64-fedora-clang 0.0-2 20.90 OK
r-devel-linux-x86_64-fedora-gcc 0.0-2 24.95 OK
r-devel-osx-x86_64-clang 0.0-2 19.59 OK
r-devel-windows-ix86+x86_64 0.0-2 3.00 19.00 22.00 OK
r-patched-linux-x86_64 0.0-2 0.86 9.53 10.38 OK
r-release-linux-ix86 0.0-2 2.14 14.52 16.66 OK
r-release-linux-x86_64 0.0-2 0.80 10.20 11.00 OK
r-release-osx-x86_64-mavericks 0.0-2 ERROR
r-release-osx-x86_64-snowleopard 0.0-2 OK
r-release-windows-ix86+x86_64 0.0-2 4.00 20.00 24.00 OK
r-oldrel-windows-ix86+x86_64 0.0-2 3.00 17.00 20.00 OK

Check Details

Version: 0.0-2
Check: package dependencies
Result: ERROR
    Package required but not available: ‘Rsymphony’
    
    See the information on DESCRIPTION files in the chapter ‘Creating R
    packages’ of the ‘Writing R Extensions’ manual.
Flavor: r-release-osx-x86_64-mavericks