CRAN Package Check Results for Package ROI.plugin.symphony

Last updated on 2018-02-22 11:58:16 CET.

Flavor Version Tinstall Tcheck Ttotal Status Flags
r-devel-linux-x86_64-debian-clang 0.2-5 1.37 22.65 24.02 OK
r-devel-linux-x86_64-debian-gcc 0.2-5 1.60 22.15 23.75 OK
r-devel-linux-x86_64-fedora-clang 0.2-5 30.72 OK
r-devel-linux-x86_64-fedora-gcc 0.2-5 29.32 OK
r-devel-windows-ix86+x86_64 0.2-5 6.00 35.00 41.00 OK
r-patched-linux-x86_64 0.2-5 1.78 28.11 29.89 OK
r-release-linux-x86_64 0.2-5 1.38 14.09 15.47 OK
r-release-windows-ix86+x86_64 0.2-5 7.00 38.00 45.00 OK
r-release-osx-x86_64 0.2-5 ERROR
r-oldrel-windows-ix86+x86_64 0.2-5 3.00 35.00 38.00 OK
r-oldrel-osx-x86_64 0.2-5 ERROR

Check Details

Version: 0.2-5
Check: package dependencies
Result: ERROR
    Package required but not available: ‘Rsymphony’
    
    See section ‘The DESCRIPTION file’ in the ‘Writing R Extensions’
    manual.
Flavors: r-release-osx-x86_64, r-oldrel-osx-x86_64