CRAN Package Check Results for Package ROI.plugin.symphony

Last updated on 2016-07-25 08:48:44.

Flavor Version Tinstall Tcheck Ttotal Status Flags
r-devel-linux-x86_64-debian-clang 0.2-1 1.10 13.01 14.11 OK
r-devel-linux-x86_64-debian-gcc 0.2-1 0.72 13.07 13.79 OK
r-devel-linux-x86_64-fedora-clang 0.2-1 19.00 OK
r-devel-linux-x86_64-fedora-gcc 0.2-1 17.15 OK
r-devel-osx-x86_64-clang 0.2-1 16.27 OK
r-devel-windows-ix86+x86_64 0.2-1 3.00 25.00 28.00 OK
r-patched-linux-x86_64 0.2-1 0.85 12.73 13.57 OK
r-release-linux-x86_64 0.2-1 0.90 12.28 13.18 OK
r-release-osx-x86_64-mavericks 0.2-1 ERROR
r-release-windows-ix86+x86_64 0.2-1 2.00 23.00 25.00 OK
r-oldrel-windows-ix86+x86_64 0.2-1 3.00 26.00 29.00 OK

Check Details

Version: 0.2-1
Check: package dependencies
Result: ERROR
    Package required but not available: ‘Rsymphony’
    
    See section ‘The DESCRIPTION file’ in the ‘Writing R Extensions’
    manual.
Flavor: r-release-osx-x86_64-mavericks