CRAN Package Check Results for Package ROI.plugin.symphony

Last updated on 2015-01-30 23:48:55.

Flavor Version Tinstall Tcheck Ttotal Status Flags
r-devel-linux-x86_64-debian-clang 0.0-2 0.62 8.28 8.90 OK
r-devel-linux-x86_64-debian-gcc 0.0-2 0.74 8.61 9.35 OK
r-devel-linux-x86_64-fedora-clang 0.0-2 19.85 OK
r-devel-linux-x86_64-fedora-gcc 0.0-2 18.87 OK
r-devel-osx-x86_64-clang 0.0-2 22.62 OK
r-devel-windows-ix86+x86_64 0.0-2 4.00 19.00 23.00 OK
r-patched-linux-x86_64 0.0-2 0.84 10.22 11.06 OK
r-release-linux-ix86 0.0-2 1.26 14.04 15.30 OK
r-release-linux-x86_64 0.0-2 0.81 10.05 10.86 OK
r-release-osx-x86_64-mavericks 0.0-2 ERROR
r-release-osx-x86_64-snowleopard 0.0-2 OK
r-release-windows-ix86+x86_64 0.0-2 4.00 19.00 23.00 OK
r-oldrel-windows-ix86+x86_64 0.0-2 4.00 18.00 22.00 OK

Check Details

Version: 0.0-2
Check: package dependencies
Result: ERROR
    Package required but not available: ‘Rsymphony’
    
    See the information on DESCRIPTION files in the chapter ‘Creating R
    packages’ of the ‘Writing R Extensions’ manual.
Flavor: r-release-osx-x86_64-mavericks