CRAN Package Check Results for Package ROI.plugin.symphony

Last updated on 2016-12-09 23:49:55.

Flavor Version Tinstall Tcheck Ttotal Status Flags
r-devel-linux-x86_64-debian-clang 0.2-1 1.12 13.79 14.91 OK
r-devel-linux-x86_64-debian-gcc 0.2-1 1.08 13.49 14.57 OK
r-devel-linux-x86_64-fedora-clang 0.2-1 27.28 OK --no-stop-on-test-error
r-devel-linux-x86_64-fedora-gcc 0.2-1 25.85 OK --no-stop-on-test-error
r-devel-macos-x86_64-clang 0.2-1 21.45 OK --no-stop-on-test-error
r-devel-windows-ix86+x86_64 0.2-1 3.00 27.00 30.00 OK
r-patched-linux-x86_64 0.2-1 0.76 10.41 11.16 OK
r-release-linux-x86_64 0.2-1 0.80 10.22 11.02 OK
r-release-osx-x86_64-mavericks 0.2-1 ERROR
r-release-windows-ix86+x86_64 0.2-1 4.00 31.00 35.00 OK
r-oldrel-windows-ix86+x86_64 0.2-1 3.00 20.00 23.00 OK

Check Details

Version: 0.2-1
Check: package dependencies
Result: ERROR
    Package required but not available: ‘Rsymphony’
    
    See section ‘The DESCRIPTION file’ in the ‘Writing R Extensions’
    manual.
Flavor: r-release-osx-x86_64-mavericks