CRAN Package Check Results for Package ROI.plugin.symphony

Last updated on 2014-07-23 08:49:54.

Flavor Version Tinstall Tcheck Ttotal Status Flags
r-devel-linux-x86_64-debian-clang 0.0-2 0.79 9.41 10.20 OK
r-devel-linux-x86_64-debian-gcc 0.0-2 0.81 9.35 10.16 OK
r-devel-linux-x86_64-fedora-clang 0.0-2 21.46 OK
r-devel-linux-x86_64-fedora-gcc 0.0-2 19.98 OK
r-devel-osx-x86_64-clang 0.0-2 20.03 OK
r-devel-windows-ix86+x86_64 0.0-2 4.00 20.00 24.00 OK
r-patched-linux-x86_64 0.0-2 0.77 9.40 10.18 OK
r-release-linux-ix86 0.0-2 1.20 14.46 15.65 OK
r-release-linux-x86_64 0.0-2 0.79 9.96 10.75 OK
r-release-osx-x86_64-mavericks 0.0-2 ERROR
r-release-osx-x86_64-snowleopard 0.0-2 OK
r-release-windows-ix86+x86_64 0.0-2 4.00 20.00 24.00 OK
r-oldrel-windows-ix86+x86_64 0.0-2 3.00 17.00 20.00 OK

Check Details

Version: 0.0-2
Check: package dependencies
Result: ERROR
    Package required but not available: ‘Rsymphony’
    
    See the information on DESCRIPTION files in the chapter ‘Creating R
    packages’ of the ‘Writing R Extensions’ manual.
Flavor: r-release-osx-x86_64-mavericks