CRAN Package Check Results for Package ROI.plugin.symphony

Last updated on 2017-09-24 00:51:32.

Flavor Version Tinstall Tcheck Ttotal Status Flags
r-devel-linux-x86_64-debian-clang 0.2-5 1.21 18.59 19.80 OK
r-devel-linux-x86_64-debian-gcc 0.2-5 1.18 18.47 19.65 OK
r-devel-linux-x86_64-fedora-clang 0.2-5 36.39 OK
r-devel-linux-x86_64-fedora-gcc 0.2-5 35.13 OK
r-devel-windows-ix86+x86_64 0.2-5 3.00 38.00 41.00 OK
r-patched-linux-x86_64 0.2-5 1.20 19.13 20.32 OK
r-release-linux-x86_64 0.2-5 1.20 19.06 20.26 OK
r-release-windows-ix86+x86_64 0.2-5 3.00 41.00 44.00 OK
r-release-osx-x86_64 0.2-5 ERROR
r-oldrel-windows-ix86+x86_64 0.2-5 3.00 49.00 52.00 OK
r-oldrel-osx-x86_64 0.2-5 ERROR

Check Details

Version: 0.2-5
Check: package dependencies
Result: ERROR
    Package required but not available: ‘Rsymphony’
    
    See section ‘The DESCRIPTION file’ in the ‘Writing R Extensions’
    manual.
Flavors: r-release-osx-x86_64, r-oldrel-osx-x86_64