CRAN Package Check Results for Package ROI.plugin.symphony

Last updated on 2017-05-30 14:47:27.

Flavor Version Tinstall Tcheck Ttotal Status Flags
r-devel-linux-x86_64-debian-clang 0.2-5 1.14 20.06 21.20 OK
r-devel-linux-x86_64-debian-gcc 0.2-5 1.14 18.48 19.62 OK
r-devel-linux-x86_64-fedora-clang 0.2-5 36.76 OK
r-devel-linux-x86_64-fedora-gcc 0.2-5 34.19 OK
r-devel-windows-ix86+x86_64 0.2-5 4.00 56.00 60.00 OK
r-patched-linux-x86_64 0.2-5 1.11 18.77 19.88 OK
r-release-linux-x86_64 0.2-5 1.19 18.57 19.77 OK
r-release-windows-ix86+x86_64 0.2-5 5.00 38.00 43.00 OK
r-release-osx-x86_64 0.2-5 ERROR
r-oldrel-windows-ix86+x86_64 0.2-5 3.00 33.00 36.00 OK
r-oldrel-osx-x86_64 0.2-5 ERROR

Additional issues

gcc-ASAN

Check Details

Version: 0.2-5
Check: package dependencies
Result: ERROR
    Package required but not available: ‘Rsymphony’
    
    See section ‘The DESCRIPTION file’ in the ‘Writing R Extensions’
    manual.
Flavors: r-release-osx-x86_64, r-oldrel-osx-x86_64