CRAN Package Check Results for Package ROI.plugin.symphony

Last updated on 2015-03-31 19:51:15.

Flavor Version Tinstall Tcheck Ttotal Status Flags
r-devel-linux-x86_64-debian-clang 0.0-2 0.60 9.06 9.66 OK
r-devel-linux-x86_64-debian-gcc 0.0-2 0.60 8.56 9.16 OK
r-devel-linux-x86_64-fedora-clang 0.0-2 17.99 OK
r-devel-linux-x86_64-fedora-gcc 0.0-2 16.21 OK
r-devel-osx-x86_64-clang 0.0-2 20.75 OK
r-prerel-windows-ix86+x86_64 0.0-2 3.00 16.00 19.00 OK
r-prerel-linux-x86_64 0.0-2 0.60 8.60 9.20 OK
r-release-linux-x86_64 0.0-2 0.80 10.24 11.04 OK
r-release-osx-x86_64-mavericks 0.0-2 ERROR
r-release-osx-x86_64-snowleopard 0.0-2 OK
r-release-windows-ix86+x86_64 0.0-2 5.00 21.00 26.00 OK
r-oldrel-windows-ix86+x86_64 0.0-2 4.00 21.00 25.00 OK

Check Details

Version: 0.0-2
Check: package dependencies
Result: ERROR
    Package required but not available: ‘Rsymphony’
    
    See section ‘The DESCRIPTION file’ in the ‘Writing R Extensions’
    manual.
Flavor: r-release-osx-x86_64-mavericks