CRAN Package Check Results for Package ROI.plugin.symphony

Last updated on 2017-07-28 01:51:23.

Flavor Version Tinstall Tcheck Ttotal Status Flags
r-devel-linux-x86_64-debian-clang 0.2-5 1.25 24.26 25.50 OK
r-devel-linux-x86_64-debian-gcc 0.2-5 1.14 23.74 24.88 OK
r-devel-linux-x86_64-fedora-clang 0.2-5 36.25 OK
r-devel-linux-x86_64-fedora-gcc 0.2-5 36.53 OK
r-devel-windows-ix86+x86_64 0.2-5 4.00 37.00 41.00 OK
r-patched-linux-x86_64 0.2-5 1.12 23.84 24.97 OK
r-release-linux-x86_64 0.2-5 1.11 25.57 26.68 OK
r-release-windows-ix86+x86_64 0.2-5 4.00 50.00 54.00 OK
r-release-osx-x86_64 0.2-5 ERROR
r-oldrel-windows-ix86+x86_64 0.2-5 3.00 35.00 38.00 OK
r-oldrel-osx-x86_64 0.2-5 ERROR

Check Details

Version: 0.2-5
Check: package dependencies
Result: ERROR
    Package required but not available: ‘Rsymphony’
    
    See section ‘The DESCRIPTION file’ in the ‘Writing R Extensions’
    manual.
Flavors: r-release-osx-x86_64, r-oldrel-osx-x86_64