CRAN Package Check Results for Package ROI.plugin.symphony

Last updated on 2016-10-01 20:47:31.

Flavor Version Tinstall Tcheck Ttotal Status Flags
r-devel-linux-x86_64-debian-clang 0.2-1 0.90 11.61 12.51 OK
r-devel-linux-x86_64-debian-gcc 0.2-1 0.80 11.15 11.95 OK
r-devel-linux-x86_64-fedora-clang 0.2-1 22.05 OK
r-devel-linux-x86_64-fedora-gcc 0.2-1 19.79 OK
r-devel-macos-x86_64-clang 0.2-1 16.18 OK
r-devel-windows-ix86+x86_64 0.2-1 4.00 38.00 42.00 OK
r-patched-linux-x86_64 0.2-1 0.75 10.54 11.29 OK
r-release-linux-x86_64 0.2-1 0.75 10.48 11.23 OK
r-release-osx-x86_64-mavericks 0.2-1 ERROR
r-release-windows-ix86+x86_64 0.2-1 4.00 38.00 42.00 OK
r-oldrel-windows-ix86+x86_64 0.2-1 2.00 22.00 24.00 OK

Check Details

Version: 0.2-1
Check: package dependencies
Result: ERROR
    Package required but not available: ‘Rsymphony’
    
    See section ‘The DESCRIPTION file’ in the ‘Writing R Extensions’
    manual.
Flavor: r-release-osx-x86_64-mavericks