CRAN Package Check Results for Package ROI.plugin.symphony

Last updated on 2015-08-30 19:47:17.

Flavor Version Tinstall Tcheck Ttotal Status Flags
r-devel-linux-x86_64-debian-clang 0.0-2 0.54 8.04 8.58 NOTE
r-devel-linux-x86_64-debian-gcc 0.0-2 0.50 7.95 8.45 NOTE
r-devel-linux-x86_64-fedora-clang 0.0-2 16.31 NOTE
r-devel-linux-x86_64-fedora-gcc 0.0-2 15.60 NOTE
r-devel-osx-x86_64-clang 0.0-2 16.34 OK
r-devel-windows-ix86+x86_64 0.0-2 4.00 20.00 24.00 NOTE
r-patched-linux-x86_64 0.0-2 0.57 8.79 9.36 OK
r-release-linux-x86_64 0.0-2 0.58 9.02 9.60 OK
r-release-osx-x86_64-mavericks 0.0-2 ERROR
r-release-windows-ix86+x86_64 0.0-2 3.00 25.00 28.00 OK
r-oldrel-windows-ix86+x86_64 0.0-2 5.00 18.00 23.00 OK

Check Details

Version: 0.0-2
Check: R code for possible problems
Result: NOTE
    .solve_LP: no visible global function definition for ‘terms’
    .solve_MILP: no visible global function definition for ‘terms’
    Undefined global functions or variables:
     terms
    Consider adding
     importFrom("stats", "terms")
    to your NAMESPACE.
Flavors: r-devel-linux-x86_64-debian-clang, r-devel-linux-x86_64-debian-gcc, r-devel-linux-x86_64-fedora-clang, r-devel-linux-x86_64-fedora-gcc, r-devel-windows-ix86+x86_64

Version: 0.0-2
Check: package dependencies
Result: ERROR
    Package required but not available: ‘Rsymphony’
    
    See section ‘The DESCRIPTION file’ in the ‘Writing R Extensions’
    manual.
Flavor: r-release-osx-x86_64-mavericks