CRAN Package Check Results for Package ROI.plugin.symphony

Last updated on 2015-07-30 09:47:42.

Flavor Version Tinstall Tcheck Ttotal Status Flags
r-devel-linux-x86_64-debian-clang 0.0-2 0.55 8.43 8.98 NOTE
r-devel-linux-x86_64-debian-gcc 0.0-2 0.60 8.06 8.66 NOTE
r-devel-linux-x86_64-fedora-clang 0.0-2 17.55 NOTE
r-devel-linux-x86_64-fedora-gcc 0.0-2 18.09 NOTE
r-devel-osx-x86_64-clang 0.0-2 17.36 OK
r-devel-windows-ix86+x86_64 0.0-2 3.00 15.00 18.00 NOTE
r-patched-linux-x86_64 0.0-2 0.60 8.41 9.00 OK
r-release-linux-x86_64 0.0-2 0.59 8.35 8.94 OK
r-release-osx-x86_64-mavericks 0.0-2 ERROR
r-release-windows-ix86+x86_64 0.0-2 4.00 14.00 18.00 OK
r-oldrel-windows-ix86+x86_64 0.0-2 5.00 18.00 23.00 OK

Check Details

Version: 0.0-2
Check: R code for possible problems
Result: NOTE
    .solve_LP: no visible global function definition for ‘terms’
    .solve_MILP: no visible global function definition for ‘terms’
    Undefined global functions or variables:
     terms
    Consider adding
     importFrom("stats", "terms")
    to your NAMESPACE.
Flavors: r-devel-linux-x86_64-debian-clang, r-devel-linux-x86_64-debian-gcc, r-devel-linux-x86_64-fedora-clang, r-devel-linux-x86_64-fedora-gcc, r-devel-windows-ix86+x86_64

Version: 0.0-2
Check: package dependencies
Result: ERROR
    Package required but not available: ‘Rsymphony’
    
    See section ‘The DESCRIPTION file’ in the ‘Writing R Extensions’
    manual.
Flavor: r-release-osx-x86_64-mavericks