CRAN Package Check Results for Package ROI.plugin.symphony

Last updated on 2016-08-29 03:47:12.

Flavor Version Tinstall Tcheck Ttotal Status Flags
r-devel-linux-x86_64-debian-clang 0.2-1 0.74 10.20 10.95 OK
r-devel-linux-x86_64-debian-gcc 0.2-1 0.82 9.96 10.79 OK
r-devel-linux-x86_64-fedora-clang 0.2-1 19.29 OK
r-devel-linux-x86_64-fedora-gcc 0.2-1 18.00 OK
r-devel-osx-x86_64-clang 0.2-1 16.37 OK
r-devel-windows-ix86+x86_64 0.2-1 5.00 36.00 41.00 OK
r-patched-linux-x86_64 0.2-1 0.72 10.01 10.73 OK
r-release-linux-x86_64 0.2-1 0.82 10.58 11.40 OK
r-release-osx-x86_64-mavericks 0.2-1 ERROR
r-release-windows-ix86+x86_64 0.2-1 4.00 29.00 33.00 OK
r-oldrel-windows-ix86+x86_64 0.2-1 4.00 28.00 32.00 OK

Check Details

Version: 0.2-1
Check: package dependencies
Result: ERROR
    Package required but not available: ‘Rsymphony’
    
    See section ‘The DESCRIPTION file’ in the ‘Writing R Extensions’
    manual.
Flavor: r-release-osx-x86_64-mavericks