CRAN Package Check Results for Package ROI.plugin.symphony

Last updated on 2014-10-01 19:49:46.

Flavor Version Tinstall Tcheck Ttotal Status Flags
r-devel-linux-x86_64-debian-clang 0.0-2 0.24 1.53 1.77 ERROR
r-devel-linux-x86_64-debian-gcc 0.0-2 0.74 9.73 10.47 OK
r-devel-linux-x86_64-fedora-clang 0.0-2 21.17 OK
r-devel-linux-x86_64-fedora-gcc 0.0-2 22.96 OK
r-devel-osx-x86_64-clang 0.0-2 20.24 OK
r-devel-windows-ix86+x86_64 0.0-2 3.00 19.00 22.00 OK
r-patched-linux-x86_64 0.0-2 0.88 9.95 10.83 OK
r-release-linux-ix86 0.0-2 0.42 1.61 2.03 ERROR
r-release-linux-x86_64 0.0-2 0.78 9.79 10.57 OK
r-release-osx-x86_64-mavericks 0.0-2 ERROR
r-release-osx-x86_64-snowleopard 0.0-2 OK
r-release-windows-ix86+x86_64 0.0-2 4.00 20.00 24.00 OK
r-oldrel-windows-ix86+x86_64 0.0-2 3.00 17.00 20.00 OK

Check Details

Version: 0.0-2
Check: package dependencies
Result: ERROR
    Package required but not available: ‘Rsymphony’
    
    See the information on DESCRIPTION files in the chapter ‘Creating R
    packages’ of the ‘Writing R Extensions’ manual.
Flavors: r-devel-linux-x86_64-debian-clang, r-release-linux-ix86, r-release-osx-x86_64-mavericks