CRAN Package Check Results for Package ROI.plugin.symphony

Last updated on 2015-04-26 10:48:20.

Flavor Version Tinstall Tcheck Ttotal Status Flags
r-devel-linux-x86_64-debian-clang 0.0-2 0.64 8.52 9.15 OK
r-devel-linux-x86_64-debian-gcc 0.0-2 0.60 8.69 9.29 OK
r-devel-linux-x86_64-fedora-clang 0.0-2 18.34 OK
r-devel-linux-x86_64-fedora-gcc 0.0-2 17.92 OK
r-devel-osx-x86_64-clang 0.0-2 18.25 OK
r-devel-windows-ix86+x86_64 0.0-2 3.00 16.00 19.00 OK
r-patched-linux-x86_64 0.0-2 0.64 8.64 9.28 OK
r-release-linux-x86_64 0.0-2 0.61 8.44 9.05 OK
r-release-osx-x86_64-mavericks 0.0-2 ERROR
r-release-osx-x86_64-snowleopard 0.0-2 OK
r-release-windows-ix86+x86_64 0.0-2 2.00 16.00 18.00 OK
r-oldrel-windows-ix86+x86_64 0.0-2 5.00 21.00 26.00 OK

Check Details

Version: 0.0-2
Check: package dependencies
Result: ERROR
    Package required but not available: ‘Rsymphony’
    
    See section ‘The DESCRIPTION file’ in the ‘Writing R Extensions’
    manual.
Flavor: r-release-osx-x86_64-mavericks