CRAN Package Check Results for Package ROI.plugin.symphony

Last updated on 2017-02-27 09:48:03.

Flavor Version Tinstall Tcheck Ttotal Status Flags
r-devel-linux-x86_64-debian-clang 0.2-1 1.10 13.71 14.81 OK
r-devel-linux-x86_64-debian-gcc 0.2-1 1.02 13.95 14.96 OK
r-devel-linux-x86_64-fedora-clang 0.2-1 25.51 OK --no-stop-on-test-error
r-devel-linux-x86_64-fedora-gcc 0.2-1 23.75 OK --no-stop-on-test-error
r-devel-macos-x86_64-clang 0.2-1 21.54 OK --no-stop-on-test-error
r-devel-windows-ix86+x86_64 0.2-1 4.00 33.00 37.00 OK
r-patched-linux-x86_64 0.2-1 0.74 10.42 11.15 OK
r-release-linux-x86_64 0.2-1 0.76 10.58 11.34 OK
r-release-osx-x86_64-mavericks 0.2-1 ERROR
r-release-windows-ix86+x86_64 0.2-1 8.00 34.00 42.00 OK
r-oldrel-windows-ix86+x86_64 0.2-1 4.00 22.00 26.00 OK

Check Details

Version: 0.2-1
Check: package dependencies
Result: ERROR
    Package required but not available: ‘Rsymphony’
    
    See section ‘The DESCRIPTION file’ in the ‘Writing R Extensions’
    manual.
Flavor: r-release-osx-x86_64-mavericks