CRAN Package Check Results for Package ROI.plugin.symphony

Last updated on 2018-04-25 19:47:25 CEST.

Flavor Version Tinstall Tcheck Ttotal Status Flags
r-devel-linux-x86_64-debian-clang 0.2-5 1.41 24.34 25.75 OK
r-devel-linux-x86_64-debian-gcc 0.2-5 1.24 22.09 23.33 OK
r-devel-linux-x86_64-fedora-clang 0.2-5 30.62 OK
r-devel-linux-x86_64-fedora-gcc 0.2-5 28.99 OK
r-devel-windows-ix86+x86_64 0.2-5 5.00 33.00 38.00 OK
r-patched-linux-x86_64 0.2-5 1.06 24.37 25.43 OK
r-release-linux-x86_64 0.2-5 1.24 23.95 25.19 OK
r-release-windows-ix86+x86_64 0.2-5 5.00 33.00 38.00 OK
r-release-osx-x86_64 0.2-5 ERROR
r-oldrel-windows-ix86+x86_64 0.2-5 5.00 52.00 57.00 OK
r-oldrel-osx-x86_64 0.2-5 ERROR

Check Details

Version: 0.2-5
Check: package dependencies
Result: ERROR
    Package required but not available: ‘Rsymphony’
    
    See section ‘The DESCRIPTION file’ in the ‘Writing R Extensions’
    manual.
Flavors: r-release-osx-x86_64, r-oldrel-osx-x86_64