CRAN Package Check Results for Package ROI.plugin.symphony

Last updated on 2016-02-14 10:46:57.

Flavor Version Tinstall Tcheck Ttotal Status Flags
r-devel-linux-x86_64-debian-gcc 0.0-2 0.54 8.00 8.54 NOTE
r-devel-linux-x86_64-fedora-clang 0.0-2 14.79 NOTE
r-devel-linux-x86_64-fedora-gcc 0.0-2 13.90 NOTE
r-devel-osx-x86_64-clang 0.0-2 17.44 NOTE
r-devel-windows-ix86+x86_64 0.0-2 5.00 28.00 33.00 NOTE
r-patched-linux-x86_64 0.0-2 0.63 8.35 8.98 OK
r-release-linux-x86_64 0.0-2 0.62 8.58 9.20 OK
r-release-osx-x86_64-mavericks 0.0-2 ERROR
r-release-windows-ix86+x86_64 0.0-2 3.00 18.00 21.00 OK
r-oldrel-windows-ix86+x86_64 0.0-2 5.00 18.00 23.00 OK

Check Details

Version: 0.0-2
Check: R code for possible problems
Result: NOTE
    .solve_LP: no visible global function definition for ‘terms’
    .solve_MILP: no visible global function definition for ‘terms’
    Undefined global functions or variables:
     terms
    Consider adding
     importFrom("stats", "terms")
    to your NAMESPACE file.
Flavors: r-devel-linux-x86_64-debian-gcc, r-devel-linux-x86_64-fedora-clang, r-devel-linux-x86_64-fedora-gcc, r-devel-osx-x86_64-clang, r-devel-windows-ix86+x86_64

Version: 0.0-2
Check: package dependencies
Result: ERROR
    Package required but not available: ‘Rsymphony’
    
    See section ‘The DESCRIPTION file’ in the ‘Writing R Extensions’
    manual.
Flavor: r-release-osx-x86_64-mavericks