CRAN Package Check Results for Package ROI.plugin.symphony

Last updated on 2017-01-22 12:48:09.

Flavor Version Tinstall Tcheck Ttotal Status Flags
r-devel-linux-x86_64-debian-clang 0.2-1 1.04 13.58 14.62 OK
r-devel-linux-x86_64-debian-gcc 0.2-1 1.19 14.10 15.29 OK
r-devel-linux-x86_64-fedora-clang 0.2-1 30.87 OK --no-stop-on-test-error
r-devel-linux-x86_64-fedora-gcc 0.2-1 24.09 OK --no-stop-on-test-error
r-devel-macos-x86_64-clang 0.2-1 21.05 OK --no-stop-on-test-error
r-devel-windows-ix86+x86_64 0.2-1 5.00 28.00 33.00 OK
r-patched-linux-x86_64 0.2-1 0.77 10.22 10.99 OK
r-release-linux-x86_64 0.2-1 0.75 10.33 11.08 OK
r-release-osx-x86_64-mavericks 0.2-1 ERROR
r-release-windows-ix86+x86_64 0.2-1 5.00 38.00 43.00 OK
r-oldrel-windows-ix86+x86_64 0.2-1 4.00 25.00 29.00 OK

Check Details

Version: 0.2-1
Check: package dependencies
Result: ERROR
    Package required but not available: ‘Rsymphony’
    
    See section ‘The DESCRIPTION file’ in the ‘Writing R Extensions’
    manual.
Flavor: r-release-osx-x86_64-mavericks