CRAN Package Check Results for Package ROI.plugin.symphony

Last updated on 2014-11-26 23:48:51.

Flavor Version Tinstall Tcheck Ttotal Status Flags
r-devel-linux-x86_64-debian-clang 0.0-2 0.76 10.03 10.79 OK
r-devel-linux-x86_64-debian-gcc 0.0-2 0.77 10.26 11.03 OK
r-devel-linux-x86_64-fedora-clang 0.0-2 23.24 OK
r-devel-linux-x86_64-fedora-gcc 0.0-2 24.05 OK
r-devel-osx-x86_64-clang 0.0-2 22.14 OK
r-devel-windows-ix86+x86_64 0.0-2 3.00 18.00 21.00 OK
r-patched-linux-x86_64 0.0-2 0.80 10.79 11.59 OK
r-release-linux-ix86 0.0-2 1.25 14.65 15.90 OK
r-release-linux-x86_64 0.0-2 1.04 9.70 10.74 OK
r-release-osx-x86_64-mavericks 0.0-2 ERROR
r-release-osx-x86_64-snowleopard 0.0-2 OK
r-release-windows-ix86+x86_64 0.0-2 3.00 18.00 21.00 OK
r-oldrel-windows-ix86+x86_64 0.0-2 3.00 17.00 20.00 OK

Check Details

Version: 0.0-2
Check: package dependencies
Result: ERROR
    Package required but not available: ‘Rsymphony’
    
    See the information on DESCRIPTION files in the chapter ‘Creating R
    packages’ of the ‘Writing R Extensions’ manual.
Flavor: r-release-osx-x86_64-mavericks