CRAN Package Check Results for Package ROSE

Last updated on 2015-05-23 06:46:56.

Flavor Version Tinstall Tcheck Ttotal Status Flags
r-devel-linux-x86_64-debian-clang 0.0-3 0.61 11.30 11.92 OK
r-devel-linux-x86_64-debian-gcc 0.0-3 0.60 11.46 12.05 OK
r-devel-linux-x86_64-fedora-clang 0.0-3 22.59 OK
r-devel-linux-x86_64-fedora-gcc 0.0-3 22.56 OK
r-devel-osx-x86_64-clang 0.0-3 25.89 OK
r-devel-windows-ix86+x86_64 0.0-3 2.00 22.00 24.00 OK
r-patched-linux-x86_64 0.0-3 0.58 11.30 11.88 OK
r-patched-solaris-sparc 0.0-3 145.90 OK
r-patched-solaris-x86 0.0-3 32.50 OK
r-release-linux-x86_64 0.0-3 0.58 11.38 11.97 OK
r-release-osx-x86_64-mavericks 0.0-3 OK
r-release-osx-x86_64-snowleopard 0.0-3 NOTE
r-release-windows-ix86+x86_64 0.0-3 2.00 20.00 22.00 OK
r-oldrel-windows-ix86+x86_64 0.0-3 3.00 21.00 24.00 OK

Check Details

Version: 0.0-3
Check: Rd cross-references
Result: NOTE
    Package unavailable to check Rd xrefs: ‘DMwR’
Flavor: r-release-osx-x86_64-snowleopard