CRAN Package Check Results for Package ROSE

Last updated on 2014-04-24 21:47:49.

Flavor Version Tinstall Tcheck Ttotal Status Flags
r-devel-linux-x86_64-debian-clang 0.0-2 0.70 12.57 13.28 OK
r-devel-linux-x86_64-debian-gcc 0.0-2 0.64 12.48 13.12 OK
r-devel-linux-x86_64-fedora-clang 0.0-2 25.10 OK
r-devel-linux-x86_64-fedora-gcc 0.0-2 24.41 OK
r-devel-osx-x86_64-clang 0.0-2 27.47 OK
r-devel-osx-x86_64-gcc 0.0-2 NOTE
r-devel-windows-ix86+x86_64 0.0-2 2.00 21.00 23.00 OK
r-patched-linux-x86_64 0.0-2 0.71 12.67 13.38 OK
r-patched-solaris-sparc 0.0-2 144.40 OK
r-patched-solaris-x86 0.0-2 35.20 OK
r-release-linux-ix86 0.0-2 1.00 26.00 27.00 OK
r-release-linux-x86_64 0.0-2 0.64 12.59 13.23 OK
r-release-osx-x86_64-mavericks 0.0-2 WARN
r-release-windows-ix86+x86_64 0.0-2 2.00 19.00 21.00 OK
r-oldrel-windows-ix86+x86_64 0.0-2 2.00 22.00 24.00 OK

Check Details

Version: 0.0-2
Check: Rd cross-references
Result: NOTE
    Package unavailable to check Rd xrefs: ‘DMwR’
Flavors: r-devel-osx-x86_64-gcc, r-release-osx-x86_64-mavericks

Version: 0.0-2
Check: PDF version of manual
Result: WARNING
    LaTeX errors when creating PDF version.
    This typically indicates Rd problems.
    LaTeX errors found:
    ! LaTeX Error: File `upquote.sty' not found.
    
    Type X to quit or <RETURN> to proceed,
    or enter new name. (Default extension: sty)
    
    11513c94/Rd2.tex:8: ==> Fatal error occurred, no output PDF file produced!
Flavor: r-release-osx-x86_64-mavericks