CRAN Package Check Results for Package ROSE

Last updated on 2015-07-01 03:47:46.

Flavor Version Tinstall Tcheck Ttotal Status Flags
r-devel-linux-x86_64-debian-clang 0.0-3 0.55 10.82 11.37 NOTE
r-devel-linux-x86_64-debian-gcc 0.0-3 0.54 10.51 11.05 NOTE
r-devel-linux-x86_64-fedora-clang 0.0-3 21.17 NOTE
r-devel-linux-x86_64-fedora-gcc 0.0-3 19.92 NOTE
r-devel-osx-x86_64-clang 0.0-3 22.72 OK
r-devel-windows-ix86+x86_64 0.0-3 4.00 21.00 25.00 NOTE
r-patched-linux-x86_64 0.0-3 0.57 10.97 11.54 OK
r-patched-solaris-sparc 0.0-3 145.90 OK
r-patched-solaris-x86 0.0-3 32.30 OK
r-release-linux-x86_64 0.0-3 0.56 11.06 11.62 OK
r-release-osx-x86_64-mavericks 0.0-3 OK
r-release-windows-ix86+x86_64 0.0-3 4.00 21.00 25.00 OK
r-oldrel-windows-ix86+x86_64 0.0-3 4.00 21.00 25.00 OK

Check Details

Version: 0.0-3
Check: R code for possible problems
Result: NOTE
    ROSE.eval: no visible global function definition for ‘methods’
    ROSE.eval: no visible binding for global variable ‘model.frame’
    ROSE.eval: no visible binding for global variable ‘predict’
    adj.formula: no visible global function definition for ‘terms’
    adj.formula: no visible global function definition for ‘as.formula’
    omnibus.balancing: no visible binding for global variable ‘model.frame’
    ou.sampl: no visible global function definition for ‘rbinom’
    over.sampl: no visible global function definition for ‘rbinom’
    plot.roc.inner: no visible global function definition for ‘plot’
    roc.curve: no visible global function definition for ‘lines’
    roc.curve: no visible global function definition for ‘abline’
    rose.real: no visible binding for global variable ‘sd’
    rose.real: no visible global function definition for ‘sd’
    rose.real: no visible global function definition for ‘rnorm’
    rose.sampl: no visible global function definition for ‘rbinom’
    under.sampl: no visible global function definition for ‘rbinom’
Flavors: r-devel-linux-x86_64-debian-clang, r-devel-linux-x86_64-debian-gcc, r-devel-linux-x86_64-fedora-clang, r-devel-linux-x86_64-fedora-gcc, r-devel-windows-ix86+x86_64