CRAN Package Check Results for Package ROSE

Last updated on 2022-07-01 09:52:34 CEST.

Flavor Version Tinstall Tcheck Ttotal Status Flags
r-devel-linux-x86_64-debian-clang 0.0-4 2.89 27.05 29.94 OK
r-devel-linux-x86_64-debian-gcc 0.0-4 2.24 21.07 23.31 OK
r-devel-linux-x86_64-fedora-clang 0.0-4 46.44 NOTE
r-devel-linux-x86_64-fedora-gcc 0.0-4 47.67 OK
r-devel-windows-x86_64 0.0-4 14.00 53.00 67.00 OK
r-patched-linux-x86_64 0.0-4 3.33 25.69 29.02 OK
r-release-linux-x86_64 0.0-4 2.09 25.86 27.95 OK
r-release-macos-arm64 0.0-4 15.00 OK
r-release-macos-x86_64 0.0-4 23.00 OK
r-release-windows-x86_64 0.0-4 12.00 52.00 64.00 OK
r-oldrel-macos-arm64 0.0-4 16.00 OK
r-oldrel-macos-x86_64 0.0-4 22.00 OK
r-oldrel-windows-ix86+x86_64 0.0-4 6.00 44.00 50.00 OK

Check Details

Version: 0.0-4
Check: Rd cross-references
Result: NOTE
    Undeclared package ‘pROC’ in Rd xrefs
Flavor: r-devel-linux-x86_64-fedora-clang