CRAN Package Check Results for Package ROSE

Last updated on 2015-08-04 06:47:53.

Flavor Version Tinstall Tcheck Ttotal Status Flags
r-devel-linux-x86_64-debian-clang 0.0-3 0.57 10.92 11.49 NOTE
r-devel-linux-x86_64-debian-gcc 0.0-3 0.54 10.77 11.31 NOTE
r-devel-linux-x86_64-fedora-clang 0.0-3 22.60 NOTE
r-devel-linux-x86_64-fedora-gcc 0.0-3 20.37 NOTE
r-devel-osx-x86_64-clang 0.0-3 21.53 OK
r-devel-windows-ix86+x86_64 0.0-3 4.00 20.00 24.00 NOTE
r-patched-linux-x86_64 0.0-3 0.58 10.93 11.50 OK
r-patched-solaris-sparc 0.0-3 148.70 OK
r-patched-solaris-x86 0.0-3 32.00 OK
r-release-linux-x86_64 0.0-3 0.57 10.99 11.56 OK
r-release-osx-x86_64-mavericks 0.0-3 OK
r-release-windows-ix86+x86_64 0.0-3 4.00 33.00 37.00 OK
r-oldrel-windows-ix86+x86_64 0.0-3 4.00 34.00 38.00 OK

Check Details

Version: 0.0-3
Check: R code for possible problems
Result: NOTE
    ROSE.eval: no visible global function definition for ‘methods’
    ROSE.eval: no visible binding for global variable ‘model.frame’
    ROSE.eval: no visible binding for global variable ‘predict’
    adj.formula: no visible global function definition for ‘terms’
    adj.formula: no visible global function definition for ‘as.formula’
    omnibus.balancing: no visible binding for global variable ‘model.frame’
    ou.sampl: no visible global function definition for ‘rbinom’
    over.sampl: no visible global function definition for ‘rbinom’
    plot.roc.inner: no visible global function definition for ‘plot’
    roc.curve: no visible global function definition for ‘lines’
    roc.curve: no visible global function definition for ‘abline’
    rose.real: no visible binding for global variable ‘sd’
    rose.real: no visible global function definition for ‘sd’
    rose.real: no visible global function definition for ‘rnorm’
    rose.sampl: no visible global function definition for ‘rbinom’
    under.sampl: no visible global function definition for ‘rbinom’
    Undefined global functions or variables:
     abline as.formula lines methods model.frame plot predict rbinom rnorm
     sd terms
    Consider adding
     importFrom("graphics", "abline", "lines", "plot")
     importFrom("stats", "as.formula", "model.frame", "predict", "rbinom",
     "rnorm", "sd", "terms")
     importFrom("utils", "methods")
    to your NAMESPACE.
Flavors: r-devel-linux-x86_64-debian-clang, r-devel-linux-x86_64-debian-gcc, r-devel-linux-x86_64-fedora-clang, r-devel-linux-x86_64-fedora-gcc, r-devel-windows-ix86+x86_64