CRAN Package Check Results for Package ROSE

Last updated on 2015-04-21 12:48:55.

Flavor Version Tinstall Tcheck Ttotal Status Flags
r-devel-linux-x86_64-debian-clang 0.0-3 0.59 11.38 11.97 OK
r-devel-linux-x86_64-debian-gcc 0.0-3 0.58 11.12 11.69 OK
r-devel-linux-x86_64-fedora-clang 0.0-3 22.69 OK
r-devel-linux-x86_64-fedora-gcc 0.0-3 21.31 OK
r-devel-osx-x86_64-clang 0.0-3 27.16 OK
r-devel-windows-ix86+x86_64 0.0-3 4.00 18.00 22.00 OK
r-patched-linux-x86_64 0.0-3 0.56 11.23 11.79 OK
r-patched-solaris-sparc 0.0-3 157.40 OK
r-patched-solaris-x86 0.0-3 31.80 OK
r-release-linux-x86_64 0.0-3 0.58 11.61 12.19 OK
r-release-osx-x86_64-mavericks 0.0-3 OK
r-release-osx-x86_64-snowleopard 0.0-3 NOTE
r-release-windows-ix86+x86_64 0.0-3 2.00 18.00 20.00 OK
r-oldrel-windows-ix86+x86_64 0.0-3 2.00 20.00 22.00 OK

Check Details

Version: 0.0-3
Check: Rd cross-references
Result: NOTE
    Package unavailable to check Rd xrefs: ‘DMwR’
Flavor: r-release-osx-x86_64-snowleopard