CRAN Package Check Results for Package RObsDat

Last updated on 2015-04-26 23:47:00.

Flavor Version Tinstall Tcheck Ttotal Status Flags
r-devel-linux-x86_64-debian-clang 15.02 2.58 49.54 52.12 OK
r-devel-linux-x86_64-debian-gcc 15.02 2.34 49.84 52.18 OK
r-devel-linux-x86_64-fedora-clang 15.02 104.82 OK
r-devel-linux-x86_64-fedora-gcc 15.02 97.29 OK
r-devel-osx-x86_64-clang 15.02 91.16 OK
r-devel-windows-ix86+x86_64 15.02 7.00 84.00 91.00 OK
r-patched-linux-x86_64 15.02 3.54 46.73 50.27 OK
r-patched-solaris-sparc 15.02 585.20 OK
r-patched-solaris-x86 15.02 125.30 OK
r-release-linux-x86_64 15.02 2.40 46.98 49.39 OK
r-release-osx-x86_64-mavericks 15.02 NOTE
r-release-osx-x86_64-snowleopard 15.02 ERROR
r-release-windows-ix86+x86_64 15.02 8.00 78.00 86.00 OK
r-oldrel-windows-ix86+x86_64 15.02 9.00 86.00 95.00 OK

Check Details

Version: 15.02
Check: package dependencies
Result: NOTE
    Package suggested but not available for checking: ‘SSOAP’
Flavor: r-release-osx-x86_64-mavericks

Version: 15.02
Check: package dependencies
Result: ERROR
    Packages required but not available: ‘zoo’ ‘spacetime’ ‘xts’ ‘vwr’
    
    Packages suggested but not available for checking: ‘SSOAP’ ‘XML’
    
    See section ‘The DESCRIPTION file’ in the ‘Writing R Extensions’
    manual.
Flavor: r-release-osx-x86_64-snowleopard