CRAN Package Check Results for Package RObsDat

Last updated on 2014-10-02 03:47:55.

Flavor Version Tinstall Tcheck Ttotal Status Flags
r-devel-linux-x86_64-debian-clang 14.04 2.12 39.98 42.10 NOTE
r-devel-linux-x86_64-debian-gcc 14.04 2.10 39.15 41.24 NOTE
r-devel-linux-x86_64-fedora-clang 14.04 87.12 NOTE
r-devel-linux-x86_64-fedora-gcc 14.04 84.87 NOTE
r-devel-osx-x86_64-clang 14.04 78.81 NOTE
r-devel-windows-ix86+x86_64 14.04 6.00 63.00 69.00 NOTE
r-patched-linux-x86_64 14.04 2.19 45.52 47.70 OK
r-patched-solaris-sparc 14.04 503.30 NOTE
r-patched-solaris-x86 14.04 118.80 NOTE
r-release-linux-ix86 14.04 2.95 55.76 58.71 OK
r-release-linux-x86_64 14.04 2.24 46.66 48.91 OK
r-release-osx-x86_64-mavericks 14.04 NOTE
r-release-osx-x86_64-snowleopard 14.04 NOTE
r-release-windows-ix86+x86_64 14.04 6.00 77.00 83.00 NOTE
r-oldrel-windows-ix86+x86_64 14.04 6.00 70.00 76.00 NOTE

Check Details

Version: 14.04
Check: R code for possible problems
Result: NOTE
    longExample: no visible global function definition for ‘GNcountryInfo’
    map.plot: no visible global function definition for ‘readShapePoly’
    map.plot: no visible global function definition for
     ‘SpatialPolygonsDataFrame’
    map.plot: no visible global function definition for ‘spplot’
    updateCV: no visible global function definition for ‘processWSDL’
    updateCV: no visible global function definition for
     ‘genSOAPClientInterface’
    updateCV: no visible global function definition for ‘xmlToList’
    updateCV: no visible global function definition for ‘xmlParse’
Flavors: r-devel-linux-x86_64-debian-clang, r-devel-linux-x86_64-debian-gcc, r-devel-linux-x86_64-fedora-clang, r-devel-linux-x86_64-fedora-gcc, r-devel-osx-x86_64-clang, r-devel-windows-ix86+x86_64

Version: 14.04
Check: package dependencies
Result: NOTE
    Package suggested but not available for checking: ‘RMySQL’
Flavors: r-devel-osx-x86_64-clang, r-devel-windows-ix86+x86_64, r-patched-solaris-sparc, r-patched-solaris-x86, r-release-windows-ix86+x86_64, r-oldrel-windows-ix86+x86_64

Version: 14.04
Check: package dependencies
Result: NOTE
    Packages suggested but not available for checking:
     ‘RMySQL’ ‘SSOAP’ ‘XMLSchema’ ‘maptools’ ‘RPostgreSQL’
Flavor: r-release-osx-x86_64-mavericks

Version: 14.04
Check: R code for possible problems
Result: NOTE
    map.plot: no visible global function definition for ‘readShapePoly’
    updateCV: no visible global function definition for ‘processWSDL’
    updateCV: no visible global function definition for
     ‘genSOAPClientInterface’
Flavor: r-release-osx-x86_64-mavericks

Version: 14.04
Check: package dependencies
Result: NOTE
    Packages suggested but not available for checking: ‘SSOAP’ ‘XMLSchema’
Flavor: r-release-osx-x86_64-snowleopard

Version: 14.04
Check: R code for possible problems
Result: NOTE
    updateCV: no visible global function definition for ‘processWSDL’
    updateCV: no visible global function definition for
     ‘genSOAPClientInterface’
Flavor: r-release-osx-x86_64-snowleopard