CRAN Package Check Results for Package RObsDat

Last updated on 2018-04-22 07:49:49 CEST.

Flavor Version Tinstall Tcheck Ttotal Status Flags
r-devel-linux-x86_64-debian-clang 16.03 8.93 70.06 78.99 OK
r-devel-linux-x86_64-debian-gcc 16.03 6.95 55.44 62.39 OK
r-devel-linux-x86_64-fedora-clang 16.03 118.24 OK
r-devel-linux-x86_64-fedora-gcc 16.03 115.56 OK
r-devel-windows-ix86+x86_64 16.03 17.00 82.00 99.00 NOTE
r-devel-osx-x86_64 16.03 NOTE
r-patched-linux-x86_64 16.03 9.49 70.06 79.55 OK
r-patched-solaris-x86 16.03 159.40 OK
r-release-linux-x86_64 16.03 2.94 79.38 82.32 OK
r-release-windows-ix86+x86_64 16.03 9.00 126.00 135.00 OK
r-release-osx-x86_64 16.03 NOTE
r-oldrel-windows-ix86+x86_64 16.03 12.00 96.00 108.00 OK

Check Details

Version: 16.03
Check: package dependencies
Result: NOTE
    Package suggested but not available for checking: 'SSOAP'
Flavors: r-devel-windows-ix86+x86_64, r-devel-osx-x86_64, r-release-osx-x86_64