CRAN Package Check Results for Package RObsDat

Last updated on 2015-01-30 01:48:14.

Flavor Version Tinstall Tcheck Ttotal Status Flags
r-devel-linux-x86_64-debian-clang 14.12 3.08 47.23 50.31 NOTE
r-devel-linux-x86_64-debian-gcc 14.12 2.86 44.51 47.37 NOTE
r-devel-linux-x86_64-fedora-clang 14.12 111.98 NOTE
r-devel-linux-x86_64-fedora-gcc 14.12 106.56 NOTE
r-devel-osx-x86_64-clang 14.12 111.31 NOTE
r-devel-windows-ix86+x86_64 14.12 11.00 68.00 79.00 NOTE
r-patched-linux-x86_64 14.12 3.64 55.18 58.81 OK
r-patched-solaris-sparc 14.12 651.00 OK
r-patched-solaris-x86 14.12 149.50 OK
r-release-linux-ix86 14.12 4.05 63.82 67.87 OK
r-release-linux-x86_64 14.12 3.41 56.00 59.41 OK
r-release-osx-x86_64-mavericks 14.12 NOTE
r-release-osx-x86_64-snowleopard 14.12 NOTE
r-release-windows-ix86+x86_64 14.12 10.00 86.00 96.00 OK
r-oldrel-windows-ix86+x86_64 14.12 10.00 96.00 106.00 OK

Check Details

Version: 14.12
Check: dependencies in R code
Result: NOTE
    'library' or 'require' call to ‘RSQLite’ in package code.
     Please use :: or requireNamespace() instead.
     See section 'Suggested packages' in the 'Writing R Extensions' manual.
Flavors: r-devel-linux-x86_64-debian-clang, r-devel-linux-x86_64-debian-gcc, r-devel-linux-x86_64-fedora-clang, r-devel-linux-x86_64-fedora-gcc, r-devel-osx-x86_64-clang, r-devel-windows-ix86+x86_64

Version: 14.12
Check: package dependencies
Result: NOTE
    Package suggested but not available for checking: ‘SSOAP’
Flavors: r-release-osx-x86_64-mavericks, r-release-osx-x86_64-snowleopard