CRAN Package Check Results for Package RObsDat

Last updated on 2016-04-29 19:50:00.

Flavor Version Tinstall Tcheck Ttotal Status Flags
r-devel-linux-x86_64-debian-gcc 16.03 2.42 50.52 52.94 OK
r-devel-linux-x86_64-fedora-clang 16.03 99.56 OK
r-devel-linux-x86_64-fedora-gcc 16.03 97.75 OK
r-devel-osx-x86_64-clang 16.03 111.40 OK
r-devel-windows-ix86+x86_64 16.03 7.00 92.00 99.00 OK
r-patched-linux-x86_64 16.03 2.44 50.30 52.74 OK
r-patched-solaris-sparc 16.03 491.30 OK
r-patched-solaris-x86 16.03 123.30 OK
r-release-linux-x86_64 16.03 2.52 58.50 61.02 OK
r-release-osx-x86_64-mavericks 16.03 NOTE
r-release-windows-ix86+x86_64 16.03 8.00 87.00 95.00 OK
r-oldrel-windows-ix86+x86_64 16.03 17.00 146.00 163.00 OK

Check Details

Version: 16.03
Check: package dependencies
Result: NOTE
    Package suggested but not available for checking: ‘SSOAP’
Flavor: r-release-osx-x86_64-mavericks