CRAN Package Check Results for Package RObsDat

Last updated on 2014-12-19 08:48:40.

Flavor Version Tinstall Tcheck Ttotal Status Flags
r-devel-linux-x86_64-debian-clang 14.04 2.24 39.54 41.78 NOTE
r-devel-linux-x86_64-debian-gcc 14.04 2.03 39.55 41.58 NOTE
r-devel-linux-x86_64-fedora-clang 14.04 89.08 NOTE
r-devel-linux-x86_64-fedora-gcc 14.04 81.84 NOTE
r-devel-osx-x86_64-clang 14.04 85.23 NOTE
r-devel-windows-ix86+x86_64 14.04 8.00 64.00 72.00 NOTE
r-patched-linux-x86_64 14.04 2.17 41.90 44.07 NOTE
r-patched-solaris-sparc 14.04 498.80 NOTE
r-patched-solaris-x86 14.04 113.50 NOTE
r-release-linux-ix86 14.04 2.70 50.12 52.82 NOTE
r-release-linux-x86_64 14.04 2.19 42.63 44.82 NOTE
r-release-osx-x86_64-mavericks 14.04 NOTE
r-release-osx-x86_64-snowleopard 14.04 NOTE
r-release-windows-ix86+x86_64 14.04 7.00 69.00 76.00 NOTE
r-oldrel-windows-ix86+x86_64 14.04 8.00 70.00 78.00 NOTE

Check Details

Version: 14.04
Check: R code for possible problems
Result: NOTE
    longExample: no visible global function definition for ‘GNcountryInfo’
    map.plot: no visible global function definition for ‘readShapePoly’
    map.plot: no visible global function definition for
     ‘SpatialPolygonsDataFrame’
    map.plot: no visible global function definition for ‘spplot’
    updateCV: no visible global function definition for ‘processWSDL’
    updateCV: no visible global function definition for
     ‘genSOAPClientInterface’
    updateCV: no visible global function definition for ‘xmlToList’
    updateCV: no visible global function definition for ‘xmlParse’
Flavors: r-devel-linux-x86_64-debian-clang, r-devel-linux-x86_64-debian-gcc, r-devel-linux-x86_64-fedora-clang, r-devel-linux-x86_64-fedora-gcc, r-devel-osx-x86_64-clang, r-devel-windows-ix86+x86_64, r-patched-linux-x86_64, r-patched-solaris-sparc, r-patched-solaris-x86, r-release-linux-ix86, r-release-linux-x86_64, r-release-windows-ix86+x86_64

Version: 14.04
Check: package dependencies
Result: NOTE
    Package suggested but not available for checking: ‘RMySQL’
Flavors: r-devel-osx-x86_64-clang, r-devel-windows-ix86+x86_64, r-patched-solaris-sparc, r-patched-solaris-x86, r-release-windows-ix86+x86_64, r-oldrel-windows-ix86+x86_64

Version: 14.04
Check: package dependencies
Result: NOTE
    Packages suggested but not available for checking:
     ‘RMySQL’ ‘SSOAP’ ‘XMLSchema’ ‘maptools’ ‘RPostgreSQL’
Flavor: r-release-osx-x86_64-mavericks

Version: 14.04
Check: R code for possible problems
Result: NOTE
    map.plot: no visible global function definition for ‘readShapePoly’
    updateCV: no visible global function definition for ‘processWSDL’
    updateCV: no visible global function definition for
     ‘genSOAPClientInterface’
Flavor: r-release-osx-x86_64-mavericks

Version: 14.04
Check: package dependencies
Result: NOTE
    Packages suggested but not available for checking: ‘SSOAP’ ‘XMLSchema’
Flavor: r-release-osx-x86_64-snowleopard

Version: 14.04
Check: R code for possible problems
Result: NOTE
    updateCV: no visible global function definition for ‘processWSDL’
    updateCV: no visible global function definition for
     ‘genSOAPClientInterface’
Flavor: r-release-osx-x86_64-snowleopard