CRAN Package Check Results for Package RObsDat

Last updated on 2017-09-22 05:48:26.

Flavor Version Tinstall Tcheck Ttotal Status Flags
r-devel-linux-x86_64-debian-clang 16.03 2.79 66.98 69.77 OK
r-devel-linux-x86_64-debian-gcc 16.03 2.50 65.44 67.94 OK
r-devel-linux-x86_64-fedora-clang 16.03 120.83 OK
r-devel-linux-x86_64-fedora-gcc 16.03 117.70 OK
r-devel-windows-ix86+x86_64 16.03 8.00 105.00 113.00 OK
r-patched-linux-x86_64 16.03 2.59 66.83 69.42 OK
r-patched-solaris-x86 16.03 147.20 OK
r-release-linux-x86_64 16.03 2.52 69.51 72.03 OK
r-release-windows-ix86+x86_64 16.03 8.00 113.00 121.00 OK
r-release-osx-x86_64 16.03 NOTE
r-oldrel-windows-ix86+x86_64 16.03 8.00 88.00 96.00 OK
r-oldrel-osx-x86_64 16.03 OK

Check Details

Version: 16.03
Check: package dependencies
Result: NOTE
    Package suggested but not available for checking: ‘SSOAP’
Flavor: r-release-osx-x86_64