CRAN Package Check Results for Package RObsDat

Last updated on 2016-02-14 19:47:54.

Flavor Version Tinstall Tcheck Ttotal Status Flags
r-devel-linux-x86_64-debian-gcc 15.08 2.29 44.88 47.17 OK
r-devel-linux-x86_64-fedora-clang 15.08 92.46 OK
r-devel-linux-x86_64-fedora-gcc 15.08 87.74 OK
r-devel-osx-x86_64-clang 15.08 97.42 OK
r-devel-windows-ix86+x86_64 15.08 12.00 116.00 128.00 OK
r-patched-linux-x86_64 15.08 2.65 49.56 52.22 OK
r-patched-solaris-sparc 15.08 579.10 OK
r-patched-solaris-x86 15.08 119.70 OK
r-release-linux-x86_64 15.08 2.50 49.21 51.72 OK
r-release-osx-x86_64-mavericks 15.08 NOTE
r-release-windows-ix86+x86_64 15.08 9.00 106.00 115.00 OK
r-oldrel-windows-ix86+x86_64 15.08 15.00 128.00 143.00 OK

Check Details

Version: 15.08
Check: package dependencies
Result: NOTE
    Package suggested but not available for checking: ‘SSOAP’
Flavor: r-release-osx-x86_64-mavericks