CRAN Package Check Results for Package RObsDat

Last updated on 2017-05-26 06:47:04.

Flavor Version Tinstall Tcheck Ttotal Status Flags
r-devel-linux-x86_64-debian-clang 16.03 2.40 67.74 70.14 OK
r-devel-linux-x86_64-debian-gcc 16.03 2.50 66.97 69.47 OK
r-devel-linux-x86_64-fedora-clang 16.03 118.98 OK --no-stop-on-test-error
r-devel-linux-x86_64-fedora-gcc 16.03 112.68 OK --no-stop-on-test-error
r-devel-windows-ix86+x86_64 16.03 8.00 112.00 120.00 OK
r-patched-linux-x86_64 16.03 2.51 69.04 71.55 OK
r-patched-solaris-sparc 16.03 679.90 OK
r-patched-solaris-x86 16.03 141.60 OK
r-release-linux-x86_64 16.03 2.41 65.89 68.30 OK
r-release-windows-ix86+x86_64 16.03 15.00 114.00 129.00 OK
r-release-osx-x86_64 16.03 NOTE
r-oldrel-windows-ix86+x86_64 16.03 13.00 92.00 105.00 OK
r-oldrel-osx-x86_64 16.03 OK

Check Details

Version: 16.03
Check: package dependencies
Result: NOTE
    Package suggested but not available for checking: ‘SSOAP’
Flavor: r-release-osx-x86_64