CRAN Package Check Results for Package RObsDat

Last updated on 2015-03-06 14:47:07.

Flavor Version Tinstall Tcheck Ttotal Status Flags
r-devel-linux-x86_64-debian-clang 15.02 2.57 48.28 50.84 OK
r-devel-linux-x86_64-debian-gcc 15.02 2.49 46.19 48.68 OK
r-devel-linux-x86_64-fedora-clang 15.02 101.74 OK
r-devel-linux-x86_64-fedora-gcc 15.02 99.29 OK
r-devel-osx-x86_64-clang 15.02 95.22 OK
r-devel-windows-ix86+x86_64 15.02 7.00 71.00 78.00 OK
r-patched-linux-x86_64 15.02 3.40 62.87 66.27 OK
r-patched-solaris-sparc 14.12 687.00 NOTE
r-patched-solaris-x86 15.02 163.00 OK
r-release-linux-ix86 15.02 4.16 75.76 79.92 OK
r-release-linux-x86_64 15.02 3.37 63.91 67.28 OK
r-release-osx-x86_64-mavericks 15.02 NOTE
r-release-osx-x86_64-snowleopard 15.02 NOTE
r-release-windows-ix86+x86_64 15.02 10.00 100.00 110.00 OK
r-oldrel-windows-ix86+x86_64 15.02 11.00 92.00 103.00 OK

Check Details

Version: 14.12
Check: dependencies in R code
Result: NOTE
    'library' or 'require' call to ‘RSQLite’ in package code.
     Please use :: or requireNamespace() instead.
     See section 'Suggested packages' in the 'Writing R Extensions' manual.
Flavor: r-patched-solaris-sparc

Version: 15.02
Check: package dependencies
Result: NOTE
    Package suggested but not available for checking: ‘SSOAP’
Flavors: r-release-osx-x86_64-mavericks, r-release-osx-x86_64-snowleopard