CRAN Package Check Results for Package RObsDat

Last updated on 2015-05-22 23:48:10.

Flavor Version Tinstall Tcheck Ttotal Status Flags
r-devel-linux-x86_64-debian-clang 15.02 2.47 48.80 51.27 OK
r-devel-linux-x86_64-debian-gcc 15.02 2.33 47.86 50.19 OK
r-devel-linux-x86_64-fedora-clang 15.02 103.14 OK
r-devel-linux-x86_64-fedora-gcc 15.02 98.97 OK
r-devel-osx-x86_64-clang 15.02 93.37 OK
r-devel-windows-ix86+x86_64 15.02 12.00 78.00 90.00 OK
r-patched-linux-x86_64 15.02 2.33 50.71 53.04 OK
r-patched-solaris-sparc 15.02 602.50 OK
r-patched-solaris-x86 15.02 125.60 OK
r-release-linux-x86_64 15.02 2.41 48.19 50.60 OK
r-release-osx-x86_64-mavericks 15.02 NOTE
r-release-osx-x86_64-snowleopard 15.02 ERROR
r-release-windows-ix86+x86_64 15.02 8.00 70.00 78.00 OK
r-oldrel-windows-ix86+x86_64 15.02 12.00 94.00 106.00 OK

Check Details

Version: 15.02
Check: package dependencies
Result: NOTE
    Package suggested but not available for checking: ‘SSOAP’
Flavor: r-release-osx-x86_64-mavericks

Version: 15.02
Check: package dependencies
Result: ERROR
    Packages required but not available: ‘zoo’ ‘spacetime’ ‘xts’ ‘vwr’
    
    Packages suggested but not available for checking: ‘SSOAP’ ‘XML’
    
    See section ‘The DESCRIPTION file’ in the ‘Writing R Extensions’
    manual.
Flavor: r-release-osx-x86_64-snowleopard