CRAN Package Check Results for Package RObsDat

Last updated on 2015-07-28 14:49:11.

Flavor Version Tinstall Tcheck Ttotal Status Flags
r-devel-linux-x86_64-debian-clang 15.02 3.24 53.48 56.72 NOTE
r-devel-linux-x86_64-debian-gcc 15.02 2.32 51.24 53.56 NOTE
r-devel-linux-x86_64-fedora-clang 15.02 109.86 NOTE
r-devel-linux-x86_64-fedora-gcc 15.02 103.59 NOTE
r-devel-osx-x86_64-clang 15.02 99.77 OK
r-devel-windows-ix86+x86_64 15.02 9.00 75.00 84.00 NOTE
r-patched-linux-x86_64 15.02 3.56 55.69 59.25 OK
r-patched-solaris-sparc 15.02 668.40 OK
r-patched-solaris-x86 15.02 137.60 OK
r-release-linux-x86_64 15.02 2.37 53.27 55.64 OK
r-release-osx-x86_64-mavericks 15.02 NOTE
r-release-windows-ix86+x86_64 15.02 11.00 76.00 87.00 OK
r-oldrel-windows-ix86+x86_64 15.02 11.00 104.00 115.00 OK

Check Details

Version: 15.02
Check: R code for possible problems
Result: NOTE
    addDataValues: no visible global function definition for ‘str’
    addDataValues: no visible global function definition for ‘points’
    addDataValues: no visible global function definition for ‘legend’
    createST: no visible binding for global variable ‘time’
    exportSynonyms: no visible global function definition for ‘write.table’
    importSynonyms: no visible global function definition for ‘read.table’
    longExample: no visible binding for global variable ‘recover’
    longExample: no visible global function definition for ‘read.csv’
    longExample: no visible global function definition for ‘read.csv2’
    Undefined global functions or variables:
     legend points read.csv read.csv2 read.table recover str time
     write.table
    Consider adding
     importFrom("graphics", "legend", "points")
     importFrom("stats", "time")
     importFrom("utils", "read.csv", "read.csv2", "read.table", "recover",
     "str", "write.table")
    to your NAMESPACE.
Flavors: r-devel-linux-x86_64-debian-clang, r-devel-linux-x86_64-debian-gcc, r-devel-linux-x86_64-fedora-clang, r-devel-linux-x86_64-fedora-gcc, r-devel-windows-ix86+x86_64

Version: 15.02
Check: package dependencies
Result: NOTE
    Package suggested but not available for checking: ‘SSOAP’
Flavor: r-release-osx-x86_64-mavericks