CRAN Package Check Results for Package RObsDat

Last updated on 2014-08-21 01:47:52.

Flavor Version Tinstall Tcheck Ttotal Status Flags
r-devel-linux-x86_64-debian-clang 14.04 2.03 39.93 41.96 OK
r-devel-linux-x86_64-debian-gcc 14.04 2.09 39.90 41.99 OK
r-devel-linux-x86_64-fedora-clang 14.04 92.26 NOTE
r-devel-linux-x86_64-fedora-gcc 14.04 85.06 NOTE
r-devel-osx-x86_64-clang 14.04 83.85 NOTE
r-devel-windows-ix86+x86_64 14.04 6.00 64.00 70.00 NOTE
r-patched-linux-x86_64 14.04 2.01 40.92 42.92 OK
r-patched-solaris-sparc 14.04 503.30 NOTE
r-patched-solaris-x86 14.04 114.30 NOTE
r-release-linux-ix86 14.04 2.67 53.40 56.07 OK
r-release-linux-x86_64 14.04 2.08 42.10 44.18 OK
r-release-osx-x86_64-mavericks 14.04 NOTE
r-release-osx-x86_64-snowleopard 14.04 NOTE
r-release-windows-ix86+x86_64 14.04 6.00 72.00 78.00 NOTE
r-oldrel-windows-ix86+x86_64 14.04 7.00 63.00 70.00 NOTE

Check Details

Version: 14.04
Check: R code for possible problems
Result: NOTE
    longExample: no visible global function definition for ‘GNcountryInfo’
    map.plot: no visible global function definition for ‘readShapePoly’
    map.plot: no visible global function definition for
     ‘SpatialPolygonsDataFrame’
    map.plot: no visible global function definition for ‘spplot’
    updateCV: no visible global function definition for ‘processWSDL’
    updateCV: no visible global function definition for
     ‘genSOAPClientInterface’
    updateCV: no visible global function definition for ‘xmlToList’
    updateCV: no visible global function definition for ‘xmlParse’
Flavors: r-devel-linux-x86_64-fedora-clang, r-devel-linux-x86_64-fedora-gcc, r-devel-osx-x86_64-clang

Version: 14.04
Check: package dependencies
Result: NOTE
    Package suggested but not available for checking: ‘RMySQL’
Flavors: r-devel-osx-x86_64-clang, r-devel-windows-ix86+x86_64, r-patched-solaris-sparc, r-patched-solaris-x86, r-release-windows-ix86+x86_64, r-oldrel-windows-ix86+x86_64

Version: 14.04
Check: package dependencies
Result: NOTE
    Packages suggested but not available for checking:
     ‘RMySQL’ ‘SSOAP’ ‘XMLSchema’ ‘maptools’ ‘RPostgreSQL’
Flavor: r-release-osx-x86_64-mavericks

Version: 14.04
Check: R code for possible problems
Result: NOTE
    map.plot: no visible global function definition for ‘readShapePoly’
    updateCV: no visible global function definition for ‘processWSDL’
    updateCV: no visible global function definition for
     ‘genSOAPClientInterface’
Flavor: r-release-osx-x86_64-mavericks

Version: 14.04
Check: package dependencies
Result: NOTE
    Packages suggested but not available for checking: ‘SSOAP’ ‘XMLSchema’
Flavor: r-release-osx-x86_64-snowleopard

Version: 14.04
Check: R code for possible problems
Result: NOTE
    updateCV: no visible global function definition for ‘processWSDL’
    updateCV: no visible global function definition for
     ‘genSOAPClientInterface’
Flavor: r-release-osx-x86_64-snowleopard