CRAN Package Check Results for Package RObsDat

Last updated on 2015-09-03 23:47:46.

Flavor Version Tinstall Tcheck Ttotal Status Flags
r-devel-linux-x86_64-debian-clang 15.08 2.24 54.98 57.23 OK
r-devel-linux-x86_64-debian-gcc 15.08 2.70 51.54 54.24 OK
r-devel-linux-x86_64-fedora-clang 15.08 104.01 OK
r-devel-linux-x86_64-fedora-gcc 15.08 100.36 OK
r-devel-osx-x86_64-clang 15.08 91.66 OK
r-devel-windows-ix86+x86_64 15.08 7.00 66.00 73.00 OK
r-patched-linux-x86_64 15.08 2.48 53.73 56.21 OK
r-patched-solaris-sparc 15.08 592.90 OK
r-patched-solaris-x86 15.08 140.40 OK
r-release-linux-x86_64 15.08 2.60 54.98 57.58 OK
r-release-osx-x86_64-mavericks 15.08 NOTE
r-release-windows-ix86+x86_64 15.08 12.00 76.00 88.00 OK
r-oldrel-windows-ix86+x86_64 15.08 16.00 118.00 134.00 OK

Check Details

Version: 15.08
Check: package dependencies
Result: NOTE
    Package suggested but not available for checking: ‘SSOAP’
Flavor: r-release-osx-x86_64-mavericks