CRAN Package Check Results for Package RObsDat

Last updated on 2014-07-24 22:48:43.

Flavor Version Tinstall Tcheck Ttotal Status Flags
r-devel-linux-x86_64-debian-clang 14.04 3.26 39.84 43.10 OK
r-devel-linux-x86_64-debian-gcc 14.04 2.04 39.29 41.33 OK
r-devel-linux-x86_64-fedora-clang 14.04 91.36 OK
r-devel-linux-x86_64-fedora-gcc 14.04 86.27 OK
r-devel-osx-x86_64-clang 14.04 85.69 NOTE
r-devel-windows-ix86+x86_64 14.04 6.00 69.00 75.00 NOTE
r-patched-linux-x86_64 14.04 2.07 41.31 43.38 OK
r-patched-solaris-sparc 14.04 454.30 NOTE
r-patched-solaris-x86 14.04 115.10 NOTE
r-release-linux-ix86 14.04 2.69 52.98 55.67 OK
r-release-linux-x86_64 14.04 2.12 41.16 43.27 OK
r-release-osx-x86_64-mavericks 14.04 NOTE
r-release-osx-x86_64-snowleopard 14.04 NOTE
r-release-windows-ix86+x86_64 14.04 7.00 77.00 84.00 NOTE
r-oldrel-windows-ix86+x86_64 14.04 6.00 71.00 77.00 NOTE

Check Details

Version: 14.04
Check: package dependencies
Result: NOTE
    Package suggested but not available for checking: ‘RMySQL’
Flavors: r-devel-osx-x86_64-clang, r-devel-windows-ix86+x86_64, r-patched-solaris-sparc, r-patched-solaris-x86, r-release-windows-ix86+x86_64, r-oldrel-windows-ix86+x86_64

Version: 14.04
Check: package dependencies
Result: NOTE
    Packages suggested but not available for checking:
     ‘RMySQL’ ‘SSOAP’ ‘XMLSchema’ ‘maptools’ ‘RPostgreSQL’
Flavor: r-release-osx-x86_64-mavericks

Version: 14.04
Check: R code for possible problems
Result: NOTE
    map.plot: no visible global function definition for ‘readShapePoly’
    updateCV: no visible global function definition for ‘processWSDL’
    updateCV: no visible global function definition for
     ‘genSOAPClientInterface’
Flavor: r-release-osx-x86_64-mavericks

Version: 14.04
Check: package dependencies
Result: NOTE
    Packages suggested but not available for checking: ‘SSOAP’ ‘XMLSchema’
Flavor: r-release-osx-x86_64-snowleopard

Version: 14.04
Check: R code for possible problems
Result: NOTE
    updateCV: no visible global function definition for ‘processWSDL’
    updateCV: no visible global function definition for
     ‘genSOAPClientInterface’
Flavor: r-release-osx-x86_64-snowleopard