CRAN Package Check Results for Package RObsDat

Last updated on 2017-07-25 03:49:47.

Flavor Version Tinstall Tcheck Ttotal Status Flags
r-devel-linux-x86_64-debian-clang 16.03 2.54 73.06 75.60 OK
r-devel-linux-x86_64-debian-gcc 16.03 2.61 73.50 76.11 OK
r-devel-linux-x86_64-fedora-clang 16.03 121.09 OK
r-devel-linux-x86_64-fedora-gcc 16.03 124.34 OK
r-devel-windows-ix86+x86_64 16.03 7.00 113.00 120.00 OK
r-patched-linux-x86_64 16.03 2.52 78.22 80.74 OK
r-patched-solaris-x86 16.03 145.40 OK
r-release-linux-x86_64 16.03 2.42 73.98 76.40 OK
r-release-windows-ix86+x86_64 16.03 8.00 134.00 142.00 OK
r-release-osx-x86_64 16.03 NOTE
r-oldrel-windows-ix86+x86_64 16.03 7.00 101.00 108.00 OK
r-oldrel-osx-x86_64 16.03 OK

Check Details

Version: 16.03
Check: package dependencies
Result: NOTE
    Package suggested but not available for checking: ‘SSOAP’
Flavor: r-release-osx-x86_64