CRAN Package Check Results for Package RObsDat

Last updated on 2014-04-19 18:47:48.

Flavor Version Tinstall Tcheck Ttotal Status Flags
r-devel-linux-x86_64-debian-clang 13.09-1 2.22 36.11 38.34 OK
r-devel-linux-x86_64-debian-gcc 13.09-1 2.29 35.86 38.15 OK
r-devel-linux-x86_64-fedora-clang 13.09-1 74.40 OK
r-devel-linux-x86_64-fedora-gcc 13.09-1 72.51 OK
r-devel-macosx-x86_64-clang 13.09-1 70.44 NOTE
r-devel-macosx-x86_64-gcc 13.09-1 ERROR
r-devel-windows-ix86+x86_64 13.09-1 6.00 55.00 61.00 NOTE
r-patched-linux-x86_64 13.09-1 2.23 36.08 38.32 OK
r-patched-solaris-sparc 13.09-1 408.20 NOTE
r-patched-solaris-x86 13.09-1 97.00 NOTE
r-release-linux-ix86 OK
r-release-linux-x86_64 13.09-1 2.18 35.19 37.36 OK
r-release-macosx-x86_64 13.09-1 NOTE
r-release-windows-ix86+x86_64 13.09-1 9.00 57.00 66.00 NOTE
r-oldrel-windows-ix86+x86_64 13.09-1 6.00 53.00 59.00 NOTE

Check Details

Version: 13.09-1
Check: package dependencies
Result: NOTE
    Package suggested but not available for checking: ‘RMySQL’
Flavors: r-devel-macosx-x86_64-clang, r-devel-windows-ix86+x86_64, r-patched-solaris-sparc, r-patched-solaris-x86, r-release-windows-ix86+x86_64, r-oldrel-windows-ix86+x86_64

Version: 13.09-1
Check: package dependencies
Result: ERROR
    Packages required but not available: ‘xts’ ‘zoo’ ‘vwr’
    
    Packages suggested but not available for checking:
     ‘SSOAP’ ‘XMLSchema’ ‘XML’ ‘maptools’
    
    See the information on DESCRIPTION files in the chapter ‘Creating R
    packages’ of the ‘Writing R Extensions’ manual.
Flavor: r-devel-macosx-x86_64-gcc

Version: 13.09-1
Check: package dependencies
Result: NOTE
    Packages suggested but not available for checking: 'SSOAP' 'XMLSchema'
Flavor: r-release-macosx-x86_64

Version: 13.09-1
Check: R code for possible problems
Result: NOTE
    updateCV: no visible global function definition for 'processWSDL'
    updateCV: no visible global function definition for
     'genSOAPClientInterface'
Flavor: r-release-macosx-x86_64