CRAN Package Check Results for Package ROpenWeatherMap

Last updated on 2022-05-16 16:52:24 CEST.

Flavor Version Tinstall Tcheck Ttotal Status Flags
r-devel-linux-x86_64-debian-clang 1.1 2.58 38.84 41.42 NOTE
r-devel-linux-x86_64-debian-gcc 1.1 2.37 29.46 31.83 NOTE
r-devel-linux-x86_64-fedora-clang 1.1 49.19 NOTE
r-devel-linux-x86_64-fedora-gcc 1.1 49.36 NOTE
r-devel-windows-x86_64 1.1 15.00 51.00 66.00 NOTE
r-patched-linux-x86_64 1.1 2.86 36.70 39.56 NOTE
r-release-linux-x86_64 1.1 2.21 36.75 38.96 NOTE
r-release-macos-arm64 1.1 14.00 NOTE
r-release-macos-x86_64 1.1 25.00 NOTE
r-release-windows-x86_64 1.1 25.00 53.00 78.00 NOTE
r-oldrel-macos-arm64 1.1 19.00 NOTE
r-oldrel-macos-x86_64 1.1 26.00 NOTE
r-oldrel-windows-ix86+x86_64 1.1 6.00 46.00 52.00 NOTE

Check Details

Version: 1.1
Check: LazyData
Result: NOTE
     'LazyData' is specified without a 'data' directory
Flavors: r-devel-linux-x86_64-debian-clang, r-devel-linux-x86_64-debian-gcc, r-devel-linux-x86_64-fedora-clang, r-devel-linux-x86_64-fedora-gcc, r-devel-windows-x86_64, r-patched-linux-x86_64, r-release-linux-x86_64, r-release-macos-arm64, r-release-macos-x86_64, r-release-windows-x86_64, r-oldrel-macos-arm64, r-oldrel-macos-x86_64, r-oldrel-windows-ix86+x86_64