CRAN Package Check Results for Package ROptEst

Last updated on 2015-05-07 08:47:40.

Flavor Version Tinstall Tcheck Ttotal Status Flags
r-devel-linux-x86_64-debian-clang 0.9 13.89 76.33 90.22 OK
r-devel-linux-x86_64-debian-gcc 0.9 13.18 74.16 87.34 OK
r-devel-linux-x86_64-fedora-clang 0.9 186.23 OK
r-devel-linux-x86_64-fedora-gcc 0.9 173.04 OK
r-devel-osx-x86_64-clang 0.9 147.01 OK
r-devel-windows-ix86+x86_64 0.9 31.00 112.00 143.00 OK
r-patched-linux-x86_64 0.9 13.21 75.22 88.44 OK
r-patched-solaris-sparc 0.9 1098.00 OK
r-patched-solaris-x86 0.9 228.10 OK
r-release-linux-x86_64 0.9 13.36 73.85 87.21 OK
r-release-osx-x86_64-mavericks 0.9 NOTE
r-release-osx-x86_64-snowleopard 0.9 NOTE
r-release-windows-ix86+x86_64 0.9 31.00 115.00 146.00 OK
r-oldrel-windows-ix86+x86_64 0.9 31.00 142.00 173.00 OK

Check Details

Version: 0.9
Check: package dependencies
Result: NOTE
    Package suggested but not available for checking: ‘RobLox’
Flavors: r-release-osx-x86_64-mavericks, r-release-osx-x86_64-snowleopard

Version: 0.9
Check: Rd cross-references
Result: NOTE
    Package unavailable to check Rd xrefs: ‘RobLox’
Flavors: r-release-osx-x86_64-mavericks, r-release-osx-x86_64-snowleopard