CRAN Package Check Results for Package ROptEst

Last updated on 2014-04-24 19:54:07.

Flavor Version Tinstall Tcheck Ttotal Status Flags
r-devel-linux-x86_64-debian-clang 0.9 17.02 105.96 122.99 OK
r-devel-linux-x86_64-debian-gcc 0.9 18.84 103.50 122.34 OK
r-devel-linux-x86_64-fedora-clang 0.9 284.20 OK
r-devel-linux-x86_64-fedora-gcc 0.9 271.53 OK
r-devel-osx-x86_64-clang 0.9 215.70 OK
r-devel-osx-x86_64-gcc 0.9 ERROR
r-devel-windows-ix86+x86_64 0.9 29.00 137.00 166.00 OK
r-patched-linux-x86_64 0.9 15.88 104.74 120.62 OK
r-patched-solaris-sparc 0.9 1474.10 OK
r-patched-solaris-x86 0.9 322.00 OK
r-release-linux-ix86 0.9 25.00 155.00 180.00 OK
r-release-linux-x86_64 0.9 18.07 105.27 123.34 OK
r-release-osx-x86_64-mavericks 0.9 WARN
r-release-osx-x86_64-snowleopard 0.9 WARN
r-release-windows-ix86+x86_64 0.9 29.00 145.00 174.00 OK
r-oldrel-windows-ix86+x86_64 0.9 26.00 140.00 166.00 OK

Check Details

Version: 0.9
Check: package dependencies
Result: ERROR
    Package required but not available: ‘RobAStBase’
    
    Package suggested but not available for checking: ‘RobLox’
    
    See the information on DESCRIPTION files in the chapter ‘Creating R
    packages’ of the ‘Writing R Extensions’ manual.
Flavor: r-devel-osx-x86_64-gcc

Version: 0.9
Check: package dependencies
Result: NOTE
    Package suggested but not available for checking: ‘RobLox’
Flavors: r-release-osx-x86_64-mavericks, r-release-osx-x86_64-snowleopard

Version: 0.9
Check: Rd cross-references
Result: NOTE
    Package unavailable to check Rd xrefs: ‘RobLox’
Flavors: r-release-osx-x86_64-mavericks, r-release-osx-x86_64-snowleopard

Version: 0.9
Check: PDF version of manual
Result: WARNING
    LaTeX errors when creating PDF version.
    This typically indicates Rd problems.
    LaTeX errors found:
    ! LaTeX Error: File `upquote.sty' not found.
    
    Type X to quit or <RETURN> to proceed,
    or enter new name. (Default extension: sty)
    
    5d353bb/Rd2.tex:8: ==> Fatal error occurred, no output PDF file produced!
Flavor: r-release-osx-x86_64-mavericks

Version: 0.9
Check: examples
Result: WARNING
    checking a package with encoding 'latin1' in an ASCII locale
    
     OK
Flavor: r-release-osx-x86_64-snowleopard