CRAN Package Check Results for Package ROptEst

Last updated on 2014-10-24 11:47:25.

Flavor Version Tinstall Tcheck Ttotal Status Flags
r-devel-linux-x86_64-debian-clang 0.9 15.40 91.81 107.21 OK
r-devel-linux-x86_64-debian-gcc 0.9 18.58 90.64 109.22 OK
r-devel-linux-x86_64-fedora-clang 0.9 256.66 OK
r-devel-linux-x86_64-fedora-gcc 0.9 241.85 OK
r-devel-osx-x86_64-clang 0.9 197.79 OK
r-devel-windows-ix86+x86_64 0.9 22.00 134.00 156.00 OK
r-patched-linux-x86_64 0.9 16.49 100.00 116.48 OK
r-patched-solaris-sparc 0.9 1474.40 OK
r-patched-solaris-x86 0.9 316.40 OK
r-release-linux-ix86 0.9 20.14 122.43 142.57 OK
r-release-linux-x86_64 0.9 15.30 100.26 115.56 OK
r-release-osx-x86_64-mavericks 0.9 NOTE
r-release-osx-x86_64-snowleopard 0.9 WARN
r-release-windows-ix86+x86_64 0.9 29.00 149.00 178.00 OK
r-oldrel-windows-ix86+x86_64 0.9 36.00 131.00 167.00 OK

Check Details

Version: 0.9
Check: package dependencies
Result: NOTE
    Package suggested but not available for checking: ‘RobLox’
Flavors: r-release-osx-x86_64-mavericks, r-release-osx-x86_64-snowleopard

Version: 0.9
Check: Rd cross-references
Result: NOTE
    Package unavailable to check Rd xrefs: ‘RobLox’
Flavors: r-release-osx-x86_64-mavericks, r-release-osx-x86_64-snowleopard

Version: 0.9
Check: examples
Result: WARN
    checking a package with encoding 'latin1' in an ASCII locale
    
     OK
Flavor: r-release-osx-x86_64-snowleopard