CRAN Package Check Results for Package ROptEst

Last updated on 2014-11-28 08:48:37.

Flavor Version Tinstall Tcheck Ttotal Status Flags
r-devel-linux-x86_64-debian-clang 0.9 14.94 92.30 107.24 OK
r-devel-linux-x86_64-debian-gcc 0.9 14.47 89.83 104.30 OK
r-devel-linux-x86_64-fedora-clang 0.9 256.32 OK
r-devel-linux-x86_64-fedora-gcc 0.9 264.84 OK
r-devel-osx-x86_64-clang 0.9 206.51 OK
r-devel-windows-ix86+x86_64 0.9 25.00 142.00 167.00 OK
r-patched-linux-x86_64 0.9 20.46 96.99 117.44 OK
r-patched-solaris-sparc 0.9 1474.40 OK
r-patched-solaris-x86 0.9 313.10 OK
r-release-linux-ix86 0.9 18.85 113.42 132.27 OK
r-release-linux-x86_64 0.9 16.87 99.89 116.76 OK
r-release-osx-x86_64-mavericks 0.9 NOTE
r-release-osx-x86_64-snowleopard 0.9 WARN
r-release-windows-ix86+x86_64 0.9 38.00 141.00 179.00 OK
r-oldrel-windows-ix86+x86_64 0.9 32.00 128.00 160.00 OK

Check Details

Version: 0.9
Check: package dependencies
Result: NOTE
    Package suggested but not available for checking: ‘RobLox’
Flavors: r-release-osx-x86_64-mavericks, r-release-osx-x86_64-snowleopard

Version: 0.9
Check: Rd cross-references
Result: NOTE
    Package unavailable to check Rd xrefs: ‘RobLox’
Flavors: r-release-osx-x86_64-mavericks, r-release-osx-x86_64-snowleopard

Version: 0.9
Check: examples
Result: WARN
    checking a package with encoding 'latin1' in an ASCII locale
    
     OK
Flavor: r-release-osx-x86_64-snowleopard