CRAN Package Check Results for Package ROptEst

Last updated on 2014-08-31 05:50:19.

Flavor Version Tinstall Tcheck Ttotal Status Flags
r-devel-linux-x86_64-debian-clang 0.9 15.88 94.39 110.27 OK
r-devel-linux-x86_64-debian-gcc 0.9 16.40 90.78 107.18 OK
r-devel-linux-x86_64-fedora-clang 0.9 289.72 OK
r-devel-linux-x86_64-fedora-gcc 0.9 252.52 OK
r-devel-osx-x86_64-clang 0.9 188.82 OK
r-devel-windows-ix86+x86_64 0.9 24.00 133.00 157.00 OK
r-patched-linux-x86_64 0.9 15.19 99.04 114.24 OK
r-patched-solaris-sparc 0.9 1474.40 OK
r-patched-solaris-x86 0.9 318.10 OK
r-release-linux-ix86 0.9 19.82 118.87 138.69 OK
r-release-linux-x86_64 0.9 17.54 99.88 117.42 OK
r-release-osx-x86_64-mavericks 0.9 NOTE
r-release-osx-x86_64-snowleopard 0.9 WARN
r-release-windows-ix86+x86_64 0.9 24.00 157.00 181.00 OK
r-oldrel-windows-ix86+x86_64 0.9 24.00 145.00 169.00 OK

Check Details

Version: 0.9
Check: package dependencies
Result: NOTE
    Package suggested but not available for checking: ‘RobLox’
Flavors: r-release-osx-x86_64-mavericks, r-release-osx-x86_64-snowleopard

Version: 0.9
Check: Rd cross-references
Result: NOTE
    Package unavailable to check Rd xrefs: ‘RobLox’
Flavors: r-release-osx-x86_64-mavericks, r-release-osx-x86_64-snowleopard

Version: 0.9
Check: examples
Result: WARN
    checking a package with encoding 'latin1' in an ASCII locale
    
     OK
Flavor: r-release-osx-x86_64-snowleopard