CRAN Package Check Results for Package ROptEst

Last updated on 2014-07-30 22:47:30.

Flavor Version Tinstall Tcheck Ttotal Status Flags
r-devel-linux-x86_64-debian-clang 0.9 17.89 95.36 113.26 OK
r-devel-linux-x86_64-debian-gcc 0.9 16.61 94.40 111.01 OK
r-devel-linux-x86_64-fedora-clang 0.9 269.69 OK
r-devel-linux-x86_64-fedora-gcc 0.9 261.68 OK
r-devel-osx-x86_64-clang 0.9 194.62 OK
r-devel-windows-ix86+x86_64 0.9 34.00 137.00 171.00 OK
r-patched-linux-x86_64 0.9 15.44 101.05 116.49 OK
r-patched-solaris-sparc 0.9 1474.40 OK
r-patched-solaris-x86 0.9 322.00 OK
r-release-linux-ix86 0.9 19.56 117.34 136.90 OK
r-release-linux-x86_64 0.9 15.36 100.58 115.94 OK
r-release-osx-x86_64-mavericks 0.9 NOTE
r-release-osx-x86_64-snowleopard 0.9 WARN
r-release-windows-ix86+x86_64 0.9 32.00 137.00 169.00 OK
r-oldrel-windows-ix86+x86_64 0.9 30.00 193.00 223.00 OK

Check Details

Version: 0.9
Check: package dependencies
Result: NOTE
    Package suggested but not available for checking: RobLox
Flavors: r-release-osx-x86_64-mavericks, r-release-osx-x86_64-snowleopard

Version: 0.9
Check: Rd cross-references
Result: NOTE
    Package unavailable to check Rd xrefs: RobLox
Flavors: r-release-osx-x86_64-mavericks, r-release-osx-x86_64-snowleopard

Version: 0.9
Check: examples
Result: WARNING
    checking a package with encoding 'latin1' in an ASCII locale
    
     OK
Flavor: r-release-osx-x86_64-snowleopard