CRAN Package Check Results for Package ROptEst

Last updated on 2015-01-29 22:48:51.

Flavor Version Tinstall Tcheck Ttotal Status Flags
r-devel-linux-x86_64-debian-clang 0.9 14.32 86.25 100.57 OK
r-devel-linux-x86_64-debian-gcc 0.9 14.02 80.29 94.31 OK
r-devel-linux-x86_64-fedora-clang 0.9 238.35 OK
r-devel-linux-x86_64-fedora-gcc 0.9 226.05 OK
r-devel-osx-x86_64-clang 0.9 209.85 OK
r-devel-windows-ix86+x86_64 0.9 32.00 127.00 159.00 OK
r-patched-linux-x86_64 0.9 16.05 98.77 114.82 OK
r-patched-solaris-sparc 0.9 1477.40 OK
r-patched-solaris-x86 0.9 312.00 OK
r-release-linux-ix86 0.9 18.96 115.52 134.48 OK
r-release-linux-x86_64 0.9 15.75 113.46 129.20 OK
r-release-osx-x86_64-mavericks 0.9 OK
r-release-osx-x86_64-snowleopard 0.9 WARN
r-release-windows-ix86+x86_64 0.9 32.00 143.00 175.00 OK
r-oldrel-windows-ix86+x86_64 0.9 32.00 140.00 172.00 OK

Check Details

Version: 0.9
Check: package dependencies
Result: NOTE
    Package suggested but not available for checking: 'RobLox'
Flavor: r-release-osx-x86_64-snowleopard

Version: 0.9
Check: Rd cross-references
Result: NOTE
    Package unavailable to check Rd xrefs: 'RobLox'
Flavor: r-release-osx-x86_64-snowleopard

Version: 0.9
Check: examples
Result: WARN
    checking a package with encoding 'latin1' in an ASCII locale
    
     OK
Flavor: r-release-osx-x86_64-snowleopard