CRAN Package Check Results for Package ROptEst

Last updated on 2018-02-17 21:49:39 CET.

Flavor Version Tinstall Tcheck Ttotal Status Flags
r-devel-linux-x86_64-debian-clang 1.0.1 22.38 126.52 148.90 OK
r-devel-linux-x86_64-debian-gcc 1.0.1 17.09 100.71 117.80 OK
r-devel-linux-x86_64-fedora-clang 1.0.1 183.22 NOTE
r-devel-linux-x86_64-fedora-gcc 1.0.1 182.00 NOTE
r-devel-windows-ix86+x86_64 1.0.1 33.00 128.00 161.00 OK
r-patched-linux-x86_64 1.0.1 20.80 140.41 161.21 OK
r-patched-solaris-x86 1.0.1 237.50 OK
r-release-linux-x86_64 1.0.1 24.59 137.62 162.21 OK
r-release-windows-ix86+x86_64 1.0.1 46.00 190.00 236.00 OK
r-release-osx-x86_64 1.0.1 OK
r-oldrel-windows-ix86+x86_64 1.0.1 29.00 168.00 197.00 OK
r-oldrel-osx-x86_64 1.0.1 OK

Check Details

Version: 1.0.1
Check: package dependencies
Result: NOTE
    Package suggested but not available for checking: ‘RobLox’
Flavors: r-devel-linux-x86_64-fedora-clang, r-devel-linux-x86_64-fedora-gcc

Version: 1.0.1
Check: Rd cross-references
Result: NOTE
    Package unavailable to check Rd xrefs: ‘RobLox’
Flavors: r-devel-linux-x86_64-fedora-clang, r-devel-linux-x86_64-fedora-gcc