CRAN Package Check Results for Package ROptEst

Last updated on 2015-07-04 23:47:31.

Flavor Version Tinstall Tcheck Ttotal Status Flags
r-devel-linux-x86_64-debian-clang 0.9 13.64 80.75 94.40 NOTE
r-devel-linux-x86_64-debian-gcc 0.9 13.49 74.00 87.49 NOTE
r-devel-linux-x86_64-fedora-clang 0.9 189.49 NOTE
r-devel-linux-x86_64-fedora-gcc 0.9 152.57 NOTE
r-devel-osx-x86_64-clang 0.9 161.05 NOTE
r-devel-windows-ix86+x86_64 0.9 30.00 120.00 150.00 NOTE
r-patched-linux-x86_64 0.9 13.73 74.60 88.32 OK
r-patched-solaris-sparc 0.9 1109.30 OK
r-patched-solaris-x86 0.9 227.20 OK
r-release-linux-x86_64 0.9 13.21 73.69 86.90 OK
r-release-osx-x86_64-mavericks 0.9 NOTE
r-release-windows-ix86+x86_64 0.9 40.00 113.00 153.00 OK
r-oldrel-windows-ix86+x86_64 0.9 39.00 156.00 195.00 OK

Check Details

Version: 0.9
Check: R code for possible problems
Result: NOTE
    .LowerCaseMultivariate: no visible global function definition for
     ‘optim’
    .LowerCaseMultivariateTV: no visible global function definition for
     ‘optim’
    .constructArg.list: no visible global function definition for ‘str’
    .plotData: no visible global function definition for ‘par’
    .plotData: no visible binding for global variable ‘points’
    .plotData: no visible binding for global variable ‘text’
    .plotRescaledAxis: no visible global function definition for ‘axis’
    .plotRescaledAxis: no visible global function definition for ‘box’
    .pretreat: no visible global function definition for ‘complete.cases’
    .pretreat: no visible global function definition for ‘na.omit’
    .readGridFromCSV: no visible global function definition for
     ‘read.table’
    .readGridFromCSV: no visible global function definition for ‘read.csv’
    .rescalefct: no visible binding for global variable ‘pnorm’
    .saveGridToCSV: no visible global function definition for ‘write.table’
    cniperCont: no visible binding for global variable ‘pnorm’
    cniperCont: no visible binding for global variable ‘qnorm’
    cniperCont: no visible global function definition for ‘par’
    cniperCont: no visible binding for global variable ‘abline’
    cniperPoint: no visible global function definition for ‘uniroot’
    cniperPointPlot: no visible binding for global variable ‘pnorm’
    cniperPointPlot: no visible binding for global variable ‘qnorm’
    cniperPointPlot: no visible global function definition for ‘par’
    conv.tnorm: no visible global function definition for ‘fft’
    conv.tnorm: no visible global function definition for ‘approxfun’
    getLagrangeMultByOptim : optimfct: no visible global function
     definition for ‘optimize’
    getLagrangeMultByOptim: no visible binding for global variable ‘optim’
    getReq: no visible global function definition for ‘uniroot’
    ptnorm: no visible global function definition for ‘pnorm’
    roptest.old: no visible global function definition for ‘complete.cases’
    roptest.old: no visible global function definition for ‘na.omit’
    comparePlot,IC-IC: no visible global function definition for ‘par’
    comparePlot,IC-IC: no visible binding for global variable ‘pnorm’
    comparePlot,IC-IC: no visible binding for global variable ‘qnorm’
    get.asGRisk.fct,asL1 : <anonymous>: no visible global function
     definition for ‘pnorm’
    get.asGRisk.fct,asL1 : <anonymous>: no visible global function
     definition for ‘dnorm’
    getAsRisk,asBias-RealRandVariable-TotalVarNeighborhood-ANY: no visible
     binding for global variable ‘bias’
    getAsRisk,asSemivar-UnivariateDistribution-Neighborhood-onesidedBias:
     no visible global function definition for ‘pnorm’
    getAsRisk,asSemivar-UnivariateDistribution-Neighborhood-onesidedBias:
     no visible global function definition for ‘dnorm’
    getAsRisk,asUnOvShoot-UnivariateDistribution-UncondNeighborhood-ANY: no
     visible global function definition for ‘pnorm’
    getFiRisk,fiUnOvShoot-Norm-ContNeighborhood: no visible global function
     definition for ‘pnorm’
    getFiRisk,fiUnOvShoot-Norm-ContNeighborhood: no visible global function
     definition for ‘dbinom’
    getFiRisk,fiUnOvShoot-Norm-ContNeighborhood: no visible global function
     definition for ‘pbinom’
    getFiRisk,fiUnOvShoot-Norm-ContNeighborhood: no visible global function
     definition for ‘fft’
    getFiRisk,fiUnOvShoot-Norm-TotalVarNeighborhood: no visible global
     function definition for ‘pnorm’
    getFiRisk,fiUnOvShoot-Norm-TotalVarNeighborhood: no visible global
     function definition for ‘dbinom’
    getFiRisk,fiUnOvShoot-Norm-TotalVarNeighborhood: no visible global
     function definition for ‘pbinom’
    getFiRisk,fiUnOvShoot-Norm-TotalVarNeighborhood: no visible global
     function definition for ‘fft’
    getFixClip,numeric-Norm-fiUnOvShoot-ContNeighborhood: no visible global
     function definition for ‘pnorm’
    getFixClip,numeric-Norm-fiUnOvShoot-TotalVarNeighborhood: no visible
     global function definition for ‘pnorm’
    getFixRobIC,Norm-fiUnOvShoot-UncondNeighborhood: no visible global
     function definition for ‘pnorm’
    getFixRobIC,Norm-fiUnOvShoot-UncondNeighborhood: no visible global
     function definition for ‘uniroot’
    getInfCent,RealRandVariable-TotalVarNeighborhood-BiasType: no visible
     global function definition for ‘uniroot’
    getInfCent,UnivariateDistribution-ContNeighborhood-BiasType: no visible
     global function definition for ‘uniroot’
    getInfCent,UnivariateDistribution-ContNeighborhood-asymmetricBias: no
     visible global function definition for ‘uniroot’
    getInfCent,UnivariateDistribution-ContNeighborhood-onesidedBias: no
     visible global function definition for ‘uniroot’
    getInfCent,UnivariateDistribution-TotalVarNeighborhood-BiasType: no
     visible global function definition for ‘uniroot’
    getInfClip,numeric-UnivariateDistribution-asL1-ContNeighborhood: no
     visible global function definition for ‘dnorm’
    getInfClip,numeric-UnivariateDistribution-asL1-ContNeighborhood: no
     visible global function definition for ‘pnorm’
    getInfClip,numeric-UnivariateDistribution-asL1-TotalVarNeighborhood: no
     visible global function definition for ‘dnorm’
    getInfClip,numeric-UnivariateDistribution-asL1-TotalVarNeighborhood: no
     visible global function definition for ‘pnorm’
    getInfClip,numeric-UnivariateDistribution-asSemivar-ContNeighborhood:
     no visible global function definition for ‘dnorm’
    getInfClip,numeric-UnivariateDistribution-asSemivar-ContNeighborhood:
     no visible global function definition for ‘pnorm’
    getInfRad,numeric-UnivariateDistribution-asL1-ContNeighborhood :
     solvfct: no visible global function definition for ‘dnorm’
    getInfRad,numeric-UnivariateDistribution-asL1-ContNeighborhood :
     solvfct: no visible global function definition for ‘pnorm’
    getInfRad,numeric-UnivariateDistribution-asL1-ContNeighborhood: no
     visible global function definition for ‘uniroot’
    getInfRad,numeric-UnivariateDistribution-asL1-TotalVarNeighborhood :
     solvfct: no visible global function definition for ‘dnorm’
    getInfRad,numeric-UnivariateDistribution-asL1-TotalVarNeighborhood :
     solvfct: no visible global function definition for ‘pnorm’
    getInfRad,numeric-UnivariateDistribution-asL1-TotalVarNeighborhood: no
     visible global function definition for ‘uniroot’
    getInfRad,numeric-UnivariateDistribution-asL4-ContNeighborhood: no
     visible global function definition for ‘uniroot’
    getInfRad,numeric-UnivariateDistribution-asL4-TotalVarNeighborhood: no
     visible global function definition for ‘uniroot’
    getInfRad,numeric-UnivariateDistribution-asSemivar-ContNeighborhood :
     solvfct: no visible global function definition for ‘dnorm’
    getInfRad,numeric-UnivariateDistribution-asSemivar-ContNeighborhood :
     solvfct: no visible global function definition for ‘pnorm’
    getInfRad,numeric-UnivariateDistribution-asSemivar-ContNeighborhood: no
     visible global function definition for ‘uniroot’
    getInfRobIC,RealRandVariable-asAnscombe-UncondNeighborhood: no visible
     global function definition for ‘uniroot’
    getInfRobIC,RealRandVariable-asCov-UncondNeighborhood: no visible
     binding for global variable ‘z’
    getInfRobIC,RealRandVariable-asGRisk-UncondNeighborhood: no visible
     global function definition for ‘uniroot’
    getInfRobIC,UnivariateDistribution-asAnscombe-UncondNeighborhood: no
     visible global function definition for ‘fun’
    getInfRobIC,UnivariateDistribution-asAnscombe-UncondNeighborhood: no
     visible global function definition for ‘uniroot’
    getInfRobIC,UnivariateDistribution-asGRisk-UncondNeighborhood: no
     visible global function definition for ‘uniroot’
    getInfRobIC,UnivariateDistribution-asUnOvShoot-UncondNeighborhood: no
     visible global function definition for ‘uniroot’
    getRiskFctBV,asL1-ANY : <anonymous>: no visible global function
     definition for ‘dnorm’
    getRiskFctBV,asL1-ANY : <anonymous>: no visible global function
     definition for ‘pnorm’
    leastFavorableRadius,L2ParamFamily-UncondNeighborhood-asGRisk :
     leastFavFct: no visible global function definition for ‘uniroot’
    leastFavorableRadius,L2ParamFamily-UncondNeighborhood-asGRisk: no
     visible global function definition for ‘optimize’
    leastFavorableRadius,L2ParamFamily-UncondNeighborhood-asGRisk :
     leastFavFct: no visible binding for global variable ‘fr’
    leastFavorableRadius,L2ParamFamily-UncondNeighborhood-asGRisk: multiple
     local function definitions for ‘leastFavFct’ with different formal
     arguments
    minmaxBias,RealRandVariable-TotalVarNeighborhood-BiasType: no visible
     binding for global variable ‘problem’
    minmaxBias,UnivariateDistribution-ContNeighborhood-onesidedBias : noIC:
     no visible binding for global variable ‘verbose’
    optIC,InfRobModel-asUnOvShoot: no visible binding for global variable
     ‘verbose’
    plot,IC-missing: no visible global function definition for ‘par’
    plot,IC-missing: no visible binding for global variable ‘pnorm’
    plot,IC-missing: no visible binding for global variable ‘qnorm’
    radiusMinimaxIC,L2ParamFamily-UncondNeighborhood-asGRisk: no visible
     global function definition for ‘uniroot’
    Undefined global functions or variables:
     abline approxfun axis bias box complete.cases dbinom dnorm fft fr fun
     na.omit optim optimize par pbinom pnorm points problem qnorm read.csv
     read.table str text uniroot verbose write.table z
Flavors: r-devel-linux-x86_64-debian-clang, r-devel-linux-x86_64-fedora-clang, r-devel-linux-x86_64-fedora-gcc, r-devel-windows-ix86+x86_64

Version: 0.9
Check: R code for possible problems
Result: NOTE
    .LowerCaseMultivariate: no visible global function definition for
     ‘optim’
    .LowerCaseMultivariateTV: no visible global function definition for
     ‘optim’
    .constructArg.list: no visible global function definition for ‘str’
    .plotData: no visible global function definition for ‘par’
    .plotData: no visible binding for global variable ‘points’
    .plotData: no visible binding for global variable ‘text’
    .plotRescaledAxis: no visible global function definition for ‘axis’
    .plotRescaledAxis: no visible global function definition for ‘box’
    .pretreat: no visible global function definition for ‘complete.cases’
    .pretreat: no visible global function definition for ‘na.omit’
    .readGridFromCSV: no visible global function definition for
     ‘read.table’
    .readGridFromCSV: no visible global function definition for ‘read.csv’
    .rescalefct: no visible binding for global variable ‘pnorm’
    .saveGridToCSV: no visible global function definition for ‘write.table’
    cniperCont: no visible binding for global variable ‘pnorm’
    cniperCont: no visible binding for global variable ‘qnorm’
    cniperCont: no visible global function definition for ‘par’
    cniperCont: no visible binding for global variable ‘abline’
    cniperPoint: no visible global function definition for ‘uniroot’
    cniperPointPlot: no visible binding for global variable ‘pnorm’
    cniperPointPlot: no visible binding for global variable ‘qnorm’
    cniperPointPlot: no visible global function definition for ‘par’
    conv.tnorm: no visible global function definition for ‘fft’
    conv.tnorm: no visible global function definition for ‘approxfun’
    getLagrangeMultByOptim : optimfct: no visible global function
     definition for ‘optimize’
    getLagrangeMultByOptim: no visible binding for global variable ‘optim’
    getReq: no visible global function definition for ‘uniroot’
    ptnorm: no visible global function definition for ‘pnorm’
    roptest.old: no visible global function definition for ‘complete.cases’
    roptest.old: no visible global function definition for ‘na.omit’
    get.asGRisk.fct,asL1 : <anonymous>: no visible global function
     definition for ‘pnorm’
    get.asGRisk.fct,asL1 : <anonymous>: no visible global function
     definition for ‘dnorm’
    Undefined global functions or variables:
     abline approxfun axis box complete.cases dnorm fft na.omit optim
     optimize par pnorm points qnorm read.csv read.table str text uniroot
     write.table
Flavor: r-devel-linux-x86_64-debian-gcc

Version: 0.9
Check: R code for possible problems
Result: NOTE
    getAsRisk,asBias-RealRandVariable-TotalVarNeighborhood-ANY: no visible
     binding for global variable ‘bias’
    getInfRobIC,RealRandVariable-asCov-UncondNeighborhood: no visible
     binding for global variable ‘z’
    getInfRobIC,UnivariateDistribution-asAnscombe-UncondNeighborhood: no
     visible global function definition for ‘fun’
    leastFavorableRadius,L2ParamFamily-UncondNeighborhood-asGRisk :
     leastFavFct: no visible binding for global variable ‘fr’
    leastFavorableRadius,L2ParamFamily-UncondNeighborhood-asGRisk: multiple
     local function definitions for ‘leastFavFct’ with different formal
     arguments
    minmaxBias,RealRandVariable-TotalVarNeighborhood-BiasType: no visible
     binding for global variable ‘problem’
    minmaxBias,UnivariateDistribution-ContNeighborhood-onesidedBias : noIC:
     no visible binding for global variable ‘verbose’
    optIC,InfRobModel-asUnOvShoot: no visible binding for global variable
     ‘verbose’
    Undefined global functions or variables:
     bias fr fun problem verbose z
Flavor: r-devel-osx-x86_64-clang

Version: 0.9
Check: package dependencies
Result: NOTE
    Package suggested but not available for checking: ‘RobLox’
Flavor: r-release-osx-x86_64-mavericks

Version: 0.9
Check: Rd cross-references
Result: NOTE
    Package unavailable to check Rd xrefs: ‘RobLox’
Flavor: r-release-osx-x86_64-mavericks