CRAN Package Check Results for Package ROptEst

Last updated on 2014-12-21 11:46:43.

Flavor Version Tinstall Tcheck Ttotal Status Flags
r-devel-linux-x86_64-debian-clang 0.9 16.84 96.20 113.04 OK
r-devel-linux-x86_64-debian-gcc 0.9 14.60 90.28 104.88 OK
r-devel-linux-x86_64-fedora-clang 0.9 256.37 OK
r-devel-linux-x86_64-fedora-gcc 0.9 239.12 OK
r-devel-osx-x86_64-clang 0.9 228.58 OK
r-devel-windows-ix86+x86_64 0.9 30.00 126.00 156.00 OK
r-patched-linux-x86_64 0.9 20.05 97.64 117.69 OK
r-patched-solaris-sparc 0.9 1474.40 OK
r-patched-solaris-x86 0.9 317.20 OK
r-release-linux-ix86 0.9 19.28 115.62 134.90 OK
r-release-linux-x86_64 0.9 20.75 99.16 119.91 OK
r-release-osx-x86_64-mavericks 0.9 NOTE
r-release-osx-x86_64-snowleopard 0.9 WARN
r-release-windows-ix86+x86_64 0.9 35.00 150.00 185.00 OK
r-oldrel-windows-ix86+x86_64 0.9 29.00 148.00 177.00 OK

Check Details

Version: 0.9
Check: package dependencies
Result: NOTE
    Package suggested but not available for checking: ‘RobLox’
Flavors: r-release-osx-x86_64-mavericks, r-release-osx-x86_64-snowleopard

Version: 0.9
Check: Rd cross-references
Result: NOTE
    Package unavailable to check Rd xrefs: ‘RobLox’
Flavors: r-release-osx-x86_64-mavericks, r-release-osx-x86_64-snowleopard

Version: 0.9
Check: examples
Result: WARN
    checking a package with encoding 'latin1' in an ASCII locale
    
     OK
Flavor: r-release-osx-x86_64-snowleopard