CRAN Package Check Results for Package ROptEst

Last updated on 2014-09-17 01:48:19.

Flavor Version Tinstall Tcheck Ttotal Status Flags
r-devel-linux-x86_64-debian-clang 0.9 15.69 92.26 107.94 OK
r-devel-linux-x86_64-debian-gcc 0.9 15.52 89.68 105.20 OK
r-devel-linux-x86_64-fedora-clang 0.9 256.42 OK
r-devel-linux-x86_64-fedora-gcc 0.9 269.45 OK
r-devel-osx-x86_64-clang 0.9 188.87 OK
r-devel-windows-ix86+x86_64 0.9 26.00 131.00 157.00 OK
r-patched-linux-x86_64 0.9 15.09 98.27 113.36 OK
r-patched-solaris-sparc 0.9 1474.40 OK
r-patched-solaris-x86 0.9 317.20 OK
r-release-linux-ix86 0.9 20.14 119.48 139.63 OK
r-release-linux-x86_64 0.9 15.92 101.51 117.43 OK
r-release-osx-x86_64-mavericks 0.9 NOTE
r-release-osx-x86_64-snowleopard 0.9 WARN
r-release-windows-ix86+x86_64 0.9 31.00 140.00 171.00 OK
r-oldrel-windows-ix86+x86_64 0.9 33.00 133.00 166.00 OK

Check Details

Version: 0.9
Check: package dependencies
Result: NOTE
    Package suggested but not available for checking: ‘RobLox’
Flavors: r-release-osx-x86_64-mavericks, r-release-osx-x86_64-snowleopard

Version: 0.9
Check: Rd cross-references
Result: NOTE
    Package unavailable to check Rd xrefs: ‘RobLox’
Flavors: r-release-osx-x86_64-mavericks, r-release-osx-x86_64-snowleopard

Version: 0.9
Check: examples
Result: WARN
    checking a package with encoding 'latin1' in an ASCII locale
    
     OK
Flavor: r-release-osx-x86_64-snowleopard