CRAN Package Check Results for Package ROptEst

Last updated on 2015-03-06 06:47:07.

Flavor Version Tinstall Tcheck Ttotal Status Flags
r-devel-linux-x86_64-debian-clang 0.9 13.95 76.24 90.19 OK
r-devel-linux-x86_64-debian-gcc 0.9 13.16 72.87 86.03 OK
r-devel-linux-x86_64-fedora-clang 0.9 185.93 OK
r-devel-linux-x86_64-fedora-gcc 0.9 174.85 OK
r-devel-osx-x86_64-clang 0.9 155.57 OK
r-devel-windows-ix86+x86_64 0.9 31.00 118.00 149.00 OK
r-patched-linux-x86_64 0.9 18.22 99.98 118.20 OK
r-patched-solaris-sparc 0.9 1464.40 OK
r-patched-solaris-x86 0.9 315.80 OK
r-release-linux-ix86 0.9 19.78 116.33 136.11 OK
r-release-linux-x86_64 0.9 18.78 103.27 122.06 OK
r-release-osx-x86_64-mavericks 0.9 OK
r-release-osx-x86_64-snowleopard 0.9 WARN
r-release-windows-ix86+x86_64 0.9 35.00 156.00 191.00 OK
r-oldrel-windows-ix86+x86_64 0.9 33.00 151.00 184.00 OK

Check Details

Version: 0.9
Check: package dependencies
Result: NOTE
    Package suggested but not available for checking: 'RobLox'
Flavor: r-release-osx-x86_64-snowleopard

Version: 0.9
Check: Rd cross-references
Result: NOTE
    Package unavailable to check Rd xrefs: 'RobLox'
Flavor: r-release-osx-x86_64-snowleopard

Version: 0.9
Check: examples
Result: WARN
    checking a package with encoding 'latin1' in an ASCII locale
    
     OK
Flavor: r-release-osx-x86_64-snowleopard