CRAN Package Check Results for Package ROptEst

Last updated on 2016-07-25 20:48:01.

Flavor Version Tinstall Tcheck Ttotal Status Flags
r-devel-linux-x86_64-debian-clang 0.9 15.61 90.35 105.96 NOTE
r-devel-linux-x86_64-debian-gcc 0.9 15.51 89.60 105.10 NOTE
r-devel-linux-x86_64-fedora-clang 0.9 182.79 NOTE
r-devel-linux-x86_64-fedora-gcc 0.9 174.82 NOTE
r-devel-osx-x86_64-clang 0.9 144.84 NOTE
r-devel-windows-ix86+x86_64 0.9 38.00 180.00 218.00 NOTE
r-patched-linux-x86_64 0.9 15.91 89.38 105.29 NOTE
r-patched-solaris-sparc 0.9 1106.70 NOTE
r-patched-solaris-x86 0.9 213.80 NOTE
r-release-linux-x86_64 0.9 15.03 91.28 106.31 NOTE
r-release-osx-x86_64-mavericks 0.9 NOTE
r-release-windows-ix86+x86_64 0.9 37.00 123.00 160.00 NOTE
r-oldrel-windows-ix86+x86_64 0.9 40.00 134.00 174.00 NOTE

Check Details

Version: 0.9
Check: R code for possible problems
Result: NOTE
    .LowerCaseMultivariate: no visible global function definition for
     ‘optim’
    .LowerCaseMultivariateTV: no visible global function definition for
     ‘optim’
    .constructArg.list: no visible global function definition for ‘str’
    .plotData: no visible global function definition for ‘par’
    .plotData: no visible binding for global variable ‘points’
    .plotData: no visible binding for global variable ‘text’
    .plotRescaledAxis: no visible global function definition for ‘axis’
    .plotRescaledAxis: no visible global function definition for ‘box’
    .pretreat: no visible global function definition for ‘complete.cases’
    .pretreat: no visible global function definition for ‘na.omit’
    .readGridFromCSV: no visible global function definition for
     ‘read.table’
    .readGridFromCSV: no visible global function definition for ‘read.csv’
    .rescalefct: no visible binding for global variable ‘pnorm’
    .saveGridToCSV: no visible global function definition for ‘write.table’
    cniperCont: no visible binding for global variable ‘pnorm’
    cniperCont: no visible binding for global variable ‘qnorm’
    cniperCont: no visible global function definition for ‘par’
    cniperCont: no visible binding for global variable ‘abline’
    cniperPoint: no visible global function definition for ‘uniroot’
    cniperPointPlot: no visible binding for global variable ‘pnorm’
    cniperPointPlot: no visible binding for global variable ‘qnorm’
    cniperPointPlot: no visible global function definition for ‘par’
    conv.tnorm: no visible global function definition for ‘fft’
    conv.tnorm: no visible global function definition for ‘approxfun’
    getLagrangeMultByOptim : optimfct: no visible global function
     definition for ‘optimize’
    getLagrangeMultByOptim: no visible binding for global variable ‘optim’
    getReq: no visible global function definition for ‘uniroot’
    ptnorm: no visible global function definition for ‘pnorm’
    roptest.old: no visible global function definition for ‘complete.cases’
    roptest.old: no visible global function definition for ‘na.omit’
    comparePlot,IC-IC: no visible global function definition for ‘par’
    comparePlot,IC-IC: no visible binding for global variable ‘pnorm’
    comparePlot,IC-IC: no visible binding for global variable ‘qnorm’
    get.asGRisk.fct,asL1 : <anonymous>: no visible global function
     definition for ‘pnorm’
    get.asGRisk.fct,asL1 : <anonymous>: no visible global function
     definition for ‘dnorm’
    getAsRisk,asBias-RealRandVariable-TotalVarNeighborhood-ANY: no visible
     binding for global variable ‘bias’
    getAsRisk,asSemivar-UnivariateDistribution-Neighborhood-onesidedBias:
     no visible global function definition for ‘pnorm’
    getAsRisk,asSemivar-UnivariateDistribution-Neighborhood-onesidedBias:
     no visible global function definition for ‘dnorm’
    getAsRisk,asUnOvShoot-UnivariateDistribution-UncondNeighborhood-ANY: no
     visible global function definition for ‘pnorm’
    getFiRisk,fiUnOvShoot-Norm-ContNeighborhood: no visible global function
     definition for ‘pnorm’
    getFiRisk,fiUnOvShoot-Norm-ContNeighborhood: no visible global function
     definition for ‘dbinom’
    getFiRisk,fiUnOvShoot-Norm-ContNeighborhood: no visible global function
     definition for ‘pbinom’
    getFiRisk,fiUnOvShoot-Norm-ContNeighborhood: no visible global function
     definition for ‘fft’
    getFiRisk,fiUnOvShoot-Norm-TotalVarNeighborhood: no visible global
     function definition for ‘pnorm’
    getFiRisk,fiUnOvShoot-Norm-TotalVarNeighborhood: no visible global
     function definition for ‘dbinom’
    getFiRisk,fiUnOvShoot-Norm-TotalVarNeighborhood: no visible global
     function definition for ‘pbinom’
    getFiRisk,fiUnOvShoot-Norm-TotalVarNeighborhood: no visible global
     function definition for ‘fft’
    getFixClip,numeric-Norm-fiUnOvShoot-ContNeighborhood: no visible global
     function definition for ‘pnorm’
    getFixClip,numeric-Norm-fiUnOvShoot-TotalVarNeighborhood: no visible
     global function definition for ‘pnorm’
    getFixRobIC,Norm-fiUnOvShoot-UncondNeighborhood: no visible global
     function definition for ‘pnorm’
    getFixRobIC,Norm-fiUnOvShoot-UncondNeighborhood: no visible global
     function definition for ‘uniroot’
    getInfCent,RealRandVariable-TotalVarNeighborhood-BiasType: no visible
     global function definition for ‘uniroot’
    getInfCent,UnivariateDistribution-ContNeighborhood-BiasType: no visible
     global function definition for ‘uniroot’
    getInfCent,UnivariateDistribution-ContNeighborhood-asymmetricBias: no
     visible global function definition for ‘uniroot’
    getInfCent,UnivariateDistribution-ContNeighborhood-onesidedBias: no
     visible global function definition for ‘uniroot’
    getInfCent,UnivariateDistribution-TotalVarNeighborhood-BiasType: no
     visible global function definition for ‘uniroot’
    getInfClip,numeric-UnivariateDistribution-asL1-ContNeighborhood: no
     visible global function definition for ‘dnorm’
    getInfClip,numeric-UnivariateDistribution-asL1-ContNeighborhood: no
     visible global function definition for ‘pnorm’
    getInfClip,numeric-UnivariateDistribution-asL1-TotalVarNeighborhood: no
     visible global function definition for ‘dnorm’
    getInfClip,numeric-UnivariateDistribution-asL1-TotalVarNeighborhood: no
     visible global function definition for ‘pnorm’
    getInfClip,numeric-UnivariateDistribution-asSemivar-ContNeighborhood:
     no visible global function definition for ‘dnorm’
    getInfClip,numeric-UnivariateDistribution-asSemivar-ContNeighborhood:
     no visible global function definition for ‘pnorm’
    getInfRad,numeric-UnivariateDistribution-asL1-ContNeighborhood :
     solvfct: no visible global function definition for ‘dnorm’
    getInfRad,numeric-UnivariateDistribution-asL1-ContNeighborhood :
     solvfct: no visible global function definition for ‘pnorm’
    getInfRad,numeric-UnivariateDistribution-asL1-ContNeighborhood: no
     visible global function definition for ‘uniroot’
    getInfRad,numeric-UnivariateDistribution-asL1-TotalVarNeighborhood :
     solvfct: no visible global function definition for ‘dnorm’
    getInfRad,numeric-UnivariateDistribution-asL1-TotalVarNeighborhood :
     solvfct: no visible global function definition for ‘pnorm’
    getInfRad,numeric-UnivariateDistribution-asL1-TotalVarNeighborhood: no
     visible global function definition for ‘uniroot’
    getInfRad,numeric-UnivariateDistribution-asL4-ContNeighborhood: no
     visible global function definition for ‘uniroot’
    getInfRad,numeric-UnivariateDistribution-asL4-TotalVarNeighborhood: no
     visible global function definition for ‘uniroot’
    getInfRad,numeric-UnivariateDistribution-asSemivar-ContNeighborhood :
     solvfct: no visible global function definition for ‘dnorm’
    getInfRad,numeric-UnivariateDistribution-asSemivar-ContNeighborhood :
     solvfct: no visible global function definition for ‘pnorm’
    getInfRad,numeric-UnivariateDistribution-asSemivar-ContNeighborhood: no
     visible global function definition for ‘uniroot’
    getInfRobIC,RealRandVariable-asAnscombe-UncondNeighborhood: no visible
     global function definition for ‘uniroot’
    getInfRobIC,RealRandVariable-asCov-UncondNeighborhood: no visible
     binding for global variable ‘z’
    getInfRobIC,RealRandVariable-asGRisk-UncondNeighborhood: no visible
     global function definition for ‘uniroot’
    getInfRobIC,UnivariateDistribution-asAnscombe-UncondNeighborhood: no
     visible global function definition for ‘fun’
    getInfRobIC,UnivariateDistribution-asAnscombe-UncondNeighborhood: no
     visible global function definition for ‘uniroot’
    getInfRobIC,UnivariateDistribution-asGRisk-UncondNeighborhood: no
     visible global function definition for ‘uniroot’
    getInfRobIC,UnivariateDistribution-asUnOvShoot-UncondNeighborhood: no
     visible global function definition for ‘uniroot’
    getRiskFctBV,asL1-ANY : <anonymous>: no visible global function
     definition for ‘dnorm’
    getRiskFctBV,asL1-ANY : <anonymous>: no visible global function
     definition for ‘pnorm’
    leastFavorableRadius,L2ParamFamily-UncondNeighborhood-asGRisk :
     leastFavFct: no visible global function definition for ‘uniroot’
    leastFavorableRadius,L2ParamFamily-UncondNeighborhood-asGRisk: no
     visible global function definition for ‘optimize’
    leastFavorableRadius,L2ParamFamily-UncondNeighborhood-asGRisk :
     leastFavFct: no visible binding for global variable ‘fr’
    leastFavorableRadius,L2ParamFamily-UncondNeighborhood-asGRisk: multiple
     local function definitions for ‘leastFavFct’ with different formal
     arguments
    minmaxBias,RealRandVariable-TotalVarNeighborhood-BiasType: no visible
     binding for global variable ‘problem’
    minmaxBias,UnivariateDistribution-ContNeighborhood-onesidedBias : noIC:
     no visible binding for global variable ‘verbose’
    optIC,InfRobModel-asUnOvShoot: no visible binding for global variable
     ‘verbose’
    plot,IC-missing: no visible global function definition for ‘par’
    plot,IC-missing: no visible binding for global variable ‘pnorm’
    plot,IC-missing: no visible binding for global variable ‘qnorm’
    radiusMinimaxIC,L2ParamFamily-UncondNeighborhood-asGRisk: no visible
     global function definition for ‘uniroot’
    Undefined global functions or variables:
     abline approxfun axis bias box complete.cases dbinom dnorm fft fr fun
     na.omit optim optimize par pbinom pnorm points problem qnorm read.csv
     read.table str text uniroot verbose write.table z
    Consider adding
     importFrom("graphics", "abline", "axis", "box", "par", "points",
     "text")
     importFrom("stats", "approxfun", "complete.cases", "dbinom", "dnorm",
     "fft", "na.omit", "optim", "optimize", "pbinom", "pnorm",
     "qnorm", "uniroot")
     importFrom("utils", "read.csv", "read.table", "str", "write.table")
    to your NAMESPACE file.
Flavors: r-devel-linux-x86_64-debian-clang, r-devel-linux-x86_64-debian-gcc, r-devel-linux-x86_64-fedora-clang, r-devel-linux-x86_64-fedora-gcc, r-devel-osx-x86_64-clang, r-devel-windows-ix86+x86_64, r-patched-linux-x86_64, r-patched-solaris-sparc, r-patched-solaris-x86, r-release-linux-x86_64, r-release-osx-x86_64-mavericks, r-release-windows-ix86+x86_64

Version: 0.9
Check: R code for possible problems
Result: NOTE
    getAsRisk,asBias-RealRandVariable-TotalVarNeighborhood-ANY : .local: no
     visible binding for global variable 'bias'
    getInfRobIC,RealRandVariable-asCov-UncondNeighborhood : .local: no
     visible binding for global variable 'z'
    getInfRobIC,UnivariateDistribution-asAnscombe-UncondNeighborhood :
     .local: no visible global function definition for 'fun'
    leastFavorableRadius,L2ParamFamily-UncondNeighborhood-asGRisk : .local
     : leastFavFct: no visible binding for global variable 'fr'
    leastFavorableRadius,L2ParamFamily-UncondNeighborhood-asGRisk : .local:
     multiple local function definitions for 'leastFavFct' with different
     formal arguments
    minmaxBias,RealRandVariable-TotalVarNeighborhood-BiasType : .local: no
     visible binding for global variable 'problem'
    minmaxBias,UnivariateDistribution-ContNeighborhood-onesidedBias :
     .local : noIC: no visible binding for global variable 'verbose'
    optIC,InfRobModel-asUnOvShoot : .local: no visible binding for global
     variable 'verbose'
Flavor: r-oldrel-windows-ix86+x86_64