CRAN Package Check Results for Package ROptEst

Last updated on 2018-04-24 15:48:26 CEST.

Flavor Version Tinstall Tcheck Ttotal Status Flags
r-devel-linux-x86_64-debian-clang 1.0.1 17.40 126.81 144.21 OK
r-devel-linux-x86_64-debian-gcc 1.0.1 19.76 98.07 117.83 OK
r-devel-linux-x86_64-fedora-clang 1.0.1 181.27 OK
r-devel-linux-x86_64-fedora-gcc 1.0.1 184.02 OK
r-devel-windows-ix86+x86_64 1.0.1 44.00 117.00 161.00 OK
r-patched-linux-x86_64 1.0.1 19.88 125.69 145.57 OK
r-patched-solaris-x86 1.0.1 239.50 OK
r-release-linux-x86_64 1.0.1 21.01 124.73 145.74 OK
r-release-windows-ix86+x86_64 1.0.1 44.00 117.00 161.00 OK
r-release-osx-x86_64 1.0.1 NOTE
r-oldrel-windows-ix86+x86_64 1.0.1 31.00 213.00 244.00 OK
r-oldrel-osx-x86_64 1.0.1 OK

Check Details

Version: 1.0.1
Check: package dependencies
Result: NOTE
    Package suggested but not available for checking: ‘RobLox’
Flavor: r-release-osx-x86_64

Version: 1.0.1
Check: Rd cross-references
Result: NOTE
    Package unavailable to check Rd xrefs: ‘RobLox’
Flavor: r-release-osx-x86_64