CRAN Package Check Results for Package ROptEstOld

Last updated on 2014-12-22 03:49:03.

Flavor Version Tinstall Tcheck Ttotal Status Flags
r-devel-linux-x86_64-debian-clang 0.9.2 18.07 63.38 81.45 OK
r-devel-linux-x86_64-debian-gcc 0.9.2 16.30 60.56 76.86 OK
r-devel-linux-x86_64-fedora-clang 0.9.2 187.67 OK
r-devel-linux-x86_64-fedora-gcc 0.9.2 180.42 OK
r-devel-osx-x86_64-clang 0.9.2 158.03 OK
r-devel-windows-ix86+x86_64 0.9.2 33.00 89.00 122.00 OK
r-patched-linux-x86_64 0.9.2 19.67 64.40 84.06 OK
r-patched-solaris-sparc 0.9.2 1086.40 OK
r-patched-solaris-x86 0.9.2 226.30 OK
r-release-linux-ix86 0.9.2 21.74 75.05 96.80 OK
r-release-linux-x86_64 0.9.2 19.88 64.60 84.48 OK
r-release-osx-x86_64-mavericks 0.9.2 OK
r-release-osx-x86_64-snowleopard 0.9.2 WARN
r-release-windows-ix86+x86_64 0.9.2 37.00 96.00 133.00 OK
r-oldrel-windows-ix86+x86_64 0.9.2 39.00 95.00 134.00 OK

Check Details

Version: 0.9.2
Check: examples
Result: WARN
    checking a package with encoding 'latin1' in an ASCII locale
    
     OK
Flavor: r-release-osx-x86_64-snowleopard