CRAN Package Check Results for Package ROptEstOld

Last updated on 2015-03-06 12:46:50.

Flavor Version Tinstall Tcheck Ttotal Status Flags
r-devel-linux-x86_64-debian-clang 0.9.2 16.06 50.11 66.18 OK
r-devel-linux-x86_64-debian-gcc 0.9.2 15.20 49.39 64.60 OK
r-devel-linux-x86_64-fedora-clang 0.9.2 139.39 OK
r-devel-linux-x86_64-fedora-gcc 0.9.2 131.42 OK
r-devel-osx-x86_64-clang 0.9.2 120.72 OK
r-devel-windows-ix86+x86_64 0.9.2 30.00 79.00 109.00 OK
r-patched-linux-x86_64 0.9.2 19.73 66.50 86.23 OK
r-patched-solaris-sparc 0.9.2 1072.90 OK
r-patched-solaris-x86 0.9.2 226.40 OK
r-release-linux-ix86 0.9.2 21.85 77.32 99.17 OK
r-release-linux-x86_64 0.9.2 19.96 67.27 87.22 OK
r-release-osx-x86_64-mavericks 0.9.2 OK
r-release-osx-x86_64-snowleopard 0.9.2 WARN
r-release-windows-ix86+x86_64 0.9.2 36.00 101.00 137.00 OK
r-oldrel-windows-ix86+x86_64 0.9.2 35.00 143.00 178.00 OK

Check Details

Version: 0.9.2
Check: examples
Result: WARN
    checking a package with encoding 'latin1' in an ASCII locale
    
     OK
Flavor: r-release-osx-x86_64-snowleopard