CRAN Package Check Results for Package ROptEstOld

Last updated on 2014-10-01 09:52:32.

Flavor Version Tinstall Tcheck Ttotal Status Flags
r-devel-linux-x86_64-debian-clang 0.9.2 18.02 63.14 81.16 OK
r-devel-linux-x86_64-debian-gcc 0.9.2 16.88 61.34 78.22 OK
r-devel-linux-x86_64-fedora-clang 0.9.2 191.59 OK
r-devel-linux-x86_64-fedora-gcc 0.9.2 179.70 OK
r-devel-osx-x86_64-clang 0.9.2 141.55 OK
r-devel-windows-ix86+x86_64 0.9.2 35.00 87.00 122.00 OK
r-patched-linux-x86_64 0.9.2 19.63 65.61 85.24 OK
r-patched-solaris-sparc 0.9.2 1086.40 OK
r-patched-solaris-x86 0.9.2 231.30 OK
r-release-linux-ix86 0.9.2 22.85 80.00 102.85 OK
r-release-linux-x86_64 0.9.2 20.08 66.35 86.44 OK
r-release-osx-x86_64-mavericks 0.9.2 OK
r-release-osx-x86_64-snowleopard 0.9.2 WARN
r-release-windows-ix86+x86_64 0.9.2 36.00 100.00 136.00 OK
r-oldrel-windows-ix86+x86_64 0.9.2 34.00 93.00 127.00 OK

Check Details

Version: 0.9.2
Check: examples
Result: WARN
    checking a package with encoding 'latin1' in an ASCII locale
    
     OK
Flavor: r-release-osx-x86_64-snowleopard