CRAN Package Check Results for Package ROptEstOld

Last updated on 2014-09-21 19:48:03.

Flavor Version Tinstall Tcheck Ttotal Status Flags
r-devel-linux-x86_64-debian-clang 0.9.2 17.93 64.15 82.08 OK
r-devel-linux-x86_64-debian-gcc 0.9.2 17.15 62.12 79.27 OK
r-devel-linux-x86_64-fedora-clang 0.9.2 188.46 OK
r-devel-linux-x86_64-fedora-gcc 0.9.2 178.05 OK
r-devel-osx-x86_64-clang 0.9.2 142.91 OK
r-devel-windows-ix86+x86_64 0.9.2 27.00 93.00 120.00 OK
r-patched-linux-x86_64 0.9.2 19.36 65.63 84.99 OK
r-patched-solaris-sparc 0.9.2 1086.40 OK
r-patched-solaris-x86 0.9.2 227.00 OK
r-release-linux-ix86 0.9.2 23.04 80.28 103.31 OK
r-release-linux-x86_64 0.9.2 19.43 66.40 85.83 OK
r-release-osx-x86_64-mavericks 0.9.2 OK
r-release-osx-x86_64-snowleopard 0.9.2 WARN
r-release-windows-ix86+x86_64 0.9.2 36.00 96.00 132.00 OK
r-oldrel-windows-ix86+x86_64 0.9.2 38.00 91.00 129.00 OK

Check Details

Version: 0.9.2
Check: examples
Result: WARN
    checking a package with encoding 'latin1' in an ASCII locale
    
     OK
Flavor: r-release-osx-x86_64-snowleopard