CRAN Package Check Results for Package ROptEstOld

Last updated on 2014-04-24 23:48:11.

Flavor Version Tinstall Tcheck Ttotal Status Flags
r-devel-linux-x86_64-debian-clang 0.9.2 20.26 68.81 89.06 OK
r-devel-linux-x86_64-debian-gcc 0.9.2 21.52 68.84 90.36 OK
r-devel-linux-x86_64-fedora-clang 0.9.2 203.42 OK
r-devel-linux-x86_64-fedora-gcc 0.9.2 194.55 OK
r-devel-osx-x86_64-clang 0.9.2 160.09 OK
r-devel-osx-x86_64-gcc 0.9.2 OK
r-devel-windows-ix86+x86_64 0.9.2 36.00 93.00 129.00 OK
r-patched-linux-x86_64 0.9.2 20.17 69.44 89.62 OK
r-patched-solaris-sparc 0.9.2 1077.30 OK
r-patched-solaris-x86 0.9.2 229.70 OK
r-release-linux-ix86 0.9.2 28.00 105.00 133.00 OK
r-release-linux-x86_64 0.9.2 20.92 69.00 89.92 OK
r-release-osx-x86_64-mavericks 0.9.2 WARN
r-release-osx-x86_64-snowleopard 0.9.2 WARN
r-release-windows-ix86+x86_64 0.9.2 37.00 97.00 134.00 OK
r-oldrel-windows-ix86+x86_64 0.9.2 35.00 88.00 123.00 OK

Check Details

Version: 0.9.2
Check: PDF version of manual
Result: WARNING
    LaTeX errors when creating PDF version.
    This typically indicates Rd problems.
    LaTeX errors found:
    ! LaTeX Error: File `upquote.sty' not found.
    
    Type X to quit or <RETURN> to proceed,
    or enter new name. (Default extension: sty)
    
    4c4fa3ad/Rd2.tex:8: ==> Fatal error occurred, no output PDF file produced!
Flavor: r-release-osx-x86_64-mavericks

Version: 0.9.2
Check: examples
Result: WARNING
    checking a package with encoding 'latin1' in an ASCII locale
    
     OK
Flavor: r-release-osx-x86_64-snowleopard