CRAN Package Check Results for Package ROptEstOld

Last updated on 2014-11-01 11:49:12.

Flavor Version Tinstall Tcheck Ttotal Status Flags
r-devel-linux-x86_64-debian-clang 0.9.2 17.77 62.22 80.00 OK
r-devel-linux-x86_64-debian-gcc 0.9.2 17.15 60.62 77.76 OK
r-devel-linux-x86_64-fedora-clang 0.9.2 181.25 OK
r-devel-linux-x86_64-fedora-gcc 0.9.2 173.28 OK
r-devel-osx-x86_64-clang 0.9.2 150.16 OK
r-devel-windows-ix86+x86_64 0.9.2 29.00 85.00 114.00 OK
r-patched-linux-x86_64 0.9.2 19.55 64.87 84.42 OK
r-patched-solaris-sparc 0.9.2 1086.40 OK
r-patched-solaris-x86 0.9.2 229.00 OK
r-release-linux-ix86 0.9.2 23.02 80.40 103.42 OK
r-release-linux-x86_64 0.9.2 19.67 65.99 85.66 OK
r-release-osx-x86_64-mavericks 0.9.2 OK
r-release-osx-x86_64-snowleopard 0.9.2 WARN
r-release-windows-ix86+x86_64 0.9.2 36.00 97.00 133.00 OK
r-oldrel-windows-ix86+x86_64 0.9.2 35.00 90.00 125.00 OK

Check Details

Version: 0.9.2
Check: examples
Result: WARN
    checking a package with encoding 'latin1' in an ASCII locale
    
     OK
Flavor: r-release-osx-x86_64-snowleopard