CRAN Package Check Results for Package ROptEstOld

Last updated on 2014-08-23 06:48:42.

Flavor Version Tinstall Tcheck Ttotal Status Flags
r-devel-linux-x86_64-debian-clang 0.9.2 18.96 64.66 83.61 OK
r-devel-linux-x86_64-debian-gcc 0.9.2 18.14 62.80 80.95 OK
r-devel-linux-x86_64-fedora-clang 0.9.2 197.34 OK
r-devel-linux-x86_64-fedora-gcc 0.9.2 180.54 OK
r-devel-osx-x86_64-clang 0.9.2 149.08 OK
r-devel-windows-ix86+x86_64 0.9.2 33.00 93.00 126.00 OK
r-patched-linux-x86_64 0.9.2 19.43 64.60 84.03 OK
r-patched-solaris-sparc 0.9.2 1086.40 OK
r-patched-solaris-x86 0.9.2 231.60 OK
r-release-linux-ix86 0.9.2 22.48 79.03 101.50 OK
r-release-linux-x86_64 0.9.2 19.74 65.46 85.20 OK
r-release-osx-x86_64-mavericks 0.9.2 OK
r-release-osx-x86_64-snowleopard 0.9.2 WARN
r-release-windows-ix86+x86_64 0.9.2 33.00 98.00 131.00 OK
r-oldrel-windows-ix86+x86_64 0.9.2 35.00 86.00 121.00 OK

Check Details

Version: 0.9.2
Check: examples
Result: WARN
    checking a package with encoding 'latin1' in an ASCII locale
    
     OK
Flavor: r-release-osx-x86_64-snowleopard