CRAN Package Check Results for Package ROptEstOld

Last updated on 2015-01-29 03:48:42.

Flavor Version Tinstall Tcheck Ttotal Status Flags
r-devel-linux-x86_64-debian-clang 0.9.2 17.18 57.29 74.48 OK
r-devel-linux-x86_64-debian-gcc 0.9.2 16.48 56.89 73.37 OK
r-devel-linux-x86_64-fedora-clang 0.9.2 181.20 OK
r-devel-linux-x86_64-fedora-gcc 0.9.2 168.58 OK
r-devel-osx-x86_64-clang 0.9.2 158.56 OK
r-devel-windows-ix86+x86_64 0.9.2 44.00 80.00 124.00 OK
r-patched-linux-x86_64 0.9.2 19.82 66.13 85.95 OK
r-patched-solaris-sparc 0.9.2 1070.50 OK
r-patched-solaris-x86 0.9.2 227.70 OK
r-release-linux-ix86 0.9.2 21.80 74.99 96.78 OK
r-release-linux-x86_64 0.9.2 21.52 67.90 89.42 OK
r-release-osx-x86_64-mavericks 0.9.2 OK
r-release-osx-x86_64-snowleopard 0.9.2 WARN
r-release-windows-ix86+x86_64 0.9.2 36.00 97.00 133.00 OK
r-oldrel-windows-ix86+x86_64 0.9.2 35.00 141.00 176.00 OK

Check Details

Version: 0.9.2
Check: examples
Result: WARN
    checking a package with encoding 'latin1' in an ASCII locale
    
     OK
Flavor: r-release-osx-x86_64-snowleopard