CRAN Package Check Results for Package ROptEstOld

Last updated on 2014-07-28 08:49:01.

Flavor Version Tinstall Tcheck Ttotal Status Flags
r-devel-linux-x86_64-debian-clang 0.9.2 20.42 65.87 86.29 OK
r-devel-linux-x86_64-debian-gcc 0.9.2 21.88 65.32 87.20 OK
r-devel-linux-x86_64-fedora-clang 0.9.2 200.49 OK
r-devel-linux-x86_64-fedora-gcc 0.9.2 191.40 OK
r-devel-osx-x86_64-clang 0.9.2 157.27 OK
r-devel-windows-ix86+x86_64 0.9.2 32.00 96.00 128.00 OK
r-patched-linux-x86_64 0.9.2 19.86 64.18 84.04 OK
r-patched-solaris-sparc 0.9.2 1077.30 OK
r-patched-solaris-x86 0.9.2 230.60 OK
r-release-linux-ix86 0.9.2 22.07 79.45 101.52 OK
r-release-linux-x86_64 0.9.2 19.61 65.54 85.15 OK
r-release-osx-x86_64-mavericks 0.9.2 OK
r-release-osx-x86_64-snowleopard 0.9.2 WARN
r-release-windows-ix86+x86_64 0.9.2 32.00 93.00 125.00 OK
r-oldrel-windows-ix86+x86_64 0.9.2 39.00 90.00 129.00 OK

Check Details

Version: 0.9.2
Check: examples
Result: WARNING
    checking a package with encoding 'latin1' in an ASCII locale
    
     OK
Flavor: r-release-osx-x86_64-snowleopard