CRAN Package Check Results for Package ROptRegTS

Last updated on 2015-02-02 01:47:56.

Flavor Version Tinstall Tcheck Ttotal Status Flags
r-devel-linux-x86_64-debian-clang 0.9.1 11.80 59.50 71.30 OK
r-devel-linux-x86_64-debian-gcc 0.9.1 11.37 55.43 66.80 OK
r-devel-linux-x86_64-fedora-clang 0.9.1 149.05 OK
r-devel-linux-x86_64-fedora-gcc 0.9.1 147.51 OK
r-devel-osx-x86_64-clang 0.9.1 131.19 OK
r-devel-windows-ix86+x86_64 0.9.1 23.00 85.00 108.00 OK
r-patched-linux-x86_64 0.9.1 14.86 75.32 90.18 OK
r-patched-solaris-sparc 0.9.1 1176.60 OK
r-patched-solaris-x86 0.9.1 250.30 OK
r-release-linux-ix86 0.9.1 16.68 90.32 107.01 OK
r-release-linux-x86_64 0.9.1 14.47 78.26 92.73 OK
r-release-osx-x86_64-mavericks 0.9.1 OK
r-release-osx-x86_64-snowleopard 0.9.1 WARN
r-release-windows-ix86+x86_64 0.9.1 29.00 119.00 148.00 OK
r-oldrel-windows-ix86+x86_64 0.9.1 27.00 106.00 133.00 OK

Check Details

Version: 0.9.1
Check: examples
Result: WARN
    checking a package with encoding 'latin1' in an ASCII locale
    
     OK
Flavor: r-release-osx-x86_64-snowleopard