CRAN Package Check Results for Package ROptRegTS

Last updated on 2014-09-02 20:49:00.

Flavor Version Tinstall Tcheck Ttotal Status Flags
r-devel-linux-x86_64-debian-clang 0.9.1 14.45 71.71 86.16 OK
r-devel-linux-x86_64-debian-gcc 0.9.1 13.75 70.80 84.55 OK
r-devel-linux-x86_64-fedora-clang 0.9.1 209.75 OK
r-devel-linux-x86_64-fedora-gcc 0.9.1 196.90 OK
r-devel-osx-x86_64-clang 0.9.1 148.94 OK
r-devel-windows-ix86+x86_64 0.9.1 24.00 105.00 129.00 OK
r-patched-linux-x86_64 0.9.1 16.06 75.05 91.11 OK
r-patched-solaris-sparc 0.9.1 1162.90 OK
r-patched-solaris-x86 0.9.1 248.30 OK
r-release-linux-ix86 0.9.1 17.24 95.00 112.25 OK
r-release-linux-x86_64 0.9.1 14.76 76.33 91.08 OK
r-release-osx-x86_64-mavericks 0.9.1 OK
r-release-osx-x86_64-snowleopard 0.9.1 WARN
r-release-windows-ix86+x86_64 0.9.1 26.00 115.00 141.00 OK
r-oldrel-windows-ix86+x86_64 0.9.1 28.00 108.00 136.00 OK

Check Details

Version: 0.9.1
Check: examples
Result: WARN
    checking a package with encoding 'latin1' in an ASCII locale
    
     OK
Flavor: r-release-osx-x86_64-snowleopard