CRAN Package Check Results for Package ROptRegTS

Last updated on 2015-03-29 00:48:26.

Flavor Version Tinstall Tcheck Ttotal Status Flags
r-devel-linux-x86_64-debian-clang 0.9.1 11.66 59.01 70.68 NOTE
r-devel-linux-x86_64-debian-gcc 0.9.1 11.73 57.29 69.02 NOTE
r-devel-linux-x86_64-fedora-clang 0.9.1 147.26 NOTE
r-devel-linux-x86_64-fedora-gcc 0.9.1 137.11 NOTE
r-devel-osx-x86_64-clang 0.9.1 128.73 NOTE
r-prerel-windows-ix86+x86_64 0.9.1 33.00 92.00 125.00 NOTE
r-prerel-linux-x86_64 0.9.1 11.10 56.41 67.52 NOTE
r-prerel-solaris-sparc 0.9.1 878.30 NOTE
r-prerel-solaris-x86 0.9.1 182.40 NOTE
r-release-linux-x86_64 0.9.1 15.07 76.13 91.20 OK
r-release-osx-x86_64-mavericks 0.9.1 OK
r-release-osx-x86_64-snowleopard 0.9.1 WARN
r-release-windows-ix86+x86_64 0.9.1 28.00 116.00 144.00 OK
r-oldrel-windows-ix86+x86_64 0.9.1 31.00 110.00 141.00 OK

Check Details

Version: 0.9.1
Check: DESCRIPTION meta-information
Result: NOTE
    Malformed Description field: should contain one or more complete sentences.
Flavors: r-devel-linux-x86_64-debian-clang, r-devel-linux-x86_64-debian-gcc, r-devel-linux-x86_64-fedora-clang, r-devel-linux-x86_64-fedora-gcc, r-devel-osx-x86_64-clang, r-prerel-windows-ix86+x86_64, r-prerel-linux-x86_64, r-prerel-solaris-sparc, r-prerel-solaris-x86

Version: 0.9.1
Check: examples
Result: WARN
    checking a package with encoding 'latin1' in an ASCII locale
    
     OK
Flavor: r-release-osx-x86_64-snowleopard