CRAN Package Check Results for Package ROptRegTS

Last updated on 2015-05-28 12:48:05.

Flavor Version Tinstall Tcheck Ttotal Status Flags
r-devel-linux-x86_64-debian-clang 0.9.1 11.82 57.42 69.24 NOTE
r-devel-linux-x86_64-debian-gcc 0.9.1 11.36 56.98 68.33 NOTE
r-devel-linux-x86_64-fedora-clang 0.9.1 147.06 NOTE
r-devel-linux-x86_64-fedora-gcc 0.9.1 144.26 NOTE
r-devel-osx-x86_64-clang 0.9.1 120.46 NOTE
r-devel-windows-ix86+x86_64 0.9.1 26.00 87.00 113.00 NOTE
r-patched-linux-x86_64 0.9.1 12.09 56.50 68.60 NOTE
r-patched-solaris-sparc 0.9.1 888.50 NOTE
r-patched-solaris-x86 0.9.1 184.20 NOTE
r-release-linux-x86_64 0.9.1 12.27 57.19 69.46 NOTE
r-release-osx-x86_64-mavericks 0.9.1 NOTE
r-release-osx-x86_64-snowleopard 0.9.1 OK
r-release-windows-ix86+x86_64 0.9.1 25.00 86.00 111.00 NOTE
r-oldrel-windows-ix86+x86_64 0.9.1 29.00 154.00 183.00 OK

Check Details

Version: 0.9.1
Check: DESCRIPTION meta-information
Result: NOTE
    Malformed Description field: should contain one or more complete sentences.
Flavors: r-devel-linux-x86_64-debian-clang, r-devel-linux-x86_64-debian-gcc, r-devel-linux-x86_64-fedora-clang, r-devel-linux-x86_64-fedora-gcc, r-devel-osx-x86_64-clang, r-devel-windows-ix86+x86_64, r-patched-linux-x86_64, r-patched-solaris-sparc, r-patched-solaris-x86, r-release-linux-x86_64, r-release-osx-x86_64-mavericks, r-release-windows-ix86+x86_64