CRAN Package Check Results for Package ROptRegTS

Last updated on 2014-07-23 23:48:31.

Flavor Version Tinstall Tcheck Ttotal Status Flags
r-devel-linux-x86_64-debian-clang 0.9.1 14.99 73.74 88.73 OK
r-devel-linux-x86_64-debian-gcc 0.9.1 14.54 70.63 85.17 OK
r-devel-linux-x86_64-fedora-clang 0.9.1 211.32 OK
r-devel-linux-x86_64-fedora-gcc 0.9.1 204.52 OK
r-devel-osx-x86_64-clang 0.9.1 163.13 OK
r-devel-windows-ix86+x86_64 0.9.1 26.00 101.00 127.00 OK
r-patched-linux-x86_64 0.9.1 14.82 75.94 90.77 OK
r-patched-solaris-sparc 0.9.1 1162.20 OK
r-patched-solaris-x86 0.9.1 252.20 OK
r-release-linux-ix86 0.9.1 17.18 90.84 108.03 OK
r-release-linux-x86_64 0.9.1 14.85 76.34 91.20 OK
r-release-osx-x86_64-mavericks 0.9.1 OK
r-release-osx-x86_64-snowleopard 0.9.1 WARN
r-release-windows-ix86+x86_64 0.9.1 29.00 116.00 145.00 OK
r-oldrel-windows-ix86+x86_64 0.9.1 28.00 102.00 130.00 OK

Check Details

Version: 0.9.1
Check: examples
Result: WARNING
    checking a package with encoding 'latin1' in an ASCII locale
    
     OK
Flavor: r-release-osx-x86_64-snowleopard