CRAN Package Check Results for Package ROptRegTS

Last updated on 2014-12-22 21:47:25.

Flavor Version Tinstall Tcheck Ttotal Status Flags
r-devel-linux-x86_64-debian-clang 0.9.1 15.57 71.79 87.36 OK
r-devel-linux-x86_64-debian-gcc 0.9.1 14.95 69.14 84.09 OK
r-devel-linux-x86_64-fedora-clang 0.9.1 203.80 OK
r-devel-linux-x86_64-fedora-gcc 0.9.1 196.69 OK
r-devel-osx-x86_64-clang 0.9.1 169.24 OK
r-devel-windows-ix86+x86_64 0.9.1 25.00 98.00 123.00 OK
r-patched-linux-x86_64 0.9.1 15.30 72.59 87.89 OK
r-patched-solaris-sparc 0.9.1 1176.20 OK
r-patched-solaris-x86 0.9.1 252.30 OK
r-release-linux-ix86 0.9.1 16.61 88.46 105.07 OK
r-release-linux-x86_64 0.9.1 16.15 81.53 97.68 OK
r-release-osx-x86_64-mavericks 0.9.1 OK
r-release-osx-x86_64-snowleopard 0.9.1 WARN
r-release-windows-ix86+x86_64 0.9.1 29.00 116.00 145.00 OK
r-oldrel-windows-ix86+x86_64 0.9.1 31.00 106.00 137.00 OK

Check Details

Version: 0.9.1
Check: examples
Result: WARN
    checking a package with encoding 'latin1' in an ASCII locale
    
     OK
Flavor: r-release-osx-x86_64-snowleopard