CRAN Package Check Results for Package ROptRegTS

Last updated on 2015-07-02 17:47:41.

Flavor Version Tinstall Tcheck Ttotal Status Flags
r-devel-linux-x86_64-debian-clang 0.9.1 11.92 57.38 69.30 NOTE
r-devel-linux-x86_64-debian-gcc 0.9.1 11.36 56.38 67.74 NOTE
r-devel-linux-x86_64-fedora-clang 0.9.1 142.43 NOTE
r-devel-linux-x86_64-fedora-gcc 0.9.1 137.36 NOTE
r-devel-osx-x86_64-clang 0.9.1 125.99 NOTE
r-devel-windows-ix86+x86_64 0.9.1 25.00 78.00 103.00 NOTE
r-patched-linux-x86_64 0.9.1 12.00 56.73 68.74 NOTE
r-patched-solaris-sparc 0.9.1 888.50 NOTE
r-patched-solaris-x86 0.9.1 183.30 NOTE
r-release-linux-x86_64 0.9.1 11.07 61.49 72.56 NOTE
r-release-osx-x86_64-mavericks 0.9.1 NOTE
r-release-windows-ix86+x86_64 0.9.1 23.00 97.00 120.00 NOTE
r-oldrel-windows-ix86+x86_64 0.9.1 33.00 109.00 142.00 OK

Check Details

Version: 0.9.1
Check: DESCRIPTION meta-information
Result: NOTE
    Malformed Description field: should contain one or more complete sentences.
Flavors: r-devel-linux-x86_64-debian-clang, r-devel-linux-x86_64-debian-gcc, r-devel-linux-x86_64-fedora-clang, r-devel-linux-x86_64-fedora-gcc, r-devel-osx-x86_64-clang, r-devel-windows-ix86+x86_64, r-patched-linux-x86_64, r-patched-solaris-sparc, r-patched-solaris-x86, r-release-linux-x86_64, r-release-osx-x86_64-mavericks, r-release-windows-ix86+x86_64

Version: 0.9.1
Check: R code for possible problems
Result: NOTE
    conv.Q : integrand.st: no visible global function definition for
     ‘pnorm’
    conv.Q : integrand.n1: no visible global function definition for
     ‘pnorm’
    conv.Q : prob.x : integrand.px: no visible global function definition
     for ‘pnorm’
    conv.Q: no visible global function definition for ‘fft’
    conv.Q: no visible global function definition for ‘approxfun’
Flavors: r-devel-linux-x86_64-debian-clang, r-devel-linux-x86_64-debian-gcc, r-devel-windows-ix86+x86_64

Version: 0.9.1
Check: R code for possible problems
Result: NOTE
    conv.Q : integrand.st: no visible global function definition for
     ‘pnorm’
    conv.Q : integrand.n1: no visible global function definition for
     ‘pnorm’
    conv.Q : prob.x : integrand.px: no visible global function definition
     for ‘pnorm’
    conv.Q: no visible global function definition for ‘fft’
    conv.Q: no visible global function definition for ‘approxfun’
    Undefined global functions or variables:
     approxfun fft pnorm
Flavors: r-devel-linux-x86_64-fedora-clang, r-devel-linux-x86_64-fedora-gcc