CRAN Package Check Results for Package ROptRegTS

Last updated on 2014-04-24 15:50:47.

Flavor Version Tinstall Tcheck Ttotal Status Flags
r-devel-linux-x86_64-debian-clang 0.9.1 15.47 80.50 95.97 OK
r-devel-linux-x86_64-debian-gcc 0.9.1 15.26 78.75 94.01 OK
r-devel-linux-x86_64-fedora-clang 0.9.1 220.49 OK
r-devel-linux-x86_64-fedora-gcc 0.9.1 213.93 OK
r-devel-osx-x86_64-clang 0.9.1 169.47 OK
r-devel-osx-x86_64-gcc 0.9.1 OK
r-devel-windows-ix86+x86_64 0.9.1 27.00 107.00 134.00 OK
r-patched-linux-x86_64 0.9.1 15.36 79.07 94.43 OK
r-patched-solaris-sparc 0.9.1 1162.20 OK
r-patched-solaris-x86 0.9.1 252.50 OK
r-release-linux-ix86 0.9.1 21.00 120.00 141.00 OK
r-release-linux-x86_64 0.9.1 15.94 79.95 95.89 OK
r-release-osx-x86_64-mavericks 0.9.1 WARN
r-release-osx-x86_64-snowleopard 0.9.1 WARN
r-release-windows-ix86+x86_64 0.9.1 28.00 112.00 140.00 OK
r-oldrel-windows-ix86+x86_64 0.9.1 26.00 99.00 125.00 OK

Check Details

Version: 0.9.1
Check: PDF version of manual
Result: WARNING
    LaTeX errors when creating PDF version.
    This typically indicates Rd problems.
    LaTeX errors found:
    ! LaTeX Error: File `upquote.sty' not found.
    
    Type X to quit or <RETURN> to proceed,
    or enter new name. (Default extension: sty)
    
    2ca68183/Rd2.tex:8: ==> Fatal error occurred, no output PDF file produced!
Flavor: r-release-osx-x86_64-mavericks

Version: 0.9.1
Check: examples
Result: WARNING
    checking a package with encoding 'latin1' in an ASCII locale
    
     OK
Flavor: r-release-osx-x86_64-snowleopard