CRAN Package Check Results for Package ROptRegTS

Last updated on 2015-04-21 02:48:44.

Flavor Version Tinstall Tcheck Ttotal Status Flags
r-devel-linux-x86_64-debian-clang 0.9.1 11.81 58.49 70.30 NOTE
r-devel-linux-x86_64-debian-gcc 0.9.1 11.29 59.54 70.83 NOTE
r-devel-linux-x86_64-fedora-clang 0.9.1 150.17 NOTE
r-devel-linux-x86_64-fedora-gcc 0.9.1 137.66 NOTE
r-devel-osx-x86_64-clang 0.9.1 132.30 NOTE
r-devel-windows-ix86+x86_64 0.9.1 33.00 113.00 146.00 NOTE
r-patched-linux-x86_64 0.9.1 11.34 59.17 70.52 NOTE
r-patched-solaris-sparc 0.9.1 878.30 NOTE
r-patched-solaris-x86 0.9.1 179.40 NOTE
r-release-linux-x86_64 0.9.1 11.36 57.41 68.77 NOTE
r-release-osx-x86_64-mavericks 0.9.1 NOTE
r-release-osx-x86_64-snowleopard 0.9.1 OK
r-release-windows-ix86+x86_64 0.9.1 19.00 84.00 103.00 NOTE
r-oldrel-windows-ix86+x86_64 0.9.1 23.00 102.00 125.00 OK

Check Details

Version: 0.9.1
Check: DESCRIPTION meta-information
Result: NOTE
    Malformed Description field: should contain one or more complete sentences.
Flavors: r-devel-linux-x86_64-debian-clang, r-devel-linux-x86_64-debian-gcc, r-devel-linux-x86_64-fedora-clang, r-devel-linux-x86_64-fedora-gcc, r-devel-osx-x86_64-clang, r-devel-windows-ix86+x86_64, r-patched-linux-x86_64, r-patched-solaris-sparc, r-patched-solaris-x86, r-release-linux-x86_64, r-release-osx-x86_64-mavericks, r-release-windows-ix86+x86_64