CRAN Package Check Results for Package ROracle

Last updated on 2016-05-26 05:47:52.

Flavor Version Tinstall Tcheck Ttotal Status Flags
r-devel-linux-x86_64-debian-gcc 1.2-2 1.52 17.99 19.51 OK --install=fake
r-devel-linux-x86_64-fedora-clang 1.2-2 28.07 OK --install=fake
r-devel-linux-x86_64-fedora-gcc 1.2-2 30.01 OK --install=fake
r-patched-linux-x86_64 1.2-2 1.33 16.57 17.89 OK --install=fake
r-release-linux-x86_64 1.2-2 1.30 17.24 18.53 OK --install=fake
r-release-osx-x86_64-mavericks 1.2-2 ERROR
r-release-windows-ix86+x86_64 1.2-2 1.00 4.00 5.00 ERROR

Check Details

Version: 1.2-2
Check: whether package can be installed
Result: ERROR
    Installation failed.
    See ‘/Builds/CRAN-QA-Simon/packages/mavericks-x86_64/results/3.3/ROracle.Rcheck/00install.out’ for details.
    * DONE
    Status: 1 ERROR
Flavor: r-release-osx-x86_64-mavericks

Version: 1.2-2
Check: whether package can be installed
Result: ERROR
    Installation failed.
Flavor: r-release-windows-ix86+x86_64