CRAN Package Check Results for Package ROracle

Last updated on 2018-08-22 01:46:34 CEST.

Flavor Version Tinstall Tcheck Ttotal Status Flags
r-devel-linux-x86_64-debian-clang 1.3-1 4.01 30.78 34.79 OK --no-examples --no-tests --no-vignettes
r-devel-linux-x86_64-debian-gcc 1.3-1 3.20 24.23 27.43 OK --no-examples --no-tests --no-vignettes
r-patched-linux-x86_64 1.3-1 3.56 27.64 31.20 OK --no-examples --no-tests --no-vignettes
r-release-linux-x86_64 1.3-1 3.39 27.33 30.72 OK --no-examples --no-tests --no-vignettes
r-release-windows-ix86+x86_64 1.3-1 1.00 4.00 5.00 ERROR
r-release-osx-x86_64 1.3-1 ERROR
r-oldrel-osx-x86_64 1.3-1 ERROR

Check Details

Version: 1.3-1
Check: whether package can be installed
Result: ERROR
    Installation failed.
Flavors: r-release-windows-ix86+x86_64, r-release-osx-x86_64, r-oldrel-osx-x86_64