CRAN Package Check Results for Package ROracle

Last updated on 2016-08-24 06:47:55.

Flavor Version Tinstall Tcheck Ttotal Status Flags
r-devel-linux-x86_64-debian-clang 1.2-2 1.36 17.25 18.60 OK --install=fake
r-devel-linux-x86_64-debian-gcc 1.2-2 1.42 17.30 18.72 OK --install=fake
r-devel-linux-x86_64-fedora-clang 1.2-2 28.93 OK --install=fake
r-devel-linux-x86_64-fedora-gcc 1.2-2 27.49 OK --install=fake
r-patched-linux-x86_64 1.2-2 1.52 17.63 19.15 OK --install=fake
r-release-linux-x86_64 1.2-2 1.32 17.17 18.49 OK --install=fake
r-release-osx-x86_64-mavericks 1.2-2 ERROR
r-release-windows-ix86+x86_64 1.2-2 1.00 4.00 5.00 ERROR

Check Details

Version: 1.2-2
Check: whether package can be installed
Result: ERROR
    Installation failed.
Flavors: r-release-osx-x86_64-mavericks, r-release-windows-ix86+x86_64