CRAN Package Check Results for Package ROracle

Last updated on 2014-09-02 03:49:48.

Flavor Version Tinstall Tcheck Ttotal Status Flags
r-devel-linux-x86_64-debian-clang 1.1-11 1.48 14.83 16.31 OK --install=fake
r-devel-linux-x86_64-debian-gcc 1.1-11 1.20 14.95 16.15 OK --install=fake
r-devel-linux-x86_64-fedora-clang 1.1-11 34.66 OK --install=fake
r-devel-linux-x86_64-fedora-gcc 1.1-11 29.60 OK --install=fake
r-patched-linux-x86_64 1.1-11 1.32 15.36 16.68 OK --install=fake
r-release-linux-ix86 1.1-11 2.06 22.61 24.67 OK --install=fake
r-release-linux-x86_64 1.1-11 1.76 16.12 17.88 OK --install=fake
r-release-osx-x86_64-mavericks 1.1-11 ERROR
r-release-osx-x86_64-snowleopard 1.1-11 ERROR

Check Details

Version: 1.1-11
Check: whether package can be installed
Result: ERROR
    Installation failed.
Flavors: r-release-osx-x86_64-mavericks, r-release-osx-x86_64-snowleopard