CRAN Package Check Results for Package ROracle

Last updated on 2016-04-30 23:48:13.

Flavor Version Tinstall Tcheck Ttotal Status Flags
r-devel-linux-x86_64-debian-gcc 1.2-2 1.31 16.28 17.59 OK --install=fake
r-devel-linux-x86_64-fedora-clang 1.2-2 28.00 OK --install=fake
r-devel-linux-x86_64-fedora-gcc 1.2-2 26.38 OK --install=fake
r-devel-windows-ix86+x86_64 1.2-2 1.00 4.00 5.00 ERROR
r-patched-linux-x86_64 1.2-2 1.30 16.57 17.87 OK --install=fake
r-release-linux-x86_64 1.2-2 1.42 18.13 19.55 OK --install=fake
r-release-osx-x86_64-mavericks 1.2-2 ERROR

Check Details

Version: 1.2-2
Check: whether package can be installed
Result: ERROR
    Installation failed.
Flavors: r-devel-windows-ix86+x86_64, r-release-osx-x86_64-mavericks