CRAN Package Check Results for Package ROracle

Last updated on 2014-12-22 04:46:55.

Flavor Version Tinstall Tcheck Ttotal Status Flags
r-devel-linux-x86_64-debian-clang 1.1-12 1.49 18.75 20.24 OK --install=fake
r-devel-linux-x86_64-debian-gcc 1.1-12 1.42 18.00 19.41 OK --install=fake
r-devel-linux-x86_64-fedora-clang 1.1-12 39.64 OK --install=fake
r-devel-linux-x86_64-fedora-gcc 1.1-12 38.11 OK --install=fake
r-patched-linux-x86_64 1.1-12 1.55 18.54 20.08 OK --install=fake
r-release-linux-ix86 1.1-12 2.10 25.03 27.13 OK --install=fake
r-release-linux-x86_64 1.1-12 1.56 18.41 19.97 OK --install=fake
r-release-osx-x86_64-mavericks 1.1-12 ERROR
r-release-osx-x86_64-snowleopard 1.1-12 ERROR

Check Details

Version: 1.1-12
Check: whether package can be installed
Result: ERROR
    Installation failed.
Flavors: r-release-osx-x86_64-mavericks, r-release-osx-x86_64-snowleopard