CRAN Package Check Results for Package ROracle

Last updated on 2016-12-03 23:47:56.

Flavor Version Tinstall Tcheck Ttotal Status Flags
r-devel-linux-x86_64-debian-clang 1.3-1 1.42 19.58 21.00 OK --install=fake
r-devel-linux-x86_64-debian-gcc 1.3-1 1.56 19.03 20.59 OK --install=fake
r-devel-linux-x86_64-fedora-clang 1.3-1 34.43 OK --install=fake
r-devel-linux-x86_64-fedora-gcc 1.3-1 33.57 OK --install=fake
r-patched-linux-x86_64 1.3-1 1.36 16.93 18.29 OK --install=fake
r-release-linux-x86_64 1.3-1 1.51 16.99 18.51 OK --install=fake
r-release-osx-x86_64-mavericks 1.3-1 ERROR
r-release-windows-ix86+x86_64 1.2-2 1.00 4.00 5.00 ERROR

Check Details

Version: 1.3-1
Check: whether package can be installed
Result: ERROR
    Installation failed.
Flavor: r-release-osx-x86_64-mavericks

Version: 1.2-2
Check: whether package can be installed
Result: ERROR
    Installation failed.
Flavor: r-release-windows-ix86+x86_64