CRAN Package Check Results for Package ROracle

Last updated on 2018-02-25 10:47:27 CET.

Flavor Version Tinstall Tcheck Ttotal Status Flags
r-devel-linux-x86_64-debian-clang 1.3-1 2.53 27.21 29.74 OK --no-examples --no-tests --no-vignettes
r-devel-linux-x86_64-debian-gcc 1.3-1 2.74 21.44 24.18 OK --no-examples --no-tests --no-vignettes
r-devel-windows-ix86+x86_64 1.3-1 1.00 4.00 5.00 ERROR
r-patched-linux-x86_64 1.3-1 1.94 26.97 28.91 OK --no-examples --no-tests --no-vignettes
r-release-linux-x86_64 1.3-1 1.89 27.13 29.02 OK --no-examples --no-tests --no-vignettes
r-release-osx-x86_64 1.3-1 ERROR
r-oldrel-windows-ix86+x86_64 1.2-2 1.00 4.00 5.00 ERROR
r-oldrel-osx-x86_64 1.3-1 ERROR

Check Details

Version: 1.3-1
Check: whether package can be installed
Result: ERROR
    Installation failed.
Flavors: r-devel-windows-ix86+x86_64, r-release-osx-x86_64, r-oldrel-osx-x86_64

Version: 1.2-2
Check: whether package can be installed
Result: ERROR
    Installation failed.
Flavor: r-oldrel-windows-ix86+x86_64