CRAN Package Check Results for Package ROracle

Last updated on 2015-02-01 20:48:45.

Flavor Version Tinstall Tcheck Ttotal Status Flags
r-devel-linux-x86_64-debian-clang 1.1-12 1.35 16.88 18.24 OK --install=fake
r-devel-linux-x86_64-debian-gcc 1.1-12 1.30 16.06 17.36 OK --install=fake
r-devel-linux-x86_64-fedora-clang 1.1-12 32.74 OK --install=fake
r-devel-linux-x86_64-fedora-gcc 1.1-12 32.66 OK --install=fake
r-patched-linux-x86_64 1.1-12 1.65 20.39 22.04 OK --install=fake
r-release-linux-ix86 1.1-12 1.98 25.93 27.91 OK --install=fake
r-release-linux-x86_64 1.1-12 1.55 19.12 20.66 OK --install=fake
r-release-osx-x86_64-mavericks 1.1-12 ERROR
r-release-osx-x86_64-snowleopard 1.1-12 ERROR

Check Details

Version: 1.1-12
Check: whether package can be installed
Result: ERROR
    Installation failed.
Flavors: r-release-osx-x86_64-mavericks, r-release-osx-x86_64-snowleopard