CRAN Package Check Results for Package ROracle

Last updated on 2014-10-24 23:47:59.

Flavor Version Tinstall Tcheck Ttotal Status Flags
r-devel-linux-x86_64-debian-clang 1.1-11 1.45 17.77 19.22 OK --install=fake
r-devel-linux-x86_64-debian-gcc 1.1-11 1.43 17.52 18.95 OK --install=fake
r-devel-linux-x86_64-fedora-clang 1.1-11 36.83 OK --install=fake
r-devel-linux-x86_64-fedora-gcc 1.1-11 33.15 OK --install=fake
r-patched-linux-x86_64 1.1-11 1.54 17.98 19.51 OK --install=fake
r-release-linux-ix86 1.1-11 2.02 24.78 26.80 OK --install=fake
r-release-linux-x86_64 1.1-11 1.56 18.50 20.06 OK --install=fake
r-release-osx-x86_64-mavericks 1.1-11 ERROR
r-release-osx-x86_64-snowleopard 1.1-11 ERROR

Check Details

Version: 1.1-11
Check: whether package can be installed
Result: ERROR
    Installation failed.
Flavors: r-release-osx-x86_64-mavericks, r-release-osx-x86_64-snowleopard