CRAN Package Check Results for Package ROracle

Last updated on 2019-05-24 11:51:35 CEST.

Flavor Version Tinstall Tcheck Ttotal Status Flags
r-devel-linux-x86_64-debian-clang 1.3-1 3.57 30.80 34.37 OK --no-examples --no-tests --no-vignettes
r-devel-linux-x86_64-debian-gcc 1.3-1 3.49 24.21 27.70 OK --no-examples --no-tests --no-vignettes
r-devel-windows-ix86+x86_64 1.3-1 1.00 7.00 8.00 ERROR
r-patched-linux-x86_64 1.3-1 4.15 30.57 34.72 OK --no-examples --no-tests --no-vignettes
r-release-linux-x86_64 1.3-1 4.12 30.59 34.71 OK --no-examples --no-tests --no-vignettes
r-release-osx-x86_64 1.3-1 ERROR
r-oldrel-windows-ix86+x86_64 1.3-1 1.00 4.00 5.00 ERROR
r-oldrel-osx-x86_64 1.3-1 ERROR

Check Details

Version: 1.3-1
Check: whether package can be installed
Result: ERROR
    Installation failed.
Flavors: r-devel-windows-ix86+x86_64, r-release-osx-x86_64, r-oldrel-windows-ix86+x86_64, r-oldrel-osx-x86_64