CRAN Package Check Results for Package ROracle

Last updated on 2017-02-24 11:48:36.

Flavor Version Tinstall Tcheck Ttotal Status Flags
r-devel-linux-x86_64-debian-clang 1.3-1 1.64 19.31 20.95 OK --install=fake
r-devel-linux-x86_64-debian-gcc 1.3-1 1.58 20.46 22.04 OK --install=fake
r-devel-linux-x86_64-fedora-clang 1.3-1 33.28 OK --install=fake --no-stop-on-test-error
r-devel-linux-x86_64-fedora-gcc 1.3-1 31.59 OK --install=fake --no-stop-on-test-error
r-patched-linux-x86_64 1.3-1 1.31 17.36 18.67 OK --install=fake
r-release-linux-x86_64 1.3-1 1.34 17.18 18.53 OK --install=fake
r-release-osx-x86_64-mavericks 1.3-1 ERROR
r-release-windows-ix86+x86_64 1.2-2 1.00 4.00 5.00 ERROR

Check Details

Version: 1.3-1
Check: whether package can be installed
Result: ERROR
    Installation failed.
Flavor: r-release-osx-x86_64-mavericks

Version: 1.2-2
Check: whether package can be installed
Result: ERROR
    Installation failed.
Flavor: r-release-windows-ix86+x86_64