CRAN Package Check Results for Package ROracle

Last updated on 2020-04-08 11:48:21 CEST.

Flavor Version Tinstall Tcheck Ttotal Status Flags
r-devel-linux-x86_64-debian-clang 1.3-1 5.61 33.39 39.00 OK --no-examples --no-tests --no-vignettes
r-devel-linux-x86_64-debian-gcc 1.3-1 4.39 26.03 30.42 OK --no-examples --no-tests --no-vignettes
r-devel-windows-ix86+x86_64 1.3-1 1.00 7.00 8.00 ERROR
r-devel-windows-ix86+x86_64-gcc8 1.3-1 1.00 6.00 7.00 ERROR
r-patched-linux-x86_64 1.3-1 4.80 32.66 37.46 OK --no-examples --no-tests --no-vignettes
r-release-linux-x86_64 1.3-1 3.61 29.81 33.42 OK --no-examples --no-tests --no-vignettes
r-release-osx-x86_64 1.3-1 ERROR
r-oldrel-windows-ix86+x86_64 1.3-1 1.00 4.00 5.00 ERROR
r-oldrel-osx-x86_64 1.3-1 ERROR

Check Details

Version: 1.3-1
Check: whether package can be installed
Result: ERROR
    Installation failed.
Flavors: r-devel-windows-ix86+x86_64, r-devel-windows-ix86+x86_64-gcc8, r-release-osx-x86_64, r-oldrel-windows-ix86+x86_64, r-oldrel-osx-x86_64