CRAN Package Check Results for Package ROracle

Last updated on 2015-09-03 23:47:47.

Flavor Version Tinstall Tcheck Ttotal Status Flags
r-devel-linux-x86_64-debian-clang 1.2-1 1.27 16.14 17.41 OK --install=fake
r-devel-linux-x86_64-debian-gcc 1.2-1 1.44 15.80 17.24 OK --install=fake
r-devel-linux-x86_64-fedora-clang 1.2-1 30.61 OK --install=fake
r-devel-linux-x86_64-fedora-gcc 1.2-1 29.02 OK --install=fake
r-patched-linux-x86_64 1.2-1 1.37 17.36 18.73 OK --install=fake
r-release-linux-x86_64 1.2-1 1.48 17.60 19.07 OK --install=fake
r-release-osx-x86_64-mavericks 1.2-1 ERROR

Check Details

Version: 1.2-1
Check: whether package can be installed
Result: ERROR
    Installation failed.
Flavor: r-release-osx-x86_64-mavericks