CRAN Package Check Results for Package ROracle

Last updated on 2017-08-18 23:48:00.

Flavor Version Tinstall Tcheck Ttotal Status Flags
r-devel-linux-x86_64-debian-clang 1.3-1 1.40 19.73 21.13 OK --install=fake
r-devel-linux-x86_64-debian-gcc 1.3-1 1.46 18.94 20.40 OK --install=fake
r-devel-linux-x86_64-fedora-clang 1.3-1 32.71 OK --install=fake
r-devel-linux-x86_64-fedora-gcc 1.3-1 33.94 OK --install=fake
r-patched-linux-x86_64 1.3-1 1.48 20.70 22.18 OK --install=fake
r-release-linux-x86_64 1.3-1 1.69 20.71 22.39 OK --install=fake
r-release-osx-x86_64 1.3-1 ERROR
r-oldrel-windows-ix86+x86_64 1.2-2 1.00 4.00 5.00 ERROR
r-oldrel-osx-x86_64 1.3-1 ERROR

Check Details

Version: 1.3-1
Check: whether package can be installed
Result: ERROR
    Installation failed.
Flavors: r-release-osx-x86_64, r-oldrel-osx-x86_64

Version: 1.2-2
Check: whether package can be installed
Result: ERROR
    Installation failed.
Flavor: r-oldrel-windows-ix86+x86_64