CRAN Package Check Results for Package ROracle

Last updated on 2015-03-27 08:49:11.

Flavor Version Tinstall Tcheck Ttotal Status Flags
r-devel-linux-x86_64-debian-clang 1.1-12 1.51 17.04 18.55 OK --install=fake
r-devel-linux-x86_64-debian-gcc 1.1-12 1.29 16.76 18.05 OK --install=fake
r-devel-linux-x86_64-fedora-clang 1.1-12 32.74 OK --install=fake
r-devel-linux-x86_64-fedora-gcc 1.1-12 30.63 OK --install=fake
r-prerel-linux-x86_64 1.1-12 1.31 16.94 18.25 OK --install=fake
r-release-linux-x86_64 1.1-12 1.58 18.54 20.12 OK --install=fake
r-release-osx-x86_64-mavericks 1.1-12 ERROR
r-release-osx-x86_64-snowleopard 1.1-12 ERROR

Check Details

Version: 1.1-12
Check: whether package can be installed
Result: ERROR
    Installation failed.
Flavors: r-release-osx-x86_64-mavericks, r-release-osx-x86_64-snowleopard