CRAN Package Check Results for Package ROracle

Last updated on 2021-04-20 06:47:03 CEST.

Flavor Version Tinstall Tcheck Ttotal Status Flags
r-devel-linux-x86_64-debian-clang 1.3-1 5.71 36.46 42.17 OK --no-examples --no-tests --no-vignettes
r-devel-linux-x86_64-debian-gcc 1.3-1 3.94 28.21 32.15 OK --no-examples --no-tests --no-vignettes
r-devel-windows-x86_64-gcc10-UCRT 1.3-1 ERROR
r-patched-linux-x86_64 1.3-1 5.22 34.75 39.97 OK --no-examples --no-tests --no-vignettes
r-release-linux-x86_64 1.3-1 4.83 34.62 39.45 OK --no-examples --no-tests --no-vignettes
r-release-macos-x86_64 1.3-1 ERROR
r-release-windows-ix86+x86_64 1.3-1 2.00 6.00 8.00 ERROR
r-oldrel-macos-x86_64 1.3-1 ERROR

Check Details

Version: 1.3-1
Check: whether package can be installed
Result: ERROR
    Installation failed.
Flavors: r-devel-windows-x86_64-gcc10-UCRT, r-release-macos-x86_64, r-release-windows-ix86+x86_64, r-oldrel-macos-x86_64