CRAN Package Check Results for Package ROracle

Last updated on 2014-04-20 03:47:35.

Flavor Version Tinstall Tcheck Ttotal Status Flags
r-devel-linux-x86_64-debian-clang 1.1-11 1.42 16.74 18.17 OK --install=fake
r-devel-linux-x86_64-debian-gcc 1.1-11 1.40 16.94 18.34 OK --install=fake
r-devel-linux-x86_64-fedora-clang 1.1-11 32.89 OK --install=fake
r-devel-linux-x86_64-fedora-gcc 1.1-11 30.42 OK --install=fake
r-devel-macosx-x86_64-gcc 1.1-11 ERROR
r-patched-linux-x86_64 1.1-11 1.40 17.22 18.62 OK --install=fake
r-release-linux-ix86 OK --install=fake
r-release-linux-x86_64 1.1-11 1.42 16.85 18.27 OK --install=fake
r-release-macosx-x86_64 1.1-11 ERROR

Check Details

Version: 1.1-11
Check: whether package can be installed
Result: ERROR
    Installation failed.
    See ‘/Volumes/XT3/Builds/R-dev-web/QA/Simon/packages/snowleopard-x86_64/results/3.2/ROracle.Rcheck/00install.out’ for details.
Flavor: r-devel-macosx-x86_64-gcc

Version: 1.1-11
Check: whether package can be installed
Result: ERROR
    Installation failed.
    See ‘/Volumes/XT3/Builds/R-dev-web/QA/Simon/packages/snowleopard-x86_64/results/3.1/ROracle.Rcheck/00install.out’ for details.
Flavor: r-release-macosx-x86_64