CRAN Package Check Results for Package ROracle

Last updated on 2017-12-13 01:54:59 CET.

Flavor Version Tinstall Tcheck Ttotal Status Flags
r-devel-linux-x86_64-debian-clang 1.3-1 1.77 26.73 28.50 OK --install=fake
r-devel-linux-x86_64-debian-gcc 1.3-1 1.67 22.29 23.96 OK --install=fake
r-devel-linux-x86_64-fedora-clang 1.3-1 31.45 OK --install=fake
r-devel-linux-x86_64-fedora-gcc 1.3-1 OK --install=fake
r-patched-linux-x86_64 1.3-1 1.84 28.58 30.42 OK --install=fake
r-release-linux-x86_64 1.3-1 2.20 28.60 30.80 OK --install=fake
r-release-osx-x86_64 1.3-1 ERROR
r-oldrel-windows-ix86+x86_64 1.2-2 1.00 4.00 5.00 ERROR
r-oldrel-osx-x86_64 1.3-1 ERROR

Check Details

Version: 1.3-1
Check: whether package can be installed
Result: ERROR
    Installation failed.
Flavors: r-release-osx-x86_64, r-oldrel-osx-x86_64

Version: 1.2-2
Check: whether package can be installed
Result: ERROR
    Installation failed.
Flavor: r-oldrel-windows-ix86+x86_64