CRAN Package Check Results for Package ROracle

Last updated on 2016-09-25 11:47:23.

Flavor Version Tinstall Tcheck Ttotal Status Flags
r-devel-linux-x86_64-debian-clang 1.2-2 1.32 16.57 17.88 OK --install=fake
r-devel-linux-x86_64-debian-gcc 1.2-2 1.46 16.99 18.46 OK --install=fake
r-devel-linux-x86_64-fedora-clang 1.2-2 29.10 OK --install=fake
r-devel-linux-x86_64-fedora-gcc 1.2-2 27.30 OK --install=fake
r-patched-linux-x86_64 1.2-2 1.28 16.82 18.11 OK --install=fake
r-release-linux-x86_64 1.2-2 1.52 16.42 17.94 OK --install=fake
r-release-osx-x86_64-mavericks 1.2-2 ERROR
r-release-windows-ix86+x86_64 1.2-2 1.00 4.00 5.00 ERROR

Check Details

Version: 1.2-2
Check: whether package can be installed
Result: ERROR
    Installation failed.
Flavors: r-release-osx-x86_64-mavericks, r-release-windows-ix86+x86_64