CRAN Package Check Results for Package ROracle

Last updated on 2016-06-29 05:48:49.

Flavor Version Tinstall Tcheck Ttotal Status Flags
r-devel-linux-x86_64-debian-gcc 1.2-2 1.49 18.84 20.33 OK --install=fake
r-devel-linux-x86_64-fedora-clang 1.2-2 28.52 OK --install=fake
r-devel-linux-x86_64-fedora-gcc 1.2-2 26.24 OK --install=fake
r-patched-linux-x86_64 1.2-2 1.43 17.43 18.86 OK --install=fake
r-release-linux-x86_64 1.2-2 1.40 16.83 18.23 OK --install=fake
r-release-osx-x86_64-mavericks 1.2-2 ERROR
r-release-windows-ix86+x86_64 1.2-2 1.00 4.00 5.00 ERROR

Check Details

Version: 1.2-2
Check: whether package can be installed
Result: ERROR
    Installation failed.
Flavors: r-release-osx-x86_64-mavericks, r-release-windows-ix86+x86_64