CRAN Package Check Results for Package ROracle

Last updated on 2015-07-02 19:47:34.

Flavor Version Tinstall Tcheck Ttotal Status Flags
r-devel-linux-x86_64-debian-clang 1.1-12 1.43 16.89 18.32 NOTE --install=fake
r-devel-linux-x86_64-debian-gcc 1.1-12 1.27 16.56 17.83 NOTE --install=fake
r-devel-linux-x86_64-fedora-clang 1.1-12 32.52 NOTE --install=fake
r-devel-linux-x86_64-fedora-gcc 1.1-12 31.60 NOTE --install=fake
r-patched-linux-x86_64 1.1-12 1.29 16.96 18.25 OK --install=fake
r-release-linux-x86_64 1.1-12 1.29 16.95 18.24 OK --install=fake
r-release-osx-x86_64-mavericks 1.1-12 ERROR

Check Details

Version: 1.1-12
Flags: --install=fake
Check: R code for possible problems
Result: NOTE
    .oci.WriteTable: no visible global function definition for ‘head’
    Undefined global functions or variables:
     head
Flavors: r-devel-linux-x86_64-debian-clang, r-devel-linux-x86_64-fedora-clang, r-devel-linux-x86_64-fedora-gcc

Version: 1.1-12
Flags: --install=fake
Check: R code for possible problems
Result: NOTE
    .oci.WriteTable: no visible global function definition for ‘head’
Flavor: r-devel-linux-x86_64-debian-gcc

Version: 1.1-12
Check: whether package can be installed
Result: ERROR
    Installation failed.
Flavor: r-release-osx-x86_64-mavericks