CRAN Package Check Results for Package ROracle

Last updated on 2016-07-24 15:46:56.

Flavor Version Tinstall Tcheck Ttotal Status Flags
r-devel-linux-x86_64-debian-clang 1.2-2 1.62 20.32 21.94 OK --install=fake
r-devel-linux-x86_64-debian-gcc 1.2-2 1.71 21.28 22.99 OK --install=fake
r-devel-linux-x86_64-fedora-clang 1.2-2 28.66 OK --install=fake
r-devel-linux-x86_64-fedora-gcc 1.2-2 27.04 OK --install=fake
r-patched-linux-x86_64 1.2-2 1.72 20.01 21.72 OK --install=fake
r-release-linux-x86_64 1.2-2 1.61 20.17 21.77 OK --install=fake
r-release-osx-x86_64-mavericks 1.2-2 ERROR
r-release-windows-ix86+x86_64 1.2-2 1.00 4.00 5.00 ERROR

Check Details

Version: 1.2-2
Check: whether package can be installed
Result: ERROR
    Installation failed.
Flavors: r-release-osx-x86_64-mavericks, r-release-windows-ix86+x86_64