CRAN Package Check Results for Package ROracle

Last updated on 2017-10-18 02:47:23.

Flavor Version Tinstall Tcheck Ttotal Status Flags
r-devel-linux-x86_64-debian-clang 1.3-1 1.57 19.88 21.45 OK --install=fake
r-devel-linux-x86_64-debian-gcc 1.3-1 1.82 20.50 22.32 OK --install=fake
r-devel-linux-x86_64-fedora-clang 1.3-1 34.75 OK --install=fake
r-devel-linux-x86_64-fedora-gcc 1.3-1 32.81 OK --install=fake
r-patched-linux-x86_64 1.3-1 1.42 20.47 21.89 OK --install=fake
r-release-linux-x86_64 1.3-1 1.64 19.53 21.17 OK --install=fake
r-release-osx-x86_64 1.3-1 ERROR
r-oldrel-windows-ix86+x86_64 1.2-2 1.00 4.00 5.00 ERROR
r-oldrel-osx-x86_64 1.3-1 ERROR

Check Details

Version: 1.3-1
Check: whether package can be installed
Result: ERROR
    Installation failed.
Flavors: r-release-osx-x86_64, r-oldrel-osx-x86_64

Version: 1.2-2
Check: whether package can be installed
Result: ERROR
    Installation failed.
Flavor: r-oldrel-windows-ix86+x86_64