CRAN Package Check Results for Package ROracle

Last updated on 2016-02-08 17:49:42.

Flavor Version Tinstall Tcheck Ttotal Status Flags
r-devel-linux-x86_64-debian-gcc 1.2-1 1.33 15.36 16.69 OK --install=fake
r-devel-linux-x86_64-fedora-clang 1.2-1 28.35 OK --install=fake
r-devel-linux-x86_64-fedora-gcc 1.2-1 26.46 OK --install=fake
r-patched-linux-x86_64 1.2-1 1.68 16.79 18.47 OK --install=fake
r-release-linux-x86_64 1.2-1 1.54 16.64 18.18 OK --install=fake
r-release-osx-x86_64-mavericks 1.2-1 ERROR

Check Details

Version: 1.2-1
Check: whether package can be installed
Result: ERROR
    Installation failed.
Flavor: r-release-osx-x86_64-mavericks