CRAN Package Check Results for Package ROracle

Last updated on 2017-01-22 03:47:24.

Flavor Version Tinstall Tcheck Ttotal Status Flags
r-devel-linux-x86_64-debian-clang 1.3-1 1.41 19.09 20.51 OK --install=fake
r-devel-linux-x86_64-debian-gcc 1.3-1 1.66 19.68 21.34 OK --install=fake
r-devel-linux-x86_64-fedora-clang 1.3-1 32.98 OK --install=fake --no-stop-on-test-error
r-devel-linux-x86_64-fedora-gcc 1.3-1 31.97 OK --install=fake --no-stop-on-test-error
r-patched-linux-x86_64 1.3-1 1.33 17.31 18.63 OK --install=fake
r-release-linux-x86_64 1.3-1 1.44 17.53 18.97 OK --install=fake
r-release-osx-x86_64-mavericks 1.3-1 ERROR
r-release-windows-ix86+x86_64 1.2-2 1.00 4.00 5.00 ERROR

Check Details

Version: 1.3-1
Check: whether package can be installed
Result: ERROR
    Installation failed.
Flavor: r-release-osx-x86_64-mavericks

Version: 1.2-2
Check: whether package can be installed
Result: ERROR
    Installation failed.
Flavor: r-release-windows-ix86+x86_64