CRAN Package Check Results for Package ROracle

Last updated on 2018-04-23 03:50:50 CEST.

Flavor Version Tinstall Tcheck Ttotal Status Flags
r-devel-linux-x86_64-debian-clang 1.3-1 2.88 24.88 27.76 OK --no-examples --no-tests --no-vignettes
r-devel-linux-x86_64-debian-gcc 1.3-1 2.35 21.67 24.02 OK --no-examples --no-tests --no-vignettes
r-devel-windows-ix86+x86_64 1.3-1 1.00 4.00 5.00 ERROR
r-devel-osx-x86_64 1.3-1 ERROR
r-patched-linux-x86_64 1.3-1 3.45 26.78 30.23 OK --no-examples --no-tests --no-vignettes
r-release-linux-x86_64 1.3-1 2.03 26.73 28.76 OK --no-examples --no-tests --no-vignettes
r-release-osx-x86_64 1.3-1 ERROR
r-oldrel-windows-ix86+x86_64 1.2-2 1.00 4.00 5.00 ERROR

Check Details

Version: 1.3-1
Check: whether package can be installed
Result: ERROR
    Installation failed.
Flavors: r-devel-windows-ix86+x86_64, r-devel-osx-x86_64, r-release-osx-x86_64

Version: 1.2-2
Check: whether package can be installed
Result: ERROR
    Installation failed.
Flavor: r-oldrel-windows-ix86+x86_64