CRAN Package Check Results for Package ROracle

Last updated on 2014-07-24 11:53:30.

Flavor Version Tinstall Tcheck Ttotal Status Flags
r-devel-linux-x86_64-debian-clang 1.1-11 1.53 15.30 16.82 OK --install=fake
r-devel-linux-x86_64-debian-gcc 1.1-11 1.27 15.25 16.52 OK --install=fake
r-devel-linux-x86_64-fedora-clang 1.1-11 32.60 OK --install=fake
r-devel-linux-x86_64-fedora-gcc 1.1-11 30.84 OK --install=fake
r-patched-linux-x86_64 1.1-11 1.29 15.58 16.88 OK --install=fake
r-release-linux-ix86 1.1-11 1.78 22.60 24.38 OK --install=fake
r-release-linux-x86_64 1.1-11 1.46 15.80 17.25 OK --install=fake
r-release-osx-x86_64-mavericks 1.1-11 ERROR
r-release-osx-x86_64-snowleopard 1.1-11 ERROR

Check Details

Version: 1.1-11
Check: whether package can be installed
Result: ERROR
    Installation failed.
    See ‘/Builds/CRAN-QA-Simon/packages/mavericks-x86_64/results/3.1/ROracle.Rcheck/00install.out’ for details.
Flavor: r-release-osx-x86_64-mavericks

Version: 1.1-11
Check: whether package can be installed
Result: ERROR
    Installation failed.
    See ‘/Volumes/XT3/Builds/R-dev-web/QA/Simon/packages/snowleopard-x86_64/results/3.1/ROracle.Rcheck/00install.out’ for details.
Flavor: r-release-osx-x86_64-snowleopard