CRAN Package Check Results for Package ROracle

Last updated on 2020-08-06 09:49:11 CEST.

Flavor Version Tinstall Tcheck Ttotal Status Flags
r-devel-linux-x86_64-debian-clang 1.3-1 5.85 33.91 39.76 OK --no-examples --no-tests --no-vignettes
r-devel-linux-x86_64-debian-gcc 1.3-1 4.54 25.78 30.32 OK --no-examples --no-tests --no-vignettes
r-patched-linux-x86_64 1.3-1 5.67 33.33 39.00 OK --no-examples --no-tests --no-vignettes
r-release-linux-x86_64 1.3-1 5.67 33.11 38.78 OK --no-examples --no-tests --no-vignettes
r-release-macos-x86_64 1.3-1 ERROR
r-release-windows-ix86+x86_64 1.3-1 2.00 6.00 8.00 ERROR
r-oldrel-macos-x86_64 1.3-1 ERROR

Check Details

Version: 1.3-1
Check: whether package can be installed
Result: ERROR
    Installation failed.
Flavors: r-release-macos-x86_64, r-release-windows-ix86+x86_64, r-oldrel-macos-x86_64