CRAN Package Check Results for Package ROracle

Last updated on 2017-05-24 01:49:24.

Flavor Version Tinstall Tcheck Ttotal Status Flags
r-devel-linux-x86_64-debian-clang 1.3-1 1.48 20.53 22.01 OK --install=fake
r-devel-linux-x86_64-debian-gcc 1.3-1 1.57 19.95 21.52 OK --install=fake
r-devel-linux-x86_64-fedora-clang 1.3-1 34.13 OK --install=fake --no-stop-on-test-error
r-devel-linux-x86_64-fedora-gcc 1.3-1 32.15 OK --install=fake --no-stop-on-test-error
r-patched-linux-x86_64 1.3-1 1.61 20.21 21.82 OK --install=fake
r-release-linux-x86_64 1.3-1 1.46 20.40 21.87 OK --install=fake
r-release-osx-x86_64 1.3-1 ERROR
r-oldrel-windows-ix86+x86_64 1.2-2 1.00 4.00 5.00 ERROR
r-oldrel-osx-x86_64 1.3-1 ERROR

Check Details

Version: 1.3-1
Check: whether package can be installed
Result: ERROR
    Installation failed.
Flavors: r-release-osx-x86_64, r-oldrel-osx-x86_64

Version: 1.2-2
Check: whether package can be installed
Result: ERROR
    Installation failed.
Flavor: r-oldrel-windows-ix86+x86_64