CRAN Package Check Results for Package ROracle

Last updated on 2017-03-28 15:48:33.

Flavor Version Tinstall Tcheck Ttotal Status Flags
r-devel-linux-x86_64-debian-clang 1.3-1 1.56 19.43 20.99 OK --install=fake
r-devel-linux-x86_64-debian-gcc 1.3-1 1.49 20.00 21.49 OK --install=fake
r-devel-linux-x86_64-fedora-clang 1.3-1 32.78 OK --install=fake --no-stop-on-test-error
r-devel-linux-x86_64-fedora-gcc 1.3-1 31.72 OK --install=fake --no-stop-on-test-error
r-patched-linux-x86_64 1.3-1 1.54 19.45 20.99 OK --install=fake
r-release-linux-x86_64 1.3-1 1.50 17.46 18.96 OK --install=fake
r-release-osx-x86_64-mavericks 1.3-1 ERROR
r-release-windows-ix86+x86_64 1.2-2 1.00 4.00 5.00 ERROR

Check Details

Version: 1.3-1
Check: whether package can be installed
Result: ERROR
    Installation failed.
Flavor: r-release-osx-x86_64-mavericks

Version: 1.2-2
Check: whether package can be installed
Result: ERROR
    Installation failed.
Flavor: r-release-windows-ix86+x86_64