CRAN Package Check Results for Package ROracle

Last updated on 2014-11-27 11:55:52.

Flavor Version Tinstall Tcheck Ttotal Status Flags
r-devel-linux-x86_64-debian-clang 1.1-12 1.52 18.85 20.38 OK --install=fake
r-devel-linux-x86_64-debian-gcc 1.1-12 1.45 19.30 20.75 OK --install=fake
r-devel-linux-x86_64-fedora-clang 1.1-12 40.32 OK --install=fake
r-devel-linux-x86_64-fedora-gcc 1.1-12 42.55 OK --install=fake
r-patched-linux-x86_64 1.1-12 1.55 18.47 20.02 OK --install=fake
r-release-linux-ix86 1.1-12 1.98 25.10 27.08 OK --install=fake
r-release-linux-x86_64 1.1-12 1.54 18.90 20.45 OK --install=fake
r-release-osx-x86_64-mavericks 1.1-12 ERROR
r-release-osx-x86_64-snowleopard 1.1-12 ERROR

Check Details

Version: 1.1-12
Check: whether package can be installed
Result: ERROR
    Installation failed.
Flavors: r-release-osx-x86_64-mavericks, r-release-osx-x86_64-snowleopard