CRAN Package Check Results for Package ROracle

Last updated on 2015-05-27 17:47:25.

Flavor Version Tinstall Tcheck Ttotal Status Flags
r-devel-linux-x86_64-debian-clang 1.1-12 1.43 17.46 18.89 OK --install=fake
r-devel-linux-x86_64-debian-gcc 1.1-12 1.29 16.66 17.95 OK --install=fake
r-devel-linux-x86_64-fedora-clang 1.1-12 32.74 OK --install=fake
r-devel-linux-x86_64-fedora-gcc 1.1-12 32.80 OK --install=fake
r-patched-linux-x86_64 1.1-12 1.36 16.78 18.14 OK --install=fake
r-release-linux-x86_64 1.1-12 1.31 17.26 18.57 OK --install=fake
r-release-osx-x86_64-mavericks 1.1-12 ERROR
r-release-osx-x86_64-snowleopard 1.1-12 ERROR

Check Details

Version: 1.1-12
Check: whether package can be installed
Result: ERROR
    Installation failed.
Flavors: r-release-osx-x86_64-mavericks, r-release-osx-x86_64-snowleopard