CRAN Package Check Results for Package ROracle

Last updated on 2018-10-21 01:47:14 CEST.

Flavor Version Tinstall Tcheck Ttotal Status Flags
r-devel-linux-x86_64-debian-clang 1.3-1 3.29 30.73 34.02 OK --no-examples --no-tests --no-vignettes
r-devel-linux-x86_64-debian-gcc 1.3-1 2.95 24.49 27.44 OK --no-examples --no-tests --no-vignettes
r-patched-linux-x86_64 1.3-1 3.16 27.38 30.54 OK --no-examples --no-tests --no-vignettes
r-release-linux-x86_64 1.3-1 3.46 27.48 30.94 OK --no-examples --no-tests --no-vignettes
r-release-windows-ix86+x86_64 1.3-1 1.00 4.00 5.00 ERROR
r-release-osx-x86_64 1.3-1 ERROR
r-oldrel-osx-x86_64 1.3-1 ERROR

Check Details

Version: 1.3-1
Check: whether package can be installed
Result: ERROR
    Installation failed.
Flavors: r-release-windows-ix86+x86_64, r-release-osx-x86_64, r-oldrel-osx-x86_64