CRAN Package Check Results for Package ROracle

Last updated on 2017-06-27 04:48:32.

Flavor Version Tinstall Tcheck Ttotal Status Flags
r-devel-linux-x86_64-debian-clang 1.3-1 1.67 19.89 21.56 OK --install=fake
r-devel-linux-x86_64-debian-gcc 1.3-1 1.56 15.99 17.55 OK --install=fake
r-devel-linux-x86_64-fedora-clang 1.3-1 33.90 OK --install=fake
r-devel-linux-x86_64-fedora-gcc 1.3-1 32.57 OK --install=fake
r-patched-linux-x86_64 1.3-1 1.70 19.63 21.33 OK --install=fake
r-release-linux-x86_64 1.3-1 1.50 20.58 22.07 OK --install=fake
r-release-osx-x86_64 1.3-1 ERROR
r-oldrel-windows-ix86+x86_64 1.2-2 1.00 4.00 5.00 ERROR
r-oldrel-osx-x86_64 1.3-1 ERROR

Check Details

Version: 1.3-1
Check: whether package can be installed
Result: ERROR
    Installation failed.
Flavors: r-release-osx-x86_64, r-oldrel-osx-x86_64

Version: 1.2-2
Check: whether package can be installed
Result: ERROR
    Installation failed.
Flavor: r-oldrel-windows-ix86+x86_64