CRAN Package Check Results for Package RPCLR

Last updated on 2014-04-21 12:31:40.

Flavor Version Tinstall Tcheck Ttotal Status Flags
r-devel-linux-x86_64-debian-clang 1.0 0.67 13.46 14.12 NOTE
r-devel-linux-x86_64-debian-gcc 1.0 0.69 13.68 14.37 NOTE
r-devel-linux-x86_64-fedora-clang 1.0 27.27 NOTE
r-devel-linux-x86_64-fedora-gcc 1.0 26.13 NOTE
r-devel-osx-x86_64-clang 1.0 30.67 NOTE
r-devel-osx-x86_64-gcc 1.0 NOTE
r-devel-windows-ix86+x86_64 1.0 3.00 23.00 26.00 NOTE
r-patched-linux-x86_64 1.0 0.73 14.03 14.76 NOTE
r-patched-solaris-sparc 1.0 163.20 NOTE
r-patched-solaris-x86 1.0 37.80 NOTE
r-release-linux-x86_64 1.0 0.68 13.57 14.26 NOTE
r-release-osx-x86_64-mavericks 1.0 WARN
r-release-osx-x86_64-snowleopard 1.0 NOTE
r-release-windows-ix86+x86_64 1.0 4.00 23.00 27.00 NOTE
r-oldrel-windows-ix86+x86_64 1.0 3.00 23.00 26.00 NOTE

Check Details

Version: 1.0
Check: dependencies in R code
Result: NOTE
    'library' or 'require' calls to packages already attached by Depends:
     ‘MASS’ ‘survival’
     Please remove these calls from your code.
    Packages in Depends field not imported from:
     ‘MASS’ ‘survival’
     These packages need to be imported from (in the NAMESPACE file)
     for when this namespace is loaded but not attached.
    See the information on DESCRIPTION files in the chapter ‘Creating R
    packages’ of the ‘Writing R Extensions’ manual.
Flavors: r-devel-linux-x86_64-debian-clang, r-devel-linux-x86_64-debian-gcc, r-devel-linux-x86_64-fedora-clang, r-devel-linux-x86_64-fedora-gcc, r-devel-osx-x86_64-clang, r-devel-osx-x86_64-gcc, r-devel-windows-ix86+x86_64, r-patched-linux-x86_64, r-patched-solaris-sparc, r-patched-solaris-x86, r-release-linux-x86_64, r-release-osx-x86_64-mavericks, r-release-windows-ix86+x86_64, r-oldrel-windows-ix86+x86_64

Version: 1.0
Check: top-level files
Result: NOTE
    Non-standard file/directory found at top level:
     ‘Read-and-delete-me’
Flavors: r-devel-linux-x86_64-fedora-clang, r-devel-linux-x86_64-fedora-gcc

Version: 1.0
Check: Rd line widths
Result: NOTE
    Rd file 'GetVarImp.Rd':
     \examples lines wider than 100 characters:
     hist(MyResults, breaks=6, col="orange", xlab="Importance score", ylab="Number of features", main="Histogram of R-PCLR variable importan ... [TRUNCATED]
     ## Sort from most important (highest importance score) to least important feature (lowest importance score)
    
    These lines will be truncated in the PDF manual.
Flavors: r-devel-linux-x86_64-fedora-clang, r-devel-linux-x86_64-fedora-gcc

Version: 1.0
Check: PDF version of manual
Result: WARNING
    LaTeX errors when creating PDF version.
    This typically indicates Rd problems.
    LaTeX errors found:
    ! LaTeX Error: File `upquote.sty' not found.
    
    Type X to quit or <RETURN> to proceed,
    or enter new name. (Default extension: sty)
    
    6e39d1f4/Rd2.tex:8: ==> Fatal error occurred, no output PDF file produced!
Flavor: r-release-osx-x86_64-mavericks

Version: 1.0
Check: dependencies in R code
Result: NOTE
    'library' or 'require' calls to packages already attached by Depends:
     'MASS' 'survival'
     Please remove these calls from your code.
    See the information on DESCRIPTION files in the chapter 'Creating R
    packages' of the 'Writing R Extensions' manual.
Flavor: r-release-osx-x86_64-snowleopard