CRAN Package Check Results for Package RPCLR

Last updated on 2014-07-24 11:53:30.

Flavor Version Tinstall Tcheck Ttotal Status Flags
r-devel-linux-x86_64-debian-clang 1.0 0.64 12.99 13.63 NOTE
r-devel-linux-x86_64-debian-gcc 1.0 0.59 12.72 13.30 NOTE
r-devel-linux-x86_64-fedora-clang 1.0 27.18 NOTE
r-devel-linux-x86_64-fedora-gcc 1.0 27.05 NOTE
r-devel-osx-x86_64-clang 1.0 30.41 NOTE
r-devel-windows-ix86+x86_64 1.0 3.00 23.00 26.00 NOTE
r-patched-linux-x86_64 1.0 0.65 12.97 13.62 NOTE
r-patched-solaris-sparc 1.0 163.20 NOTE
r-patched-solaris-x86 1.0 37.50 NOTE
r-release-linux-ix86 1.0 0.95 19.40 20.36 NOTE
r-release-linux-x86_64 1.0 0.63 13.07 13.70 NOTE
r-release-osx-x86_64-mavericks 1.0 NOTE
r-release-osx-x86_64-snowleopard 1.0 NOTE
r-release-windows-ix86+x86_64 1.0 3.00 23.00 26.00 NOTE
r-oldrel-windows-ix86+x86_64 1.0 3.00 23.00 26.00 NOTE

Check Details

Version: 1.0
Check: dependencies in R code
Result: NOTE
    'library' or 'require' calls to packages already attached by Depends:
     ‘MASS’ ‘survival’
     Please remove these calls from your code.
    Packages in Depends field not imported from:
     ‘MASS’ ‘survival’
     These packages need to be imported from (in the NAMESPACE file)
     for when this namespace is loaded but not attached.
    See the information on DESCRIPTION files in the chapter ‘Creating R
    packages’ of the ‘Writing R Extensions’ manual.
Flavors: r-devel-linux-x86_64-debian-clang, r-devel-linux-x86_64-debian-gcc, r-devel-linux-x86_64-fedora-clang, r-devel-linux-x86_64-fedora-gcc, r-devel-osx-x86_64-clang, r-devel-windows-ix86+x86_64, r-patched-linux-x86_64, r-patched-solaris-sparc, r-patched-solaris-x86, r-release-linux-ix86, r-release-linux-x86_64, r-release-osx-x86_64-mavericks, r-release-windows-ix86+x86_64, r-oldrel-windows-ix86+x86_64

Version: 1.0
Check: top-level files
Result: NOTE
    Non-standard file/directory found at top level:
     ‘Read-and-delete-me’
Flavors: r-devel-linux-x86_64-fedora-clang, r-devel-linux-x86_64-fedora-gcc

Version: 1.0
Check: Rd line widths
Result: NOTE
    Rd file 'GetVarImp.Rd':
     \examples lines wider than 100 characters:
     hist(MyResults, breaks=6, col="orange", xlab="Importance score", ylab="Number of features", main="Histogram of R-PCLR variable importan ... [TRUNCATED]
     ## Sort from most important (highest importance score) to least important feature (lowest importance score)
    
    These lines will be truncated in the PDF manual.
Flavors: r-devel-linux-x86_64-fedora-clang, r-devel-linux-x86_64-fedora-gcc

Version: 1.0
Check: dependencies in R code
Result: NOTE
    'library' or 'require' calls to packages already attached by Depends:
     'MASS' 'survival'
     Please remove these calls from your code.
    See the information on DESCRIPTION files in the chapter 'Creating R
    packages' of the 'Writing R Extensions' manual.
Flavor: r-release-osx-x86_64-snowleopard