CRAN Package Check Results for Package RPCLR

Last updated on 2016-02-14 10:46:57.

Flavor Version Tinstall Tcheck Ttotal Status Flags
r-devel-linux-x86_64-debian-gcc 1.0 0.54 10.99 11.54 NOTE
r-devel-linux-x86_64-fedora-clang 1.0 21.21 NOTE
r-devel-linux-x86_64-fedora-gcc 1.0 20.14 NOTE
r-devel-osx-x86_64-clang 1.0 23.61 NOTE
r-devel-windows-ix86+x86_64 1.0 5.00 39.00 44.00 NOTE
r-patched-linux-x86_64 1.0 0.64 11.66 12.31 NOTE
r-patched-solaris-sparc 1.0 137.60 NOTE
r-patched-solaris-x86 1.0 30.60 NOTE
r-release-linux-x86_64 1.0 0.64 12.21 12.85 NOTE
r-release-osx-x86_64-mavericks 1.0 NOTE
r-release-windows-ix86+x86_64 1.0 4.00 34.00 38.00 NOTE
r-oldrel-windows-ix86+x86_64 1.0 5.00 28.00 33.00 NOTE

Check Details

Version: 1.0
Check: top-level files
Result: NOTE
    Non-standard file/directory found at top level:
     ‘Read-and-delete-me’
Flavors: r-devel-linux-x86_64-debian-gcc, r-devel-linux-x86_64-fedora-clang, r-devel-linux-x86_64-fedora-gcc, r-patched-linux-x86_64, r-release-linux-x86_64

Version: 1.0
Check: dependencies in R code
Result: NOTE
    'library' or 'require' calls to packages already attached by Depends:
     ‘MASS’ ‘survival’
     Please remove these calls from your code.
    Packages in Depends field not imported from:
     ‘MASS’ ‘survival’
     These packages need to be imported from (in the NAMESPACE file)
     for when this namespace is loaded but not attached.
Flavors: r-devel-linux-x86_64-debian-gcc, r-devel-linux-x86_64-fedora-clang, r-devel-linux-x86_64-fedora-gcc, r-devel-osx-x86_64-clang, r-devel-windows-ix86+x86_64, r-patched-linux-x86_64, r-patched-solaris-sparc, r-patched-solaris-x86, r-release-linux-x86_64, r-release-osx-x86_64-mavericks, r-release-windows-ix86+x86_64, r-oldrel-windows-ix86+x86_64

Version: 1.0
Check: R code for possible problems
Result: NOTE
    GenerateData: no visible global function definition for ‘mvrnorm’
    GetVarImp : FitPenalizedModel: no visible global function definition
     for ‘clogit’
    Undefined global functions or variables:
     clogit mvrnorm
Flavors: r-devel-linux-x86_64-debian-gcc, r-devel-linux-x86_64-fedora-clang, r-devel-linux-x86_64-fedora-gcc, r-devel-osx-x86_64-clang, r-devel-windows-ix86+x86_64

Version: 1.0
Check: Rd line widths
Result: NOTE
    Rd file 'GetVarImp.Rd':
     \examples lines wider than 100 characters:
     hist(MyResults, breaks=6, col="orange", xlab="Importance score", ylab="Number of features", main="Histogram of R-PCLR variable importan ... [TRUNCATED]
     ## Sort from most important (highest importance score) to least important feature (lowest importance score)
    
    These lines will be truncated in the PDF manual.
Flavors: r-devel-linux-x86_64-debian-gcc, r-devel-linux-x86_64-fedora-clang, r-devel-linux-x86_64-fedora-gcc, r-patched-linux-x86_64, r-release-linux-x86_64

Version: 1.0
Check: R code for possible problems
Result: NOTE
    GenerateData: no visible global function definition for ‘mvrnorm’
    GetVarImp : FitPenalizedModel: no visible global function definition
     for ‘clogit’
Flavors: r-patched-linux-x86_64, r-patched-solaris-sparc, r-patched-solaris-x86, r-release-linux-x86_64, r-release-osx-x86_64-mavericks, r-release-windows-ix86+x86_64, r-oldrel-windows-ix86+x86_64