CRAN Package Check Results for Package RPMG

Last updated on 2015-09-02 05:47:23.

Flavor Version Tinstall Tcheck Ttotal Status Flags
r-devel-linux-x86_64-debian-clang 2.1-7 0.88 14.97 15.85 NOTE
r-devel-linux-x86_64-debian-gcc 2.1-7 0.78 14.51 15.29 NOTE
r-devel-linux-x86_64-fedora-clang 2.1-7 29.04 NOTE
r-devel-linux-x86_64-fedora-gcc 2.1-7 27.36 NOTE
r-devel-osx-x86_64-clang 2.1-7 27.95 OK
r-devel-windows-ix86+x86_64 2.1-7 4.00 29.00 33.00 NOTE
r-patched-linux-x86_64 2.1-7 0.90 14.94 15.85 OK
r-patched-solaris-sparc 2.1-7 197.60 OK
r-patched-solaris-x86 2.1-7 39.70 OK
r-release-linux-x86_64 2.1-7 0.85 16.04 16.89 OK
r-release-osx-x86_64-mavericks 2.1-7 OK
r-release-windows-ix86+x86_64 2.1-7 4.00 43.00 47.00 OK
r-oldrel-windows-ix86+x86_64 2.1-7 4.00 28.00 32.00 OK

Check Details

Version: 2.1-7
Check: R code for possible problems
Result: NOTE
    Gcols: no visible global function definition for ‘grey’
    HOZscale: no visible global function definition for ‘par’
    HOZscale: no visible global function definition for ‘rect’
    HOZscale: no visible global function definition for ‘text’
    OPTREPLOT: no visible global function definition for ‘plot’
    OPTREPLOT: no visible global function definition for ‘rect’
    OPTREPLOT: no visible global function definition for ‘text’
    SELOPT: no visible global function definition for ‘grey’
    SELOPT: no visible global function definition for ‘rgb’
    SELOPT: no visible global function definition for ‘par’
    SELOPT: no visible global function definition for ‘locator’
    SELOPT: no visible global function definition for ‘rect’
    SELOPT: no visible global function definition for ‘title’
    SHOWPAL: no visible global function definition for ‘par’
    SHOWPAL: no visible global function definition for ‘plot’
    SHOWPAL: no visible global function definition for ‘title’
    VVwheel: no visible global function definition for ‘plot’
    VVwheel: no visible global function definition for ‘hsv’
    VVwheel: no visible global function definition for ‘rect’
    XSECDEM: no visible global function definition for ‘image’
    XSECDEM: no visible global function definition for ‘locator’
    XSECDEM: no visible global function definition for ‘par’
    XSECDEM: no visible global function definition for ‘postscript’
    XSECDEM: no visible global function definition for ‘contour’
    XSECDEM: no visible global function definition for ‘segments’
    XSECDEM: no visible global function definition for ‘text’
    XSECDEM: no visible global function definition for ‘dev.off’
    aGETXprofile: no visible global function definition for ‘locator’
    aGETXprofile: no visible global function definition for ‘lm’
    aGETXprofile: no visible global function definition for ‘dev.cur’
    aGETXprofile: no visible global function definition for ‘dev.new’
    aGETXprofile: no visible global function definition for ‘plot’
    aGETXprofile: no visible global function definition for ‘points’
    aGETXprofile: no visible global function definition for ‘text’
    aGETXprofile: no visible global function definition for ‘dev.set’
    butdoc: no visible global function definition for ‘dev.new’
    butdoc: no visible global function definition for ‘par’
    butdoc: no visible global function definition for ‘layout’
    chooser: no visible global function definition for ‘dev.cur’
    chooser: no visible global function definition for ‘dev.new’
    chooser: no visible global function definition for ‘plot’
    chooser: no visible global function definition for ‘rect’
    chooser: no visible global function definition for ‘text’
    chooser: no visible global function definition for ‘dev.set’
    chooser: no visible global function definition for ‘locator’
    chooser: no visible global function definition for ‘dev.off’
    colwheel: no visible global function definition for ‘par’
    colwheel : changev: no visible global function definition for ‘par’
    colwheel : changev: no visible global function definition for ‘rect’
    colwheel : changev: no visible global function definition for ‘rgb’
    colwheel : changev: no visible global function definition for ‘text’
    colwheel : changev: no visible global function definition for
     ‘segments’
    colwheel : changev: no visible global function definition for ‘locator’
    colwheel: no visible global function definition for ‘rgb’
    colwheel: no visible global function definition for ‘dev.cur’
    colwheel: no visible global function definition for ‘locator’
    colwheel: no visible global function definition for ‘rect’
    colwheel: no visible global function definition for ‘col2rgb’
    colwheel: no visible global function definition for ‘dev.new’
    colwheel: no visible global function definition for ‘dev.set’
    hcl.colors: no visible global function definition for ‘hcl’
    ilocator: no visible global function definition for ‘par’
    ilocator: no visible global function definition for ‘locator’
    ilocator: no visible global function definition for ‘points’
    ilocator: no visible global function definition for ‘abline’
    ilocator: no visible global function definition for ‘segments’
    ilocator: no visible global function definition for ‘gray’
    ilocator: no visible global function definition for ‘text’
    jpdf: no visible global function definition for ‘par’
    jpdf: no visible global function definition for ‘pdf’
    jpng: no visible global function definition for ‘par’
    jpng: no visible global function definition for ‘png’
    jpostscript: no visible global function definition for ‘par’
    jpostscript: no visible global function definition for ‘postscript’
    label.it: no visible global function definition for ‘par’
    label.it: no visible global function definition for ‘text’
    pastel.colors: no visible global function definition for ‘runif’
    pastel.colors: no visible global function definition for ‘rgb’
    pickcolors: no visible global function definition for ‘colors’
    rainbow.colors: no visible global function definition for ‘rainbow’
    rowBUTTONS: no visible global function definition for ‘par’
    rowBUTTONS: no visible global function definition for ‘strwidth’
    rowBUTTONS: no visible global function definition for ‘points’
    rowBUTTONS: no visible global function definition for ‘rect’
    rowBUTTONS: no visible global function definition for ‘text’
    see.pal: no visible global function definition for ‘par’
    see.pal: no visible global function definition for ‘rect’
    shade.col: no visible global function definition for ‘rgb’
    slideshow: no visible global function definition for ‘plot’
    slideshow: no visible global function definition for ‘text’
    slideshow: no visible global function definition for ‘locator’
    textrect: no visible global function definition for ‘par’
    textrect: no visible global function definition for ‘strwidth’
    textrect: no visible global function definition for ‘strheight’
    textrect: no visible global function definition for ‘rect’
    textrect: no visible global function definition for ‘text’
    wheelrgb: no visible global function definition for ‘hsv’
    ymarginfo: no visible global function definition for ‘par’
    Undefined global functions or variables:
     abline col2rgb colors contour dev.cur dev.new dev.off dev.set gray
     grey hcl hsv image layout lm locator par pdf plot png points
     postscript rainbow rect rgb runif segments strheight strwidth text
     title
    Consider adding
     importFrom("grDevices", "col2rgb", "colors", "dev.cur", "dev.new",
     "dev.off", "dev.set", "gray", "grey", "hcl", "hsv", "pdf",
     "png", "postscript", "rainbow", "rgb")
     importFrom("graphics", "abline", "contour", "image", "layout",
     "locator", "par", "plot", "points", "rect", "segments",
     "strheight", "strwidth", "text", "title")
     importFrom("stats", "lm", "runif")
    to your NAMESPACE.
Flavors: r-devel-linux-x86_64-debian-clang, r-devel-linux-x86_64-debian-gcc, r-devel-linux-x86_64-fedora-clang, r-devel-linux-x86_64-fedora-gcc, r-devel-windows-ix86+x86_64