CRAN Package Check Results for Package RPMG

Last updated on 2015-03-03 03:49:05.

Flavor Version Tinstall Tcheck Ttotal Status Flags
r-devel-linux-x86_64-debian-clang 2.1-5 0.83 16.21 17.04 NOTE
r-devel-linux-x86_64-debian-gcc 2.1-5 0.80 16.35 17.15 NOTE
r-devel-linux-x86_64-fedora-clang 2.1-5 31.29 NOTE
r-devel-linux-x86_64-fedora-gcc 2.1-5 28.83 NOTE
r-devel-osx-x86_64-clang 2.1-5 33.71 NOTE
r-devel-windows-ix86+x86_64 2.1-5 5.00 26.00 31.00 NOTE
r-patched-linux-x86_64 2.1-5 0.89 16.49 17.38 OK
r-patched-solaris-sparc 2.1-5 196.30 OK
r-patched-solaris-x86 2.1-5 43.50 OK
r-release-linux-ix86 2.1-5 1.19 22.39 23.58 OK
r-release-linux-x86_64 2.1-5 0.86 16.58 17.44 OK
r-release-osx-x86_64-mavericks 2.1-5 OK
r-release-osx-x86_64-snowleopard 2.1-5 OK
r-release-windows-ix86+x86_64 2.1-5 3.00 26.00 29.00 OK
r-oldrel-windows-ix86+x86_64 2.1-5 3.00 28.00 31.00 OK

Check Details

Version: 2.1-5
Check: DESCRIPTION meta-information
Result: NOTE
    Malformed Description field: should contain one or more complete sentences.
Flavors: r-devel-linux-x86_64-debian-clang, r-devel-linux-x86_64-debian-gcc, r-devel-linux-x86_64-fedora-clang, r-devel-linux-x86_64-fedora-gcc, r-devel-osx-x86_64-clang, r-devel-windows-ix86+x86_64