CRAN Package Check Results for Package RPMG

Last updated on 2015-04-21 02:48:44.

Flavor Version Tinstall Tcheck Ttotal Status Flags
r-devel-linux-x86_64-debian-clang 2.1-5 0.90 15.46 16.35 NOTE
r-devel-linux-x86_64-debian-gcc 2.1-5 0.82 15.17 15.99 NOTE
r-devel-linux-x86_64-fedora-clang 2.1-5 30.69 NOTE
r-devel-linux-x86_64-fedora-gcc 2.1-5 28.78 NOTE
r-devel-osx-x86_64-clang 2.1-5 33.78 NOTE
r-devel-windows-ix86+x86_64 2.1-5 3.00 26.00 29.00 NOTE
r-patched-linux-x86_64 2.1-5 0.83 15.30 16.12 NOTE
r-patched-solaris-sparc 2.1-5 196.10 NOTE
r-patched-solaris-x86 2.1-5 38.60 NOTE
r-release-linux-x86_64 2.1-5 0.82 15.16 15.98 NOTE
r-release-osx-x86_64-mavericks 2.1-5 NOTE
r-release-osx-x86_64-snowleopard 2.1-5 NOTE
r-release-windows-ix86+x86_64 2.1-5 2.00 28.00 30.00 NOTE
r-oldrel-windows-ix86+x86_64 2.1-5 5.00 28.00 33.00 OK

Check Details

Version: 2.1-5
Check: DESCRIPTION meta-information
Result: NOTE
    Malformed Description field: should contain one or more complete sentences.
Flavors: r-devel-linux-x86_64-debian-clang, r-devel-linux-x86_64-debian-gcc, r-devel-linux-x86_64-fedora-clang, r-devel-linux-x86_64-fedora-gcc, r-devel-osx-x86_64-clang, r-devel-windows-ix86+x86_64, r-patched-linux-x86_64, r-patched-solaris-sparc, r-patched-solaris-x86, r-release-linux-x86_64, r-release-osx-x86_64-mavericks, r-release-osx-x86_64-snowleopard, r-release-windows-ix86+x86_64