CRAN Package Check Results for Package RPMM

Last updated on 2015-03-04 19:50:29.

Flavor Version Tinstall Tcheck Ttotal Status Flags
r-devel-linux-x86_64-debian-clang 1.20 0.93 16.43 17.36 NOTE
r-devel-linux-x86_64-debian-gcc 1.20 0.89 16.06 16.95 NOTE
r-devel-linux-x86_64-fedora-clang 1.20 33.58 NOTE
r-devel-linux-x86_64-fedora-gcc 1.20 30.99 NOTE
r-devel-osx-x86_64-clang 1.20 35.20 NOTE
r-devel-windows-ix86+x86_64 1.20 4.00 26.00 30.00 OK
r-patched-linux-x86_64 1.20 1.00 17.70 18.70 OK
r-patched-solaris-sparc 1.20 231.40 OK
r-patched-solaris-x86 1.20 48.20 OK
r-release-linux-ix86 1.20 1.34 24.03 25.37 OK
r-release-linux-x86_64 1.20 1.02 17.32 18.34 OK
r-release-osx-x86_64-mavericks 1.20 OK
r-release-osx-x86_64-snowleopard 1.20 OK
r-release-windows-ix86+x86_64 1.20 4.00 31.00 35.00 OK
r-oldrel-windows-ix86+x86_64 1.20 4.00 31.00 35.00 OK

Check Details

Version: 1.20
Check: S3 generic/method consistency
Result: NOTE
    Found the following apparent S3 methods exported but not registered:
     plot.blcTree plot.glcTree predict.blcTree predict.glcTree
     print.blcTree print.glcTree
    See section ‘Registering S3 methods’ in the ‘Writing R Extensions’
    manual.
Flavors: r-devel-linux-x86_64-debian-clang, r-devel-linux-x86_64-debian-gcc, r-devel-linux-x86_64-fedora-clang, r-devel-linux-x86_64-fedora-gcc, r-devel-osx-x86_64-clang