CRAN Package Check Results for Package RPMM

Last updated on 2014-08-01 08:49:50.

Flavor Version Tinstall Tcheck Ttotal Status Flags
r-devel-linux-x86_64-debian-clang 1.10 0.98 18.50 19.48 OK
r-devel-linux-x86_64-debian-gcc 1.10 0.97 17.10 18.07 OK
r-devel-linux-x86_64-fedora-clang 1.10 36.32 NOTE
r-devel-linux-x86_64-fedora-gcc 1.10 34.38 NOTE
r-devel-osx-x86_64-clang 1.10 37.06 OK
r-devel-windows-ix86+x86_64 1.10 4.00 28.00 32.00 OK
r-patched-linux-x86_64 1.10 0.94 16.68 17.62 OK
r-patched-solaris-sparc 1.10 220.90 OK
r-patched-solaris-x86 1.10 47.90 OK
r-release-linux-ix86 1.10 1.34 25.31 26.65 OK
r-release-linux-x86_64 1.10 0.97 17.46 18.43 OK
r-release-osx-x86_64-mavericks 1.10 OK
r-release-osx-x86_64-snowleopard 1.10 OK
r-release-windows-ix86+x86_64 1.10 5.00 38.00 43.00 OK
r-oldrel-windows-ix86+x86_64 1.10 6.00 38.00 44.00 OK

Check Details

Version: 1.10
Check: Rd line widths
Result: NOTE
    Rd file 'glcTree.Rd':
     \usage lines wider than 90 characters:
     glcTree(x, initFunctions = list(glcInitializeSplitFanny(nu=1.5)), weight = NULL, index = NULL, wthresh = 1e-08, nodename = "root", maxl ... [TRUNCATED]
    
    These lines will be truncated in the PDF manual.
Flavors: r-devel-linux-x86_64-fedora-clang, r-devel-linux-x86_64-fedora-gcc