CRAN Package Check Results for Package RPMM

Last updated on 2014-07-23 19:49:22.

Flavor Version Tinstall Tcheck Ttotal Status Flags
r-devel-linux-x86_64-debian-clang 1.10 0.98 16.88 17.85 OK
r-devel-linux-x86_64-debian-gcc 1.10 0.97 16.85 17.82 OK
r-devel-linux-x86_64-fedora-clang 1.10 36.99 NOTE
r-devel-linux-x86_64-fedora-gcc 1.10 34.67 NOTE
r-devel-osx-x86_64-clang 1.10 38.31 OK
r-devel-windows-ix86+x86_64 1.10 4.00 27.00 31.00 OK
r-patched-linux-x86_64 1.10 0.93 17.10 18.04 OK
r-patched-solaris-sparc 1.10 221.60 OK
r-patched-solaris-x86 1.10 47.40 OK
r-release-linux-ix86 1.10 1.35 24.29 25.64 OK
r-release-linux-x86_64 1.10 0.96 17.07 18.02 OK
r-release-osx-x86_64-mavericks 1.10 OK
r-release-osx-x86_64-snowleopard 1.10 OK
r-release-windows-ix86+x86_64 1.10 3.00 26.00 29.00 OK
r-oldrel-windows-ix86+x86_64 1.10 3.00 28.00 31.00 OK

Check Details

Version: 1.10
Check: Rd line widths
Result: NOTE
    Rd file 'glcTree.Rd':
     \usage lines wider than 90 characters:
     glcTree(x, initFunctions = list(glcInitializeSplitFanny(nu=1.5)), weight = NULL, index = NULL, wthresh = 1e-08, nodename = "root", maxl ... [TRUNCATED]
    
    These lines will be truncated in the PDF manual.
Flavors: r-devel-linux-x86_64-fedora-clang, r-devel-linux-x86_64-fedora-gcc