CRAN Package Check Results for Package RPMM

Last updated on 2015-01-28 22:47:49.

Flavor Version Tinstall Tcheck Ttotal Status Flags
r-devel-linux-x86_64-debian-clang 1.20 1.08 16.36 17.44 NOTE
r-devel-linux-x86_64-debian-gcc 1.20 1.01 15.68 16.69 NOTE
r-devel-linux-x86_64-fedora-clang 1.20 36.98 NOTE
r-devel-linux-x86_64-fedora-gcc 1.20 34.22 NOTE
r-devel-osx-x86_64-clang 1.20 36.28 NOTE
r-devel-windows-ix86+x86_64 1.20 5.00 26.00 31.00 OK
r-patched-linux-x86_64 1.20 1.00 18.38 19.38 OK
r-patched-solaris-sparc 1.20 229.60 OK
r-patched-solaris-x86 1.20 48.00 OK
r-release-linux-ix86 1.20 1.35 22.86 24.22 OK
r-release-linux-x86_64 1.20 1.00 17.49 18.49 OK
r-release-osx-x86_64-mavericks 1.20 OK
r-release-osx-x86_64-snowleopard 1.20 OK
r-release-windows-ix86+x86_64 1.20 4.00 28.00 32.00 OK
r-oldrel-windows-ix86+x86_64 1.20 4.00 44.00 48.00 OK

Check Details

Version: 1.20
Check: S3 generic/method consistency
Result: NOTE
    Found the following apparent S3 methods exported but not registered:
     print.blcTree print.glcTree plot.blcTree plot.glcTree predict.blcTree
     predict.glcTree
    See section ‘Registering S3 methods’ in the ‘Writing R Extensions’
    manual.
Flavors: r-devel-linux-x86_64-debian-clang, r-devel-linux-x86_64-debian-gcc, r-devel-linux-x86_64-fedora-clang, r-devel-linux-x86_64-fedora-gcc, r-devel-osx-x86_64-clang