CRAN Package Check Results for Package RPMM

Last updated on 2014-04-23 17:47:53.

Flavor Version Tinstall Tcheck Ttotal Status Flags
r-devel-linux-x86_64-debian-clang 1.10 1.08 17.58 18.67 OK
r-devel-linux-x86_64-debian-gcc 1.10 0.99 17.70 18.69 OK
r-devel-linux-x86_64-fedora-clang 1.10 36.44 NOTE
r-devel-linux-x86_64-fedora-gcc 1.10 34.68 NOTE
r-devel-osx-x86_64-clang 1.10 38.18 OK
r-devel-osx-x86_64-gcc 1.10 OK
r-devel-windows-ix86+x86_64 1.10 3.00 26.00 29.00 OK
r-patched-linux-x86_64 1.10 1.02 17.77 18.78 OK
r-patched-solaris-sparc 1.10 221.60 OK
r-patched-solaris-x86 1.10 47.80 OK
r-release-linux-ix86 1.10 2.00 33.00 35.00 OK
r-release-linux-x86_64 1.10 1.05 17.69 18.74 OK
r-release-osx-x86_64-mavericks 1.10 WARN
r-release-osx-x86_64-snowleopard 1.10 OK
r-release-windows-ix86+x86_64 1.10 3.00 28.00 31.00 OK
r-oldrel-windows-ix86+x86_64 1.10 3.00 26.00 29.00 OK

Check Details

Version: 1.10
Check: Rd line widths
Result: NOTE
    Rd file 'glcTree.Rd':
     \usage lines wider than 90 characters:
     glcTree(x, initFunctions = list(glcInitializeSplitFanny(nu=1.5)), weight = NULL, index = NULL, wthresh = 1e-08, nodename = "root", maxl ... [TRUNCATED]
    
    These lines will be truncated in the PDF manual.
Flavors: r-devel-linux-x86_64-fedora-clang, r-devel-linux-x86_64-fedora-gcc

Version: 1.10
Check: PDF version of manual
Result: WARNING
    LaTeX errors when creating PDF version.
    This typically indicates Rd problems.
    LaTeX errors found:
    ! LaTeX Error: File `upquote.sty' not found.
    
    Type X to quit or <RETURN> to proceed,
    or enter new name. (Default extension: sty)
    
    12c9f9fe/Rd2.tex:8: ==> Fatal error occurred, no output PDF file produced!
Flavor: r-release-osx-x86_64-mavericks