CRAN Package Check Results for Package RPMM

Last updated on 2024-07-17 18:53:34 CEST.

Flavor Version Tinstall Tcheck Ttotal Status Flags
r-devel-linux-x86_64-debian-clang 1.25 4.78 39.30 44.08 NOTE
r-devel-linux-x86_64-debian-gcc 1.25 2.84 28.77 31.61 NOTE
r-devel-linux-x86_64-fedora-clang 1.25 56.82 NOTE
r-devel-linux-x86_64-fedora-gcc 1.25 53.97 NOTE
r-devel-windows-x86_64 1.25 4.00 56.00 60.00 NOTE
r-patched-linux-x86_64 1.25 5.02 36.12 41.14 NOTE
r-release-linux-x86_64 1.25 4.56 36.27 40.83 NOTE
r-release-macos-arm64 1.25 17.00 NOTE
r-release-macos-x86_64 1.25 25.00 NOTE
r-release-windows-x86_64 1.25 4.00 57.00 61.00 NOTE
r-oldrel-macos-arm64 1.25 20.00 OK
r-oldrel-macos-x86_64 1.25 26.00 OK
r-oldrel-windows-x86_64 1.25 4.00 61.00 65.00 OK

Check Details

Version: 1.25
Check: Rd files
Result: NOTE checkRd: (-1) plotImage.blcTree.Rd:17: Lost braces 17 | \item{method}{Method to determine width of columns that represent classes: \dQuote{weight} (subject weight in class) or dQuote{binary} (depth in tree).} | ^ checkRd: (-1) plotImage.glcTree.Rd:16: Lost braces 16 | \item{method}{Method to determine width of columns that represent classes: \dQuote{weight} (subject weight in class) or dQuote{binary} (depth in tree).} | ^ Flavors: r-devel-linux-x86_64-debian-clang, r-devel-linux-x86_64-debian-gcc, r-devel-linux-x86_64-fedora-clang, r-devel-linux-x86_64-fedora-gcc, r-devel-windows-x86_64, r-patched-linux-x86_64, r-release-linux-x86_64, r-release-macos-arm64, r-release-macos-x86_64, r-release-windows-x86_64