CRAN Package Check Results for Package RPMM

Last updated on 2015-04-27 19:47:27.

Flavor Version Tinstall Tcheck Ttotal Status Flags
r-devel-linux-x86_64-debian-clang 1.20 0.98 16.49 17.46 NOTE
r-devel-linux-x86_64-debian-gcc 1.20 1.02 15.72 16.73 NOTE
r-devel-linux-x86_64-fedora-clang 1.20 33.39 NOTE
r-devel-linux-x86_64-fedora-gcc 1.20 31.42 NOTE
r-devel-osx-x86_64-clang 1.20 33.28 NOTE
r-devel-windows-ix86+x86_64 1.20 4.00 39.00 43.00 OK
r-patched-linux-x86_64 1.20 1.29 16.66 17.95 NOTE
r-patched-solaris-sparc 1.20 215.70 OK
r-patched-solaris-x86 1.20 43.80 NOTE
r-release-linux-x86_64 1.20 0.97 16.10 17.08 NOTE
r-release-osx-x86_64-mavericks 1.20 OK
r-release-osx-x86_64-snowleopard 1.20 OK
r-release-windows-ix86+x86_64 1.20 6.00 34.00 40.00 OK
r-oldrel-windows-ix86+x86_64 1.20 3.00 31.00 34.00 OK

Check Details

Version: 1.20
Check: S3 generic/method consistency
Result: NOTE
    Found the following apparent S3 methods exported but not registered:
     plot.blcTree plot.glcTree predict.blcTree predict.glcTree
     print.blcTree print.glcTree
    See section ‘Registering S3 methods’ in the ‘Writing R Extensions’
    manual.
Flavors: r-devel-linux-x86_64-debian-clang, r-devel-linux-x86_64-debian-gcc, r-devel-linux-x86_64-fedora-clang, r-devel-linux-x86_64-fedora-gcc, r-devel-osx-x86_64-clang, r-patched-solaris-x86, r-release-linux-x86_64