CRAN Package Check Results for Package RPMM

Last updated on 2014-09-01 19:46:34.

Flavor Version Tinstall Tcheck Ttotal Status Flags
r-devel-linux-x86_64-debian-clang 1.10 0.95 16.60 17.54 OK
r-devel-linux-x86_64-debian-gcc 1.10 0.93 16.45 17.38 OK
r-devel-linux-x86_64-fedora-clang 1.10 39.76 NOTE
r-devel-linux-x86_64-fedora-gcc 1.10 32.94 NOTE
r-devel-osx-x86_64-clang 1.10 35.48 OK
r-devel-windows-ix86+x86_64 1.10 3.00 28.00 31.00 OK
r-patched-linux-x86_64 1.10 0.94 17.24 18.18 OK
r-patched-solaris-sparc 1.10 220.90 OK
r-patched-solaris-x86 1.10 48.10 OK
r-release-linux-ix86 1.10 1.32 24.46 25.77 OK
r-release-linux-x86_64 1.10 1.03 17.25 18.28 OK
r-release-osx-x86_64-mavericks 1.10 OK
r-release-osx-x86_64-snowleopard 1.10 OK
r-release-windows-ix86+x86_64 1.10 3.00 29.00 32.00 OK
r-oldrel-windows-ix86+x86_64 1.10 5.00 28.00 33.00 OK

Check Details

Version: 1.10
Check: Rd line widths
Result: NOTE
    Rd file 'glcTree.Rd':
     \usage lines wider than 90 characters:
     glcTree(x, initFunctions = list(glcInitializeSplitFanny(nu=1.5)), weight = NULL, index = NULL, wthresh = 1e-08, nodename = "root", maxl ... [TRUNCATED]
    
    These lines will be truncated in the PDF manual.
Flavors: r-devel-linux-x86_64-fedora-clang, r-devel-linux-x86_64-fedora-gcc