CRAN Package Check Results for Package RPMM

Last updated on 2015-05-27 17:47:25.

Flavor Version Tinstall Tcheck Ttotal Status Flags
r-devel-linux-x86_64-debian-clang 1.20 0.95 16.15 17.10 NOTE
r-devel-linux-x86_64-debian-gcc 1.20 0.89 16.34 17.23 NOTE
r-devel-linux-x86_64-fedora-clang 1.20 33.06 NOTE
r-devel-linux-x86_64-fedora-gcc 1.20 32.49 NOTE
r-devel-osx-x86_64-clang 1.20 32.53 NOTE
r-devel-windows-ix86+x86_64 1.20 5.00 27.00 32.00 OK
r-patched-linux-x86_64 1.20 0.89 15.50 16.39 NOTE
r-patched-solaris-sparc 1.20 212.40 NOTE
r-patched-solaris-x86 1.20 43.70 NOTE
r-release-linux-x86_64 1.20 0.90 15.93 16.83 NOTE
r-release-osx-x86_64-mavericks 1.20 OK
r-release-osx-x86_64-snowleopard 1.20 OK
r-release-windows-ix86+x86_64 1.20 5.00 25.00 30.00 OK
r-oldrel-windows-ix86+x86_64 1.20 4.00 45.00 49.00 OK

Check Details

Version: 1.20
Check: S3 generic/method consistency
Result: NOTE
    Found the following apparent S3 methods exported but not registered:
     plot.blcTree plot.glcTree predict.blcTree predict.glcTree
     print.blcTree print.glcTree
    See section ‘Registering S3 methods’ in the ‘Writing R Extensions’
    manual.
Flavors: r-devel-linux-x86_64-debian-clang, r-devel-linux-x86_64-debian-gcc, r-devel-linux-x86_64-fedora-clang, r-devel-linux-x86_64-fedora-gcc, r-devel-osx-x86_64-clang, r-patched-linux-x86_64, r-patched-solaris-sparc, r-patched-solaris-x86, r-release-linux-x86_64